194.238.31.254 - - [15/Feb/2025:12:05:20 -0500] "GET /tag/cara-prediksi-no-togel-hongkong/page/12 HTTP/1.1" 404 1251 "-" "Mozilla/5.0 (compatible; MJ12bot/v1.4.8; http://mj12bot.com/)"
194.238.31.254 - - [15/Feb/2025:12:05:27 -0500] "GET /tag/cara-prediksi-no-togel-hongkong/page/13 HTTP/1.1" 404 1251 "-" "Mozilla/5.0 (compatible; MJ12bot/v1.4.8; http://mj12bot.com/)"
194.238.31.254 - - [15/Feb/2025:12:05:34 -0500] "GET /tag/cara-prediksi-no-togel-hongkong/page/14 HTTP/1.1" 404 1251 "-" "Mozilla/5.0 (compatible; MJ12bot/v1.4.8; http://mj12bot.com/)"
194.238.31.254 - - [15/Feb/2025:12:05:46 -0500] "GET /tag/cara-prediksi-no-togel-hongkong/page/15 HTTP/1.1" 404 1251 "-" "Mozilla/5.0 (compatible; MJ12bot/v1.4.8; http://mj12bot.com/)"
194.238.31.254 - - [15/Feb/2025:12:05:53 -0500] "GET /tag/cara-prediksi-no-togel-hongkong/page/8 HTTP/1.1" 404 1251 "-" "Mozilla/5.0 (compatible; MJ12bot/v1.4.8; http://mj12bot.com/)"
194.238.31.254 - - [15/Feb/2025:12:06:02 -0500] "GET /tag/cara-prediksi-nomer-togel-hongkong/page/12 HTTP/1.1" 404 1251 "-" "Mozilla/5.0 (compatible; MJ12bot/v1.4.8; http://mj12bot.com/)"
194.238.31.254 - - [15/Feb/2025:12:06:08 -0500] "GET /tag/cara-prediksi-nomer-togel-hongkong/page/13 HTTP/1.1" 404 1251 "-" "Mozilla/5.0 (compatible; MJ12bot/v1.4.8; http://mj12bot.com/)"
194.238.31.254 - - [15/Feb/2025:12:06:17 -0500] "GET /tag/cara-prediksi-nomer-togel-hongkong/page/14 HTTP/1.1" 404 1251 "-" "Mozilla/5.0 (compatible; MJ12bot/v1.4.8; http://mj12bot.com/)"
194.238.31.254 - - [15/Feb/2025:12:06:23 -0500] "GET /tag/cara-prediksi-nomer-togel-hongkong/page/15 HTTP/1.1" 404 1251 "-" "Mozilla/5.0 (compatible; MJ12bot/v1.4.8; http://mj12bot.com/)"
194.238.31.254 - - [15/Feb/2025:12:06:31 -0500] "GET /tag/cara-prediksi-nomer-togel-hongkong/page/16 HTTP/1.1" 404 1251 "-" "Mozilla/5.0 (compatible; MJ12bot/v1.4.8; http://mj12bot.com/)"
194.238.31.254 - - [15/Feb/2025:12:06:38 -0500] "GET /tag/cara-prediksi-nomer-togel-hongkong/page/39 HTTP/1.1" 404 1251 "-" "Mozilla/5.0 (compatible; MJ12bot/v1.4.8; http://mj12bot.com/)"
194.238.31.254 - - [15/Feb/2025:12:06:50 -0500] "GET /tag/cara-prediksi-nomer-togel-hongkong/page/40 HTTP/1.1" 404 1251 "-" "Mozilla/5.0 (compatible; MJ12bot/v1.4.8; http://mj12bot.com/)"
194.238.31.254 - - [15/Feb/2025:12:06:57 -0500] "GET /tag/cara-prediksi-nomer-togel-hongkong/page/41 HTTP/1.1" 404 1251 "-" "Mozilla/5.0 (compatible; MJ12bot/v1.4.8; http://mj12bot.com/)"
194.238.31.254 - - [15/Feb/2025:12:07:09 -0500] "GET /tag/cara-prediksi-nomer-togel-hongkong/page/42 HTTP/1.1" 404 1251 "-" "Mozilla/5.0 (compatible; MJ12bot/v1.4.8; http://mj12bot.com/)"
194.238.31.254 - - [15/Feb/2025:12:07:16 -0500] "GET /tag/cara-prediksi-nomer-togel-hongkong/page/43 HTTP/1.1" 404 1251 "-" "Mozilla/5.0 (compatible; MJ12bot/v1.4.8; http://mj12bot.com/)"
194.238.31.254 - - [15/Feb/2025:12:07:21 -0500] "GET /tag/cara-prediksi-nomer-togel-hongkong/page/44 HTTP/1.1" 404 1251 "-" "Mozilla/5.0 (compatible; MJ12bot/v1.4.8; http://mj12bot.com/)"
194.238.31.254 - - [15/Feb/2025:12:07:27 -0500] "GET /tag/cara-prediksi-nomer-togel-hongkong/page/8 HTTP/1.1" 404 1251 "-" "Mozilla/5.0 (compatible; MJ12bot/v1.4.8; http://mj12bot.com/)"
194.238.31.254 - - [15/Feb/2025:12:07:31 -0500] "GET /tag/cari-angka-gaib/page/5 HTTP/1.1" 404 1251 "-" "Mozilla/5.0 (compatible; MJ12bot/v1.4.8; http://mj12bot.com/)"
194.238.31.254 - - [15/Feb/2025:12:07:36 -0500] "GET /tag/ck-toto-hk/page/5 HTTP/1.1" 404 1251 "-" "Mozilla/5.0 (compatible; MJ12bot/v1.4.8; http://mj12bot.com/)"
194.238.31.254 - - [15/Feb/2025:12:07:42 -0500] "GET /tag/ck-toto-hk/page/6 HTTP/1.1" 404 1251 "-" "Mozilla/5.0 (compatible; MJ12bot/v1.4.8; http://mj12bot.com/)"
194.238.31.254 - - [15/Feb/2025:12:07:50 -0500] "GET /tag/ck-toto-hk/page/7 HTTP/1.1" 404 1251 "-" "Mozilla/5.0 (compatible; MJ12bot/v1.4.8; http://mj12bot.com/)"
194.238.31.254 - - [15/Feb/2025:12:07:55 -0500] "GET /tag/ck-toto-hk/page/8 HTTP/1.1" 404 1251 "-" "Mozilla/5.0 (compatible; MJ12bot/v1.4.8; http://mj12bot.com/)"
194.238.31.254 - - [15/Feb/2025:12:08:00 -0500] "GET /tag/ck-toto-hk/page/9 HTTP/1.1" 404 1251 "-" "Mozilla/5.0 (compatible; MJ12bot/v1.4.8; http://mj12bot.com/)"
194.238.31.254 - - [15/Feb/2025:12:08:06 -0500] "GET /tag/ck-toto-hongkong/page/5 HTTP/1.1" 404 1251 "-" "Mozilla/5.0 (compatible; MJ12bot/v1.4.8; http://mj12bot.com/)"
194.238.31.254 - - [15/Feb/2025:12:08:10 -0500] "GET /tag/ck-toto-hongkong/page/6 HTTP/1.1" 404 1251 "-" "Mozilla/5.0 (compatible; MJ12bot/v1.4.8; http://mj12bot.com/)"
194.238.31.254 - - [15/Feb/2025:12:08:14 -0500] "GET /tag/ck-toto-hongkong/page/7 HTTP/1.1" 404 1251 "-" "Mozilla/5.0 (compatible; MJ12bot/v1.4.8; http://mj12bot.com/)"
194.238.31.254 - - [15/Feb/2025:12:08:19 -0500] "GET /tag/ck-toto-hongkong/page/8 HTTP/1.1" 404 1251 "-" "Mozilla/5.0 (compatible; MJ12bot/v1.4.8; http://mj12bot.com/)"
194.238.31.254 - - [15/Feb/2025:12:08:24 -0500] "GET /tag/ck-toto-hongkong/page/9 HTTP/1.1" 404 1251 "-" "Mozilla/5.0 (compatible; MJ12bot/v1.4.8; http://mj12bot.com/)"
194.238.31.254 - - [15/Feb/2025:12:08:28 -0500] "GET /tag/com-prediksi-singapore-togel-baru/page/21 HTTP/1.1" 404 1251 "-" "Mozilla/5.0 (compatible; MJ12bot/v1.4.8; http://mj12bot.com/)"
194.238.31.254 - - [15/Feb/2025:12:08:33 -0500] "GET /tag/com-prediksi-singapore-togel-baru/page/24 HTTP/1.1" 404 1251 "-" "Mozilla/5.0 (compatible; MJ12bot/v1.4.8; http://mj12bot.com/)"
194.238.31.254 - - [15/Feb/2025:12:08:38 -0500] "GET /tag/data-angka-sydney-togel-master/page/5 HTTP/1.1" 404 1251 "-" "Mozilla/5.0 (compatible; MJ12bot/v1.4.8; http://mj12bot.com/)"
194.238.31.254 - - [15/Feb/2025:12:08:42 -0500] "GET /tag/data-angka-sydney-togel-master/page/6 HTTP/1.1" 404 1251 "-" "Mozilla/5.0 (compatible; MJ12bot/v1.4.8; http://mj12bot.com/)"
194.238.31.254 - - [15/Feb/2025:12:08:48 -0500] "GET /tag/data-angka-sydney-togel-master/page/7 HTTP/1.1" 404 1251 "-" "Mozilla/5.0 (compatible; MJ12bot/v1.4.8; http://mj12bot.com/)"
194.238.31.254 - - [15/Feb/2025:12:08:52 -0500] "GET /tag/data-angka-sydney-togel-master/page/8 HTTP/1.1" 404 1251 "-" "Mozilla/5.0 (compatible; MJ12bot/v1.4.8; http://mj12bot.com/)"
194.238.31.254 - - [15/Feb/2025:12:08:56 -0500] "GET /tag/data-angka-sydney-togel-master/page/9 HTTP/1.1" 404 1251 "-" "Mozilla/5.0 (compatible; MJ12bot/v1.4.8; http://mj12bot.com/)"
194.238.31.254 - - [15/Feb/2025:12:09:01 -0500] "GET /tag/data-keluar-sydney-togel-master/page/5 HTTP/1.1" 404 1251 "-" "Mozilla/5.0 (compatible; MJ12bot/v1.4.8; http://mj12bot.com/)"
47.128.44.36 - - [15/Feb/2025:12:11:33 -0500] "GET /2015/01/17/yanbu-saudi-arabia-historical-area/ HTTP/1.1" 404 1251 "-" "Mozilla/5.0 (Linux; Android 5.0) AppleWebKit/537.36 (KHTML, like Gecko) Mobile Safari/537.36 (compatible; Bytespider; spider-feedback@bytedance.com)"
47.128.29.39 - - [15/Feb/2025:12:12:00 -0500] "GET /robots.txt HTTP/1.1" 404 1251 "-" "Mozilla/5.0 (Linux; Android 5.0) AppleWebKit/537.36 (KHTML, like Gecko) Mobile Safari/537.36 (compatible; Bytespider; spider-feedback@bytedance.com)"
47.128.47.55 - - [15/Feb/2025:12:12:22 -0500] "GET /robots.txt HTTP/1.1" 404 1251 "-" "Mozilla/5.0 (Linux; Android 5.0) AppleWebKit/537.36 (KHTML, like Gecko) Mobile Safari/537.36 (compatible; Bytespider; spider-feedback@bytedance.com)"
47.128.99.47 - - [15/Feb/2025:12:12:47 -0500] "GET /robots.txt HTTP/1.1" 404 1251 "-" "Mozilla/5.0 (Linux; Android 5.0) AppleWebKit/537.36 (KHTML, like Gecko) Mobile Safari/537.36 (compatible; Bytespider; spider-feedback@bytedance.com)"
47.128.112.32 - - [15/Feb/2025:12:13:10 -0500] "GET /robots.txt HTTP/1.1" 404 1251 "-" "Mozilla/5.0 (Linux; Android 5.0) AppleWebKit/537.36 (KHTML, like Gecko) Mobile Safari/537.36 (compatible; Bytespider; spider-feedback@bytedance.com)"
85.208.96.207 - - [15/Feb/2025:12:17:58 -0500] "GET /monst-v1-1-saas-startup-wordpress-theme/ HTTP/1.1" 404 1251 "-" "Mozilla/5.0 (compatible; SemrushBot/7~bl; +http://www.semrush.com/bot.html)"
114.119.142.43 - - [15/Feb/2025:12:22:49 -0500] "GET /car_rental_india.html HTTP/1.1" 404 1251 "-" "Mozilla/5.0 (Linux; Android 7.0;) AppleWebKit/537.36 (KHTML, like Gecko) Mobile Safari/537.36 (compatible; PetalBot;+https://webmaster.petalsearch.com/site/petalbot)"
173.249.3.232 - - [15/Feb/2025:12:26:33 -0500] "GET /bitrix/admin/htmleditor2/aipkey.php?test=hello HTTP/1.1" 404 1251 "www.google.com" "Mozlila/5.0 (Linux; Android 7.0; SM-G892A Bulid/NRD90M; wv) AppleWebKit/537.36 (KHTML, like Gecko) Version/4.0 Chrome/60.0.3112.107 Moblie Safari/537.36"
173.249.3.232 - - [15/Feb/2025:12:26:52 -0500] "GET /plugins/content/apismtp/apismtp.php?test=hello HTTP/1.1" 404 1251 "www.google.com" "Mozlila/5.0 (Linux; Android 7.0; SM-G892A Bulid/NRD90M; wv) AppleWebKit/537.36 (KHTML, like Gecko) Version/4.0 Chrome/60.0.3112.107 Moblie Safari/537.36"
173.249.3.232 - - [15/Feb/2025:12:27:16 -0500] "GET /wp-content/plugins/apikey/apikey.php?test=hello HTTP/1.1" 404 1251 "www.google.com" "Mozlila/5.0 (Linux; Android 7.0; SM-G892A Bulid/NRD90M; wv) AppleWebKit/537.36 (KHTML, like Gecko) Version/4.0 Chrome/60.0.3112.107 Moblie Safari/537.36"
114.119.133.120 - - [15/Feb/2025:12:29:05 -0500] "GET /tag/%D8%B1%D8%AC%D8%A7%D9%84-%D8%A7%D9%84%D8%A3%D8%B9%D8%B1%D8%A7%D9%81/ HTTP/1.1" 404 1251 "-" "Mozilla/5.0 (Linux; Android 7.0;) AppleWebKit/537.36 (KHTML, like Gecko) Mobile Safari/537.36 (compatible; PetalBot;+https://webmaster.petalsearch.com/site/petalbot)"
223.109.252.227 - - [15/Feb/2025:12:33:51 -0500] "GET / HTTP/1.1" 200 2942 "-" "Sogou web spider/4.0(+http://www.sogou.com/docs/help/webmasters.htm#07)"
183.134.59.130 - - [15/Feb/2025:12:39:45 -0500] "GET /favicon.ico HTTP/1.1" 404 1251 "-" "Dalvik/2.1.0 (Linux; U; Android 9.0; ZTE BA520 Build/MRA58K)"
185.191.171.1 - - [15/Feb/2025:12:42:10 -0500] "GET /robots.txt HTTP/1.1" 404 1251 "-" "Mozilla/5.0 (compatible; SemrushBot/7~bl; +http://www.semrush.com/bot.html)"
182.44.8.254 - - [15/Feb/2025:12:42:15 -0500] "GET / HTTP/1.1" 200 2367 "https://pvjbet5.com/" "Mozilla/5.0 (iPhone; CPU iPhone OS 13_2_3 like Mac OS X) AppleWebKit/605.1.15 (KHTML, like Gecko) Version/13.0.3 Mobile/15E148 Safari/604.1"
37.187.89.104 - - [15/Feb/2025:12:42:31 -0500] "GET /robots.txt HTTP/1.1" 404 1251 "-" "Mozilla/5.0 (compatible; MJ12bot/v1.4.8; http://mj12bot.com/)"
37.187.89.104 - - [15/Feb/2025:12:42:40 -0500] "GET /robots.txt HTTP/1.1" 404 1251 "-" "Mozilla/5.0 (compatible; MJ12bot/v1.4.8; http://mj12bot.com/)"
183.134.59.130 - - [15/Feb/2025:12:50:18 -0500] "GET /favicon.ico HTTP/1.1" 404 1251 "-" "Dalvik/2.1.0 (Linux; U; Android 9.0; ZTE BA520 Build/MRA58K)"
114.119.154.9 - - [15/Feb/2025:12:52:22 -0500] "GET /why.htm HTTP/1.1" 404 1251 "-" "Mozilla/5.0 (Linux; Android 7.0;) AppleWebKit/537.36 (KHTML, like Gecko) Mobile Safari/537.36 (compatible; PetalBot;+https://webmaster.petalsearch.com/site/petalbot)"
18.246.38.244 - - [15/Feb/2025:12:55:34 -0500] "GET / HTTP/1.1" 200 2367 "-" "Mozilla/5.0 (Macintosh; Intel Mac OS X 10_15_7) AppleWebKit/537.36 (KHTML, like Gecko) Chrome/132.0.0.0 Safari/537.36"
85.208.96.202 - - [15/Feb/2025:12:55:45 -0500] "GET /best-india-tours/search/posts?query=%23besttaxiinjaipur HTTP/1.1" 404 1251 "-" "Mozilla/5.0 (compatible; SemrushBot/7~bl; +http://www.semrush.com/bot.html)"
143.92.34.18 - - [15/Feb/2025:13:02:10 -0500] "GET /public/static/common/images/file.png HTTP/1.1" 404 1251 "http://venusbetslot.com" "Googlebot/2.1 (+http://www.google.com/bot.html)"
143.92.34.18 - - [15/Feb/2025:13:02:11 -0500] "GET /public/static/admin/images/ok.png HTTP/1.1" 404 1251 "http://venusbetslot.com" "Mozilla/5.0 (compatible; iaskspider/1.0; MSIE 6.0)"
143.92.34.18 - - [15/Feb/2025:13:03:26 -0500] "GET /e/data/ecmseditor/infoeditor/plugins/smiley/images/angel_smile.png HTTP/1.1" 404 1251 "http://venusbetslot.com" "Mozilla/5.0 (compatible; Googlebot/2.1; +http://www.google.com/bot.html)"
143.92.34.18 - - [15/Feb/2025:13:03:27 -0500] "GET /e/data/js/jscolor/hs.png HTTP/1.1" 404 1251 "http://venusbetslot.com" "Mozilla/5.0 (Linux;u;Android 4.2.2;zh-cn;)"
143.92.34.18 - - [15/Feb/2025:13:05:21 -0500] "GET /zb_system/image/common/user_1.png HTTP/1.1" 404 1251 "http://venusbetslot.com" "iaskspider/2.0(+http://iask.com/help/help_index.html\xa1\xb1)"
143.92.34.18 - - [15/Feb/2025:13:05:22 -0500] "GET /zb_users/avatar/0.png HTTP/1.1" 404 1251 "http://venusbetslot.com" "Mozilla/5.0 (compatible; Yahoo! Slurp; http://help.yahoo.com/help/us/ysearch/slurp\xa1\xb1)"
143.92.34.18 - - [15/Feb/2025:13:06:31 -0500] "GET /include/ckeditor/images/addon.gif HTTP/1.1" 404 1251 "http://venusbetslot.com" "Mozilla/5.0 (compatible; Googlebot/2.1; +http://www.google.com/bot.html)"
143.92.34.18 - - [15/Feb/2025:13:06:33 -0500] "GET /images/loadinglit.gif HTTP/1.1" 404 1251 "http://venusbetslot.com" "Sogou Push Spider/3.0(+http://www.sogou.com/docs/help/webmasters.htm#07\xa1\xe5)"
85.208.96.208 - - [15/Feb/2025:13:09:28 -0500] "GET /delhi-agra-jaipur-tour-by-car HTTP/1.1" 404 1251 "-" "Mozilla/5.0 (compatible; SemrushBot/7~bl; +http://www.semrush.com/bot.html)"
157.245.49.187 - - [15/Feb/2025:13:19:30 -0500] "GET /wp-admin/includes/nav.php HTTP/1.1" 404 1251 "-" "Mozlila/5.0 (Linux; Android 7.0; SM-G892A Bulid/NRD90M; wv) AppleWebKit/537.36 (KHTML, like Gecko) Version/4.0 Chrome/60.0.3112.107 Moblie Safari/537.36"
157.245.49.187 - - [15/Feb/2025:13:19:48 -0500] "GET /wp-includes/sodium_compat/src/Core32/Curve25519/Ge/Core32.php HTTP/1.1" 404 1251 "-" "Mozlila/5.0 (Linux; Android 7.0; SM-G892A Bulid/NRD90M; wv) AppleWebKit/537.36 (KHTML, like Gecko) Version/4.0 Chrome/60.0.3112.107 Moblie Safari/537.36"
192.99.36.61 - - [15/Feb/2025:13:21:07 -0500] "GET /robots.txt HTTP/1.1" 404 1251 "-" "Mozilla/5.0 (compatible; MJ12bot/v1.4.8; http://mj12bot.com/)"
192.99.36.61 - - [15/Feb/2025:13:21:10 -0500] "GET /tag/prediksi-syair-togel-bd-singapore-hari-ini/page/21 HTTP/1.1" 404 1251 "-" "Mozilla/5.0 (compatible; MJ12bot/v1.4.8; http://mj12bot.com/)"
192.99.36.61 - - [15/Feb/2025:13:21:11 -0500] "GET /tag/prediksi-syair-togel-bd-singapore-hari-ini/page/22 HTTP/1.1" 404 1251 "-" "Mozilla/5.0 (compatible; MJ12bot/v1.4.8; http://mj12bot.com/)"
192.99.36.61 - - [15/Feb/2025:13:21:13 -0500] "GET /tag/prediksi-syair-togel-bd-singapore-hari-ini/page/41 HTTP/1.1" 404 1251 "-" "Mozilla/5.0 (compatible; MJ12bot/v1.4.8; http://mj12bot.com/)"
192.99.36.61 - - [15/Feb/2025:13:21:14 -0500] "GET /tag/prediksi-syair-togel-bd-singapore-hari-ini/page/42 HTTP/1.1" 404 1251 "-" "Mozilla/5.0 (compatible; MJ12bot/v1.4.8; http://mj12bot.com/)"
192.99.36.61 - - [15/Feb/2025:13:21:16 -0500] "GET /tag/prediksi-syair-togel-bd-singapore-hari-ini/page/43 HTTP/1.1" 404 1251 "-" "Mozilla/5.0 (compatible; MJ12bot/v1.4.8; http://mj12bot.com/)"
192.99.36.61 - - [15/Feb/2025:13:21:19 -0500] "GET /tag/prediksi-syair-togel-sydney-hari-ini/page/21 HTTP/1.1" 404 1251 "-" "Mozilla/5.0 (compatible; MJ12bot/v1.4.8; http://mj12bot.com/)"
192.99.36.61 - - [15/Feb/2025:13:22:41 -0500] "GET /tag/prediksi-sydney-agen-togel-terbaik/page/21 HTTP/1.1" 404 1251 "-" "Mozilla/5.0 (compatible; MJ12bot/v1.4.8; http://mj12bot.com/)"
192.99.36.61 - - [15/Feb/2025:13:22:42 -0500] "GET /tag/prediksi-sydney-agen-togel-terbaik/page/22 HTTP/1.1" 404 1251 "-" "Mozilla/5.0 (compatible; MJ12bot/v1.4.8; http://mj12bot.com/)"
192.99.36.61 - - [15/Feb/2025:13:22:44 -0500] "GET /tag/prediksi-sydney-agen-togel-terbaik/page/39 HTTP/1.1" 404 1251 "-" "Mozilla/5.0 (compatible; MJ12bot/v1.4.8; http://mj12bot.com/)"
192.99.36.61 - - [15/Feb/2025:13:22:45 -0500] "GET /tag/prediksi-sydney-agen-togel-terbaik/page/40 HTTP/1.1" 404 1251 "-" "Mozilla/5.0 (compatible; MJ12bot/v1.4.8; http://mj12bot.com/)"
192.99.36.61 - - [15/Feb/2025:13:22:47 -0500] "GET /tag/prediksi-sydney-agen-togel-terbaik/page/41 HTTP/1.1" 404 1251 "-" "Mozilla/5.0 (compatible; MJ12bot/v1.4.8; http://mj12bot.com/)"
192.99.36.61 - - [15/Feb/2025:13:22:49 -0500] "GET /tag/prediksi-sydney-agen-togel-terbaik/page/42 HTTP/1.1" 404 1251 "-" "Mozilla/5.0 (compatible; MJ12bot/v1.4.8; http://mj12bot.com/)"
192.99.36.61 - - [15/Feb/2025:13:22:54 -0500] "GET /tag/prediksi-sydney-agen-togel-terbaik/page/46 HTTP/1.1" 404 1251 "-" "Mozilla/5.0 (compatible; MJ12bot/v1.4.8; http://mj12bot.com/)"
192.99.36.61 - - [15/Feb/2025:13:22:57 -0500] "GET /tag/prediksi-sydney-agen-togel-terbaik/page/48 HTTP/1.1" 404 1251 "-" "Mozilla/5.0 (compatible; MJ12bot/v1.4.8; http://mj12bot.com/)"
192.99.36.61 - - [15/Feb/2025:13:22:59 -0500] "GET /tag/prediksi-sydney-agen-togel-terbaik/page/49 HTTP/1.1" 404 1251 "-" "Mozilla/5.0 (compatible; MJ12bot/v1.4.8; http://mj12bot.com/)"
192.99.36.61 - - [15/Feb/2025:13:23:00 -0500] "GET /tag/prediksi-sydney-agen-togel-terbaik/page/51 HTTP/1.1" 404 1251 "-" "Mozilla/5.0 (compatible; MJ12bot/v1.4.8; http://mj12bot.com/)"
192.99.36.61 - - [15/Feb/2025:13:23:02 -0500] "GET /tag/prediksi-sydney-agen-togel-terbaik/page/6 HTTP/1.1" 404 1251 "-" "Mozilla/5.0 (compatible; MJ12bot/v1.4.8; http://mj12bot.com/)"
192.99.36.61 - - [15/Feb/2025:13:23:03 -0500] "GET /tag/prediksi-sydney-bandar-togel-terpercaya/page/10 HTTP/1.1" 404 1251 "-" "Mozilla/5.0 (compatible; MJ12bot/v1.4.8; http://mj12bot.com/)"
192.99.36.61 - - [15/Feb/2025:13:23:07 -0500] "GET /tag/prediksi-sydney-bandar-togel-terpercaya/page/13 HTTP/1.1" 404 1251 "-" "Mozilla/5.0 (compatible; MJ12bot/v1.4.8; http://mj12bot.com/)"
192.99.36.61 - - [15/Feb/2025:13:23:10 -0500] "GET /tag/prediksi-sydney-bandar-togel-terpercaya/page/15 HTTP/1.1" 404 1251 "-" "Mozilla/5.0 (compatible; MJ12bot/v1.4.8; http://mj12bot.com/)"
192.99.36.61 - - [15/Feb/2025:13:23:16 -0500] "GET /tag/prediksi-sydney-bandar-togel-terpercaya/page/22 HTTP/1.1" 404 1251 "-" "Mozilla/5.0 (compatible; MJ12bot/v1.4.8; http://mj12bot.com/)"
192.99.36.61 - - [15/Feb/2025:13:23:34 -0500] "GET /tag/prediksi-sydney-bandar-togel-terpercaya/page/48 HTTP/1.1" 404 1251 "-" "Mozilla/5.0 (compatible; MJ12bot/v1.4.8; http://mj12bot.com/)"
192.99.36.61 - - [15/Feb/2025:13:23:40 -0500] "GET /tag/prediksi-sydney-bandar-togel-terpercaya/page/6 HTTP/1.1" 404 1251 "-" "Mozilla/5.0 (compatible; MJ12bot/v1.4.8; http://mj12bot.com/)"
192.99.36.61 - - [15/Feb/2025:13:23:49 -0500] "GET /tag/prediksi-sydney-cahaya-togel/page/14 HTTP/1.1" 404 1251 "-" "Mozilla/5.0 (compatible; MJ12bot/v1.4.8; http://mj12bot.com/)"
192.99.36.61 - - [15/Feb/2025:13:23:52 -0500] "GET /tag/prediksi-sydney-cahaya-togel/page/16 HTTP/1.1" 404 1251 "-" "Mozilla/5.0 (compatible; MJ12bot/v1.4.8; http://mj12bot.com/)"
192.99.36.61 - - [15/Feb/2025:13:24:09 -0500] "GET /tag/prediksi-sydney-cahaya-togel/page/45 HTTP/1.1" 404 1251 "-" "Mozilla/5.0 (compatible; MJ12bot/v1.4.8; http://mj12bot.com/)"
192.99.36.61 - - [15/Feb/2025:13:24:10 -0500] "GET /tag/prediksi-sydney-cahaya-togel/page/46 HTTP/1.1" 404 1251 "-" "Mozilla/5.0 (compatible; MJ12bot/v1.4.8; http://mj12bot.com/)"
192.99.36.61 - - [15/Feb/2025:13:24:17 -0500] "GET /tag/prediksi-sydney-cahaya-togel/page/52 HTTP/1.1" 404 1251 "-" "Mozilla/5.0 (compatible; MJ12bot/v1.4.8; http://mj12bot.com/)"
192.99.36.61 - - [15/Feb/2025:13:24:19 -0500] "GET /tag/prediksi-sydney-cahaya-togel/page/6 HTTP/1.1" 404 1251 "-" "Mozilla/5.0 (compatible; MJ12bot/v1.4.8; http://mj12bot.com/)"
192.99.36.61 - - [15/Feb/2025:13:24:22 -0500] "GET /tag/prediksi-sydney-cak-togel/page/11 HTTP/1.1" 404 1251 "-" "Mozilla/5.0 (compatible; MJ12bot/v1.4.8; http://mj12bot.com/)"
192.99.36.61 - - [15/Feb/2025:13:24:23 -0500] "GET /tag/prediksi-sydney-cak-togel/page/12 HTTP/1.1" 404 1251 "-" "Mozilla/5.0 (compatible; MJ12bot/v1.4.8; http://mj12bot.com/)"
192.99.36.61 - - [15/Feb/2025:13:24:38 -0500] "GET /tag/prediksi-sydney-cak-togel/page/39 HTTP/1.1" 404 1251 "-" "Mozilla/5.0 (compatible; MJ12bot/v1.4.8; http://mj12bot.com/)"
192.99.36.61 - - [15/Feb/2025:13:24:39 -0500] "GET /tag/prediksi-sydney-cak-togel/page/40 HTTP/1.1" 404 1251 "-" "Mozilla/5.0 (compatible; MJ12bot/v1.4.8; http://mj12bot.com/)"
192.99.36.61 - - [15/Feb/2025:13:24:41 -0500] "GET /tag/prediksi-sydney-cak-togel/page/41 HTTP/1.1" 404 1251 "-" "Mozilla/5.0 (compatible; MJ12bot/v1.4.8; http://mj12bot.com/)"
192.99.36.61 - - [15/Feb/2025:13:24:49 -0500] "GET /tag/prediksi-sydney-cak-togel/page/47 HTTP/1.1" 404 1251 "-" "Mozilla/5.0 (compatible; MJ12bot/v1.4.8; http://mj12bot.com/)"
192.99.36.61 - - [15/Feb/2025:13:24:51 -0500] "GET /tag/prediksi-sydney-eyang-togel/page/14 HTTP/1.1" 404 1251 "-" "Mozilla/5.0 (compatible; MJ12bot/v1.4.8; http://mj12bot.com/)"
192.99.36.61 - - [15/Feb/2025:13:24:52 -0500] "GET /tag/prediksi-sydney-eyang-togel/page/15 HTTP/1.1" 404 1251 "-" "Mozilla/5.0 (compatible; MJ12bot/v1.4.8; http://mj12bot.com/)"
192.99.36.61 - - [15/Feb/2025:13:24:54 -0500] "GET /tag/prediksi-sydney-eyang-togel/page/16 HTTP/1.1" 404 1251 "-" "Mozilla/5.0 (compatible; MJ12bot/v1.4.8; http://mj12bot.com/)"
192.99.36.61 - - [15/Feb/2025:13:24:58 -0500] "GET /tag/prediksi-sydney-eyang-togel/page/22 HTTP/1.1" 404 1251 "-" "Mozilla/5.0 (compatible; MJ12bot/v1.4.8; http://mj12bot.com/)"
192.99.36.61 - - [15/Feb/2025:13:24:59 -0500] "GET /tag/prediksi-sydney-eyang-togel/page/39 HTTP/1.1" 404 1251 "-" "Mozilla/5.0 (compatible; MJ12bot/v1.4.8; http://mj12bot.com/)"
192.99.36.61 - - [15/Feb/2025:13:25:12 -0500] "GET /tag/prediksi-sydney-eyang-togel/page/46 HTTP/1.1" 404 1251 "-" "Mozilla/5.0 (compatible; MJ12bot/v1.4.8; http://mj12bot.com/)"
192.99.36.61 - - [15/Feb/2025:13:25:14 -0500] "GET /tag/prediksi-sydney-eyang-togel/page/47 HTTP/1.1" 404 1251 "-" "Mozilla/5.0 (compatible; MJ12bot/v1.4.8; http://mj12bot.com/)"
192.99.36.61 - - [15/Feb/2025:13:25:15 -0500] "GET /tag/prediksi-sydney-guru-togel-4d/page/22 HTTP/1.1" 404 1251 "-" "Mozilla/5.0 (compatible; MJ12bot/v1.4.8; http://mj12bot.com/)"
192.99.36.61 - - [15/Feb/2025:13:25:55 -0500] "GET /tag/prediksi-sydney-padepokan-togel-wap/page/52 HTTP/1.1" 404 1251 "-" "Mozilla/5.0 (compatible; MJ12bot/v1.4.8; http://mj12bot.com/)"
213.136.71.30 - - [15/Feb/2025:13:26:35 -0500] "GET / HTTP/1.1" 200 2367 "https://pvjbet5.com/" "Mozilla/5.0 (Windows NT 10.0; Win64; x64; rv:135.0) Gecko/20100101 Firefox/135.0"
192.99.36.61 - - [15/Feb/2025:13:26:39 -0500] "GET /tag/prediksi-sydney-portibi-togel/page/20 HTTP/1.1" 404 1251 "-" "Mozilla/5.0 (compatible; MJ12bot/v1.4.8; http://mj12bot.com/)"
192.99.36.61 - - [15/Feb/2025:13:26:46 -0500] "GET /tag/prediksi-sydney-portibi-togel/page/49 HTTP/1.1" 404 1251 "-" "Mozilla/5.0 (compatible; MJ12bot/v1.4.8; http://mj12bot.com/)"
65.111.11.145 - - [15/Feb/2025:13:26:59 -0500] "GET / HTTP/1.1" 200 2367 "https://www.welcomeindiatravel.com/" "Mozilla/5.0 (Windows NT 10.0; Win64; x64) AppleWebKit/537.36 (KHTML, like Gecko) Chrome/133.0.0.0 Safari/537.36"
192.99.36.61 - - [15/Feb/2025:13:27:00 -0500] "GET /tag/prediksi-sydney-portibi-togel/page/57 HTTP/1.1" 404 1251 "-" "Mozilla/5.0 (compatible; MJ12bot/v1.4.8; http://mj12bot.com/)"
192.99.36.61 - - [15/Feb/2025:13:27:06 -0500] "GET /tag/prediksi-sydney-raja-dunia-togel/page/13 HTTP/1.1" 404 1251 "-" "Mozilla/5.0 (compatible; MJ12bot/v1.4.8; http://mj12bot.com/)"
192.99.36.61 - - [15/Feb/2025:13:27:07 -0500] "GET /tag/prediksi-sydney-raja-dunia-togel/page/20 HTTP/1.1" 404 1251 "-" "Mozilla/5.0 (compatible; MJ12bot/v1.4.8; http://mj12bot.com/)"
192.99.36.61 - - [15/Feb/2025:13:27:12 -0500] "GET /tag/prediksi-sydney-raja-dunia-togel/page/47 HTTP/1.1" 404 1251 "-" "Mozilla/5.0 (compatible; MJ12bot/v1.4.8; http://mj12bot.com/)"
192.99.36.61 - - [15/Feb/2025:13:27:13 -0500] "GET /tag/prediksi-sydney-raja-dunia-togel/page/48 HTTP/1.1" 404 1251 "-" "Mozilla/5.0 (compatible; MJ12bot/v1.4.8; http://mj12bot.com/)"
192.99.36.61 - - [15/Feb/2025:13:28:54 -0500] "GET /tag/prediksi-sydney-rumah-togel/page/53 HTTP/1.1" 404 1251 "-" "Mozilla/5.0 (compatible; MJ12bot/v1.4.8; http://mj12bot.com/)"
192.99.36.61 - - [15/Feb/2025:13:28:56 -0500] "GET /tag/prediksi-sydney-rumah-togel/page/54 HTTP/1.1" 404 1251 "-" "Mozilla/5.0 (compatible; MJ12bot/v1.4.8; http://mj12bot.com/)"
192.99.36.61 - - [15/Feb/2025:13:28:57 -0500] "GET /tag/prediksi-sydney-rumah-togel/page/55 HTTP/1.1" 404 1251 "-" "Mozilla/5.0 (compatible; MJ12bot/v1.4.8; http://mj12bot.com/)"
192.99.36.61 - - [15/Feb/2025:13:29:01 -0500] "GET /tag/prediksi-sydney-rumah-togel/page/58 HTTP/1.1" 404 1251 "-" "Mozilla/5.0 (compatible; MJ12bot/v1.4.8; http://mj12bot.com/)"
192.99.36.61 - - [15/Feb/2025:13:29:04 -0500] "GET /tag/prediksi-sydney-ulas-togel-mania/page/13 HTTP/1.1" 404 1251 "-" "Mozilla/5.0 (compatible; MJ12bot/v1.4.8; http://mj12bot.com/)"
192.99.36.61 - - [15/Feb/2025:13:29:07 -0500] "GET /tag/prediksi-sydney-ulas-togel-mania/page/21 HTTP/1.1" 404 1251 "-" "Mozilla/5.0 (compatible; MJ12bot/v1.4.8; http://mj12bot.com/)"
192.99.36.61 - - [15/Feb/2025:13:29:58 -0500] "GET /tag/prediksi-togel-hongkong-hari-ini/page/15 HTTP/1.1" 404 1251 "-" "Mozilla/5.0 (compatible; MJ12bot/v1.4.8; http://mj12bot.com/)"
192.99.36.61 - - [15/Feb/2025:13:31:27 -0500] "GET /tag/prediksi-sydney-bandar-togel-terpercaya/page/40 HTTP/1.1" 404 1251 "-" "Mozilla/5.0 (compatible; MJ12bot/v1.4.8; http://mj12bot.com/)"
192.99.36.61 - - [15/Feb/2025:13:31:48 -0500] "GET /tag/prediksi-sydney-cahaya-togel/page/11 HTTP/1.1" 404 1251 "-" "Mozilla/5.0 (compatible; MJ12bot/v1.4.8; http://mj12bot.com/)"
114.119.141.4 - - [15/Feb/2025:13:31:52 -0500] "GET /2019/09/08/why-to- HTTP/1.1" 404 1251 "-" "Mozilla/5.0 (Linux; Android 7.0;) AppleWebKit/537.36 (KHTML, like Gecko) Mobile Safari/537.36 (compatible; PetalBot;+https://webmaster.petalsearch.com/site/petalbot)"
192.99.36.61 - - [15/Feb/2025:13:33:16 -0500] "GET /tag/prediksi-sydney-padepokan-togel-wap/page/12 HTTP/1.1" 404 1251 "-" "Mozilla/5.0 (compatible; MJ12bot/v1.4.8; http://mj12bot.com/)"
192.99.36.61 - - [15/Feb/2025:13:33:18 -0500] "GET /tag/prediksi-sydney-padepokan-togel-wap/page/21 HTTP/1.1" 404 1251 "-" "Mozilla/5.0 (compatible; MJ12bot/v1.4.8; http://mj12bot.com/)"
91.201.115.174 - - [15/Feb/2025:13:33:28 -0500] "GET /m/register.php HTTP/1.1" 404 1251 "https://pvjbet5.com/m/register.php" "Mozilla/5.0 (Windows NT 10.0; Win64; x64) AppleWebKit/537.36 (KHTML, like Gecko) Chrome/120.0.0.0 Safari/537.36"
192.99.36.61 - - [15/Feb/2025:13:33:59 -0500] "GET /tag/prediksi-sydney-pools-togel-toto-net/page/41 HTTP/1.1" 404 1251 "-" "Mozilla/5.0 (compatible; MJ12bot/v1.4.8; http://mj12bot.com/)"
192.99.36.61 - - [15/Feb/2025:13:34:01 -0500] "GET /tag/prediksi-sydney-pools-togel-toto-net/page/42 HTTP/1.1" 404 1251 "-" "Mozilla/5.0 (compatible; MJ12bot/v1.4.8; http://mj12bot.com/)"
192.99.36.61 - - [15/Feb/2025:13:34:40 -0500] "GET /tag/prediksi-sydney-portibi-togel/page/6 HTTP/1.1" 404 1251 "-" "Mozilla/5.0 (compatible; MJ12bot/v1.4.8; http://mj12bot.com/)"
192.99.36.61 - - [15/Feb/2025:13:34:42 -0500] "GET /tag/prediksi-sydney-raja-dunia-togel/page/21 HTTP/1.1" 404 1251 "-" "Mozilla/5.0 (compatible; MJ12bot/v1.4.8; http://mj12bot.com/)"
192.99.36.61 - - [15/Feb/2025:13:35:22 -0500] "GET /tag/prediksi-sydney-raja-togel/page/54 HTTP/1.1" 404 1251 "-" "Mozilla/5.0 (compatible; MJ12bot/v1.4.8; http://mj12bot.com/)"
192.99.36.61 - - [15/Feb/2025:13:35:24 -0500] "GET /tag/prediksi-sydney-raja-togel/page/55 HTTP/1.1" 404 1251 "-" "Mozilla/5.0 (compatible; MJ12bot/v1.4.8; http://mj12bot.com/)"
192.99.36.61 - - [15/Feb/2025:13:36:05 -0500] "GET /tag/prediksi-sydney-rumah-togel/page/20 HTTP/1.1" 404 1251 "-" "Mozilla/5.0 (compatible; MJ12bot/v1.4.8; http://mj12bot.com/)"
192.99.36.61 - - [15/Feb/2025:13:36:07 -0500] "GET /tag/prediksi-sydney-rumah-togel/page/21 HTTP/1.1" 404 1251 "-" "Mozilla/5.0 (compatible; MJ12bot/v1.4.8; http://mj12bot.com/)"
185.191.171.11 - - [15/Feb/2025:13:36:44 -0500] "GET /robots.txt HTTP/1.1" 404 1251 "-" "Mozilla/5.0 (compatible; SemrushBot/7~bl; +http://www.semrush.com/bot.html)"
192.99.36.61 - - [15/Feb/2025:13:36:46 -0500] "GET /tag/prediksi-sydney-ulas-togel-mania/page/56 HTTP/1.1" 404 1251 "-" "Mozilla/5.0 (compatible; MJ12bot/v1.4.8; http://mj12bot.com/)"
192.99.36.61 - - [15/Feb/2025:13:36:47 -0500] "GET /tag/prediksi-sydney-ulas-togel-mania/page/57 HTTP/1.1" 404 1251 "-" "Mozilla/5.0 (compatible; MJ12bot/v1.4.8; http://mj12bot.com/)"
192.99.36.61 - - [15/Feb/2025:13:37:28 -0500] "GET /tag/prediksi-togel-hongkong/page/22 HTTP/1.1" 404 1251 "-" "Mozilla/5.0 (compatible; MJ12bot/v1.4.8; http://mj12bot.com/)"
192.99.36.61 - - [15/Feb/2025:13:37:31 -0500] "GET /tag/prediksi-togel-hongkong/page/49 HTTP/1.1" 404 1251 "-" "Mozilla/5.0 (compatible; MJ12bot/v1.4.8; http://mj12bot.com/)"
192.99.36.61 - - [15/Feb/2025:13:38:09 -0500] "GET /tag/prediksi-sydney-agen-togel-terbaik/page/10 HTTP/1.1" 404 1251 "-" "Mozilla/5.0 (compatible; MJ12bot/v1.4.8; http://mj12bot.com/)"
192.99.36.61 - - [15/Feb/2025:13:38:12 -0500] "GET /tag/prediksi-sydney-agen-togel-terbaik/page/13 HTTP/1.1" 404 1251 "-" "Mozilla/5.0 (compatible; MJ12bot/v1.4.8; http://mj12bot.com/)"
192.99.36.61 - - [15/Feb/2025:13:39:37 -0500] "GET /tag/prediksi-sydney-cak-togel/page/16 HTTP/1.1" 404 1251 "-" "Mozilla/5.0 (compatible; MJ12bot/v1.4.8; http://mj12bot.com/)"
192.99.36.61 - - [15/Feb/2025:13:40:21 -0500] "GET /tag/prediksi-sydney-guru-togel-4d/page/46 HTTP/1.1" 404 1251 "-" "Mozilla/5.0 (compatible; MJ12bot/v1.4.8; http://mj12bot.com/)"
192.99.36.61 - - [15/Feb/2025:13:40:26 -0500] "GET /tag/prediksi-sydney-padepokan-togel-wap/page/44 HTTP/1.1" 404 1251 "-" "Mozilla/5.0 (compatible; MJ12bot/v1.4.8; http://mj12bot.com/)"
192.99.36.61 - - [15/Feb/2025:13:40:28 -0500] "GET /tag/prediksi-sydney-padepokan-togel-wap/page/45 HTTP/1.1" 404 1251 "-" "Mozilla/5.0 (compatible; MJ12bot/v1.4.8; http://mj12bot.com/)"
192.99.36.61 - - [15/Feb/2025:13:42:36 -0500] "GET /tag/prediksi-sydney-ratu-togel/page/20 HTTP/1.1" 404 1251 "-" "Mozilla/5.0 (compatible; MJ12bot/v1.4.8; http://mj12bot.com/)"
192.99.36.61 - - [15/Feb/2025:13:42:37 -0500] "GET /tag/prediksi-sydney-ratu-togel/page/21 HTTP/1.1" 404 1251 "-" "Mozilla/5.0 (compatible; MJ12bot/v1.4.8; http://mj12bot.com/)"
192.99.36.61 - - [15/Feb/2025:13:45:27 -0500] "GET /tag/prediksi-togel-hongkong-hari-ini/page/20 HTTP/1.1" 404 1251 "-" "Mozilla/5.0 (compatible; MJ12bot/v1.4.8; http://mj12bot.com/)"
192.99.36.61 - - [15/Feb/2025:13:45:30 -0500] "GET /tag/prediksi-togel-hongkong/page/14 HTTP/1.1" 404 1251 "-" "Mozilla/5.0 (compatible; MJ12bot/v1.4.8; http://mj12bot.com/)"
192.99.36.61 - - [15/Feb/2025:13:45:33 -0500] "GET /tag/prediksi-togel-hongkong/page/16 HTTP/1.1" 404 1251 "-" "Mozilla/5.0 (compatible; MJ12bot/v1.4.8; http://mj12bot.com/)"
192.99.36.61 - - [15/Feb/2025:13:45:37 -0500] "GET /tag/prediksi-togel-hongkong/page/50 HTTP/1.1" 404 1251 "-" "Mozilla/5.0 (compatible; MJ12bot/v1.4.8; http://mj12bot.com/)"
192.99.36.61 - - [15/Feb/2025:13:45:40 -0500] "GET /tag/prediksi-togel-hongkong/page/52 HTTP/1.1" 404 1251 "-" "Mozilla/5.0 (compatible; MJ12bot/v1.4.8; http://mj12bot.com/)"
192.99.36.61 - - [15/Feb/2025:13:45:43 -0500] "GET /tag/prediksi-togel-hongkong/page/54 HTTP/1.1" 404 1251 "-" "Mozilla/5.0 (compatible; MJ12bot/v1.4.8; http://mj12bot.com/)"
192.99.36.61 - - [15/Feb/2025:13:45:45 -0500] "GET /tag/prediksi-togel-hongkong/page/55 HTTP/1.1" 404 1251 "-" "Mozilla/5.0 (compatible; MJ12bot/v1.4.8; http://mj12bot.com/)"
192.99.36.61 - - [15/Feb/2025:13:46:00 -0500] "GET /tag/prediksi-syair-togel-sydney-hari-ini/page/46 HTTP/1.1" 404 1251 "-" "Mozilla/5.0 (compatible; MJ12bot/v1.4.8; http://mj12bot.com/)"
192.99.36.61 - - [15/Feb/2025:13:46:03 -0500] "GET /tag/prediksi-syair-togel-sydney-hari-ini/page/48 HTTP/1.1" 404 1251 "-" "Mozilla/5.0 (compatible; MJ12bot/v1.4.8; http://mj12bot.com/)"
192.99.36.61 - - [15/Feb/2025:13:46:04 -0500] "GET /tag/prediksi-syair-togel-sydney-hari-ini/page/49 HTTP/1.1" 404 1251 "-" "Mozilla/5.0 (compatible; MJ12bot/v1.4.8; http://mj12bot.com/)"
192.99.36.61 - - [15/Feb/2025:13:46:12 -0500] "GET /tag/prediksi-sydney-agen-togel-terbaik/page/15 HTTP/1.1" 404 1251 "-" "Mozilla/5.0 (compatible; MJ12bot/v1.4.8; http://mj12bot.com/)"
192.99.36.61 - - [15/Feb/2025:13:46:13 -0500] "GET /tag/prediksi-sydney-agen-togel-terbaik/page/16 HTTP/1.1" 404 1251 "-" "Mozilla/5.0 (compatible; MJ12bot/v1.4.8; http://mj12bot.com/)"
192.99.36.61 - - [15/Feb/2025:13:46:16 -0500] "GET /tag/prediksi-sydney-agen-togel-terbaik/page/43 HTTP/1.1" 404 1251 "-" "Mozilla/5.0 (compatible; MJ12bot/v1.4.8; http://mj12bot.com/)"
192.99.36.61 - - [15/Feb/2025:13:46:21 -0500] "GET /tag/prediksi-sydney-agen-togel-terbaik/page/47 HTTP/1.1" 404 1251 "-" "Mozilla/5.0 (compatible; MJ12bot/v1.4.8; http://mj12bot.com/)"
192.99.36.61 - - [15/Feb/2025:13:46:22 -0500] "GET /tag/prediksi-sydney-bandar-togel-terpercaya/page/11 HTTP/1.1" 404 1251 "-" "Mozilla/5.0 (compatible; MJ12bot/v1.4.8; http://mj12bot.com/)"
192.99.36.61 - - [15/Feb/2025:13:46:25 -0500] "GET /tag/prediksi-sydney-bandar-togel-terpercaya/page/14 HTTP/1.1" 404 1251 "-" "Mozilla/5.0 (compatible; MJ12bot/v1.4.8; http://mj12bot.com/)"
192.99.36.61 - - [15/Feb/2025:13:46:27 -0500] "GET /tag/prediksi-sydney-bandar-togel-terpercaya/page/16 HTTP/1.1" 404 1251 "-" "Mozilla/5.0 (compatible; MJ12bot/v1.4.8; http://mj12bot.com/)"
192.99.36.61 - - [15/Feb/2025:13:46:30 -0500] "GET /tag/prediksi-sydney-bandar-togel-terpercaya/page/21 HTTP/1.1" 404 1251 "-" "Mozilla/5.0 (compatible; MJ12bot/v1.4.8; http://mj12bot.com/)"
192.99.36.61 - - [15/Feb/2025:13:46:43 -0500] "GET /tag/prediksi-sydney-bandar-togel-terpercaya/page/46 HTTP/1.1" 404 1251 "-" "Mozilla/5.0 (compatible; MJ12bot/v1.4.8; http://mj12bot.com/)"
192.99.36.61 - - [15/Feb/2025:13:47:01 -0500] "GET /tag/prediksi-sydney-cahaya-togel/page/22 HTTP/1.1" 404 1251 "-" "Mozilla/5.0 (compatible; MJ12bot/v1.4.8; http://mj12bot.com/)"
192.99.36.61 - - [15/Feb/2025:13:47:08 -0500] "GET /tag/prediksi-sydney-cahaya-togel/page/42 HTTP/1.1" 404 1251 "-" "Mozilla/5.0 (compatible; MJ12bot/v1.4.8; http://mj12bot.com/)"
192.99.36.61 - - [15/Feb/2025:13:47:18 -0500] "GET /tag/prediksi-sydney-cahaya-togel/page/50 HTTP/1.1" 404 1251 "-" "Mozilla/5.0 (compatible; MJ12bot/v1.4.8; http://mj12bot.com/)"
192.99.36.61 - - [15/Feb/2025:13:47:21 -0500] "GET /tag/prediksi-sydney-cak-togel/page/13 HTTP/1.1" 404 1251 "-" "Mozilla/5.0 (compatible; MJ12bot/v1.4.8; http://mj12bot.com/)"
192.99.36.61 - - [15/Feb/2025:13:47:27 -0500] "GET /tag/prediksi-sydney-cak-togel/page/21 HTTP/1.1" 404 1251 "-" "Mozilla/5.0 (compatible; MJ12bot/v1.4.8; http://mj12bot.com/)"
192.99.36.61 - - [15/Feb/2025:13:47:29 -0500] "GET /tag/prediksi-sydney-cak-togel/page/22 HTTP/1.1" 404 1251 "-" "Mozilla/5.0 (compatible; MJ12bot/v1.4.8; http://mj12bot.com/)"
192.99.36.61 - - [15/Feb/2025:13:47:33 -0500] "GET /tag/prediksi-sydney-cak-togel/page/44 HTTP/1.1" 404 1251 "-" "Mozilla/5.0 (compatible; MJ12bot/v1.4.8; http://mj12bot.com/)"
192.99.36.61 - - [15/Feb/2025:13:47:36 -0500] "GET /tag/prediksi-sydney-cak-togel/page/46 HTTP/1.1" 404 1251 "-" "Mozilla/5.0 (compatible; MJ12bot/v1.4.8; http://mj12bot.com/)"
192.99.36.61 - - [15/Feb/2025:13:47:37 -0500] "GET /tag/prediksi-sydney-eyang-togel/page/20 HTTP/1.1" 404 1251 "-" "Mozilla/5.0 (compatible; MJ12bot/v1.4.8; http://mj12bot.com/)"
192.99.36.61 - - [15/Feb/2025:13:47:39 -0500] "GET /tag/prediksi-sydney-eyang-togel/page/21 HTTP/1.1" 404 1251 "-" "Mozilla/5.0 (compatible; MJ12bot/v1.4.8; http://mj12bot.com/)"
192.99.36.61 - - [15/Feb/2025:13:47:41 -0500] "GET /tag/prediksi-sydney-eyang-togel/page/40 HTTP/1.1" 404 1251 "-" "Mozilla/5.0 (compatible; MJ12bot/v1.4.8; http://mj12bot.com/)"
85.208.96.200 - - [15/Feb/2025:13:47:41 -0500] "GET /rajasthan-heritage-tour-packages HTTP/1.1" 404 1251 "-" "Mozilla/5.0 (compatible; SemrushBot/7~bl; +http://www.semrush.com/bot.html)"
192.99.36.61 - - [15/Feb/2025:13:47:44 -0500] "GET /tag/prediksi-sydney-eyang-togel/page/42 HTTP/1.1" 404 1251 "-" "Mozilla/5.0 (compatible; MJ12bot/v1.4.8; http://mj12bot.com/)"
192.99.36.61 - - [15/Feb/2025:13:47:47 -0500] "GET /tag/prediksi-sydney-eyang-togel/page/44 HTTP/1.1" 404 1251 "-" "Mozilla/5.0 (compatible; MJ12bot/v1.4.8; http://mj12bot.com/)"
192.99.36.61 - - [15/Feb/2025:13:47:57 -0500] "GET /tag/prediksi-sydney-guru-togel-4d/page/43 HTTP/1.1" 404 1251 "-" "Mozilla/5.0 (compatible; MJ12bot/v1.4.8; http://mj12bot.com/)"
192.99.36.61 - - [15/Feb/2025:13:48:30 -0500] "GET /tag/prediksi-sydney-pool-togel-hari-ini/page/43 HTTP/1.1" 404 1251 "-" "Mozilla/5.0 (compatible; MJ12bot/v1.4.8; http://mj12bot.com/)"
192.99.36.61 - - [15/Feb/2025:13:48:36 -0500] "GET /tag/prediksi-sydney-pool-togel-hari-ini/page/47 HTTP/1.1" 404 1251 "-" "Mozilla/5.0 (compatible; MJ12bot/v1.4.8; http://mj12bot.com/)"
192.99.36.61 - - [15/Feb/2025:13:48:42 -0500] "GET /tag/prediksi-sydney-pools-togel-toto-net/page/39 HTTP/1.1" 404 1251 "-" "Mozilla/5.0 (compatible; MJ12bot/v1.4.8; http://mj12bot.com/)"
192.99.36.61 - - [15/Feb/2025:13:48:52 -0500] "GET /tag/prediksi-sydney-pools-togel-toto-net/page/46 HTTP/1.1" 404 1251 "-" "Mozilla/5.0 (compatible; MJ12bot/v1.4.8; http://mj12bot.com/)"
192.99.36.61 - - [15/Feb/2025:13:49:02 -0500] "GET /tag/prediksi-sydney-portibi-togel/page/12 HTTP/1.1" 404 1251 "-" "Mozilla/5.0 (compatible; MJ12bot/v1.4.8; http://mj12bot.com/)"
192.99.36.61 - - [15/Feb/2025:13:49:31 -0500] "GET /tag/prediksi-sydney-portibi-togel/page/58 HTTP/1.1" 404 1251 "-" "Mozilla/5.0 (compatible; MJ12bot/v1.4.8; http://mj12bot.com/)"
192.99.36.61 - - [15/Feb/2025:13:49:38 -0500] "GET /tag/prediksi-sydney-raja-dunia-togel/page/50 HTTP/1.1" 404 1251 "-" "Mozilla/5.0 (compatible; MJ12bot/v1.4.8; http://mj12bot.com/)"
192.99.36.61 - - [15/Feb/2025:13:49:52 -0500] "GET /tag/prediksi-sydney-raja-dunia-togel/page/58 HTTP/1.1" 404 1251 "-" "Mozilla/5.0 (compatible; MJ12bot/v1.4.8; http://mj12bot.com/)"
192.99.36.61 - - [15/Feb/2025:13:49:57 -0500] "GET /tag/prediksi-sydney-raja-togel/page/20 HTTP/1.1" 404 1251 "-" "Mozilla/5.0 (compatible; MJ12bot/v1.4.8; http://mj12bot.com/)"
192.99.36.61 - - [15/Feb/2025:13:49:58 -0500] "GET /tag/prediksi-sydney-raja-togel/page/21 HTTP/1.1" 404 1251 "-" "Mozilla/5.0 (compatible; MJ12bot/v1.4.8; http://mj12bot.com/)"
192.99.36.61 - - [15/Feb/2025:13:50:14 -0500] "GET /tag/prediksi-sydney-raja-togel/page/57 HTTP/1.1" 404 1251 "-" "Mozilla/5.0 (compatible; MJ12bot/v1.4.8; http://mj12bot.com/)"
192.99.36.61 - - [15/Feb/2025:13:50:17 -0500] "GET /tag/prediksi-sydney-raja-togel/page/59 HTTP/1.1" 404 1251 "-" "Mozilla/5.0 (compatible; MJ12bot/v1.4.8; http://mj12bot.com/)"
192.99.36.61 - - [15/Feb/2025:13:50:19 -0500] "GET /tag/prediksi-sydney-ratu-togel/page/13 HTTP/1.1" 404 1251 "-" "Mozilla/5.0 (compatible; MJ12bot/v1.4.8; http://mj12bot.com/)"
192.99.36.61 - - [15/Feb/2025:13:50:32 -0500] "GET /tag/prediksi-sydney-ratu-togel/page/52 HTTP/1.1" 404 1251 "-" "Mozilla/5.0 (compatible; MJ12bot/v1.4.8; http://mj12bot.com/)"
192.99.36.61 - - [15/Feb/2025:13:50:33 -0500] "GET /tag/prediksi-sydney-ratu-togel/page/53 HTTP/1.1" 404 1251 "-" "Mozilla/5.0 (compatible; MJ12bot/v1.4.8; http://mj12bot.com/)"
192.99.36.61 - - [15/Feb/2025:13:50:41 -0500] "GET /tag/prediksi-sydney-ratu-togel/page/59 HTTP/1.1" 404 1251 "-" "Mozilla/5.0 (compatible; MJ12bot/v1.4.8; http://mj12bot.com/)"
192.99.36.61 - - [15/Feb/2025:13:50:43 -0500] "GET /tag/prediksi-sydney-rumah-togel/page/13 HTTP/1.1" 404 1251 "-" "Mozilla/5.0 (compatible; MJ12bot/v1.4.8; http://mj12bot.com/)"
192.99.36.61 - - [15/Feb/2025:13:50:47 -0500] "GET /tag/prediksi-sydney-rumah-togel/page/48 HTTP/1.1" 404 1251 "-" "Mozilla/5.0 (compatible; MJ12bot/v1.4.8; http://mj12bot.com/)"
192.99.36.61 - - [15/Feb/2025:13:50:49 -0500] "GET /tag/prediksi-sydney-rumah-togel/page/49 HTTP/1.1" 404 1251 "-" "Mozilla/5.0 (compatible; MJ12bot/v1.4.8; http://mj12bot.com/)"
192.99.36.61 - - [15/Feb/2025:13:51:14 -0500] "GET /tag/prediksi-sydney-ulas-togel-mania/page/52 HTTP/1.1" 404 1251 "-" "Mozilla/5.0 (compatible; MJ12bot/v1.4.8; http://mj12bot.com/)"
192.99.36.61 - - [15/Feb/2025:13:51:16 -0500] "GET /tag/prediksi-sydney-ulas-togel-mania/page/53 HTTP/1.1" 404 1251 "-" "Mozilla/5.0 (compatible; MJ12bot/v1.4.8; http://mj12bot.com/)"
192.99.36.61 - - [15/Feb/2025:13:51:20 -0500] "GET /tag/prediksi-sydney-ulas-togel-mania/page/58 HTTP/1.1" 404 1251 "-" "Mozilla/5.0 (compatible; MJ12bot/v1.4.8; http://mj12bot.com/)"
192.99.36.61 - - [15/Feb/2025:13:51:23 -0500] "GET /tag/prediksi-togel-hari-ini/page/11 HTTP/1.1" 404 1251 "-" "Mozilla/5.0 (compatible; MJ12bot/v1.4.8; http://mj12bot.com/)"
192.99.36.61 - - [15/Feb/2025:13:51:26 -0500] "GET /tag/prediksi-togel-hk-malam-ini/page/11 HTTP/1.1" 404 1251 "-" "Mozilla/5.0 (compatible; MJ12bot/v1.4.8; http://mj12bot.com/)"
192.99.36.61 - - [15/Feb/2025:13:51:28 -0500] "GET /tag/prediksi-togel-hongkong-hari-ini-2021/page/14 HTTP/1.1" 404 1251 "-" "Mozilla/5.0 (compatible; MJ12bot/v1.4.8; http://mj12bot.com/)"
192.99.36.61 - - [15/Feb/2025:13:51:45 -0500] "GET /tag/prediksi-togel-hongkong-hari-ini/page/19 HTTP/1.1" 404 1251 "-" "Mozilla/5.0 (compatible; MJ12bot/v1.4.8; http://mj12bot.com/)"
192.99.36.61 - - [15/Feb/2025:13:51:48 -0500] "GET /tag/prediksi-togel-hongkong/page/15 HTTP/1.1" 404 1251 "-" "Mozilla/5.0 (compatible; MJ12bot/v1.4.8; http://mj12bot.com/)"
192.99.36.61 - - [15/Feb/2025:13:52:02 -0500] "GET /tag/prediksi-syair-togel-sydney-hari-ini/page/42 HTTP/1.1" 404 1251 "-" "Mozilla/5.0 (compatible; MJ12bot/v1.4.8; http://mj12bot.com/)"
192.99.36.61 - - [15/Feb/2025:13:52:29 -0500] "GET /tag/prediksi-sydney-bandar-togel-terpercaya/page/41 HTTP/1.1" 404 1251 "-" "Mozilla/5.0 (compatible; MJ12bot/v1.4.8; http://mj12bot.com/)"
144.172.94.106 - - [15/Feb/2025:13:53:06 -0500] "GET /wp-admin/network/index.php HTTP/1.1" 404 1251 "-" "Mozlila/5.0 (Linux; Android 7.0; SM-G892A Bulid/NRD90M; wv) AppleWebKit/537.36 (KHTML, like Gecko) Version/4.0 Chrome/60.0.3112.107 Moblie Safari/537.36"
192.99.36.61 - - [15/Feb/2025:13:53:20 -0500] "GET /tag/prediksi-sydney-cak-togel/page/43 HTTP/1.1" 404 1251 "-" "Mozilla/5.0 (compatible; MJ12bot/v1.4.8; http://mj12bot.com/)"
144.172.94.106 - - [15/Feb/2025:13:53:25 -0500] "GET /wp-admin/js/index.php HTTP/1.1" 404 1251 "-" "Mozlila/5.0 (Linux; Android 7.0; SM-G892A Bulid/NRD90M; wv) AppleWebKit/537.36 (KHTML, like Gecko) Version/4.0 Chrome/60.0.3112.107 Moblie Safari/537.36"
192.99.36.61 - - [15/Feb/2025:13:53:41 -0500] "GET /tag/prediksi-sydney-guru-togel-4d/page/48 HTTP/1.1" 404 1251 "-" "Mozilla/5.0 (compatible; MJ12bot/v1.4.8; http://mj12bot.com/)"
144.172.94.106 - - [15/Feb/2025:13:53:46 -0500] "GET /wp-admin/images/index.php HTTP/1.1" 404 1251 "-" "Mozlila/5.0 (Linux; Android 7.0; SM-G892A Bulid/NRD90M; wv) AppleWebKit/537.36 (KHTML, like Gecko) Version/4.0 Chrome/60.0.3112.107 Moblie Safari/537.36"
192.99.36.61 - - [15/Feb/2025:13:53:51 -0500] "GET /tag/prediksi-sydney-padepokan-togel-wap/page/50 HTTP/1.1" 404 1251 "-" "Mozilla/5.0 (compatible; MJ12bot/v1.4.8; http://mj12bot.com/)"
192.99.36.61 - - [15/Feb/2025:13:53:53 -0500] "GET /tag/prediksi-sydney-padepokan-togel-wap/page/51 HTTP/1.1" 404 1251 "-" "Mozilla/5.0 (compatible; MJ12bot/v1.4.8; http://mj12bot.com/)"
192.99.36.61 - - [15/Feb/2025:13:53:54 -0500] "GET /tag/prediksi-sydney-pool-togel-hari-ini/page/39 HTTP/1.1" 404 1251 "-" "Mozilla/5.0 (compatible; MJ12bot/v1.4.8; http://mj12bot.com/)"
192.99.36.61 - - [15/Feb/2025:13:54:01 -0500] "GET /tag/prediksi-sydney-pool-togel-hari-ini/page/45 HTTP/1.1" 404 1251 "-" "Mozilla/5.0 (compatible; MJ12bot/v1.4.8; http://mj12bot.com/)"
192.99.36.61 - - [15/Feb/2025:13:54:02 -0500] "GET /tag/prediksi-sydney-pool-togel-hari-ini/page/46 HTTP/1.1" 404 1251 "-" "Mozilla/5.0 (compatible; MJ12bot/v1.4.8; http://mj12bot.com/)"
192.99.36.61 - - [15/Feb/2025:13:54:04 -0500] "GET /tag/prediksi-sydney-pool-togel-hari-ini/page/52 HTTP/1.1" 404 1251 "-" "Mozilla/5.0 (compatible; MJ12bot/v1.4.8; http://mj12bot.com/)"
192.99.36.61 - - [15/Feb/2025:13:54:05 -0500] "GET /tag/prediksi-sydney-pools-togel-toto-net/page/21 HTTP/1.1" 404 1251 "-" "Mozilla/5.0 (compatible; MJ12bot/v1.4.8; http://mj12bot.com/)"
144.172.94.106 - - [15/Feb/2025:13:54:05 -0500] "GET /wp-admin/css/index.php HTTP/1.1" 404 1251 "-" "Mozlila/5.0 (Linux; Android 7.0; SM-G892A Bulid/NRD90M; wv) AppleWebKit/537.36 (KHTML, like Gecko) Version/4.0 Chrome/60.0.3112.107 Moblie Safari/537.36"
47.79.116.161 - - [15/Feb/2025:13:54:13 -0500] "GET /2011/08/09/tennis-with-craig-masonic/ HTTP/1.1" 404 1251 "-" "Mozilla/5.0 (Linux; Android 10; K) AppleWebKit/537.36 (KHTML, like Gecko) Chrome/122.0.0.0 Mobile Safari/537.36"
192.99.36.61 - - [15/Feb/2025:13:54:18 -0500] "GET /tag/prediksi-sydney-portibi-togel/page/13 HTTP/1.1" 404 1251 "-" "Mozilla/5.0 (compatible; MJ12bot/v1.4.8; http://mj12bot.com/)"
192.99.36.61 - - [15/Feb/2025:13:54:26 -0500] "GET /tag/prediksi-sydney-portibi-togel/page/51 HTTP/1.1" 404 1251 "-" "Mozilla/5.0 (compatible; MJ12bot/v1.4.8; http://mj12bot.com/)"
144.172.94.106 - - [15/Feb/2025:13:54:27 -0500] "GET /wp-includes/SimplePie/Content/Type/index.php HTTP/1.1" 404 1251 "-" "Mozlila/5.0 (Linux; Android 7.0; SM-G892A Bulid/NRD90M; wv) AppleWebKit/537.36 (KHTML, like Gecko) Version/4.0 Chrome/60.0.3112.107 Moblie Safari/537.36"
192.99.36.61 - - [15/Feb/2025:13:54:34 -0500] "GET /tag/prediksi-sydney-portibi-togel/page/55 HTTP/1.1" 404 1251 "-" "Mozilla/5.0 (compatible; MJ12bot/v1.4.8; http://mj12bot.com/)"
192.99.36.61 - - [15/Feb/2025:13:54:35 -0500] "GET /tag/prediksi-sydney-portibi-togel/page/56 HTTP/1.1" 404 1251 "-" "Mozilla/5.0 (compatible; MJ12bot/v1.4.8; http://mj12bot.com/)"
192.99.36.61 - - [15/Feb/2025:13:54:38 -0500] "GET /tag/prediksi-sydney-raja-dunia-togel/page/22 HTTP/1.1" 404 1251 "-" "Mozilla/5.0 (compatible; MJ12bot/v1.4.8; http://mj12bot.com/)"
192.99.36.61 - - [15/Feb/2025:13:54:40 -0500] "GET /tag/prediksi-sydney-raja-dunia-togel/page/49 HTTP/1.1" 404 1251 "-" "Mozilla/5.0 (compatible; MJ12bot/v1.4.8; http://mj12bot.com/)"
192.99.36.61 - - [15/Feb/2025:13:54:47 -0500] "GET /tag/prediksi-sydney-raja-dunia-togel/page/55 HTTP/1.1" 404 1251 "-" "Mozilla/5.0 (compatible; MJ12bot/v1.4.8; http://mj12bot.com/)"
144.172.94.106 - - [15/Feb/2025:13:54:49 -0500] "GET /wp-includes/Requests/Auth/index.php HTTP/1.1" 404 1251 "-" "Mozlila/5.0 (Linux; Android 7.0; SM-G892A Bulid/NRD90M; wv) AppleWebKit/537.36 (KHTML, like Gecko) Version/4.0 Chrome/60.0.3112.107 Moblie Safari/537.36"
192.99.36.61 - - [15/Feb/2025:13:54:50 -0500] "GET /tag/prediksi-sydney-raja-dunia-togel/page/57 HTTP/1.1" 404 1251 "-" "Mozilla/5.0 (compatible; MJ12bot/v1.4.8; http://mj12bot.com/)"
192.99.36.61 - - [15/Feb/2025:13:54:51 -0500] "GET /tag/prediksi-sydney-raja-dunia-togel/page/59 HTTP/1.1" 404 1251 "-" "Mozilla/5.0 (compatible; MJ12bot/v1.4.8; http://mj12bot.com/)"
192.99.36.61 - - [15/Feb/2025:13:55:04 -0500] "GET /tag/prediksi-sydney-raja-togel/page/52 HTTP/1.1" 404 1251 "-" "Mozilla/5.0 (compatible; MJ12bot/v1.4.8; http://mj12bot.com/)"
144.172.94.106 - - [15/Feb/2025:13:55:09 -0500] "GET /wp-admin/css/colors/index.php HTTP/1.1" 404 1251 "-" "Mozlila/5.0 (Linux; Android 7.0; SM-G892A Bulid/NRD90M; wv) AppleWebKit/537.36 (KHTML, like Gecko) Version/4.0 Chrome/60.0.3112.107 Moblie Safari/537.36"
192.99.36.61 - - [15/Feb/2025:13:55:19 -0500] "GET /tag/prediksi-sydney-ratu-togel/page/51 HTTP/1.1" 404 1251 "-" "Mozilla/5.0 (compatible; MJ12bot/v1.4.8; http://mj12bot.com/)"
144.172.94.106 - - [15/Feb/2025:13:55:24 -0500] "GET /wp-content/languages/index.php HTTP/1.1" 404 1251 "-" "Mozlila/5.0 (Linux; Android 7.0; SM-G892A Bulid/NRD90M; wv) AppleWebKit/537.36 (KHTML, like Gecko) Version/4.0 Chrome/60.0.3112.107 Moblie Safari/537.36"
192.99.36.61 - - [15/Feb/2025:13:55:32 -0500] "GET /tag/prediksi-sydney-rumah-togel/page/47 HTTP/1.1" 404 1251 "-" "Mozilla/5.0 (compatible; MJ12bot/v1.4.8; http://mj12bot.com/)"
192.99.36.61 - - [15/Feb/2025:13:55:34 -0500] "GET /tag/prediksi-sydney-rumah-togel/page/50 HTTP/1.1" 404 1251 "-" "Mozilla/5.0 (compatible; MJ12bot/v1.4.8; http://mj12bot.com/)"
144.172.94.106 - - [15/Feb/2025:13:55:35 -0500] "GET /wp-content/upgrade/index.php HTTP/1.1" 404 1251 "-" "Mozlila/5.0 (Linux; Android 7.0; SM-G892A Bulid/NRD90M; wv) AppleWebKit/537.36 (KHTML, like Gecko) Version/4.0 Chrome/60.0.3112.107 Moblie Safari/537.36"
192.99.36.61 - - [15/Feb/2025:13:55:38 -0500] "GET /tag/prediksi-sydney-rumah-togel/page/56 HTTP/1.1" 404 1251 "-" "Mozilla/5.0 (compatible; MJ12bot/v1.4.8; http://mj12bot.com/)"
192.99.36.61 - - [15/Feb/2025:13:55:55 -0500] "GET /tag/prediksi-sydney-ulas-togel-mania/page/54 HTTP/1.1" 404 1251 "-" "Mozilla/5.0 (compatible; MJ12bot/v1.4.8; http://mj12bot.com/)"
144.172.94.106 - - [15/Feb/2025:13:55:56 -0500] "GET /wp-content/IXR/index.php HTTP/1.1" 404 1251 "-" "Mozlila/5.0 (Linux; Android 7.0; SM-G892A Bulid/NRD90M; wv) AppleWebKit/537.36 (KHTML, like Gecko) Version/4.0 Chrome/60.0.3112.107 Moblie Safari/537.36"
192.99.36.61 - - [15/Feb/2025:13:55:59 -0500] "GET /tag/prediksi-togel-hk-15-juni-2021/page/11 HTTP/1.1" 404 1251 "-" "Mozilla/5.0 (compatible; MJ12bot/v1.4.8; http://mj12bot.com/)"
192.99.36.61 - - [15/Feb/2025:13:56:14 -0500] "GET /tag/prediksi-togel-hongkong-hari-ini-2021/page/46 HTTP/1.1" 404 1251 "-" "Mozilla/5.0 (compatible; MJ12bot/v1.4.8; http://mj12bot.com/)"
114.119.154.9 - - [15/Feb/2025:13:56:39 -0500] "GET /best-india-tours/top-10-delhi-attractions-and-places-to-visit HTTP/1.1" 404 1251 "-" "Mozilla/5.0 (Linux; Android 7.0;) AppleWebKit/537.36 (KHTML, like Gecko) Mobile Safari/537.36 (compatible; PetalBot;+https://webmaster.petalsearch.com/site/petalbot)"
192.99.36.61 - - [15/Feb/2025:13:56:39 -0500] "GET /tag/prediksi-syair-togel-sydney-hari-ini/page/50 HTTP/1.1" 404 1251 "-" "Mozilla/5.0 (compatible; MJ12bot/v1.4.8; http://mj12bot.com/)"
192.99.36.61 - - [15/Feb/2025:13:56:41 -0500] "GET /tag/prediksi-syair-togel-sydney-hari-ini/page/51 HTTP/1.1" 404 1251 "-" "Mozilla/5.0 (compatible; MJ12bot/v1.4.8; http://mj12bot.com/)"
192.99.36.61 - - [15/Feb/2025:13:56:59 -0500] "GET /tag/prediksi-sydney-bandar-togel-terpercaya/page/44 HTTP/1.1" 404 1251 "-" "Mozilla/5.0 (compatible; MJ12bot/v1.4.8; http://mj12bot.com/)"
192.99.36.61 - - [15/Feb/2025:13:57:00 -0500] "GET /tag/prediksi-sydney-bandar-togel-terpercaya/page/45 HTTP/1.1" 404 1251 "-" "Mozilla/5.0 (compatible; MJ12bot/v1.4.8; http://mj12bot.com/)"
