2001:41d0:303:5883::1 - - [26/Apr/2025:14:53:09 -0400] "GET /about.php?action=edit&file=profile.php&path=//home/juralptl/btfovj.store/wp-admin HTTP/1.1" 200 725 "-" "Mozilla/5.0 (compatible; MJ12bot/v1.4.8; http://mj12bot.com/)"
2001:41d0:303:623::1 - - [26/Apr/2025:14:53:10 -0400] "GET /about.php?action=edit&file=macros.rust-srpm&path=//lib/rpm/macros.d HTTP/1.1" 200 598 "-" "Mozilla/5.0 (compatible; MJ12bot/v1.4.8; http://mj12bot.com/)"
2001:41d0:303:5883::1 - - [26/Apr/2025:14:53:11 -0400] "GET /about.php?action=edit&file=profile.php&path=//home/juralptl/btspv.store/wp-admin HTTP/1.1" 200 725 "-" "Mozilla/5.0 (compatible; MJ12bot/v1.4.8; http://mj12bot.com/)"
2001:41d0:303:623::1 - - [26/Apr/2025:14:53:13 -0400] "GET /about.php?action=edit&file=macros.scl&path=//lib/rpm/macros.d HTTP/1.1" 200 4677 "-" "Mozilla/5.0 (compatible; MJ12bot/v1.4.8; http://mj12bot.com/)"
2001:41d0:303:5883::1 - - [26/Apr/2025:14:53:13 -0400] "GET /about.php?action=edit&file=profile.php&path=//home/juralptl/hkpoolsidn.com/ADM HTTP/1.1" 200 2809 "-" "Mozilla/5.0 (compatible; MJ12bot/v1.4.8; http://mj12bot.com/)"
2001:41d0:303:5883::1 - - [26/Apr/2025:14:53:14 -0400] "GET /about.php?action=edit&file=program.mk&path=//lib64/apache2/build HTTP/1.1" 200 1079 "-" "Mozilla/5.0 (compatible; MJ12bot/v1.4.8; http://mj12bot.com/)"
2001:41d0:303:623::1 - - [26/Apr/2025:14:53:15 -0400] "GET /about.php?action=edit&file=macros.selinux-policy&path=//lib/rpm/macros.d HTTP/1.1" 200 2301 "-" "Mozilla/5.0 (compatible; MJ12bot/v1.4.8; http://mj12bot.com/)"
2001:41d0:303:5883::1 - - [26/Apr/2025:14:53:16 -0400] "GET /about.php?action=edit&file=progress.mod&path=//lib/grub/i386-pc HTTP/1.1" 200 550 "-" "Mozilla/5.0 (compatible; MJ12bot/v1.4.8; http://mj12bot.com/)"
2001:41d0:303:623::1 - - [26/Apr/2025:14:53:17 -0400] "GET /about.php?action=edit&file=macros.systemd&path=//lib/rpm/macros.d HTTP/1.1" 200 1732 "-" "Mozilla/5.0 (compatible; MJ12bot/v1.4.8; http://mj12bot.com/)"
2001:41d0:303:5883::1 - - [26/Apr/2025:14:53:18 -0400] "GET /about.php?action=edit&file=project.properties&path=//home/juralptl/MOBILE/nbproject HTTP/1.1" 200 640 "-" "Mozilla/5.0 (compatible; MJ12bot/v1.4.8; http://mj12bot.com/)"
66.249.68.6 - - [26/Apr/2025:14:53:18 -0400] "GET /about.php?path=%2F%2Fopt%2Falt%2Fopenssl%2Finclude%2Fopenssl HTTP/1.1" 200 1782 "-" "Mozilla/5.0 (Linux; Android 6.0.1; Nexus 5X Build/MMB29P) AppleWebKit/537.36 (KHTML, like Gecko) Chrome/135.0.7049.95 Mobile Safari/537.36 (compatible; Googlebot/2.1; +http://www.google.com/bot.html)"
2001:41d0:303:623::1 - - [26/Apr/2025:14:53:20 -0400] "GET /about.php?action=edit&file=macros.systemtap&path=//lib/rpm/macros.d HTTP/1.1" 200 654 "-" "Mozilla/5.0 (compatible; MJ12bot/v1.4.8; http://mj12bot.com/)"
2001:41d0:303:5883::1 - - [26/Apr/2025:14:53:20 -0400] "GET /about.php?action=edit&file=project.properties&path=//home/juralptl/nbproject HTTP/1.1" 200 640 "-" "Mozilla/5.0 (compatible; MJ12bot/v1.4.8; http://mj12bot.com/)"
2001:41d0:303:5883::1 - - [26/Apr/2025:14:53:22 -0400] "GET /about.php?action=edit&file=project.xml&path=//home/juralptl/MOBILE/nbproject HTTP/1.1" 200 720 "-" "Mozilla/5.0 (compatible; MJ12bot/v1.4.8; http://mj12bot.com/)"
2001:41d0:303:623::1 - - [26/Apr/2025:14:53:22 -0400] "GET /about.php?action=edit&file=macros.valgrind-srpm&path=//lib/rpm/macros.d HTTP/1.1" 200 633 "-" "Mozilla/5.0 (compatible; MJ12bot/v1.4.8; http://mj12bot.com/)"
2001:41d0:303:5883::1 - - [26/Apr/2025:14:53:24 -0400] "GET /about.php?action=edit&file=project.xml&path=//home/juralptl/nbproject HTTP/1.1" 200 712 "-" "Mozilla/5.0 (compatible; MJ12bot/v1.4.8; http://mj12bot.com/)"
2001:41d0:303:623::1 - - [26/Apr/2025:14:53:24 -0400] "GET /about.php?action=edit&file=macros.vim&path=//lib/rpm/macros.d HTTP/1.1" 200 578 "-" "Mozilla/5.0 (compatible; MJ12bot/v1.4.8; http://mj12bot.com/)"
2001:41d0:303:5883::1 - - [26/Apr/2025:14:53:25 -0400] "GET /about.php?action=edit&file=prometheus.xml&path=//lib/firewalld/services HTTP/1.1" 200 690 "-" "Mozilla/5.0 (compatible; MJ12bot/v1.4.8; http://mj12bot.com/)"
2001:41d0:303:623::1 - - [26/Apr/2025:14:53:27 -0400] "GET /about.php?action=edit&file=macros.vpath&path=//lib/rpm/macros.d HTTP/1.1" 200 677 "-" "Mozilla/5.0 (compatible; MJ12bot/v1.4.8; http://mj12bot.com/)"
2001:41d0:303:5883::1 - - [26/Apr/2025:14:53:27 -0400] "GET /about.php?action=edit&file=promo-bandar-darat-mFsGeF.tmp&path=//home/juralptl/.cagefs/tmp HTTP/1.1" 200 567 "-" "Mozilla/5.0 (compatible; MJ12bot/v1.4.8; http://mj12bot.com/)"
66.249.68.6 - - [26/Apr/2025:14:53:28 -0400] "GET /about.php?path=//opt/alt/alt-nodejs16 HTTP/1.1" 200 788 "-" "Mozilla/5.0 (Linux; Android 6.0.1; Nexus 5X Build/MMB29P) AppleWebKit/537.36 (KHTML, like Gecko) Chrome/135.0.7049.95 Mobile Safari/537.36 (compatible; Googlebot/2.1; +http://www.google.com/bot.html)"
2001:41d0:303:623::1 - - [26/Apr/2025:14:53:29 -0400] "GET /about.php?action=edit&file=macurl2path.cpython-36.opt-1.pyc&path=//lib64/python3.6/__pycache__ HTTP/1.1" 200 569 "-" "Mozilla/5.0 (compatible; MJ12bot/v1.4.8; http://mj12bot.com/)"
2001:41d0:303:5883::1 - - [26/Apr/2025:14:53:29 -0400] "GET /about.php?action=edit&file=promo-referral-WsQXgx.tmp&path=//home/juralptl/.cagefs/tmp HTTP/1.1" 200 564 "-" "Mozilla/5.0 (compatible; MJ12bot/v1.4.8; http://mj12bot.com/)"
2001:41d0:303:5883::1 - - [26/Apr/2025:14:53:31 -0400] "GET /about.php?action=edit&file=proses-hapus.php&path=//home/juralptl/pvjtogel.sbs HTTP/1.1" 200 1846 "-" "Mozilla/5.0 (compatible; MJ12bot/v1.4.8; http://mj12bot.com/)"
2001:41d0:303:623::1 - - [26/Apr/2025:14:53:31 -0400] "GET /about.php?action=edit&file=macurl2path.cpython-36.opt-2.pyc&path=//lib64/python3.6/__pycache__ HTTP/1.1" 200 569 "-" "Mozilla/5.0 (compatible; MJ12bot/v1.4.8; http://mj12bot.com/)"
2001:41d0:303:5883::1 - - [26/Apr/2025:14:53:32 -0400] "GET /about.php?action=edit&file=proto-gre.xml&path=//lib/firewalld/helpers HTTP/1.1" 200 628 "-" "Mozilla/5.0 (compatible; MJ12bot/v1.4.8; http://mj12bot.com/)"
2001:41d0:303:623::1 - - [26/Apr/2025:14:53:33 -0400] "GET /about.php?action=edit&file=macurl2path.cpython-36.pyc&path=//lib64/python3.6/__pycache__ HTTP/1.1" 200 564 "-" "Mozilla/5.0 (compatible; MJ12bot/v1.4.8; http://mj12bot.com/)"
66.249.68.6 - - [26/Apr/2025:14:53:33 -0400] "GET /about.php?action=edit&file=47691ef7fe84955d6897c5b34a0562f328c2ac&path=%2F%2Fproc%2Fthread-self%2Froot%2Flib%2F.build-id%2Fd4 HTTP/1.1" 200 574 "-" "Mozilla/5.0 (Linux; Android 6.0.1; Nexus 5X Build/MMB29P) AppleWebKit/537.36 (KHTML, like Gecko) Chrome/135.0.7049.95 Mobile Safari/537.36 (compatible; GoogleOther)"
2001:41d0:303:5883::1 - - [26/Apr/2025:14:53:34 -0400] "GET /about.php?action=edit&file=proto.h&path=//lib64/perl5/CORE HTTP/1.1" 200 43939 "-" "Mozilla/5.0 (compatible; MJ12bot/v1.4.8; http://mj12bot.com/)"
66.249.68.6 - - [26/Apr/2025:14:53:34 -0400] "GET /about.php?action=edit&file=O.wav&path=%2Fhome%2Fjuralptl%2Fvalenciapools.world%2FADM%2Fsystemsecureimage%2Faudio%2Fen HTTP/1.1" 200 551 "-" "Mozilla/5.0 (Linux; Android 6.0.1; Nexus 5X Build/MMB29P) AppleWebKit/537.36 (KHTML, like Gecko) Chrome/135.0.7049.95 Mobile Safari/537.36 (compatible; GoogleOther)"
2001:41d0:303:623::1 - - [26/Apr/2025:14:53:35 -0400] "GET /about.php?action=edit&file=mailbox.cpython-36.opt-1.pyc&path=//lib64/python3.6/__pycache__ HTTP/1.1" 200 565 "-" "Mozilla/5.0 (compatible; MJ12bot/v1.4.8; http://mj12bot.com/)"
2001:41d0:303:5883::1 - - [26/Apr/2025:14:53:36 -0400] "GET /about.php?action=edit&file=protobuf-3.5.0-py2.7-nspkg.pth&path=//lib/python2.7/site-packages HTTP/1.1" 200 835 "-" "Mozilla/5.0 (compatible; MJ12bot/v1.4.8; http://mj12bot.com/)"
66.249.68.6 - - [26/Apr/2025:14:53:37 -0400] "GET /about.php?path=%2F%2Fopt%2Falt%2Fphp53%2Fusr%2Fbin HTTP/1.1" 200 921 "-" "Mozilla/5.0 (Linux; Android 6.0.1; Nexus 5X Build/MMB29P) AppleWebKit/537.36 (KHTML, like Gecko) Chrome/135.0.7049.95 Mobile Safari/537.36 (compatible; Googlebot/2.1; +http://www.google.com/bot.html)"
2001:41d0:303:623::1 - - [26/Apr/2025:14:53:37 -0400] "GET /about.php?action=edit&file=mailbox.cpython-36.opt-2.pyc&path=//lib64/python3.6/__pycache__ HTTP/1.1" 200 565 "-" "Mozilla/5.0 (compatible; MJ12bot/v1.4.8; http://mj12bot.com/)"
66.249.68.6 - - [26/Apr/2025:14:53:37 -0400] "GET /about.php?action=edit&file=cp857.14.gz&path=%2F%2Fproc%2Fthread-self%2Froot%2Flib%2Fkbd%2Fconsolefonts HTTP/1.1" 200 555 "-" "Mozilla/5.0 (Linux; Android 6.0.1; Nexus 5X Build/MMB29P) AppleWebKit/537.36 (KHTML, like Gecko) Chrome/135.0.7049.95 Mobile Safari/537.36 (compatible; Googlebot/2.1; +http://www.google.com/bot.html)"
66.249.68.6 - - [26/Apr/2025:14:53:37 -0400] "GET /about.php?path=%2F%2Fopt%2Falt%2Fphp82%2Fusr%2Fshare HTTP/1.1" 200 833 "-" "Mozilla/5.0 (Linux; Android 6.0.1; Nexus 5X Build/MMB29P) AppleWebKit/537.36 (KHTML, like Gecko) Chrome/135.0.7049.95 Mobile Safari/537.36 (compatible; Googlebot/2.1; +http://www.google.com/bot.html)"
2001:41d0:303:5883::1 - - [26/Apr/2025:14:53:38 -0400] "GET /about.php?action=edit&file=protocol-unreachable.xml&path=//lib/firewalld/icmptypes HTTP/1.1" 200 699 "-" "Mozilla/5.0 (compatible; MJ12bot/v1.4.8; http://mj12bot.com/)"
2001:41d0:303:623::1 - - [26/Apr/2025:14:53:39 -0400] "GET /about.php?action=edit&file=mailbox.cpython-36.pyc&path=//lib64/python3.6/__pycache__ HTTP/1.1" 200 561 "-" "Mozilla/5.0 (compatible; MJ12bot/v1.4.8; http://mj12bot.com/)"
2001:41d0:303:5883::1 - - [26/Apr/2025:14:53:40 -0400] "GET /about.php?action=edit&file=protocols.py&path=//lib64/python3.6/asyncio HTTP/1.1" 200 2105 "-" "Mozilla/5.0 (compatible; MJ12bot/v1.4.8; http://mj12bot.com/)"
2001:41d0:303:623::1 - - [26/Apr/2025:14:53:41 -0400] "GET /about.php?action=edit&file=mailbox.cpython-38.opt-1.pyc&path=//lib64/python3.8/__pycache__ HTTP/1.1" 200 565 "-" "Mozilla/5.0 (compatible; MJ12bot/v1.4.8; http://mj12bot.com/)"
2001:41d0:303:5883::1 - - [26/Apr/2025:14:53:42 -0400] "GET /about.php?action=edit&file=protocols.py&path=//lib64/python3.8/asyncio HTTP/1.1" 200 2866 "-" "Mozilla/5.0 (compatible; MJ12bot/v1.4.8; http://mj12bot.com/)"
2001:41d0:303:623::1 - - [26/Apr/2025:14:53:43 -0400] "GET /about.php?action=edit&file=mailbox.cpython-38.opt-2.pyc&path=//lib64/python3.8/__pycache__ HTTP/1.1" 200 565 "-" "Mozilla/5.0 (compatible; MJ12bot/v1.4.8; http://mj12bot.com/)"
2001:41d0:303:5883::1 - - [26/Apr/2025:14:53:44 -0400] "GET /about.php?action=edit&file=proxy-dhcp.xml&path=//lib/firewalld/services HTTP/1.1" 200 722 "-" "Mozilla/5.0 (compatible; MJ12bot/v1.4.8; http://mj12bot.com/)"
2001:41d0:303:623::1 - - [26/Apr/2025:14:53:45 -0400] "GET /about.php?action=edit&file=mailbox.cpython-38.pyc&path=//lib64/python3.8/__pycache__ HTTP/1.1" 200 561 "-" "Mozilla/5.0 (compatible; MJ12bot/v1.4.8; http://mj12bot.com/)"
2001:41d0:303:5883::1 - - [26/Apr/2025:14:53:46 -0400] "GET /about.php?action=edit&file=proxyexecd.service&path=//lib/systemd/system HTTP/1.1" 200 727 "-" "Mozilla/5.0 (compatible; MJ12bot/v1.4.8; http://mj12bot.com/)"
66.249.68.6 - - [26/Apr/2025:14:53:47 -0400] "GET /about.php?path=//opt/alt/python313/lib64 HTTP/1.1" 200 861 "-" "Mozilla/5.0 (Linux; Android 6.0.1; Nexus 5X Build/MMB29P) AppleWebKit/537.36 (KHTML, like Gecko) Chrome/135.0.7049.95 Mobile Safari/537.36 (compatible; Googlebot/2.1; +http://www.google.com/bot.html)"
2001:41d0:303:623::1 - - [26/Apr/2025:14:53:47 -0400] "GET /about.php?action=edit&file=mailbox_format.cpanel&path=//home/juralptl/mail HTTP/1.1" 200 565 "-" "Mozilla/5.0 (compatible; MJ12bot/v1.4.8; http://mj12bot.com/)"
2001:41d0:303:5883::1 - - [26/Apr/2025:14:53:48 -0400] "GET /about.php?action=edit&file=psp_13_0_0_sos.bin&path=//lib/firmware/amdgpu HTTP/1.1" 200 561 "-" "Mozilla/5.0 (compatible; MJ12bot/v1.4.8; http://mj12bot.com/)"
2001:41d0:303:623::1 - - [26/Apr/2025:14:53:49 -0400] "GET /about.php?action=edit&file=mailcap.cpython-36.opt-1.pyc&path=//lib64/python3.6/__pycache__ HTTP/1.1" 200 564 "-" "Mozilla/5.0 (compatible; MJ12bot/v1.4.8; http://mj12bot.com/)"
2001:41d0:303:5883::1 - - [26/Apr/2025:14:53:49 -0400] "GET /about.php?action=edit&file=psp_13_0_0_ta.bin&path=//lib/firmware/amdgpu HTTP/1.1" 200 560 "-" "Mozilla/5.0 (compatible; MJ12bot/v1.4.8; http://mj12bot.com/)"
2001:41d0:303:623::1 - - [26/Apr/2025:14:53:51 -0400] "GET /about.php?action=edit&file=mailcap.cpython-36.opt-2.pyc&path=//lib64/python3.6/__pycache__ HTTP/1.1" 200 564 "-" "Mozilla/5.0 (compatible; MJ12bot/v1.4.8; http://mj12bot.com/)"
2001:41d0:303:5883::1 - - [26/Apr/2025:14:53:51 -0400] "GET /about.php?action=edit&file=psp_13_0_10_sos.bin&path=//lib/firmware/amdgpu HTTP/1.1" 200 562 "-" "Mozilla/5.0 (compatible; MJ12bot/v1.4.8; http://mj12bot.com/)"
2001:41d0:303:5883::1 - - [26/Apr/2025:14:53:53 -0400] "GET /about.php?action=edit&file=psp_13_0_10_ta.bin&path=//lib/firmware/amdgpu HTTP/1.1" 200 561 "-" "Mozilla/5.0 (compatible; MJ12bot/v1.4.8; http://mj12bot.com/)"
2001:41d0:303:623::1 - - [26/Apr/2025:14:53:53 -0400] "GET /about.php?action=edit&file=mailcap.cpython-36.pyc&path=//lib64/python3.6/__pycache__ HTTP/1.1" 200 560 "-" "Mozilla/5.0 (compatible; MJ12bot/v1.4.8; http://mj12bot.com/)"
195.191.219.132 - - [26/Apr/2025:14:53:53 -0400] "GET /robots.txt HTTP/1.1" 404 1251 "-" "Mozilla/5.0 (compatible; MJ12bot/v2.0.0; http://mj12bot.com/)"
195.191.219.132 - - [26/Apr/2025:14:53:54 -0400] "GET /about.php?action=edit&file=error_log&path=/home/juralptl HTTP/1.1" 200 111345 "-" "Mozilla/5.0 (compatible; MJ12bot/v2.0.0; http://mj12bot.com/)"
2001:41d0:303:5883::1 - - [26/Apr/2025:14:53:54 -0400] "GET /about.php?action=edit&file=psp_13_0_11_ta.bin&path=//lib/firmware/amdgpu HTTP/1.1" 200 561 "-" "Mozilla/5.0 (compatible; MJ12bot/v1.4.8; http://mj12bot.com/)"
2001:41d0:303:623::1 - - [26/Apr/2025:14:53:55 -0400] "GET /about.php?action=edit&file=mailcap.cpython-38.opt-1.pyc&path=//lib64/python3.8/__pycache__ HTTP/1.1" 200 564 "-" "Mozilla/5.0 (compatible; MJ12bot/v1.4.8; http://mj12bot.com/)"
2001:41d0:303:5883::1 - - [26/Apr/2025:14:53:56 -0400] "GET /about.php?action=edit&file=psp_13_0_11_toc.bin&path=//lib/firmware/amdgpu HTTP/1.1" 200 562 "-" "Mozilla/5.0 (compatible; MJ12bot/v1.4.8; http://mj12bot.com/)"
2001:41d0:303:623::1 - - [26/Apr/2025:14:53:57 -0400] "GET /about.php?action=edit&file=mailcap.cpython-38.opt-2.pyc&path=//lib64/python3.8/__pycache__ HTTP/1.1" 200 564 "-" "Mozilla/5.0 (compatible; MJ12bot/v1.4.8; http://mj12bot.com/)"
2001:41d0:303:5883::1 - - [26/Apr/2025:14:53:58 -0400] "GET /about.php?action=edit&file=psp_13_0_14_sos.bin&path=//lib/firmware/amdgpu HTTP/1.1" 200 562 "-" "Mozilla/5.0 (compatible; MJ12bot/v1.4.8; http://mj12bot.com/)"
66.249.68.6 - - [26/Apr/2025:14:53:59 -0400] "GET /about.php?path=%2F%2Fproc%2Fthread-self%2Froot%2Flib%2F.build-id%2F07 HTTP/1.1" 200 1638 "-" "Mozilla/5.0 (Linux; Android 6.0.1; Nexus 5X Build/MMB29P) AppleWebKit/537.36 (KHTML, like Gecko) Chrome/135.0.7049.95 Mobile Safari/537.36 (compatible; GoogleOther)"
2001:41d0:303:623::1 - - [26/Apr/2025:14:53:59 -0400] "GET /about.php?action=edit&file=mailcap.cpython-38.pyc&path=//lib64/python3.8/__pycache__ HTTP/1.1" 200 560 "-" "Mozilla/5.0 (compatible; MJ12bot/v1.4.8; http://mj12bot.com/)"
2001:41d0:303:5883::1 - - [26/Apr/2025:14:54:00 -0400] "GET /about.php?action=edit&file=psp_13_0_14_ta.bin&path=//lib/firmware/amdgpu HTTP/1.1" 200 561 "-" "Mozilla/5.0 (compatible; MJ12bot/v1.4.8; http://mj12bot.com/)"
2001:41d0:303:623::1 - - [26/Apr/2025:14:54:01 -0400] "GET /about.php?action=edit&file=maildirsize&path=//home/juralptl/mail HTTP/1.1" 200 1240 "-" "Mozilla/5.0 (compatible; MJ12bot/v1.4.8; http://mj12bot.com/)"
2001:41d0:303:5883::1 - - [26/Apr/2025:14:54:01 -0400] "GET /about.php?action=edit&file=psp_13_0_4_ta.bin&path=//lib/firmware/amdgpu HTTP/1.1" 200 559 "-" "Mozilla/5.0 (compatible; MJ12bot/v1.4.8; http://mj12bot.com/)"
2001:41d0:303:623::1 - - [26/Apr/2025:14:54:03 -0400] "GET /about.php?action=edit&file=main.log&path=//home/juralptl/.clwpos HTTP/1.1" 200 550 "-" "Mozilla/5.0 (compatible; MJ12bot/v1.4.8; http://mj12bot.com/)"
2001:41d0:303:5883::1 - - [26/Apr/2025:14:54:03 -0400] "GET /about.php?action=edit&file=psp_13_0_4_toc.bin&path=//lib/firmware/amdgpu HTTP/1.1" 200 561 "-" "Mozilla/5.0 (compatible; MJ12bot/v1.4.8; http://mj12bot.com/)"
2001:41d0:303:623::1 - - [26/Apr/2025:14:54:05 -0400] "GET /about.php?action=edit&file=main.py&path=//lib64/python2.7/lib2to3 HTTP/1.1" 200 4164 "-" "Mozilla/5.0 (compatible; MJ12bot/v1.4.8; http://mj12bot.com/)"
66.249.68.8 - - [26/Apr/2025:14:54:05 -0400] "GET /about.php?path=%2F%2Fopt%2Falt%2Ftests%2Falt-php80-pecl-dbase_7.1.1-1.el8 HTTP/1.1" 200 777 "-" "Mozilla/5.0 (Linux; Android 6.0.1; Nexus 5X Build/MMB29P) AppleWebKit/537.36 (KHTML, like Gecko) Chrome/135.0.7049.95 Mobile Safari/537.36 (compatible; Googlebot/2.1; +http://www.google.com/bot.html)"
2001:41d0:303:5883::1 - - [26/Apr/2025:14:54:05 -0400] "GET /about.php?action=edit&file=psp_13_0_5_asd.bin&path=//lib/firmware/amdgpu HTTP/1.1" 200 561 "-" "Mozilla/5.0 (compatible; MJ12bot/v1.4.8; http://mj12bot.com/)"
2001:41d0:303:623::1 - - [26/Apr/2025:14:54:06 -0400] "GET /about.php?action=edit&file=main.py&path=//lib64/python2.7/unittest HTTP/1.1" 200 3119 "-" "Mozilla/5.0 (compatible; MJ12bot/v1.4.8; http://mj12bot.com/)"
66.249.68.6 - - [26/Apr/2025:14:54:07 -0400] "GET /about.php?path=%2F%2Fproc%2Fthread-self%2Froot%2Flib%2Fnode_modules%2Fnpm%2Fnode_modules%2Funique-slug HTTP/1.1" 200 948 "-" "Mozilla/5.0 (Linux; Android 6.0.1; Nexus 5X Build/MMB29P) AppleWebKit/537.36 (KHTML, like Gecko) Chrome/135.0.7049.95 Mobile Safari/537.36 (compatible; GoogleOther)"
2001:41d0:303:5883::1 - - [26/Apr/2025:14:54:07 -0400] "GET /about.php?action=edit&file=psp_13_0_5_ta.bin&path=//lib/firmware/amdgpu HTTP/1.1" 200 559 "-" "Mozilla/5.0 (compatible; MJ12bot/v1.4.8; http://mj12bot.com/)"
2001:41d0:303:623::1 - - [26/Apr/2025:14:54:08 -0400] "GET /about.php?action=edit&file=main.py&path=//lib64/python3.6/lib2to3 HTTP/1.1" 200 4170 "-" "Mozilla/5.0 (compatible; MJ12bot/v1.4.8; http://mj12bot.com/)"
2001:41d0:303:5883::1 - - [26/Apr/2025:14:54:09 -0400] "GET /about.php?action=edit&file=psp_13_0_5_toc.bin&path=//lib/firmware/amdgpu HTTP/1.1" 200 561 "-" "Mozilla/5.0 (compatible; MJ12bot/v1.4.8; http://mj12bot.com/)"
2001:41d0:303:623::1 - - [26/Apr/2025:14:54:10 -0400] "GET /about.php?action=edit&file=main.py&path=//lib64/python3.6/unittest HTTP/1.1" 200 3435 "-" "Mozilla/5.0 (compatible; MJ12bot/v1.4.8; http://mj12bot.com/)"
2001:41d0:303:5883::1 - - [26/Apr/2025:14:54:11 -0400] "GET /about.php?action=edit&file=psp_13_0_6_sos.bin&path=//lib/firmware/amdgpu HTTP/1.1" 200 560 "-" "Mozilla/5.0 (compatible; MJ12bot/v1.4.8; http://mj12bot.com/)"
2001:41d0:303:623::1 - - [26/Apr/2025:14:54:12 -0400] "GET /about.php?action=edit&file=main.py&path=//lib64/python3.8/lib2to3 HTTP/1.1" 200 4170 "-" "Mozilla/5.0 (compatible; MJ12bot/v1.4.8; http://mj12bot.com/)"
2001:41d0:303:5883::1 - - [26/Apr/2025:14:54:13 -0400] "GET /about.php?action=edit&file=psp_13_0_6_ta.bin&path=//lib/firmware/amdgpu HTTP/1.1" 200 559 "-" "Mozilla/5.0 (compatible; MJ12bot/v1.4.8; http://mj12bot.com/)"
66.249.68.6 - - [26/Apr/2025:14:54:14 -0400] "GET /about.php?action=edit&file=ldaps.xml&path=%2F%2Fproc%2Fthread-self%2Froot%2Flib%2Ffirewalld%2Fservices HTTP/1.1" 200 714 "-" "Mozilla/5.0 (Linux; Android 6.0.1; Nexus 5X Build/MMB29P) AppleWebKit/537.36 (KHTML, like Gecko) Chrome/135.0.7049.95 Mobile Safari/537.36 (compatible; Googlebot/2.1; +http://www.google.com/bot.html)"
66.249.68.6 - - [26/Apr/2025:14:54:14 -0400] "GET /about.php?action=edit&file=8859-14.a0-ff.uni&path=%2F%2Fproc%2Fthread-self%2Froot%2Flib%2Fkbd%2Funimaps HTTP/1.1" 200 1453 "-" "Mozilla/5.0 (Linux; Android 6.0.1; Nexus 5X Build/MMB29P) AppleWebKit/537.36 (KHTML, like Gecko) Chrome/135.0.7049.95 Mobile Safari/537.36 (compatible; Googlebot/2.1; +http://www.google.com/bot.html)"
66.249.68.6 - - [26/Apr/2025:14:54:14 -0400] "GET /about.php?path=%2F%2Fopt%2Falt%2Ftests%2Falt-php81-pecl-luasandbox_4.1.2-2.el8 HTTP/1.1" 200 782 "-" "Mozilla/5.0 (Linux; Android 6.0.1; Nexus 5X Build/MMB29P) AppleWebKit/537.36 (KHTML, like Gecko) Chrome/135.0.7049.95 Mobile Safari/537.36 (compatible; Googlebot/2.1; +http://www.google.com/bot.html)"
2001:41d0:303:5883::1 - - [26/Apr/2025:14:54:14 -0400] "GET /about.php?action=edit&file=psp_13_0_7_sos.bin&path=//lib/firmware/amdgpu HTTP/1.1" 200 560 "-" "Mozilla/5.0 (compatible; MJ12bot/v1.4.8; http://mj12bot.com/)"
66.249.68.6 - - [26/Apr/2025:14:54:15 -0400] "GET /about.php?action=edit&file=halflings.css&path=%2Fhome%2Fjuralptl%2Fvalenciapools.world%2FADM%2Fcss HTTP/1.1" 200 3611 "-" "Mozilla/5.0 (Linux; Android 6.0.1; Nexus 5X Build/MMB29P) AppleWebKit/537.36 (KHTML, like Gecko) Chrome/135.0.7049.95 Mobile Safari/537.36 (compatible; GoogleOther)"
2001:41d0:303:5883::1 - - [26/Apr/2025:14:54:16 -0400] "GET /about.php?action=edit&file=psp_13_0_7_ta.bin&path=//lib/firmware/amdgpu HTTP/1.1" 200 559 "-" "Mozilla/5.0 (compatible; MJ12bot/v1.4.8; http://mj12bot.com/)"
2001:41d0:303:5883::1 - - [26/Apr/2025:14:54:18 -0400] "GET /about.php?action=edit&file=psp_13_0_8_asd.bin&path=//lib/firmware/amdgpu HTTP/1.1" 200 561 "-" "Mozilla/5.0 (compatible; MJ12bot/v1.4.8; http://mj12bot.com/)"
2001:41d0:303:5883::1 - - [26/Apr/2025:14:54:20 -0400] "GET /about.php?action=edit&file=psp_13_0_8_ta.bin&path=//lib/firmware/amdgpu HTTP/1.1" 200 559 "-" "Mozilla/5.0 (compatible; MJ12bot/v1.4.8; http://mj12bot.com/)"
2001:41d0:303:5883::1 - - [26/Apr/2025:14:54:22 -0400] "GET /about.php?action=edit&file=psp_13_0_8_toc.bin&path=//lib/firmware/amdgpu HTTP/1.1" 200 561 "-" "Mozilla/5.0 (compatible; MJ12bot/v1.4.8; http://mj12bot.com/)"
66.249.68.6 - - [26/Apr/2025:14:54:23 -0400] "GET /about.php?action=edit&file=iso06.14.gz&path=%2F%2Fproc%2Fthread-self%2Froot%2Flib%2Fkbd%2Fconsolefonts HTTP/1.1" 200 554 "-" "Mozilla/5.0 (Linux; Android 6.0.1; Nexus 5X Build/MMB29P) AppleWebKit/537.36 (KHTML, like Gecko) Chrome/135.0.7049.95 Mobile Safari/537.36 (compatible; Googlebot/2.1; +http://www.google.com/bot.html)"
66.249.68.6 - - [26/Apr/2025:14:54:24 -0400] "GET /about.php?action=edit&file=gr737a-9x16.psfu.gz&path=%2F%2Fproc%2Fthread-self%2Froot%2Flib%2Fkbd%2Fconsolefonts HTTP/1.1" 200 561 "-" "Mozilla/5.0 (Linux; Android 6.0.1; Nexus 5X Build/MMB29P) AppleWebKit/537.36 (KHTML, like Gecko) Chrome/135.0.7049.95 Mobile Safari/537.36 (compatible; Googlebot/2.1; +http://www.google.com/bot.html)"
66.249.68.6 - - [26/Apr/2025:14:54:24 -0400] "GET /about.php?path=//opt/alt/php74/link HTTP/1.1" 200 761 "-" "Mozilla/5.0 (Linux; Android 6.0.1; Nexus 5X Build/MMB29P) AppleWebKit/537.36 (KHTML, like Gecko) Chrome/135.0.7049.95 Mobile Safari/537.36 (compatible; Googlebot/2.1; +http://www.google.com/bot.html)"
2001:41d0:303:5883::1 - - [26/Apr/2025:14:54:24 -0400] "GET /about.php?action=edit&file=psp_14_0_0_ta.bin&path=//lib/firmware/amdgpu HTTP/1.1" 200 560 "-" "Mozilla/5.0 (compatible; MJ12bot/v1.4.8; http://mj12bot.com/)"
2001:41d0:303:5883::1 - - [26/Apr/2025:14:54:26 -0400] "GET /about.php?action=edit&file=psp_14_0_0_toc.bin&path=//lib/firmware/amdgpu HTTP/1.1" 200 561 "-" "Mozilla/5.0 (compatible; MJ12bot/v1.4.8; http://mj12bot.com/)"
2001:41d0:303:5883::1 - - [26/Apr/2025:14:54:28 -0400] "GET /about.php?action=edit&file=psp_14_0_1_ta.bin&path=//lib/firmware/amdgpu HTTP/1.1" 200 560 "-" "Mozilla/5.0 (compatible; MJ12bot/v1.4.8; http://mj12bot.com/)"
2001:41d0:303:5883::1 - - [26/Apr/2025:14:54:29 -0400] "GET /about.php?action=edit&file=psp_14_0_1_toc.bin&path=//lib/firmware/amdgpu HTTP/1.1" 200 561 "-" "Mozilla/5.0 (compatible; MJ12bot/v1.4.8; http://mj12bot.com/)"
2001:41d0:303:5883::1 - - [26/Apr/2025:14:54:31 -0400] "GET /about.php?action=edit&file=psp_14_0_2_sos.bin&path=//lib/firmware/amdgpu HTTP/1.1" 200 561 "-" "Mozilla/5.0 (compatible; MJ12bot/v1.4.8; http://mj12bot.com/)"
66.249.68.6 - - [26/Apr/2025:14:54:32 -0400] "GET /about.php?path=%2F%2Fproc%2Fthread-self%2Froot%2Flib%2F.build-id%2F7d HTTP/1.1" 200 1572 "-" "Mozilla/5.0 (Linux; Android 6.0.1; Nexus 5X Build/MMB29P) AppleWebKit/537.36 (KHTML, like Gecko) Chrome/135.0.7049.95 Mobile Safari/537.36 (compatible; GoogleOther)"
2001:41d0:303:5883::1 - - [26/Apr/2025:14:54:33 -0400] "GET /about.php?action=edit&file=psp_14_0_2_ta.bin&path=//lib/firmware/amdgpu HTTP/1.1" 200 560 "-" "Mozilla/5.0 (compatible; MJ12bot/v1.4.8; http://mj12bot.com/)"
2001:41d0:303:5883::1 - - [26/Apr/2025:14:54:35 -0400] "GET /about.php?action=edit&file=psp_14_0_3_sos.bin&path=//lib/firmware/amdgpu HTTP/1.1" 200 560 "-" "Mozilla/5.0 (compatible; MJ12bot/v1.4.8; http://mj12bot.com/)"
2001:41d0:303:5883::1 - - [26/Apr/2025:14:54:37 -0400] "GET /about.php?action=edit&file=psp_14_0_3_ta.bin&path=//lib/firmware/amdgpu HTTP/1.1" 200 559 "-" "Mozilla/5.0 (compatible; MJ12bot/v1.4.8; http://mj12bot.com/)"
2001:41d0:303:5883::1 - - [26/Apr/2025:14:54:38 -0400] "GET /about.php?action=edit&file=psp_14_0_4_ta.bin&path=//lib/firmware/amdgpu HTTP/1.1" 200 561 "-" "Mozilla/5.0 (compatible; MJ12bot/v1.4.8; http://mj12bot.com/)"
2001:41d0:303:5883::1 - - [26/Apr/2025:14:54:40 -0400] "GET /about.php?action=edit&file=psp_14_0_4_toc.bin&path=//lib/firmware/amdgpu HTTP/1.1" 200 562 "-" "Mozilla/5.0 (compatible; MJ12bot/v1.4.8; http://mj12bot.com/)"
66.249.68.6 - - [26/Apr/2025:14:54:42 -0400] "GET /about.php?path=%2F%2Fopt%2Falt%2Fpython37%2Fshare%2Fpython-wheels HTTP/1.1" 200 858 "-" "Mozilla/5.0 (Linux; Android 6.0.1; Nexus 5X Build/MMB29P) AppleWebKit/537.36 (KHTML, like Gecko) Chrome/135.0.7049.95 Mobile Safari/537.36 (compatible; Googlebot/2.1; +http://www.google.com/bot.html)"
2001:41d0:303:5883::1 - - [26/Apr/2025:14:54:42 -0400] "GET /about.php?action=edit&file=pstats.cpython-36.opt-1.pyc&path=//lib64/python3.6/__pycache__ HTTP/1.1" 200 565 "-" "Mozilla/5.0 (compatible; MJ12bot/v1.4.8; http://mj12bot.com/)"
2001:41d0:303:5883::1 - - [26/Apr/2025:14:54:44 -0400] "GET /about.php?action=edit&file=pstats.cpython-36.opt-2.pyc&path=//lib64/python3.6/__pycache__ HTTP/1.1" 200 565 "-" "Mozilla/5.0 (compatible; MJ12bot/v1.4.8; http://mj12bot.com/)"
2001:41d0:303:5883::1 - - [26/Apr/2025:14:54:46 -0400] "GET /about.php?action=edit&file=pstats.cpython-36.pyc&path=//lib64/python3.6/__pycache__ HTTP/1.1" 200 561 "-" "Mozilla/5.0 (compatible; MJ12bot/v1.4.8; http://mj12bot.com/)"
2001:41d0:303:5883::1 - - [26/Apr/2025:14:54:48 -0400] "GET /about.php?action=edit&file=pstats.cpython-38.opt-1.pyc&path=//lib64/python3.8/__pycache__ HTTP/1.1" 200 565 "-" "Mozilla/5.0 (compatible; MJ12bot/v1.4.8; http://mj12bot.com/)"
2001:41d0:303:5883::1 - - [26/Apr/2025:14:54:50 -0400] "GET /about.php?action=edit&file=pstats.cpython-38.opt-2.pyc&path=//lib64/python3.8/__pycache__ HTTP/1.1" 200 565 "-" "Mozilla/5.0 (compatible; MJ12bot/v1.4.8; http://mj12bot.com/)"
2001:41d0:303:5883::1 - - [26/Apr/2025:14:54:52 -0400] "GET /about.php?action=edit&file=pstats.cpython-38.pyc&path=//lib64/python3.8/__pycache__ HTTP/1.1" 200 561 "-" "Mozilla/5.0 (compatible; MJ12bot/v1.4.8; http://mj12bot.com/)"
2001:41d0:303:5883::1 - - [26/Apr/2025:14:54:53 -0400] "GET /about.php?action=edit&file=ptcp154.py&path=//lib64/python2.7/encodings HTTP/1.1" 200 2178 "-" "Mozilla/5.0 (compatible; MJ12bot/v1.4.8; http://mj12bot.com/)"
2001:41d0:303:5883::1 - - [26/Apr/2025:14:54:55 -0400] "GET /about.php?action=edit&file=ptcp154.py&path=//lib64/python3.6/encodings HTTP/1.1" 200 3607 "-" "Mozilla/5.0 (compatible; MJ12bot/v1.4.8; http://mj12bot.com/)"
2001:41d0:303:5883::1 - - [26/Apr/2025:14:54:57 -0400] "GET /about.php?action=edit&file=ptcp154.py&path=//lib64/python3.8/encodings HTTP/1.1" 200 3607 "-" "Mozilla/5.0 (compatible; MJ12bot/v1.4.8; http://mj12bot.com/)"
2001:41d0:303:5883::1 - - [26/Apr/2025:14:54:59 -0400] "GET /about.php?action=edit&file=ptcp154.pyc&path=//lib64/python2.7/encodings HTTP/1.1" 200 554 "-" "Mozilla/5.0 (compatible; MJ12bot/v1.4.8; http://mj12bot.com/)"
2001:41d0:303:5883::1 - - [26/Apr/2025:14:55:00 -0400] "GET /about.php?action=edit&file=ptcp154.pyo&path=//lib64/python2.7/encodings HTTP/1.1" 200 554 "-" "Mozilla/5.0 (compatible; MJ12bot/v1.4.8; http://mj12bot.com/)"
2001:41d0:303:5883::1 - - [26/Apr/2025:14:55:02 -0400] "GET /about.php?action=edit&file=pthreadtypes-arch.ph&path=//lib64/perl5/bits HTTP/1.1" 200 1201 "-" "Mozilla/5.0 (compatible; MJ12bot/v1.4.8; http://mj12bot.com/)"
2001:41d0:303:5883::1 - - [26/Apr/2025:14:55:04 -0400] "GET /about.php?action=edit&file=pthreadtypes.ph&path=//lib64/perl5/bits HTTP/1.1" 200 765 "-" "Mozilla/5.0 (compatible; MJ12bot/v1.4.8; http://mj12bot.com/)"
66.249.68.8 - - [26/Apr/2025:14:55:05 -0400] "GET /about.php?path=%2F%2Fproc%2Fthread-self%2Froot%2Flib%2F.build-id%2F10 HTTP/1.1" 200 1556 "-" "Mozilla/5.0 (Linux; Android 6.0.1; Nexus 5X Build/MMB29P) AppleWebKit/537.36 (KHTML, like Gecko) Chrome/135.0.7049.95 Mobile Safari/537.36 (compatible; GoogleOther)"
2001:41d0:303:5883::1 - - [26/Apr/2025:14:55:06 -0400] "GET /about.php?action=edit&file=ptp.xml&path=//lib/firewalld/services HTTP/1.1" 200 794 "-" "Mozilla/5.0 (compatible; MJ12bot/v1.4.8; http://mj12bot.com/)"
66.249.68.7 - - [26/Apr/2025:14:55:07 -0400] "GET /about.php?action=edit&file=9f9ade82531cf12dc3fdf269d55d2da58945c2&path=%2F%2Fproc%2Fthread-self%2Froot%2Flib%2F.build-id%2F98 HTTP/1.1" 200 479 "-" "Mozilla/5.0 (Linux; Android 6.0.1; Nexus 5X Build/MMB29P) AppleWebKit/537.36 (KHTML, like Gecko) Chrome/135.0.7049.95 Mobile Safari/537.36 (compatible; GoogleOther)"
2001:41d0:303:5883::1 - - [26/Apr/2025:14:55:08 -0400] "GET /about.php?action=edit&file=pty.cpython-36.opt-1.pyc&path=//lib64/python3.6/__pycache__ HTTP/1.1" 200 563 "-" "Mozilla/5.0 (compatible; MJ12bot/v1.4.8; http://mj12bot.com/)"
66.249.68.8 - - [26/Apr/2025:14:55:08 -0400] "GET /about.php?action=edit&file=libXpm.so.4.11.0&path=%2F%2Flib64 HTTP/1.1" 200 557 "-" "Mozilla/5.0 (Linux; Android 6.0.1; Nexus 5X Build/MMB29P) AppleWebKit/537.36 (KHTML, like Gecko) Chrome/135.0.7049.95 Mobile Safari/537.36 (compatible; GoogleOther)"
66.249.68.7 - - [26/Apr/2025:14:55:10 -0400] "GET /about.php?path=%2F%2Fopt%2Falt%2Fpython33%2Fshare HTTP/1.1" 200 787 "-" "Mozilla/5.0 (Linux; Android 6.0.1; Nexus 5X Build/MMB29P) AppleWebKit/537.36 (KHTML, like Gecko) Chrome/135.0.7049.95 Mobile Safari/537.36 (compatible; Googlebot/2.1; +http://www.google.com/bot.html)"
2001:41d0:303:5883::1 - - [26/Apr/2025:14:55:10 -0400] "GET /about.php?action=edit&file=pty.cpython-36.opt-2.pyc&path=//lib64/python3.6/__pycache__ HTTP/1.1" 200 563 "-" "Mozilla/5.0 (compatible; MJ12bot/v1.4.8; http://mj12bot.com/)"
66.249.68.7 - - [26/Apr/2025:14:55:10 -0400] "GET /about.php?path=%2F%2Fopt%2Falt%2Ftests%2Falt-php83-pecl-gnupg_1.5.1-1.el8 HTTP/1.1" 200 778 "-" "Mozilla/5.0 (Linux; Android 6.0.1; Nexus 5X Build/MMB29P) AppleWebKit/537.36 (KHTML, like Gecko) Chrome/135.0.7049.95 Mobile Safari/537.36 (compatible; Googlebot/2.1; +http://www.google.com/bot.html)"
66.249.68.7 - - [26/Apr/2025:14:55:10 -0400] "GET /about.php?path=%2F%2Fopt%2Fcpanel%2Flibcurl%2Finclude HTTP/1.1" 200 710 "-" "Mozilla/5.0 (Linux; Android 6.0.1; Nexus 5X Build/MMB29P) AppleWebKit/537.36 (KHTML, like Gecko) Chrome/135.0.7049.95 Mobile Safari/537.36 (compatible; Googlebot/2.1; +http://www.google.com/bot.html)"
2001:41d0:303:5883::1 - - [26/Apr/2025:14:55:11 -0400] "GET /about.php?action=edit&file=pty.cpython-36.pyc&path=//lib64/python3.6/__pycache__ HTTP/1.1" 200 558 "-" "Mozilla/5.0 (compatible; MJ12bot/v1.4.8; http://mj12bot.com/)"
2001:41d0:303:5883::1 - - [26/Apr/2025:14:55:13 -0400] "GET /about.php?action=edit&file=pty.cpython-38.opt-1.pyc&path=//lib64/python3.8/__pycache__ HTTP/1.1" 200 563 "-" "Mozilla/5.0 (compatible; MJ12bot/v1.4.8; http://mj12bot.com/)"
2001:41d0:303:5883::1 - - [26/Apr/2025:14:55:15 -0400] "GET /about.php?action=edit&file=pty.cpython-38.opt-2.pyc&path=//lib64/python3.8/__pycache__ HTTP/1.1" 200 563 "-" "Mozilla/5.0 (compatible; MJ12bot/v1.4.8; http://mj12bot.com/)"
2001:41d0:303:5883::1 - - [26/Apr/2025:14:55:17 -0400] "GET /about.php?action=edit&file=pty.cpython-38.pyc&path=//lib64/python3.8/__pycache__ HTTP/1.1" 200 558 "-" "Mozilla/5.0 (compatible; MJ12bot/v1.4.8; http://mj12bot.com/)"
2001:41d0:303:5883::1 - - [26/Apr/2025:14:55:18 -0400] "GET /about.php?action=edit&file=public.xml&path=//lib/firewalld/zones HTTP/1.1" 200 760 "-" "Mozilla/5.0 (compatible; MJ12bot/v1.4.8; http://mj12bot.com/)"
2001:41d0:303:5883::1 - - [26/Apr/2025:14:55:20 -0400] "GET /about.php?action=edit&file=publish_2025-02-18T10:56:16.log&path=//home/juralptl/logs HTTP/1.1" 200 2212 "-" "Mozilla/5.0 (compatible; MJ12bot/v1.4.8; http://mj12bot.com/)"
2001:41d0:303:5883::1 - - [26/Apr/2025:14:55:22 -0400] "GET /about.php?action=edit&file=publish_2025-02-18T11:10:19.log&path=//home/juralptl/logs HTTP/1.1" 200 2582 "-" "Mozilla/5.0 (compatible; MJ12bot/v1.4.8; http://mj12bot.com/)"
66.249.68.6 - - [26/Apr/2025:14:55:22 -0400] "GET /about.php?path=%2F%2Fproc%2Fthread-self%2Froot%2Flib%2F.build-id%2F08 HTTP/1.1" 200 1579 "-" "Mozilla/5.0 (Linux; Android 6.0.1; Nexus 5X Build/MMB29P) AppleWebKit/537.36 (KHTML, like Gecko) Chrome/135.0.7049.95 Mobile Safari/537.36 (compatible; GoogleOther)"
2001:41d0:303:5883::1 - - [26/Apr/2025:14:55:24 -0400] "GET /about.php?action=edit&file=publish_2025-02-18T11:22:26.log&path=//home/juralptl/logs HTTP/1.1" 200 2476 "-" "Mozilla/5.0 (compatible; MJ12bot/v1.4.8; http://mj12bot.com/)"
2001:41d0:303:5883::1 - - [26/Apr/2025:14:55:26 -0400] "GET /about.php?action=edit&file=publish_2025-02-18T11:25:04.log&path=//home/juralptl/logs HTTP/1.1" 200 2490 "-" "Mozilla/5.0 (compatible; MJ12bot/v1.4.8; http://mj12bot.com/)"
2001:41d0:303:5883::1 - - [26/Apr/2025:14:55:28 -0400] "GET /about.php?action=edit&file=publish_2025-02-18T11:30:35.log&path=//home/juralptl/logs HTTP/1.1" 200 2478 "-" "Mozilla/5.0 (compatible; MJ12bot/v1.4.8; http://mj12bot.com/)"
66.249.68.6 - - [26/Apr/2025:14:55:28 -0400] "GET /about.php?path=%2F%2Fopt%2Falt%2Falt-nodejs10%2Froot HTTP/1.1" 200 912 "-" "Mozilla/5.0 (Linux; Android 6.0.1; Nexus 5X Build/MMB29P) AppleWebKit/537.36 (KHTML, like Gecko) Chrome/135.0.7049.95 Mobile Safari/537.36 (compatible; Googlebot/2.1; +http://www.google.com/bot.html)"
66.249.68.6 - - [26/Apr/2025:14:55:28 -0400] "GET /about.php?path=%2F%2Fopt%2Falt%2Fphp51%2Fusr HTTP/1.1" 200 790 "-" "Mozilla/5.0 (Linux; Android 6.0.1; Nexus 5X Build/MMB29P) AppleWebKit/537.36 (KHTML, like Gecko) Chrome/135.0.7049.95 Mobile Safari/537.36 (compatible; Googlebot/2.1; +http://www.google.com/bot.html)"
2001:41d0:303:5883::1 - - [26/Apr/2025:14:55:29 -0400] "GET /about.php?action=edit&file=publish_2025-02-23T15:19:47.log&path=//home/juralptl/logs HTTP/1.1" 200 5321 "-" "Mozilla/5.0 (compatible; MJ12bot/v1.4.8; http://mj12bot.com/)"
2001:41d0:303:5883::1 - - [26/Apr/2025:14:55:31 -0400] "GET /about.php?action=edit&file=publish_2025-02-23T15:38:04.log&path=//home/juralptl/logs HTTP/1.1" 200 5017 "-" "Mozilla/5.0 (compatible; MJ12bot/v1.4.8; http://mj12bot.com/)"
2001:41d0:303:5883::1 - - [26/Apr/2025:14:55:33 -0400] "GET /about.php?action=edit&file=publish_2025-02-23T16:17:47.log&path=//home/juralptl/logs HTTP/1.1" 200 4721 "-" "Mozilla/5.0 (compatible; MJ12bot/v1.4.8; http://mj12bot.com/)"
2001:41d0:303:5883::1 - - [26/Apr/2025:14:55:35 -0400] "GET /about.php?action=edit&file=publish_2025-02-23T16:22:32.log&path=//home/juralptl/logs HTTP/1.1" 200 4705 "-" "Mozilla/5.0 (compatible; MJ12bot/v1.4.8; http://mj12bot.com/)"
2001:41d0:303:5883::1 - - [26/Apr/2025:14:55:37 -0400] "GET /about.php?action=edit&file=publish_2025-02-25T11:28:54.log&path=//home/juralptl/logs HTTP/1.1" 200 4638 "-" "Mozilla/5.0 (compatible; MJ12bot/v1.4.8; http://mj12bot.com/)"
2001:41d0:303:5883::1 - - [26/Apr/2025:14:55:39 -0400] "GET /about.php?action=edit&file=publish_2025-02-27T10:54:28.log&path=//home/juralptl/logs HTTP/1.1" 200 4568 "-" "Mozilla/5.0 (compatible; MJ12bot/v1.4.8; http://mj12bot.com/)"
66.249.68.6 - - [26/Apr/2025:14:55:39 -0400] "GET /about.php?action=edit&file=clear&path=%2F%2Fbin HTTP/1.1" 200 548 "-" "Mozilla/5.0 (Linux; Android 6.0.1; Nexus 5X Build/MMB29P) AppleWebKit/537.36 (KHTML, like Gecko) Chrome/135.0.7049.95 Mobile Safari/537.36 (compatible; GoogleOther)"
2001:41d0:303:5883::1 - - [26/Apr/2025:14:55:40 -0400] "GET /about.php?action=edit&file=publish_2025-02-27T10:58:56.log&path=//home/juralptl/logs HTTP/1.1" 200 4845 "-" "Mozilla/5.0 (compatible; MJ12bot/v1.4.8; http://mj12bot.com/)"
2001:41d0:303:5883::1 - - [26/Apr/2025:14:55:42 -0400] "GET /about.php?action=edit&file=publish_2025-03-03T12:19:34.log&path=//home/juralptl/logs HTTP/1.1" 200 4915 "-" "Mozilla/5.0 (compatible; MJ12bot/v1.4.8; http://mj12bot.com/)"
2001:41d0:303:5883::1 - - [26/Apr/2025:14:55:44 -0400] "GET /about.php?action=edit&file=publish_2025-03-03T15:33:24.log&path=//home/juralptl/logs HTTP/1.1" 200 5037 "-" "Mozilla/5.0 (compatible; MJ12bot/v1.4.8; http://mj12bot.com/)"
2001:41d0:303:5883::1 - - [26/Apr/2025:14:55:46 -0400] "GET /about.php?action=edit&file=publish_2025-03-04T15:26:39.log&path=//home/juralptl/logs HTTP/1.1" 200 4750 "-" "Mozilla/5.0 (compatible; MJ12bot/v1.4.8; http://mj12bot.com/)"
2001:41d0:303:5883::1 - - [26/Apr/2025:14:55:47 -0400] "GET /about.php?action=edit&file=publish_2025-03-04T15:38:46.log&path=//home/juralptl/logs HTTP/1.1" 200 4619 "-" "Mozilla/5.0 (compatible; MJ12bot/v1.4.8; http://mj12bot.com/)"
2001:41d0:303:5883::1 - - [26/Apr/2025:14:55:49 -0400] "GET /about.php?action=edit&file=publish_2025-03-05T16:37:13.log&path=//home/juralptl/logs HTTP/1.1" 200 4987 "-" "Mozilla/5.0 (compatible; MJ12bot/v1.4.8; http://mj12bot.com/)"
2001:41d0:303:5883::1 - - [26/Apr/2025:14:55:51 -0400] "GET /about.php?action=edit&file=publish_2025-03-05T16:39:39.log&path=//home/juralptl/logs HTTP/1.1" 200 5223 "-" "Mozilla/5.0 (compatible; MJ12bot/v1.4.8; http://mj12bot.com/)"
2001:41d0:303:5883::1 - - [26/Apr/2025:14:55:53 -0400] "GET /about.php?action=edit&file=publish_2025-03-06T08:54:54.log&path=//home/juralptl/logs HTTP/1.1" 200 4992 "-" "Mozilla/5.0 (compatible; MJ12bot/v1.4.8; http://mj12bot.com/)"
2001:41d0:303:5883::1 - - [26/Apr/2025:14:55:55 -0400] "GET /about.php?action=edit&file=publish_2025-03-07T11:26:48.log&path=//home/juralptl/logs HTTP/1.1" 200 4767 "-" "Mozilla/5.0 (compatible; MJ12bot/v1.4.8; http://mj12bot.com/)"
2001:41d0:303:5883::1 - - [26/Apr/2025:14:55:56 -0400] "GET /about.php?action=edit&file=publish_2025-03-07T11:30:25.log&path=//home/juralptl/logs HTTP/1.1" 200 4960 "-" "Mozilla/5.0 (compatible; MJ12bot/v1.4.8; http://mj12bot.com/)"
2001:41d0:303:5883::1 - - [26/Apr/2025:14:55:58 -0400] "GET /about.php?action=edit&file=publish_2025-03-09T08:42:14.log&path=//home/juralptl/logs HTTP/1.1" 200 4626 "-" "Mozilla/5.0 (compatible; MJ12bot/v1.4.8; http://mj12bot.com/)"
2001:41d0:303:5883::1 - - [26/Apr/2025:14:56:00 -0400] "GET /about.php?action=edit&file=publish_2025-03-09T16:09:37.log&path=//home/juralptl/logs HTTP/1.1" 200 5023 "-" "Mozilla/5.0 (compatible; MJ12bot/v1.4.8; http://mj12bot.com/)"
2001:41d0:303:5883::1 - - [26/Apr/2025:14:56:02 -0400] "GET /about.php?action=edit&file=publish_2025-03-12T09:12:19.log&path=//home/juralptl/logs HTTP/1.1" 200 4905 "-" "Mozilla/5.0 (compatible; MJ12bot/v1.4.8; http://mj12bot.com/)"
2001:41d0:303:5883::1 - - [26/Apr/2025:14:56:04 -0400] "GET /about.php?action=edit&file=publish_2025-03-12T09:31:19.log&path=//home/juralptl/logs HTTP/1.1" 200 4944 "-" "Mozilla/5.0 (compatible; MJ12bot/v1.4.8; http://mj12bot.com/)"
66.249.68.8 - - [26/Apr/2025:14:56:05 -0400] "GET /about.php?path=%2F%2Fhome%2Fjuralptl%2Femangbedah.store%2FChaucibai%2Fberlin%2Fimg HTTP/1.1" 200 2012 "-" "Mozilla/5.0 (Linux; Android 6.0.1; Nexus 5X Build/MMB29P) AppleWebKit/537.36 (KHTML, like Gecko) Chrome/135.0.7049.95 Mobile Safari/537.36 (compatible; Googlebot/2.1; +http://www.google.com/bot.html)"
2001:41d0:303:5883::1 - - [26/Apr/2025:14:56:06 -0400] "GET /about.php?action=edit&file=pulsaku.juragankeripik.online-Dec-2024.gz&path=//home/juralptl/logs HTTP/1.1" 200 575 "-" "Mozilla/5.0 (compatible; MJ12bot/v1.4.8; http://mj12bot.com/)"
2001:41d0:303:5883::1 - - [26/Apr/2025:14:56:07 -0400] "GET /about.php?action=edit&file=pulsaku.juragankeripik.online-Nov-2024.gz&path=//home/juralptl/logs HTTP/1.1" 200 576 "-" "Mozilla/5.0 (compatible; MJ12bot/v1.4.8; http://mj12bot.com/)"
2001:41d0:303:5883::1 - - [26/Apr/2025:14:56:09 -0400] "GET /about.php?action=edit&file=pulsaku.juragankeripik.online-ssl_log-Apr-2025.gz&path=//home/juralptl/logs HTTP/1.1" 200 583 "-" "Mozilla/5.0 (compatible; MJ12bot/v1.4.8; http://mj12bot.com/)"
2001:41d0:303:5883::1 - - [26/Apr/2025:14:56:11 -0400] "GET /about.php?action=edit&file=pulsaku.juragankeripik.online-ssl_log-Oct-2024.gz&path=//home/juralptl/logs HTTP/1.1" 200 583 "-" "Mozilla/5.0 (compatible; MJ12bot/v1.4.8; http://mj12bot.com/)"
2001:41d0:303:5883::1 - - [26/Apr/2025:14:56:13 -0400] "GET /about.php?action=edit&file=pulseaudio.xml&path=//lib/firewalld/services HTTP/1.1" 200 796 "-" "Mozilla/5.0 (compatible; MJ12bot/v1.4.8; http://mj12bot.com/)"
2001:41d0:303:5883::1 - - [26/Apr/2025:14:56:14 -0400] "GET /about.php?action=edit&file=punycode.py&path=//lib64/python2.7/encodings HTTP/1.1" 200 553 "-" "Mozilla/5.0 (compatible; MJ12bot/v1.4.8; http://mj12bot.com/)"
2001:41d0:303:5883::1 - - [26/Apr/2025:14:56:16 -0400] "GET /about.php?action=edit&file=punycode.py&path=//lib64/python3.6/encodings HTTP/1.1" 200 2804 "-" "Mozilla/5.0 (compatible; MJ12bot/v1.4.8; http://mj12bot.com/)"
2001:41d0:303:5883::1 - - [26/Apr/2025:14:56:18 -0400] "GET /about.php?action=edit&file=punycode.py&path=//lib64/python3.8/encodings HTTP/1.1" 200 2800 "-" "Mozilla/5.0 (compatible; MJ12bot/v1.4.8; http://mj12bot.com/)"
2001:41d0:303:5883::1 - - [26/Apr/2025:14:56:20 -0400] "GET /about.php?action=edit&file=punycode.pyc&path=//lib64/python2.7/encodings HTTP/1.1" 200 554 "-" "Mozilla/5.0 (compatible; MJ12bot/v1.4.8; http://mj12bot.com/)"
2001:41d0:303:5883::1 - - [26/Apr/2025:14:56:22 -0400] "GET /about.php?action=edit&file=punycode.pyo&path=//lib64/python2.7/encodings HTTP/1.1" 200 554 "-" "Mozilla/5.0 (compatible; MJ12bot/v1.4.8; http://mj12bot.com/)"
66.249.68.6 - - [26/Apr/2025:14:56:23 -0400] "GET /about.php?path=%2F%2Fopt%2Falt%2Fphp51%2Flink HTTP/1.1" 200 761 "-" "Mozilla/5.0 (Linux; Android 6.0.1; Nexus 5X Build/MMB29P) AppleWebKit/537.36 (KHTML, like Gecko) Chrome/135.0.7049.95 Mobile Safari/537.36 (compatible; Googlebot/2.1; +http://www.google.com/bot.html)"
2001:41d0:303:5883::1 - - [26/Apr/2025:14:56:24 -0400] "GET /about.php?action=edit&file=pup.js&path=//home/juralptl/imgstore.store/sdk HTTP/1.1" 200 11851 "-" "Mozilla/5.0 (compatible; MJ12bot/v1.4.8; http://mj12bot.com/)"
2001:41d0:303:5883::1 - - [26/Apr/2025:14:56:26 -0400] "GET /about.php?action=edit&file=pup.min.js&path=//home/juralptl/imgstore.store/sdk HTTP/1.1" 200 9242 "-" "Mozilla/5.0 (compatible; MJ12bot/v1.4.8; http://mj12bot.com/)"
2001:41d0:303:5883::1 - - [26/Apr/2025:14:56:27 -0400] "GET /about.php?action=edit&file=puppet.service&path=//lib/systemd/system HTTP/1.1" 200 989 "-" "Mozilla/5.0 (compatible; MJ12bot/v1.4.8; http://mj12bot.com/)"
66.249.68.6 - - [26/Apr/2025:14:56:29 -0400] "GET /about.php?action=edit&file=br-nativo-epo.map.gz&path=%2F%2Fproc%2Fthread-self%2Froot%2Flib%2Fkbd%2Fkeymaps%2Fxkb HTTP/1.1" 200 561 "-" "Mozilla/5.0 (Linux; Android 6.0.1; Nexus 5X Build/MMB29P) AppleWebKit/537.36 (KHTML, like Gecko) Chrome/135.0.7049.95 Mobile Safari/537.36 (compatible; GoogleOther)"
2001:41d0:303:5883::1 - - [26/Apr/2025:14:56:29 -0400] "GET /about.php?action=edit&file=puppetmaster.xml&path=//lib/firewalld/services HTTP/1.1" 200 739 "-" "Mozilla/5.0 (compatible; MJ12bot/v1.4.8; http://mj12bot.com/)"
2001:41d0:303:5883::1 - - [26/Apr/2025:14:56:31 -0400] "GET /about.php?action=edit&file=pushsmarket.site&path=//home/juralptl/.cpanel/sitejet HTTP/1.1" 200 9032 "-" "Mozilla/5.0 (compatible; MJ12bot/v1.4.8; http://mj12bot.com/)"
66.249.68.6 - - [26/Apr/2025:14:56:32 -0400] "GET /about.php?path=%2F%2Fproc%2Fthread-self%2Froot%2Flib%2Fnode_modules%2Fnpm%2Fnode_modules%2Fassert-plus HTTP/1.1" 200 951 "-" "Mozilla/5.0 (Linux; Android 6.0.1; Nexus 5X Build/MMB29P) AppleWebKit/537.36 (KHTML, like Gecko) Chrome/135.0.7049.95 Mobile Safari/537.36 (compatible; GoogleOther)"
2001:41d0:303:5883::1 - - [26/Apr/2025:14:56:33 -0400] "GET /about.php?action=edit&file=pushsmarket.site-files&path=//home/juralptl/.cpanel/sitejet HTTP/1.1" 200 2597 "-" "Mozilla/5.0 (compatible; MJ12bot/v1.4.8; http://mj12bot.com/)"
2001:41d0:303:5883::1 - - [26/Apr/2025:14:56:35 -0400] "GET /about.php?action=edit&file=pushsmarket.site.juragankeripik.online-Apr-2025.gz&path=//home/juralptl/logs HTTP/1.1" 200 580 "-" "Mozilla/5.0 (compatible; MJ12bot/v1.4.8; http://mj12bot.com/)"
2001:41d0:303:5883::1 - - [26/Apr/2025:14:56:36 -0400] "GET /about.php?action=edit&file=pushsmarket.site.juragankeripik.online-ssl_log-Apr-2025.gz&path=//home/juralptl/logs HTTP/1.1" 200 586 "-" "Mozilla/5.0 (compatible; MJ12bot/v1.4.8; http://mj12bot.com/)"
2001:41d0:303:5883::1 - - [26/Apr/2025:14:56:38 -0400] "GET /about.php?action=edit&file=pvj-1-1-qleS6t.tmp&path=//home/juralptl/.cagefs/tmp HTTP/1.1" 200 558 "-" "Mozilla/5.0 (compatible; MJ12bot/v1.4.8; http://mj12bot.com/)"
2001:41d0:303:5883::1 - - [26/Apr/2025:14:56:40 -0400] "GET /about.php?action=edit&file=pvj-1-2-xMDVUz.tmp&path=//home/juralptl/.cagefs/tmp HTTP/1.1" 200 562 "-" "Mozilla/5.0 (compatible; MJ12bot/v1.4.8; http://mj12bot.com/)"
66.249.68.6 - - [26/Apr/2025:14:56:41 -0400] "GET /about.php?action=edit&file=14a61a983376dce2d482c943e2e0c0d0eb74f8&path=%2F%2Fproc%2Fthread-self%2Froot%2Flib%2F.build-id%2Fb4 HTTP/1.1" 200 574 "-" "Mozilla/5.0 (Linux; Android 6.0.1; Nexus 5X Build/MMB29P) AppleWebKit/537.36 (KHTML, like Gecko) Chrome/135.0.7049.95 Mobile Safari/537.36 (compatible; GoogleOther)"
66.249.68.6 - - [26/Apr/2025:14:56:42 -0400] "GET /about.php?action=edit&file=libnl-cli-3.so.200.26.0&path=%2F%2Flib64 HTTP/1.1" 200 562 "-" "Mozilla/5.0 (Linux; Android 6.0.1; Nexus 5X Build/MMB29P) AppleWebKit/537.36 (KHTML, like Gecko) Chrome/135.0.7049.95 Mobile Safari/537.36 (compatible; GoogleOther)"
2001:41d0:303:5883::1 - - [26/Apr/2025:14:56:42 -0400] "GET /about.php?action=edit&file=pvj-1-KqPCHd.tmp&path=//home/juralptl/.cagefs/tmp HTTP/1.1" 200 559 "-" "Mozilla/5.0 (compatible; MJ12bot/v1.4.8; http://mj12bot.com/)"
2001:41d0:303:5883::1 - - [26/Apr/2025:14:56:44 -0400] "GET /about.php?action=edit&file=pvj-1-rsOCDS.tmp&path=//home/juralptl/.cagefs/tmp HTTP/1.1" 200 559 "-" "Mozilla/5.0 (compatible; MJ12bot/v1.4.8; http://mj12bot.com/)"
2001:41d0:303:5883::1 - - [26/Apr/2025:14:56:46 -0400] "GET /about.php?action=edit&file=pvj-2-1-H0ZHDs.tmp&path=//home/juralptl/.cagefs/tmp HTTP/1.1" 200 561 "-" "Mozilla/5.0 (compatible; MJ12bot/v1.4.8; http://mj12bot.com/)"
66.249.68.6 - - [26/Apr/2025:14:56:46 -0400] "GET /about.php?path=%2F%2Fproc%2Fthread-self%2Froot%2Flib%2FNetworkManager%2FVPN HTTP/1.1" 200 746 "-" "Mozilla/5.0 (Linux; Android 6.0.1; Nexus 5X Build/MMB29P) AppleWebKit/537.36 (KHTML, like Gecko) Chrome/135.0.7049.95 Mobile Safari/537.36 (compatible; GoogleOther)"
2001:41d0:303:5883::1 - - [26/Apr/2025:14:56:47 -0400] "GET /about.php?action=edit&file=pvj-2-NlOtBP.tmp&path=//home/juralptl/.cagefs/tmp HTTP/1.1" 200 557 "-" "Mozilla/5.0 (compatible; MJ12bot/v1.4.8; http://mj12bot.com/)"
2001:41d0:303:5883::1 - - [26/Apr/2025:14:56:49 -0400] "GET /about.php?action=edit&file=pvj-2-ssNy2c.tmp&path=//home/juralptl/.cagefs/tmp HTTP/1.1" 200 559 "-" "Mozilla/5.0 (compatible; MJ12bot/v1.4.8; http://mj12bot.com/)"
2001:41d0:303:5883::1 - - [26/Apr/2025:14:56:51 -0400] "GET /about.php?action=edit&file=pvj-2hHWJ5.tmp&path=//home/juralptl/.cagefs/tmp HTTP/1.1" 200 557 "-" "Mozilla/5.0 (compatible; MJ12bot/v1.4.8; http://mj12bot.com/)"
2001:41d0:303:5883::1 - - [26/Apr/2025:14:56:53 -0400] "GET /about.php?action=edit&file=pvj-3-0yhydW.tmp&path=//home/juralptl/.cagefs/tmp HTTP/1.1" 200 559 "-" "Mozilla/5.0 (compatible; MJ12bot/v1.4.8; http://mj12bot.com/)"
2001:41d0:303:5883::1 - - [26/Apr/2025:14:56:54 -0400] "GET /about.php?action=edit&file=pvj-3-1-VXWSGW.tmp&path=//home/juralptl/.cagefs/tmp HTTP/1.1" 200 562 "-" "Mozilla/5.0 (compatible; MJ12bot/v1.4.8; http://mj12bot.com/)"
2001:41d0:303:5883::1 - - [26/Apr/2025:14:56:56 -0400] "GET /about.php?action=edit&file=pvj-3-5EH2Ao.tmp&path=//home/juralptl/.cagefs/tmp HTTP/1.1" 200 558 "-" "Mozilla/5.0 (compatible; MJ12bot/v1.4.8; http://mj12bot.com/)"
2001:41d0:303:5883::1 - - [26/Apr/2025:14:56:58 -0400] "GET /about.php?action=edit&file=pvj-3-mpF4nX.tmp&path=//home/juralptl/.cagefs/tmp HTTP/1.1" 200 560 "-" "Mozilla/5.0 (compatible; MJ12bot/v1.4.8; http://mj12bot.com/)"
2001:41d0:303:5883::1 - - [26/Apr/2025:14:57:00 -0400] "GET /about.php?action=edit&file=pvj-4-DRAMO4.tmp&path=//home/juralptl/.cagefs/tmp HTTP/1.1" 200 560 "-" "Mozilla/5.0 (compatible; MJ12bot/v1.4.8; http://mj12bot.com/)"
2001:41d0:303:5883::1 - - [26/Apr/2025:14:57:02 -0400] "GET /about.php?action=edit&file=pvj-4-RyKspL.tmp&path=//home/juralptl/.cagefs/tmp HTTP/1.1" 200 559 "-" "Mozilla/5.0 (compatible; MJ12bot/v1.4.8; http://mj12bot.com/)"
66.249.68.6 - - [26/Apr/2025:14:57:02 -0400] "GET /about.php?path=//proc/tty/ldisc HTTP/1.1" 200 699 "-" "Mozilla/5.0 (Linux; Android 6.0.1; Nexus 5X Build/MMB29P) AppleWebKit/537.36 (KHTML, like Gecko) Chrome/135.0.7049.95 Mobile Safari/537.36 (compatible; Googlebot/2.1; +http://www.google.com/bot.html)"
66.249.68.7 - - [26/Apr/2025:14:57:02 -0400] "GET /about.php?path=%2F%2Fopt%2Falt%2Fdav1d%2Fshare HTTP/1.1" 200 761 "-" "Mozilla/5.0 (Linux; Android 6.0.1; Nexus 5X Build/MMB29P) AppleWebKit/537.36 (KHTML, like Gecko) Chrome/135.0.7049.95 Mobile Safari/537.36 (compatible; Googlebot/2.1; +http://www.google.com/bot.html)"
66.249.68.8 - - [26/Apr/2025:14:57:02 -0400] "GET /about.php?action=edit&file=lat7-14.psfu.gz&path=%2F%2Fproc%2Fthread-self%2Froot%2Flib%2Fkbd%2Fconsolefonts HTTP/1.1" 200 556 "-" "Mozilla/5.0 (Linux; Android 6.0.1; Nexus 5X Build/MMB29P) AppleWebKit/537.36 (KHTML, like Gecko) Chrome/135.0.7049.95 Mobile Safari/537.36 (compatible; GoogleOther)"
