66.249.68.4 - - [26/Apr/2025:14:39:21 -0400] "GET /about.php?action=edit&file=35d90c82e5c38afac8957bbfb934e3c414685f&path=%2F%2Fproc%2Fthread-self%2Froot%2Flib%2F.build-id%2Ffb HTTP/1.1" 200 575 "-" "Mozilla/5.0 (Linux; Android 6.0.1; Nexus 5X Build/MMB29P) AppleWebKit/537.36 (KHTML, like Gecko) Chrome/135.0.7049.95 Mobile Safari/537.36 (compatible; Googlebot/2.1; +http://www.google.com/bot.html)"
66.249.68.4 - - [26/Apr/2025:14:39:21 -0400] "GET /about.php?action=edit&file=cb.webp&path=%2F%2Fhome%2Fjuralptl%2Fpvjtogel.sbs%2Fimages HTTP/1.1" 200 552 "-" "Mozilla/5.0 (Linux; Android 6.0.1; Nexus 5X Build/MMB29P) AppleWebKit/537.36 (KHTML, like Gecko) Chrome/135.0.7049.95 Mobile Safari/537.36 (compatible; Googlebot/2.1; +http://www.google.com/bot.html)"
66.249.68.4 - - [26/Apr/2025:14:39:22 -0400] "GET /about.php?action=edit&file=92f4c7afc86600eddb18855a93182300b959fd&path=%2F%2Fproc%2Fthread-self%2Froot%2Flib%2F.build-id%2Fb9 HTTP/1.1" 200 576 "-" "Mozilla/5.0 (Linux; Android 6.0.1; Nexus 5X Build/MMB29P) AppleWebKit/537.36 (KHTML, like Gecko) Chrome/135.0.7049.95 Mobile Safari/537.36 (compatible; GoogleOther)"
2001:41d0:303:875e::1 - - [26/Apr/2025:14:39:22 -0400] "GET /about.php?action=edit&file=ntpath.cpython-38.opt-2.pyc&path=//lib64/python3.8/__pycache__ HTTP/1.1" 200 565 "-" "Mozilla/5.0 (compatible; MJ12bot/v1.4.8; http://mj12bot.com/)"
2001:41d0:303:875e::1 - - [26/Apr/2025:14:39:24 -0400] "GET /about.php?action=edit&file=ntpath.cpython-38.pyc&path=//lib64/python3.8/__pycache__ HTTP/1.1" 200 561 "-" "Mozilla/5.0 (compatible; MJ12bot/v1.4.8; http://mj12bot.com/)"
66.249.68.4 - - [26/Apr/2025:14:39:25 -0400] "GET /about.php?action=edit&file=yaml_parse_file_002.phpt&path=%2F%2Fopt%2Falt%2Ftests%2Falt-php80-pecl-yaml_2.2.3-1.el8%2Ftests HTTP/1.1" 200 1044 "-" "Mozilla/5.0 (Linux; Android 6.0.1; Nexus 5X Build/MMB29P) AppleWebKit/537.36 (KHTML, like Gecko) Chrome/135.0.7049.95 Mobile Safari/537.36 (compatible; GoogleOther)"
2001:41d0:303:875e::1 - - [26/Apr/2025:14:39:26 -0400] "GET /about.php?action=edit&file=nturl2path.cpython-36.opt-1.pyc&path=//lib64/python3.6/__pycache__ HTTP/1.1" 200 568 "-" "Mozilla/5.0 (compatible; MJ12bot/v1.4.8; http://mj12bot.com/)"
66.249.68.4 - - [26/Apr/2025:14:39:28 -0400] "GET /about.php?path=%2F%2Fopt%2Falt%2Fphp72%2Flink HTTP/1.1" 200 761 "-" "Mozilla/5.0 (Linux; Android 6.0.1; Nexus 5X Build/MMB29P) AppleWebKit/537.36 (KHTML, like Gecko) Chrome/135.0.7049.95 Mobile Safari/537.36 (compatible; Googlebot/2.1; +http://www.google.com/bot.html)"
2001:41d0:303:875e::1 - - [26/Apr/2025:14:39:28 -0400] "GET /about.php?action=edit&file=nturl2path.cpython-36.opt-2.pyc&path=//lib64/python3.6/__pycache__ HTTP/1.1" 200 568 "-" "Mozilla/5.0 (compatible; MJ12bot/v1.4.8; http://mj12bot.com/)"
2001:41d0:303:875e::1 - - [26/Apr/2025:14:39:30 -0400] "GET /about.php?action=edit&file=nturl2path.cpython-36.pyc&path=//lib64/python3.6/__pycache__ HTTP/1.1" 200 563 "-" "Mozilla/5.0 (compatible; MJ12bot/v1.4.8; http://mj12bot.com/)"
2001:41d0:303:875e::1 - - [26/Apr/2025:14:39:32 -0400] "GET /about.php?action=edit&file=nturl2path.cpython-38.opt-1.pyc&path=//lib64/python3.8/__pycache__ HTTP/1.1" 200 568 "-" "Mozilla/5.0 (compatible; MJ12bot/v1.4.8; http://mj12bot.com/)"
2001:41d0:303:875e::1 - - [26/Apr/2025:14:39:33 -0400] "GET /about.php?action=edit&file=nturl2path.cpython-38.opt-2.pyc&path=//lib64/python3.8/__pycache__ HTTP/1.1" 200 568 "-" "Mozilla/5.0 (compatible; MJ12bot/v1.4.8; http://mj12bot.com/)"
192.99.15.17 - - [26/Apr/2025:14:39:33 -0400] "GET /about.php?action=edit&file=minimal_hanoi.py&path=//lib64/python3.8/turtledemo HTTP/1.1" 200 1490 "-" "Mozilla/5.0 (compatible; MJ12bot/v1.4.8; http://mj12bot.com/)"
66.249.68.4 - - [26/Apr/2025:14:39:35 -0400] "GET /about.php?action=edit&file=yaml_parse_wiki_YtsBasicTests_001.phpt&path=%2F%2Fopt%2Falt%2Ftests%2Falt-php80-pecl-yaml_2.2.3-1.el8%2Ftests HTTP/1.1" 200 920 "-" "Mozilla/5.0 (Linux; Android 6.0.1; Nexus 5X Build/MMB29P) AppleWebKit/537.36 (KHTML, like Gecko) Chrome/135.0.7049.95 Mobile Safari/537.36 (compatible; GoogleOther)"
2001:41d0:303:875e::1 - - [26/Apr/2025:14:39:35 -0400] "GET /about.php?action=edit&file=nturl2path.cpython-38.pyc&path=//lib64/python3.8/__pycache__ HTTP/1.1" 200 564 "-" "Mozilla/5.0 (compatible; MJ12bot/v1.4.8; http://mj12bot.com/)"
192.99.15.17 - - [26/Apr/2025:14:39:37 -0400] "GET /about.php?action=edit&file=minix2.mod&path=//lib/grub/i386-pc HTTP/1.1" 200 552 "-" "Mozilla/5.0 (compatible; MJ12bot/v1.4.8; http://mj12bot.com/)"
2001:41d0:303:875e::1 - - [26/Apr/2025:14:39:37 -0400] "GET /about.php?action=edit&file=null&path=//lib/kbd/consoletrans HTTP/1.1" 200 702 "-" "Mozilla/5.0 (compatible; MJ12bot/v1.4.8; http://mj12bot.com/)"
2001:41d0:303:875e::1 - - [26/Apr/2025:14:39:39 -0400] "GET /about.php?action=edit&file=number1.png&path=//home/juralptl/MOBILE/img HTTP/1.1" 200 552 "-" "Mozilla/5.0 (compatible; MJ12bot/v1.4.8; http://mj12bot.com/)"
2001:41d0:303:875e::1 - - [26/Apr/2025:14:39:41 -0400] "GET /about.php?action=edit&file=number1.png&path=//home/juralptl/img HTTP/1.1" 200 552 "-" "Mozilla/5.0 (compatible; MJ12bot/v1.4.8; http://mj12bot.com/)"
2001:41d0:303:875e::1 - - [26/Apr/2025:14:39:43 -0400] "GET /about.php?action=edit&file=number2.png&path=//home/juralptl/MOBILE/img HTTP/1.1" 200 552 "-" "Mozilla/5.0 (compatible; MJ12bot/v1.4.8; http://mj12bot.com/)"
66.249.68.4 - - [26/Apr/2025:14:39:44 -0400] "GET /about.php?action=edit&file=yaml_emit_001.phpt&path=%2F%2Fopt%2Falt%2Ftests%2Falt-php80-pecl-yaml_2.2.3-1.el8%2Ftests HTTP/1.1" 200 1332 "-" "Mozilla/5.0 (Linux; Android 6.0.1; Nexus 5X Build/MMB29P) AppleWebKit/537.36 (KHTML, like Gecko) Chrome/135.0.7049.95 Mobile Safari/537.36 (compatible; GoogleOther)"
2001:41d0:303:875e::1 - - [26/Apr/2025:14:39:45 -0400] "GET /about.php?action=edit&file=number2.png&path=//home/juralptl/img HTTP/1.1" 200 552 "-" "Mozilla/5.0 (compatible; MJ12bot/v1.4.8; http://mj12bot.com/)"
66.249.68.4 - - [26/Apr/2025:14:39:46 -0400] "GET /about.php?path=%2F%2Fopt%2Falt%2Fphp52%2Fetc HTTP/1.1" 200 987 "-" "Mozilla/5.0 (Linux; Android 6.0.1; Nexus 5X Build/MMB29P) AppleWebKit/537.36 (KHTML, like Gecko) Chrome/135.0.7049.95 Mobile Safari/537.36 (compatible; Googlebot/2.1; +http://www.google.com/bot.html)"
2001:41d0:303:875e::1 - - [26/Apr/2025:14:39:47 -0400] "GET /about.php?action=edit&file=number3.png&path=//home/juralptl/MOBILE/img HTTP/1.1" 200 552 "-" "Mozilla/5.0 (compatible; MJ12bot/v1.4.8; http://mj12bot.com/)"
2001:41d0:303:875e::1 - - [26/Apr/2025:14:39:49 -0400] "GET /about.php?action=edit&file=number3.png&path=//home/juralptl/img HTTP/1.1" 200 552 "-" "Mozilla/5.0 (compatible; MJ12bot/v1.4.8; http://mj12bot.com/)"
2001:41d0:303:875e::1 - - [26/Apr/2025:14:39:50 -0400] "GET /about.php?action=edit&file=numbers.cpython-36.opt-1.pyc&path=//lib64/python3.6/__pycache__ HTTP/1.1" 200 563 "-" "Mozilla/5.0 (compatible; MJ12bot/v1.4.8; http://mj12bot.com/)"
2001:41d0:303:875e::1 - - [26/Apr/2025:14:39:52 -0400] "GET /about.php?action=edit&file=numbers.cpython-36.opt-2.pyc&path=//lib64/python3.6/__pycache__ HTTP/1.1" 200 563 "-" "Mozilla/5.0 (compatible; MJ12bot/v1.4.8; http://mj12bot.com/)"
66.249.68.4 - - [26/Apr/2025:14:39:54 -0400] "GET /about.php?action=edit&file=amqpconnection_construct_params_by_value.phpt&path=%2F%2Fopt%2Falt%2Ftests%2Falt-php80-pecl-amqp_2.1.2-1.el8%2Ftests HTTP/1.1" 200 919 "-" "Mozilla/5.0 (Linux; Android 6.0.1; Nexus 5X Build/MMB29P) AppleWebKit/537.36 (KHTML, like Gecko) Chrome/135.0.7049.95 Mobile Safari/537.36 (compatible; GoogleOther)"
2001:41d0:303:875e::1 - - [26/Apr/2025:14:39:54 -0400] "GET /about.php?action=edit&file=numbers.cpython-36.pyc&path=//lib64/python3.6/__pycache__ HTTP/1.1" 200 559 "-" "Mozilla/5.0 (compatible; MJ12bot/v1.4.8; http://mj12bot.com/)"
66.249.68.4 - - [26/Apr/2025:14:39:55 -0400] "GET /about.php?path=%2F%2Fvar%2Frun%2Fnscd HTTP/1.1" 200 778 "-" "Mozilla/5.0 (Linux; Android 6.0.1; Nexus 5X Build/MMB29P) AppleWebKit/537.36 (KHTML, like Gecko) Chrome/135.0.7049.95 Mobile Safari/537.36 (compatible; Googlebot/2.1; +http://www.google.com/bot.html)"
2001:41d0:303:875e::1 - - [26/Apr/2025:14:39:56 -0400] "GET /about.php?action=edit&file=numbers.cpython-38.opt-1.pyc&path=//lib64/python3.8/__pycache__ HTTP/1.1" 200 563 "-" "Mozilla/5.0 (compatible; MJ12bot/v1.4.8; http://mj12bot.com/)"
2001:41d0:303:875e::1 - - [26/Apr/2025:14:39:57 -0400] "GET /about.php?action=edit&file=numbers.cpython-38.opt-2.pyc&path=//lib64/python3.8/__pycache__ HTTP/1.1" 200 563 "-" "Mozilla/5.0 (compatible; MJ12bot/v1.4.8; http://mj12bot.com/)"
192.99.15.17 - - [26/Apr/2025:14:39:58 -0400] "GET /about.php?action=edit&file=misc.pyc&path=//lib64/python2.7/compiler HTTP/1.1" 200 553 "-" "Mozilla/5.0 (compatible; MJ12bot/v1.4.8; http://mj12bot.com/)"
2001:41d0:303:875e::1 - - [26/Apr/2025:14:39:59 -0400] "GET /about.php?action=edit&file=numbers.cpython-38.pyc&path=//lib64/python3.8/__pycache__ HTTP/1.1" 200 559 "-" "Mozilla/5.0 (compatible; MJ12bot/v1.4.8; http://mj12bot.com/)"
66.249.68.4 - - [26/Apr/2025:14:40:00 -0400] "GET /about.php?action=edit&file=714990e31204a52fb564c97326efa2e21b38ac&path=%2F%2Fproc%2Fthread-self%2Froot%2Flib%2F.build-id%2F1e HTTP/1.1" 200 575 "-" "Mozilla/5.0 (Linux; Android 6.0.1; Nexus 5X Build/MMB29P) AppleWebKit/537.36 (KHTML, like Gecko) Chrome/135.0.7049.95 Mobile Safari/537.36 (compatible; GoogleOther)"
2001:41d0:303:875e::1 - - [26/Apr/2025:14:40:01 -0400] "GET /about.php?action=edit&file=nut.xml&path=//lib/firewalld/services HTTP/1.1" 200 777 "-" "Mozilla/5.0 (compatible; MJ12bot/v1.4.8; http://mj12bot.com/)"
2001:41d0:303:875e::1 - - [26/Apr/2025:14:40:03 -0400] "GET /about.php?action=edit&file=nvdata.cache&path=//home/juralptl/.cpanel HTTP/1.1" 200 814 "-" "Mozilla/5.0 (compatible; MJ12bot/v1.4.8; http://mj12bot.com/)"
66.249.68.4 - - [26/Apr/2025:14:40:04 -0400] "GET /about.php?path=%2F%2Fvar%2Flog%2Falt-php54-newrelic HTTP/1.1" 200 710 "-" "Mozilla/5.0 (Linux; Android 6.0.1; Nexus 5X Build/MMB29P) AppleWebKit/537.36 (KHTML, like Gecko) Chrome/135.0.7049.95 Mobile Safari/537.36 (compatible; Googlebot/2.1; +http://www.google.com/bot.html)"
2001:41d0:303:875e::1 - - [26/Apr/2025:14:40:05 -0400] "GET /about.php?action=edit&file=nvm_00130300.bin&path=//lib/firmware/qca HTTP/1.1" 200 558 "-" "Mozilla/5.0 (compatible; MJ12bot/v1.4.8; http://mj12bot.com/)"
2001:41d0:303:875e::1 - - [26/Apr/2025:14:40:07 -0400] "GET /about.php?action=edit&file=nvm_00130302.bin&path=//lib/firmware/qca HTTP/1.1" 200 559 "-" "Mozilla/5.0 (compatible; MJ12bot/v1.4.8; http://mj12bot.com/)"
2001:41d0:303:875e::1 - - [26/Apr/2025:14:40:09 -0400] "GET /about.php?action=edit&file=nvm_00230302.bin&path=//lib/firmware/qca HTTP/1.1" 200 559 "-" "Mozilla/5.0 (compatible; MJ12bot/v1.4.8; http://mj12bot.com/)"
192.99.15.17 - - [26/Apr/2025:14:40:11 -0400] "GET /about.php?action=edit&file=mld-listener-report.xml&path=//lib/firewalld/icmptypes HTTP/1.1" 200 756 "-" "Mozilla/5.0 (compatible; MJ12bot/v1.4.8; http://mj12bot.com/)"
2001:41d0:303:875e::1 - - [26/Apr/2025:14:40:11 -0400] "GET /about.php?action=edit&file=nvm_00440302.bin&path=//lib/firmware/qca HTTP/1.1" 200 559 "-" "Mozilla/5.0 (compatible; MJ12bot/v1.4.8; http://mj12bot.com/)"
2001:41d0:303:875e::1 - - [26/Apr/2025:14:40:13 -0400] "GET /about.php?action=edit&file=nvm_00440302_eu.bin&path=//lib/firmware/qca HTTP/1.1" 200 561 "-" "Mozilla/5.0 (compatible; MJ12bot/v1.4.8; http://mj12bot.com/)"
2001:41d0:303:875e::1 - - [26/Apr/2025:14:40:15 -0400] "GET /about.php?action=edit&file=nvm_00440302_i2s_eu.bin&path=//lib/firmware/qca HTTP/1.1" 200 564 "-" "Mozilla/5.0 (compatible; MJ12bot/v1.4.8; http://mj12bot.com/)"
2001:41d0:303:875e::1 - - [26/Apr/2025:14:40:17 -0400] "GET /about.php?action=edit&file=nvm_usb_00000200.bin&path=//lib/firmware/qca HTTP/1.1" 200 561 "-" "Mozilla/5.0 (compatible; MJ12bot/v1.4.8; http://mj12bot.com/)"
192.99.15.17 - - [26/Apr/2025:14:40:19 -0400] "GET /about.php?action=edit&file=mlxsw_spectrum-13.1420.122.mfa2&path=//lib/firmware/mellanox HTTP/1.1" 200 569 "-" "Mozilla/5.0 (compatible; MJ12bot/v1.4.8; http://mj12bot.com/)"
2001:41d0:303:875e::1 - - [26/Apr/2025:14:40:19 -0400] "GET /about.php?action=edit&file=nvm_usb_00000201.bin&path=//lib/firmware/qca HTTP/1.1" 200 561 "-" "Mozilla/5.0 (compatible; MJ12bot/v1.4.8; http://mj12bot.com/)"
192.99.15.17 - - [26/Apr/2025:14:40:20 -0400] "GET /about.php?action=edit&file=mlxsw_spectrum-13.1530.152.mfa2&path=//lib/firmware/mellanox HTTP/1.1" 200 570 "-" "Mozilla/5.0 (compatible; MJ12bot/v1.4.8; http://mj12bot.com/)"
2001:41d0:303:875e::1 - - [26/Apr/2025:14:40:21 -0400] "GET /about.php?action=edit&file=nvm_usb_00000300.bin&path=//lib/firmware/qca HTTP/1.1" 200 561 "-" "Mozilla/5.0 (compatible; MJ12bot/v1.4.8; http://mj12bot.com/)"
66.249.68.4 - - [26/Apr/2025:14:40:22 -0400] "GET /about.php?path=//proc/thread-self/root/lib/node_modules/npm/node_modules/es-to-primitive HTTP/1.1" 200 1077 "-" "Mozilla/5.0 (Linux; Android 6.0.1; Nexus 5X Build/MMB29P) AppleWebKit/537.36 (KHTML, like Gecko) Chrome/135.0.7049.95 Mobile Safari/537.36 (compatible; GoogleOther)"
66.249.68.4 - - [26/Apr/2025:14:40:23 -0400] "GET /about.php?action=edit&file=menu-hover-bg.png&path=%2F%2Fhome%2Fjuralptl%2Fpvjtogel.sbs%2Fm%2Fimg HTTP/1.1" 200 557 "-" "Mozilla/5.0 (Linux; Android 6.0.1; Nexus 5X Build/MMB29P) AppleWebKit/537.36 (KHTML, like Gecko) Chrome/135.0.7049.95 Mobile Safari/537.36 (compatible; GoogleOther)"
2001:41d0:303:875e::1 - - [26/Apr/2025:14:40:23 -0400] "GET /about.php?action=edit&file=nvm_usb_00000302.bin&path=//lib/firmware/qca HTTP/1.1" 200 561 "-" "Mozilla/5.0 (compatible; MJ12bot/v1.4.8; http://mj12bot.com/)"
66.249.68.4 - - [26/Apr/2025:14:40:23 -0400] "GET /about.php?path=//opt/alt/php81 HTTP/1.1" 200 772 "-" "Mozilla/5.0 (Linux; Android 6.0.1; Nexus 5X Build/MMB29P) AppleWebKit/537.36 (KHTML, like Gecko) Chrome/135.0.7049.95 Mobile Safari/537.36 (compatible; Googlebot/2.1; +http://www.google.com/bot.html)"
2001:41d0:303:875e::1 - - [26/Apr/2025:14:40:25 -0400] "GET /about.php?action=edit&file=nvm_usb_00000302_eu.bin&path=//lib/firmware/qca HTTP/1.1" 200 563 "-" "Mozilla/5.0 (compatible; MJ12bot/v1.4.8; http://mj12bot.com/)"
66.249.68.4 - - [26/Apr/2025:14:40:25 -0400] "GET /about.php?action=edit&file=upgrade.php&path=%2F%2Fvar%2Fsoftaculous%2Fomp%2Fphp81 HTTP/1.1" 200 8230 "-" "Mozilla/5.0 (Linux; Android 6.0.1; Nexus 5X Build/MMB29P) AppleWebKit/537.36 (KHTML, like Gecko) Chrome/135.0.7049.95 Mobile Safari/537.36 (compatible; GoogleOther)"
192.99.15.17 - - [26/Apr/2025:14:40:25 -0400] "GET /about.php?action=edit&file=mlxsw_spectrum-13.1703.4.mfa2&path=//lib/firmware/mellanox HTTP/1.1" 200 568 "-" "Mozilla/5.0 (compatible; MJ12bot/v1.4.8; http://mj12bot.com/)"
2001:41d0:303:875e::1 - - [26/Apr/2025:14:40:26 -0400] "GET /about.php?action=edit&file=nvm_usb_00130200.bin&path=//lib/firmware/qca HTTP/1.1" 200 562 "-" "Mozilla/5.0 (compatible; MJ12bot/v1.4.8; http://mj12bot.com/)"
2001:41d0:303:875e::1 - - [26/Apr/2025:14:40:28 -0400] "GET /about.php?action=edit&file=nvm_usb_00130200_0104.bin&path=//lib/firmware/qca HTTP/1.1" 200 565 "-" "Mozilla/5.0 (compatible; MJ12bot/v1.4.8; http://mj12bot.com/)"
192.99.15.17 - - [26/Apr/2025:14:40:30 -0400] "GET /about.php?action=edit&file=mlxsw_spectrum-13.1910.622.mfa2&path=//lib/firmware/mellanox HTTP/1.1" 200 570 "-" "Mozilla/5.0 (compatible; MJ12bot/v1.4.8; http://mj12bot.com/)"
2001:41d0:303:875e::1 - - [26/Apr/2025:14:40:30 -0400] "GET /about.php?action=edit&file=nvm_usb_00130200_0105.bin&path=//lib/firmware/qca HTTP/1.1" 200 565 "-" "Mozilla/5.0 (compatible; MJ12bot/v1.4.8; http://mj12bot.com/)"
66.249.68.4 - - [26/Apr/2025:14:40:31 -0400] "GET /about.php?path=%2F%2Fproc%2Fthread-self%2Froot%2Flib%2F.build-id%2Fb8 HTTP/1.1" 200 1569 "-" "Mozilla/5.0 (Linux; Android 6.0.1; Nexus 5X Build/MMB29P) AppleWebKit/537.36 (KHTML, like Gecko) Chrome/135.0.7049.95 Mobile Safari/537.36 (compatible; GoogleOther)"
2001:41d0:303:875e::1 - - [26/Apr/2025:14:40:32 -0400] "GET /about.php?action=edit&file=nvm_usb_00130200_0106.bin&path=//lib/firmware/qca HTTP/1.1" 200 565 "-" "Mozilla/5.0 (compatible; MJ12bot/v1.4.8; http://mj12bot.com/)"
66.249.68.4 - - [26/Apr/2025:14:40:32 -0400] "GET /about.php?path=%2F%2Fopt%2Falt%2Fphp56%2Fetc HTTP/1.1" 200 1019 "-" "Mozilla/5.0 (Linux; Android 6.0.1; Nexus 5X Build/MMB29P) AppleWebKit/537.36 (KHTML, like Gecko) Chrome/135.0.7049.95 Mobile Safari/537.36 (compatible; Googlebot/2.1; +http://www.google.com/bot.html)"
66.249.68.4 - - [26/Apr/2025:14:40:32 -0400] "GET /about.php?path=//home/juralptl/pvjtogel.sbs/widget HTTP/1.1" 200 917 "-" "Mozilla/5.0 (Linux; Android 6.0.1; Nexus 5X Build/MMB29P) AppleWebKit/537.36 (KHTML, like Gecko) Chrome/135.0.7049.95 Mobile Safari/537.36 (compatible; Googlebot/2.1; +http://www.google.com/bot.html)"
192.99.15.17 - - [26/Apr/2025:14:40:33 -0400] "GET /about.php?action=edit&file=mlxsw_spectrum-13.2000.1886.mfa2&path=//lib/firmware/mellanox HTTP/1.1" 200 570 "-" "Mozilla/5.0 (compatible; MJ12bot/v1.4.8; http://mj12bot.com/)"
2001:41d0:303:875e::1 - - [26/Apr/2025:14:40:34 -0400] "GET /about.php?action=edit&file=nvm_usb_00130200_0107.bin&path=//lib/firmware/qca HTTP/1.1" 200 565 "-" "Mozilla/5.0 (compatible; MJ12bot/v1.4.8; http://mj12bot.com/)"
192.99.15.17 - - [26/Apr/2025:14:40:35 -0400] "GET /about.php?action=edit&file=mlxsw_spectrum-13.2000.2308.mfa2&path=//lib/firmware/mellanox HTTP/1.1" 200 570 "-" "Mozilla/5.0 (compatible; MJ12bot/v1.4.8; http://mj12bot.com/)"
2001:41d0:303:875e::1 - - [26/Apr/2025:14:40:36 -0400] "GET /about.php?action=edit&file=nvm_usb_00130200_0109.bin&path=//lib/firmware/qca HTTP/1.1" 200 565 "-" "Mozilla/5.0 (compatible; MJ12bot/v1.4.8; http://mj12bot.com/)"
2001:41d0:303:875e::1 - - [26/Apr/2025:14:40:38 -0400] "GET /about.php?action=edit&file=nvm_usb_00130200_0110.bin&path=//lib/firmware/qca HTTP/1.1" 200 565 "-" "Mozilla/5.0 (compatible; MJ12bot/v1.4.8; http://mj12bot.com/)"
66.249.68.4 - - [26/Apr/2025:14:40:39 -0400] "GET /about.php?path=%2F%2Fopt%2Falt%2Fpython34%2Fetc HTTP/1.1" 200 793 "-" "Mozilla/5.0 (Linux; Android 6.0.1; Nexus 5X Build/MMB29P) AppleWebKit/537.36 (KHTML, like Gecko) Chrome/135.0.7049.95 Mobile Safari/537.36 (compatible; Googlebot/2.1; +http://www.google.com/bot.html)"
2001:41d0:303:875e::1 - - [26/Apr/2025:14:40:40 -0400] "GET /about.php?action=edit&file=nvm_usb_00130201.bin&path=//lib/firmware/qca HTTP/1.1" 200 562 "-" "Mozilla/5.0 (compatible; MJ12bot/v1.4.8; http://mj12bot.com/)"
66.249.68.4 - - [26/Apr/2025:14:40:41 -0400] "GET /about.php?path=%2F%2Fproc%2Fthread-self%2Froot%2Flib%2F.build-id%2Ff2 HTTP/1.1" 200 1552 "-" "Mozilla/5.0 (Linux; Android 6.0.1; Nexus 5X Build/MMB29P) AppleWebKit/537.36 (KHTML, like Gecko) Chrome/135.0.7049.95 Mobile Safari/537.36 (compatible; GoogleOther)"
2001:41d0:303:875e::1 - - [26/Apr/2025:14:40:41 -0400] "GET /about.php?action=edit&file=nvm_usb_00130201_010a.bin&path=//lib/firmware/qca HTTP/1.1" 200 565 "-" "Mozilla/5.0 (compatible; MJ12bot/v1.4.8; http://mj12bot.com/)"
2001:41d0:303:875e::1 - - [26/Apr/2025:14:40:43 -0400] "GET /about.php?action=edit&file=nvm_usb_00130201_010b.bin&path=//lib/firmware/qca HTTP/1.1" 200 565 "-" "Mozilla/5.0 (compatible; MJ12bot/v1.4.8; http://mj12bot.com/)"
192.99.15.17 - - [26/Apr/2025:14:40:44 -0400] "GET /about.php?action=edit&file=mlxsw_spectrum-13.2008.1036.mfa2&path=//lib/firmware/mellanox HTTP/1.1" 200 570 "-" "Mozilla/5.0 (compatible; MJ12bot/v1.4.8; http://mj12bot.com/)"
2001:41d0:303:875e::1 - - [26/Apr/2025:14:40:45 -0400] "GET /about.php?action=edit&file=nvm_usb_00130201_0303.bin&path=//lib/firmware/qca HTTP/1.1" 200 565 "-" "Mozilla/5.0 (compatible; MJ12bot/v1.4.8; http://mj12bot.com/)"
192.99.15.17 - - [26/Apr/2025:14:40:45 -0400] "GET /about.php?action=edit&file=mlxsw_spectrum-13.2008.1310.mfa2&path=//lib/firmware/mellanox HTTP/1.1" 200 570 "-" "Mozilla/5.0 (compatible; MJ12bot/v1.4.8; http://mj12bot.com/)"
2001:41d0:303:875e::1 - - [26/Apr/2025:14:40:47 -0400] "GET /about.php?action=edit&file=nvm_usb_00130201_gf.bin&path=//lib/firmware/qca HTTP/1.1" 200 564 "-" "Mozilla/5.0 (compatible; MJ12bot/v1.4.8; http://mj12bot.com/)"
192.99.15.17 - - [26/Apr/2025:14:40:47 -0400] "GET /about.php?action=edit&file=mlxsw_spectrum-13.2008.1312.mfa2&path=//lib/firmware/mellanox HTTP/1.1" 200 570 "-" "Mozilla/5.0 (compatible; MJ12bot/v1.4.8; http://mj12bot.com/)"
192.99.15.17 - - [26/Apr/2025:14:40:48 -0400] "GET /about.php?action=edit&file=mlxsw_spectrum-13.2008.2018.mfa2&path=//lib/firmware/mellanox HTTP/1.1" 200 570 "-" "Mozilla/5.0 (compatible; MJ12bot/v1.4.8; http://mj12bot.com/)"
2001:41d0:303:875e::1 - - [26/Apr/2025:14:40:48 -0400] "GET /about.php?action=edit&file=nvm_usb_00130201_gf_010a.bin&path=//lib/firmware/qca HTTP/1.1" 200 568 "-" "Mozilla/5.0 (compatible; MJ12bot/v1.4.8; http://mj12bot.com/)"
192.99.15.17 - - [26/Apr/2025:14:40:50 -0400] "GET /about.php?action=edit&file=mlxsw_spectrum-13.2008.2304.mfa2&path=//lib/firmware/mellanox HTTP/1.1" 200 570 "-" "Mozilla/5.0 (compatible; MJ12bot/v1.4.8; http://mj12bot.com/)"
2001:41d0:303:875e::1 - - [26/Apr/2025:14:40:50 -0400] "GET /about.php?action=edit&file=nvm_usb_00130201_gf_010b.bin&path=//lib/firmware/qca HTTP/1.1" 200 568 "-" "Mozilla/5.0 (compatible; MJ12bot/v1.4.8; http://mj12bot.com/)"
66.249.68.4 - - [26/Apr/2025:14:40:50 -0400] "GET /about.php?path=%2F%2Fproc%2Fthread-self%2Froot%2Flib%2F.build-id%2F1b HTTP/1.1" 200 1515 "-" "Mozilla/5.0 (Linux; Android 6.0.1; Nexus 5X Build/MMB29P) AppleWebKit/537.36 (KHTML, like Gecko) Chrome/135.0.7049.95 Mobile Safari/537.36 (compatible; GoogleOther)"
192.99.15.17 - - [26/Apr/2025:14:40:51 -0400] "GET /about.php?action=edit&file=mlxsw_spectrum-13.2008.2406.mfa2&path=//lib/firmware/mellanox HTTP/1.1" 200 570 "-" "Mozilla/5.0 (compatible; MJ12bot/v1.4.8; http://mj12bot.com/)"
2001:41d0:303:875e::1 - - [26/Apr/2025:14:40:52 -0400] "GET /about.php?action=edit&file=nvm_usb_00130201_gf_0303.bin&path=//lib/firmware/qca HTTP/1.1" 200 568 "-" "Mozilla/5.0 (compatible; MJ12bot/v1.4.8; http://mj12bot.com/)"
2001:41d0:303:875e::1 - - [26/Apr/2025:14:40:54 -0400] "GET /about.php?action=edit&file=nvm_usb_00190200.bin&path=//lib/firmware/qca HTTP/1.1" 200 561 "-" "Mozilla/5.0 (compatible; MJ12bot/v1.4.8; http://mj12bot.com/)"
2001:41d0:303:875e::1 - - [26/Apr/2025:14:40:56 -0400] "GET /about.php?action=edit&file=nvm_usb_00190200_010e.bin&path=//lib/firmware/qca HTTP/1.1" 200 565 "-" "Mozilla/5.0 (compatible; MJ12bot/v1.4.8; http://mj12bot.com/)"
192.99.15.17 - - [26/Apr/2025:14:40:56 -0400] "GET /about.php?action=edit&file=mlxsw_spectrum-13.2008.3326.mfa2&path=//lib/firmware/mellanox HTTP/1.1" 200 570 "-" "Mozilla/5.0 (compatible; MJ12bot/v1.4.8; http://mj12bot.com/)"
192.99.15.17 - - [26/Apr/2025:14:40:57 -0400] "GET /about.php?action=edit&file=mlxsw_spectrum-13.2010.1006.mfa2&path=//lib/firmware/mellanox HTTP/1.1" 200 570 "-" "Mozilla/5.0 (compatible; MJ12bot/v1.4.8; http://mj12bot.com/)"
2001:41d0:303:875e::1 - - [26/Apr/2025:14:40:57 -0400] "GET /about.php?action=edit&file=nvm_usb_00190200_0112.bin&path=//lib/firmware/qca HTTP/1.1" 200 566 "-" "Mozilla/5.0 (compatible; MJ12bot/v1.4.8; http://mj12bot.com/)"
192.99.15.17 - - [26/Apr/2025:14:40:58 -0400] "GET /about.php?action=edit&file=mlxsw_spectrum-13.2010.1232.mfa2&path=//lib/firmware/mellanox HTTP/1.1" 200 570 "-" "Mozilla/5.0 (compatible; MJ12bot/v1.4.8; http://mj12bot.com/)"
2001:41d0:303:875e::1 - - [26/Apr/2025:14:40:59 -0400] "GET /about.php?action=edit&file=oasisdbgdownload.sys&path=//lib/firmware/slicoss HTTP/1.1" 200 556 "-" "Mozilla/5.0 (compatible; MJ12bot/v1.4.8; http://mj12bot.com/)"
192.99.15.17 - - [26/Apr/2025:14:41:00 -0400] "GET /about.php?action=edit&file=mlxsw_spectrum-13.2010.1502.mfa2&path=//lib/firmware/mellanox HTTP/1.1" 200 570 "-" "Mozilla/5.0 (compatible; MJ12bot/v1.4.8; http://mj12bot.com/)"
66.249.68.5 - - [26/Apr/2025:14:41:00 -0400] "GET /about.php?path=%2F%2Fproc%2Fthread-self%2Froot%2Flib%2F.build-id%2F6e HTTP/1.1" 200 1331 "-" "Mozilla/5.0 (Linux; Android 6.0.1; Nexus 5X Build/MMB29P) AppleWebKit/537.36 (KHTML, like Gecko) Chrome/135.0.7049.95 Mobile Safari/537.36 (compatible; GoogleOther)"
66.249.68.4 - - [26/Apr/2025:14:41:00 -0400] "GET /about.php?path=%2F%2Fopt%2Falt%2Fphp71%2Fusr%2Fsbin HTTP/1.1" 200 799 "-" "Mozilla/5.0 (Linux; Android 6.0.1; Nexus 5X Build/MMB29P) AppleWebKit/537.36 (KHTML, like Gecko) Chrome/135.0.7049.95 Mobile Safari/537.36 (compatible; Googlebot/2.1; +http://www.google.com/bot.html)"
66.249.68.6 - - [26/Apr/2025:14:41:01 -0400] "GET /about.php?action=edit&file=a9c0f21bc0b98af6b51ef5ea84ea00f67a7ef7&path=%2F%2Fproc%2Fthread-self%2Froot%2Flib%2F.build-id%2F4c HTTP/1.1" 200 479 "-" "Mozilla/5.0 (Linux; Android 6.0.1; Nexus 5X Build/MMB29P) AppleWebKit/537.36 (KHTML, like Gecko) Chrome/135.0.7049.95 Mobile Safari/537.36 (compatible; GoogleOther)"
2001:41d0:303:875e::1 - - [26/Apr/2025:14:41:01 -0400] "GET /about.php?action=edit&file=oasisdownload.sys&path=//lib/firmware/slicoss HTTP/1.1" 200 554 "-" "Mozilla/5.0 (compatible; MJ12bot/v1.4.8; http://mj12bot.com/)"
2001:41d0:303:875e::1 - - [26/Apr/2025:14:41:03 -0400] "GET /about.php?action=edit&file=oasisrcvucode.sys&path=//lib/firmware/slicoss HTTP/1.1" 200 557 "-" "Mozilla/5.0 (compatible; MJ12bot/v1.4.8; http://mj12bot.com/)"
192.99.15.17 - - [26/Apr/2025:14:41:04 -0400] "GET /about.php?action=edit&file=mlxsw_spectrum-13.2010.3146.mfa2&path=//lib/firmware/mellanox HTTP/1.1" 200 570 "-" "Mozilla/5.0 (compatible; MJ12bot/v1.4.8; http://mj12bot.com/)"
2001:41d0:303:875e::1 - - [26/Apr/2025:14:41:05 -0400] "GET /about.php?action=edit&file=ocspclnt&path=//lib64/nss/unsupported-tools HTTP/1.1" 200 551 "-" "Mozilla/5.0 (compatible; MJ12bot/v1.4.8; http://mj12bot.com/)"
2001:41d0:303:875e::1 - - [26/Apr/2025:14:41:06 -0400] "GET /about.php?action=edit&file=odc.mod&path=//lib/grub/i386-pc HTTP/1.1" 200 551 "-" "Mozilla/5.0 (compatible; MJ12bot/v1.4.8; http://mj12bot.com/)"
192.99.15.17 - - [26/Apr/2025:14:41:07 -0400] "GET /about.php?action=edit&file=mlxsw_spectrum2-29.2000.2308.mfa2&path=//lib/firmware/mellanox HTTP/1.1" 200 571 "-" "Mozilla/5.0 (compatible; MJ12bot/v1.4.8; http://mj12bot.com/)"
2001:41d0:303:875e::1 - - [26/Apr/2025:14:41:08 -0400] "GET /about.php?action=edit&file=oem.py&path=//lib64/python3.6/encodings HTTP/1.1" 200 949 "-" "Mozilla/5.0 (compatible; MJ12bot/v1.4.8; http://mj12bot.com/)"
66.249.68.4 - - [26/Apr/2025:14:41:09 -0400] "GET /about.php?path=%2F%2Fproc%2Fthread-self%2Froot%2Flib%2F.build-id%2Ff6 HTTP/1.1" 200 1712 "-" "Mozilla/5.0 (Linux; Android 6.0.1; Nexus 5X Build/MMB29P) AppleWebKit/537.36 (KHTML, like Gecko) Chrome/135.0.7049.95 Mobile Safari/537.36 (compatible; GoogleOther)"
66.249.68.5 - - [26/Apr/2025:14:41:10 -0400] "GET /about.php?path=%2F%2Fopt%2Falt%2Ftests%2Falt-php81-pecl-uuid_1.2.0-1.el8 HTTP/1.1" 200 778 "-" "Mozilla/5.0 (Linux; Android 6.0.1; Nexus 5X Build/MMB29P) AppleWebKit/537.36 (KHTML, like Gecko) Chrome/135.0.7049.95 Mobile Safari/537.36 (compatible; Googlebot/2.1; +http://www.google.com/bot.html)"
2001:41d0:303:875e::1 - - [26/Apr/2025:14:41:10 -0400] "GET /about.php?action=edit&file=oem.py&path=//lib64/python3.8/encodings HTTP/1.1" 200 949 "-" "Mozilla/5.0 (compatible; MJ12bot/v1.4.8; http://mj12bot.com/)"
2001:41d0:303:875e::1 - - [26/Apr/2025:14:41:12 -0400] "GET /about.php?action=edit&file=offsetio.mod&path=//lib/grub/i386-pc HTTP/1.1" 200 553 "-" "Mozilla/5.0 (compatible; MJ12bot/v1.4.8; http://mj12bot.com/)"
192.99.15.17 - - [26/Apr/2025:14:41:14 -0400] "GET /about.php?action=edit&file=mlxsw_spectrum2-29.2008.1312.mfa2&path=//lib/firmware/mellanox HTTP/1.1" 200 571 "-" "Mozilla/5.0 (compatible; MJ12bot/v1.4.8; http://mj12bot.com/)"
2001:41d0:303:875e::1 - - [26/Apr/2025:14:41:14 -0400] "GET /about.php?action=edit&file=ohci.mod&path=//lib/grub/i386-pc HTTP/1.1" 200 552 "-" "Mozilla/5.0 (compatible; MJ12bot/v1.4.8; http://mj12bot.com/)"
192.99.15.17 - - [26/Apr/2025:14:41:16 -0400] "GET /about.php?action=edit&file=mlxsw_spectrum2-29.2008.2018.mfa2&path=//lib/firmware/mellanox HTTP/1.1" 200 571 "-" "Mozilla/5.0 (compatible; MJ12bot/v1.4.8; http://mj12bot.com/)"
51.222.253.11 - - [26/Apr/2025:14:41:16 -0400] "GET /dist/css/less/mixins/opacity.less HTTP/1.1" 200 148 "-" "Mozilla/5.0 (compatible; AhrefsBot/7.0; +http://ahrefs.com/robot/)"
2001:41d0:303:875e::1 - - [26/Apr/2025:14:41:16 -0400] "GET /about.php?action=edit&file=oland_ce.bin&path=//lib/firmware/amdgpu HTTP/1.1" 200 553 "-" "Mozilla/5.0 (compatible; MJ12bot/v1.4.8; http://mj12bot.com/)"
2001:41d0:303:875e::1 - - [26/Apr/2025:14:41:18 -0400] "GET /about.php?action=edit&file=oland_ce.bin&path=//lib/firmware/radeon HTTP/1.1" 200 553 "-" "Mozilla/5.0 (compatible; MJ12bot/v1.4.8; http://mj12bot.com/)"
192.99.15.17 - - [26/Apr/2025:14:41:19 -0400] "GET /about.php?action=edit&file=mlxsw_spectrum2-29.2008.2406.mfa2&path=//lib/firmware/mellanox HTTP/1.1" 200 571 "-" "Mozilla/5.0 (compatible; MJ12bot/v1.4.8; http://mj12bot.com/)"
66.249.68.4 - - [26/Apr/2025:14:41:19 -0400] "GET /about.php?path=%2F%2Fopt%2Falt%2Ftests%2Falt-php81-pecl-mongodb_1.18.1-1.el8 HTTP/1.1" 200 792 "-" "Mozilla/5.0 (Linux; Android 6.0.1; Nexus 5X Build/MMB29P) AppleWebKit/537.36 (KHTML, like Gecko) Chrome/135.0.7049.95 Mobile Safari/537.36 (compatible; Googlebot/2.1; +http://www.google.com/bot.html)"
66.249.68.4 - - [26/Apr/2025:14:41:19 -0400] "GET /about.php?path=%2F%2Fproc%2Fthread-self%2Froot%2Flib%2F.build-id%2Fa1 HTTP/1.1" 200 1600 "-" "Mozilla/5.0 (Linux; Android 6.0.1; Nexus 5X Build/MMB29P) AppleWebKit/537.36 (KHTML, like Gecko) Chrome/135.0.7049.95 Mobile Safari/537.36 (compatible; GoogleOther)"
2001:41d0:303:875e::1 - - [26/Apr/2025:14:41:20 -0400] "GET /about.php?action=edit&file=oland_k_smc.bin&path=//lib/firmware/amdgpu HTTP/1.1" 200 557 "-" "Mozilla/5.0 (compatible; MJ12bot/v1.4.8; http://mj12bot.com/)"
2001:41d0:303:875e::1 - - [26/Apr/2025:14:41:22 -0400] "GET /about.php?action=edit&file=oland_k_smc.bin&path=//lib/firmware/radeon HTTP/1.1" 200 557 "-" "Mozilla/5.0 (compatible; MJ12bot/v1.4.8; http://mj12bot.com/)"
192.99.15.17 - - [26/Apr/2025:14:41:22 -0400] "GET /about.php?action=edit&file=mlxsw_spectrum2-29.2008.2946.mfa2&path=//lib/firmware/mellanox HTTP/1.1" 200 571 "-" "Mozilla/5.0 (compatible; MJ12bot/v1.4.8; http://mj12bot.com/)"
2001:41d0:303:875e::1 - - [26/Apr/2025:14:41:24 -0400] "GET /about.php?action=edit&file=oland_mc.bin&path=//lib/firmware/amdgpu HTTP/1.1" 200 553 "-" "Mozilla/5.0 (compatible; MJ12bot/v1.4.8; http://mj12bot.com/)"
2001:41d0:303:875e::1 - - [26/Apr/2025:14:41:25 -0400] "GET /about.php?action=edit&file=oland_mc.bin&path=//lib/firmware/radeon HTTP/1.1" 200 553 "-" "Mozilla/5.0 (compatible; MJ12bot/v1.4.8; http://mj12bot.com/)"
192.99.15.17 - - [26/Apr/2025:14:41:26 -0400] "GET /about.php?action=edit&file=mlxsw_spectrum2-29.2010.1232.mfa2&path=//lib/firmware/mellanox HTTP/1.1" 200 571 "-" "Mozilla/5.0 (compatible; MJ12bot/v1.4.8; http://mj12bot.com/)"
2001:41d0:303:875e::1 - - [26/Apr/2025:14:41:27 -0400] "GET /about.php?action=edit&file=oland_me.bin&path=//lib/firmware/amdgpu HTTP/1.1" 200 553 "-" "Mozilla/5.0 (compatible; MJ12bot/v1.4.8; http://mj12bot.com/)"
66.249.68.4 - - [26/Apr/2025:14:41:28 -0400] "GET /about.php?action=edit&file=429920ce1e58dbdb54374a6f7e497b9b94d303&path=%2F%2Fproc%2Fthread-self%2Froot%2Flib%2F.build-id%2F96 HTTP/1.1" 200 575 "-" "Mozilla/5.0 (Linux; Android 6.0.1; Nexus 5X Build/MMB29P) AppleWebKit/537.36 (KHTML, like Gecko) Chrome/135.0.7049.95 Mobile Safari/537.36 (compatible; GoogleOther)"
66.249.68.4 - - [26/Apr/2025:14:41:28 -0400] "GET /about.php?path=%2F%2Fopt%2Falt%2Ftests%2Falt-php82-pecl-leveldb_0.3.0-1.el8 HTTP/1.1" 200 777 "-" "Mozilla/5.0 (Linux; Android 6.0.1; Nexus 5X Build/MMB29P) AppleWebKit/537.36 (KHTML, like Gecko) Chrome/135.0.7049.95 Mobile Safari/537.36 (compatible; Googlebot/2.1; +http://www.google.com/bot.html)"
66.249.68.4 - - [26/Apr/2025:14:41:29 -0400] "GET /about.php?action=edit&file=930f026445ef98d4da490b100ca70f47a3df69&path=%2F%2Fproc%2Fthread-self%2Froot%2Flib%2F.build-id%2F23 HTTP/1.1" 200 574 "-" "Mozilla/5.0 (Linux; Android 6.0.1; Nexus 5X Build/MMB29P) AppleWebKit/537.36 (KHTML, like Gecko) Chrome/135.0.7049.95 Mobile Safari/537.36 (compatible; GoogleOther)"
2001:41d0:303:875e::1 - - [26/Apr/2025:14:41:29 -0400] "GET /about.php?action=edit&file=oland_me.bin&path=//lib/firmware/radeon HTTP/1.1" 200 553 "-" "Mozilla/5.0 (compatible; MJ12bot/v1.4.8; http://mj12bot.com/)"
192.99.15.17 - - [26/Apr/2025:14:41:29 -0400] "GET /about.php?action=edit&file=mlxsw_spectrum2-29.2010.1502.mfa2&path=//lib/firmware/mellanox HTTP/1.1" 200 570 "-" "Mozilla/5.0 (compatible; MJ12bot/v1.4.8; http://mj12bot.com/)"
2001:41d0:303:875e::1 - - [26/Apr/2025:14:41:31 -0400] "GET /about.php?action=edit&file=oland_pfp.bin&path=//lib/firmware/amdgpu HTTP/1.1" 200 554 "-" "Mozilla/5.0 (compatible; MJ12bot/v1.4.8; http://mj12bot.com/)"
192.99.15.17 - - [26/Apr/2025:14:41:32 -0400] "GET /about.php?action=edit&file=mlxsw_spectrum2-29.2010.3146.mfa2&path=//lib/firmware/mellanox HTTP/1.1" 200 571 "-" "Mozilla/5.0 (compatible; MJ12bot/v1.4.8; http://mj12bot.com/)"
2001:41d0:303:875e::1 - - [26/Apr/2025:14:41:32 -0400] "GET /about.php?action=edit&file=oland_pfp.bin&path=//lib/firmware/radeon HTTP/1.1" 200 554 "-" "Mozilla/5.0 (compatible; MJ12bot/v1.4.8; http://mj12bot.com/)"
2001:41d0:303:875e::1 - - [26/Apr/2025:14:41:34 -0400] "GET /about.php?action=edit&file=oland_rlc.bin&path=//lib/firmware/amdgpu HTTP/1.1" 200 554 "-" "Mozilla/5.0 (compatible; MJ12bot/v1.4.8; http://mj12bot.com/)"
2001:41d0:303:875e::1 - - [26/Apr/2025:14:41:36 -0400] "GET /about.php?action=edit&file=oland_rlc.bin&path=//lib/firmware/radeon HTTP/1.1" 200 554 "-" "Mozilla/5.0 (compatible; MJ12bot/v1.4.8; http://mj12bot.com/)"
192.99.15.17 - - [26/Apr/2025:14:41:36 -0400] "GET /about.php?action=edit&file=mlxsw_spectrum3-30.2008.1036.mfa2&path=//lib/firmware/mellanox HTTP/1.1" 200 571 "-" "Mozilla/5.0 (compatible; MJ12bot/v1.4.8; http://mj12bot.com/)"
2001:41d0:303:875e::1 - - [26/Apr/2025:14:41:37 -0400] "GET /about.php?action=edit&file=oland_smc.bin&path=//lib/firmware/amdgpu HTTP/1.1" 200 554 "-" "Mozilla/5.0 (compatible; MJ12bot/v1.4.8; http://mj12bot.com/)"
2001:41d0:303:875e::1 - - [26/Apr/2025:14:41:39 -0400] "GET /about.php?action=edit&file=oland_smc.bin&path=//lib/firmware/radeon HTTP/1.1" 200 554 "-" "Mozilla/5.0 (compatible; MJ12bot/v1.4.8; http://mj12bot.com/)"
192.99.15.17 - - [26/Apr/2025:14:41:41 -0400] "GET /about.php?action=edit&file=mlxsw_spectrum3-30.2008.2018.mfa2&path=//lib/firmware/mellanox HTTP/1.1" 200 571 "-" "Mozilla/5.0 (compatible; MJ12bot/v1.4.8; http://mj12bot.com/)"
2001:41d0:303:875e::1 - - [26/Apr/2025:14:41:41 -0400] "GET /about.php?action=edit&file=oland_uvd.bin&path=//lib/firmware/amdgpu HTTP/1.1" 200 554 "-" "Mozilla/5.0 (compatible; MJ12bot/v1.4.8; http://mj12bot.com/)"
192.99.15.17 - - [26/Apr/2025:14:41:42 -0400] "GET /about.php?action=edit&file=mlxsw_spectrum3-30.2008.2304.mfa2&path=//lib/firmware/mellanox HTTP/1.1" 200 571 "-" "Mozilla/5.0 (compatible; MJ12bot/v1.4.8; http://mj12bot.com/)"
2001:41d0:303:875e::1 - - [26/Apr/2025:14:41:43 -0400] "GET /about.php?action=edit&file=one-context-force.service&path=//lib/systemd/system HTTP/1.1" 200 738 "-" "Mozilla/5.0 (compatible; MJ12bot/v1.4.8; http://mj12bot.com/)"
192.99.15.17 - - [26/Apr/2025:14:41:44 -0400] "GET /about.php?action=edit&file=mlxsw_spectrum3-30.2008.2406.mfa2&path=//lib/firmware/mellanox HTTP/1.1" 200 571 "-" "Mozilla/5.0 (compatible; MJ12bot/v1.4.8; http://mj12bot.com/)"
2001:41d0:303:875e::1 - - [26/Apr/2025:14:41:44 -0400] "GET /about.php?action=edit&file=one-context-local.service&path=//lib/systemd/system HTTP/1.1" 200 750 "-" "Mozilla/5.0 (compatible; MJ12bot/v1.4.8; http://mj12bot.com/)"
192.99.15.17 - - [26/Apr/2025:14:41:45 -0400] "GET /about.php?action=edit&file=mlxsw_spectrum3-30.2008.2438.mfa2&path=//lib/firmware/mellanox HTTP/1.1" 200 571 "-" "Mozilla/5.0 (compatible; MJ12bot/v1.4.8; http://mj12bot.com/)"
2001:41d0:303:875e::1 - - [26/Apr/2025:14:41:46 -0400] "GET /about.php?action=edit&file=one-context-online.service&path=//lib/systemd/system HTTP/1.1" 200 769 "-" "Mozilla/5.0 (compatible; MJ12bot/v1.4.8; http://mj12bot.com/)"
66.249.68.4 - - [26/Apr/2025:14:41:46 -0400] "GET /about.php?path=%2F%2Fopt%2Falt%2Ftests%2Falt-php80-pecl-leveldb_0.3.0-1.el8 HTTP/1.1" 200 777 "-" "Mozilla/5.0 (Linux; Android 6.0.1; Nexus 5X Build/MMB29P) AppleWebKit/537.36 (KHTML, like Gecko) Chrome/135.0.7049.95 Mobile Safari/537.36 (compatible; Googlebot/2.1; +http://www.google.com/bot.html)"
192.99.15.17 - - [26/Apr/2025:14:41:47 -0400] "GET /about.php?action=edit&file=mlxsw_spectrum3-30.2008.2946.mfa2&path=//lib/firmware/mellanox HTTP/1.1" 200 571 "-" "Mozilla/5.0 (compatible; MJ12bot/v1.4.8; http://mj12bot.com/)"
66.249.68.4 - - [26/Apr/2025:14:41:47 -0400] "GET /about.php?action=edit&file=contactus.php&path=%2F%2Fhome%2Fjuralptl%2Fpvjtogel.sbs HTTP/1.1" 200 724 "-" "Mozilla/5.0 (Linux; Android 6.0.1; Nexus 5X Build/MMB29P) AppleWebKit/537.36 (KHTML, like Gecko) Chrome/135.0.7049.95 Mobile Safari/537.36 (compatible; GoogleOther)"
2001:41d0:303:875e::1 - - [26/Apr/2025:14:41:48 -0400] "GET /about.php?action=edit&file=one-context-reconfigure-delayed.service&path=//lib/systemd/system HTTP/1.1" 200 722 "-" "Mozilla/5.0 (compatible; MJ12bot/v1.4.8; http://mj12bot.com/)"
192.99.15.17 - - [26/Apr/2025:14:41:48 -0400] "GET /about.php?action=edit&file=mlxsw_spectrum3-30.2008.3326.mfa2&path=//lib/firmware/mellanox HTTP/1.1" 200 571 "-" "Mozilla/5.0 (compatible; MJ12bot/v1.4.8; http://mj12bot.com/)"
192.99.15.17 - - [26/Apr/2025:14:41:50 -0400] "GET /about.php?action=edit&file=mlxsw_spectrum3-30.2010.1006.mfa2&path=//lib/firmware/mellanox HTTP/1.1" 200 571 "-" "Mozilla/5.0 (compatible; MJ12bot/v1.4.8; http://mj12bot.com/)"
2001:41d0:303:875e::1 - - [26/Apr/2025:14:41:50 -0400] "GET /about.php?action=edit&file=one-context-reconfigure.service&path=//lib/systemd/system HTTP/1.1" 200 742 "-" "Mozilla/5.0 (compatible; MJ12bot/v1.4.8; http://mj12bot.com/)"
192.99.15.17 - - [26/Apr/2025:14:41:51 -0400] "GET /about.php?action=edit&file=mlxsw_spectrum3-30.2010.1232.mfa2&path=//lib/firmware/mellanox HTTP/1.1" 200 571 "-" "Mozilla/5.0 (compatible; MJ12bot/v1.4.8; http://mj12bot.com/)"
2001:41d0:303:875e::1 - - [26/Apr/2025:14:41:52 -0400] "GET /about.php?action=edit&file=one-context-reconfigure.timer&path=//lib/systemd/system HTTP/1.1" 200 695 "-" "Mozilla/5.0 (compatible; MJ12bot/v1.4.8; http://mj12bot.com/)"
2001:41d0:303:875e::1 - - [26/Apr/2025:14:41:53 -0400] "GET /about.php?action=edit&file=one-context.service&path=//lib/systemd/system HTTP/1.1" 200 737 "-" "Mozilla/5.0 (compatible; MJ12bot/v1.4.8; http://mj12bot.com/)"
192.99.15.17 - - [26/Apr/2025:14:41:54 -0400] "GET /about.php?action=edit&file=mlxsw_spectrum3-30.2010.1502.mfa2&path=//lib/firmware/mellanox HTTP/1.1" 200 571 "-" "Mozilla/5.0 (compatible; MJ12bot/v1.4.8; http://mj12bot.com/)"
2001:41d0:303:875e::1 - - [26/Apr/2025:14:41:55 -0400] "GET /about.php?action=edit&file=op.h&path=//lib64/perl5/CORE HTTP/1.1" 200 13104 "-" "Mozilla/5.0 (compatible; MJ12bot/v1.4.8; http://mj12bot.com/)"
66.249.68.4 - - [26/Apr/2025:14:41:55 -0400] "GET /about.php?path=%2F%2Fopt%2Falt%2Fphp70%2Fusr%2Fbin HTTP/1.1" 200 963 "-" "Mozilla/5.0 (Linux; Android 6.0.1; Nexus 5X Build/MMB29P) AppleWebKit/537.36 (KHTML, like Gecko) Chrome/135.0.7049.95 Mobile Safari/537.36 (compatible; Googlebot/2.1; +http://www.google.com/bot.html)"
66.249.68.4 - - [26/Apr/2025:14:41:56 -0400] "GET /about.php?path=%2F%2Fopt%2Falt%2Falt-nodejs8%2Froot HTTP/1.1" 200 911 "-" "Mozilla/5.0 (Linux; Android 6.0.1; Nexus 5X Build/MMB29P) AppleWebKit/537.36 (KHTML, like Gecko) Chrome/135.0.7049.95 Mobile Safari/537.36 (compatible; Googlebot/2.1; +http://www.google.com/bot.html)"
66.249.68.4 - - [26/Apr/2025:14:41:56 -0400] "GET /about.php?action=edit&file=c53068f82ae30e08323dc22fafb256af9f2243&path=%2F%2Fproc%2Fthread-self%2Froot%2Flib%2F.build-id%2F04 HTTP/1.1" 200 573 "-" "Mozilla/5.0 (Linux; Android 6.0.1; Nexus 5X Build/MMB29P) AppleWebKit/537.36 (KHTML, like Gecko) Chrome/135.0.7049.95 Mobile Safari/537.36 (compatible; Googlebot/2.1; +http://www.google.com/bot.html)"
2001:41d0:303:875e::1 - - [26/Apr/2025:14:41:57 -0400] "GET /about.php?action=edit&file=op_reg_common.h&path=//lib64/perl5/CORE HTTP/1.1" 200 2789 "-" "Mozilla/5.0 (compatible; MJ12bot/v1.4.8; http://mj12bot.com/)"
192.99.15.17 - - [26/Apr/2025:14:41:57 -0400] "GET /about.php?action=edit&file=mlxsw_spectrum3-30.2010.3146.mfa2&path=//lib/firmware/mellanox HTTP/1.1" 200 571 "-" "Mozilla/5.0 (compatible; MJ12bot/v1.4.8; http://mj12bot.com/)"
2001:41d0:303:875e::1 - - [26/Apr/2025:14:41:59 -0400] "GET /about.php?action=edit&file=opcode.cpython-36.opt-1.pyc&path=//lib64/python3.6/__pycache__ HTTP/1.1" 200 566 "-" "Mozilla/5.0 (compatible; MJ12bot/v1.4.8; http://mj12bot.com/)"
66.249.68.4 - - [26/Apr/2025:14:41:59 -0400] "GET /about.php?path=%2F%2Fproc%2Fthread-self%2Froot%2Flib%2Fnode_modules%2Fnpm%2Fnode_modules%2Fterm-size HTTP/1.1" 200 938 "-" "Mozilla/5.0 (Linux; Android 6.0.1; Nexus 5X Build/MMB29P) AppleWebKit/537.36 (KHTML, like Gecko) Chrome/135.0.7049.95 Mobile Safari/537.36 (compatible; GoogleOther)"
192.99.15.17 - - [26/Apr/2025:14:42:00 -0400] "GET /about.php?action=edit&file=mlxsw_spectrum4-34.2012.1012.mfa2&path=//lib/firmware/mellanox HTTP/1.1" 200 571 "-" "Mozilla/5.0 (compatible; MJ12bot/v1.4.8; http://mj12bot.com/)"
2001:41d0:303:875e::1 - - [26/Apr/2025:14:42:00 -0400] "GET /about.php?action=edit&file=opcode.cpython-36.opt-2.pyc&path=//lib64/python3.6/__pycache__ HTTP/1.1" 200 566 "-" "Mozilla/5.0 (compatible; MJ12bot/v1.4.8; http://mj12bot.com/)"
66.249.68.6 - - [26/Apr/2025:14:42:00 -0400] "GET /about.php?action=edit&file=ff5083eb4f13433fa377a44517052a12d07945&path=%2F%2Fproc%2Fthread-self%2Froot%2Flib%2F.build-id%2F28 HTTP/1.1" 200 574 "-" "Mozilla/5.0 (Linux; Android 6.0.1; Nexus 5X Build/MMB29P) AppleWebKit/537.36 (KHTML, like Gecko) Chrome/135.0.7049.95 Mobile Safari/537.36 (compatible; GoogleOther)"
2001:41d0:303:875e::1 - - [26/Apr/2025:14:42:02 -0400] "GET /about.php?action=edit&file=opcode.cpython-36.pyc&path=//lib64/python3.6/__pycache__ HTTP/1.1" 200 562 "-" "Mozilla/5.0 (compatible; MJ12bot/v1.4.8; http://mj12bot.com/)"
192.99.15.17 - - [26/Apr/2025:14:42:03 -0400] "GET /about.php?action=edit&file=mmap.cpython-38-x86_64-linux-gnu.so&path=//lib64/python3.8/lib-dynload HTTP/1.1" 200 572 "-" "Mozilla/5.0 (compatible; MJ12bot/v1.4.8; http://mj12bot.com/)"
2001:41d0:303:875e::1 - - [26/Apr/2025:14:42:04 -0400] "GET /about.php?action=edit&file=opcode.cpython-38.opt-1.pyc&path=//lib64/python3.8/__pycache__ HTTP/1.1" 200 566 "-" "Mozilla/5.0 (compatible; MJ12bot/v1.4.8; http://mj12bot.com/)"
66.249.68.5 - - [26/Apr/2025:14:42:05 -0400] "GET /about.php?path=%2F%2Fopt%2Falt%2Ftests%2Falt-php84-pecl-htscanner_1.0.1-1.d241932.el8 HTTP/1.1" 200 787 "-" "Mozilla/5.0 (Linux; Android 6.0.1; Nexus 5X Build/MMB29P) AppleWebKit/537.36 (KHTML, like Gecko) Chrome/135.0.7049.95 Mobile Safari/537.36 (compatible; Googlebot/2.1; +http://www.google.com/bot.html)"
2001:41d0:303:875e::1 - - [26/Apr/2025:14:42:06 -0400] "GET /about.php?action=edit&file=opcode.cpython-38.opt-2.pyc&path=//lib64/python3.8/__pycache__ HTTP/1.1" 200 566 "-" "Mozilla/5.0 (compatible; MJ12bot/v1.4.8; http://mj12bot.com/)"
66.249.68.5 - - [26/Apr/2025:14:42:06 -0400] "GET /about.php?action=edit&file=lat4u.uni&path=%2F%2Fproc%2Fthread-self%2Froot%2Flib%2Fkbd%2Funimaps HTTP/1.1" 200 2784 "-" "Mozilla/5.0 (Linux; Android 6.0.1; Nexus 5X Build/MMB29P) AppleWebKit/537.36 (KHTML, like Gecko) Chrome/135.0.7049.95 Mobile Safari/537.36 (compatible; GoogleOther)"
192.99.15.17 - - [26/Apr/2025:14:42:07 -0400] "GET /about.php?action=edit&file=mmapmodule.so&path=//lib64/python2.7/lib-dynload HTTP/1.1" 200 554 "-" "Mozilla/5.0 (compatible; MJ12bot/v1.4.8; http://mj12bot.com/)"
2001:41d0:303:875e::1 - - [26/Apr/2025:14:42:07 -0400] "GET /about.php?action=edit&file=opcode.cpython-38.pyc&path=//lib64/python3.8/__pycache__ HTTP/1.1" 200 562 "-" "Mozilla/5.0 (compatible; MJ12bot/v1.4.8; http://mj12bot.com/)"
2001:41d0:303:875e::1 - - [26/Apr/2025:14:42:09 -0400] "GET /about.php?action=edit&file=opcode.h&path=//lib64/perl5/CORE HTTP/1.1" 200 19760 "-" "Mozilla/5.0 (compatible; MJ12bot/v1.4.8; http://mj12bot.com/)"
2001:41d0:303:875e::1 - - [26/Apr/2025:14:42:11 -0400] "GET /about.php?action=edit&file=openvpn.xml&path=//lib/firewalld/services HTTP/1.1" 200 761 "-" "Mozilla/5.0 (compatible; MJ12bot/v1.4.8; http://mj12bot.com/)"
192.99.15.17 - - [26/Apr/2025:14:42:12 -0400] "GET /about.php?action=edit&file=mod_access_compat.so&path=//lib64/apache2/modules HTTP/1.1" 200 559 "-" "Mozilla/5.0 (compatible; MJ12bot/v1.4.8; http://mj12bot.com/)"
2001:41d0:303:875e::1 - - [26/Apr/2025:14:42:12 -0400] "GET /about.php?action=edit&file=operator.cpython-36.opt-1.pyc&path=//lib64/python3.6/__pycache__ HTTP/1.1" 200 565 "-" "Mozilla/5.0 (compatible; MJ12bot/v1.4.8; http://mj12bot.com/)"
2001:41d0:303:875e::1 - - [26/Apr/2025:14:42:14 -0400] "GET /about.php?action=edit&file=operator.cpython-36.opt-2.pyc&path=//lib64/python3.6/__pycache__ HTTP/1.1" 200 565 "-" "Mozilla/5.0 (compatible; MJ12bot/v1.4.8; http://mj12bot.com/)"
66.249.68.4 - - [26/Apr/2025:14:42:15 -0400] "GET /about.php?action=edit&file=us-dvorak-alt-intl.map.gz&path=%2F%2Fproc%2Fthread-self%2Froot%2Flib%2Fkbd%2Fkeymaps%2Fxkb HTTP/1.1" 200 564 "-" "Mozilla/5.0 (Linux; Android 6.0.1; Nexus 5X Build/MMB29P) AppleWebKit/537.36 (KHTML, like Gecko) Chrome/135.0.7049.95 Mobile Safari/537.36 (compatible; GoogleOther)"
2001:41d0:303:875e::1 - - [26/Apr/2025:14:42:16 -0400] "GET /about.php?action=edit&file=operator.cpython-36.pyc&path=//lib64/python3.6/__pycache__ HTTP/1.1" 200 560 "-" "Mozilla/5.0 (compatible; MJ12bot/v1.4.8; http://mj12bot.com/)"
192.99.15.17 - - [26/Apr/2025:14:42:16 -0400] "GET /about.php?action=edit&file=mod_auth_basic.so&path=//lib64/apache2/modules HTTP/1.1" 200 558 "-" "Mozilla/5.0 (compatible; MJ12bot/v1.4.8; http://mj12bot.com/)"
2001:41d0:303:875e::1 - - [26/Apr/2025:14:42:18 -0400] "GET /about.php?action=edit&file=operator.cpython-38.opt-1.pyc&path=//lib64/python3.8/__pycache__ HTTP/1.1" 200 565 "-" "Mozilla/5.0 (compatible; MJ12bot/v1.4.8; http://mj12bot.com/)"
192.99.15.17 - - [26/Apr/2025:14:42:19 -0400] "GET /about.php?action=edit&file=mod_authn_anon.so&path=//lib64/apache2/modules HTTP/1.1" 200 558 "-" "Mozilla/5.0 (compatible; MJ12bot/v1.4.8; http://mj12bot.com/)"
2001:41d0:303:875e::1 - - [26/Apr/2025:14:42:19 -0400] "GET /about.php?action=edit&file=operator.cpython-38.opt-2.pyc&path=//lib64/python3.8/__pycache__ HTTP/1.1" 200 565 "-" "Mozilla/5.0 (compatible; MJ12bot/v1.4.8; http://mj12bot.com/)"
2001:41d0:303:875e::1 - - [26/Apr/2025:14:42:21 -0400] "GET /about.php?action=edit&file=operator.cpython-38.pyc&path=//lib64/python3.8/__pycache__ HTTP/1.1" 200 560 "-" "Mozilla/5.0 (compatible; MJ12bot/v1.4.8; http://mj12bot.com/)"
192.99.15.17 - - [26/Apr/2025:14:42:22 -0400] "GET /about.php?action=edit&file=mod_authn_dbm.so&path=//lib64/apache2/modules HTTP/1.1" 200 557 "-" "Mozilla/5.0 (compatible; MJ12bot/v1.4.8; http://mj12bot.com/)"
2001:41d0:303:875e::1 - - [26/Apr/2025:14:42:23 -0400] "GET /about.php?action=edit&file=operator.so&path=//lib64/python2.7/lib-dynload HTTP/1.1" 200 553 "-" "Mozilla/5.0 (compatible; MJ12bot/v1.4.8; http://mj12bot.com/)"
66.249.68.4 - - [26/Apr/2025:14:42:23 -0400] "GET /about.php?path=%2F%2Fopt%2Falt%2Ftests%2Falt-php82-pecl-amqp_2.1.2-1.el8 HTTP/1.1" 200 778 "-" "Mozilla/5.0 (Linux; Android 6.0.1; Nexus 5X Build/MMB29P) AppleWebKit/537.36 (KHTML, like Gecko) Chrome/135.0.7049.95 Mobile Safari/537.36 (compatible; Googlebot/2.1; +http://www.google.com/bot.html)"
192.99.15.17 - - [26/Apr/2025:14:42:25 -0400] "GET /about.php?action=edit&file=mod_authz_core.so&path=//lib64/apache2/modules HTTP/1.1" 200 559 "-" "Mozilla/5.0 (compatible; MJ12bot/v1.4.8; http://mj12bot.com/)"
2001:41d0:303:875e::1 - - [26/Apr/2025:14:42:25 -0400] "GET /about.php?action=edit&file=opnames.h&path=//lib64/perl5/CORE HTTP/1.1" 200 3650 "-" "Mozilla/5.0 (compatible; MJ12bot/v1.4.8; http://mj12bot.com/)"
2001:41d0:303:875e::1 - - [26/Apr/2025:14:42:26 -0400] "GET /about.php?action=edit&file=option.php&path=//home/juralptl/btfovj.store/wp-includes HTTP/1.1" 200 19831 "-" "Mozilla/5.0 (compatible; MJ12bot/v1.4.8; http://mj12bot.com/)"
192.99.15.17 - - [26/Apr/2025:14:42:28 -0400] "GET /about.php?action=edit&file=mod_authz_groupfile.so&path=//lib64/apache2/modules HTTP/1.1" 200 562 "-" "Mozilla/5.0 (compatible; MJ12bot/v1.4.8; http://mj12bot.com/)"
2001:41d0:303:875e::1 - - [26/Apr/2025:14:42:28 -0400] "GET /about.php?action=edit&file=option.php&path=//home/juralptl/btspv.store/wp-includes HTTP/1.1" 200 19831 "-" "Mozilla/5.0 (compatible; MJ12bot/v1.4.8; http://mj12bot.com/)"
2001:41d0:303:875e::1 - - [26/Apr/2025:14:42:30 -0400] "GET /about.php?action=edit&file=options-discussion.php&path=//home/juralptl/btfovj.store/wp-admin HTTP/1.1" 200 4973 "-" "Mozilla/5.0 (compatible; MJ12bot/v1.4.8; http://mj12bot.com/)"
192.99.15.17 - - [26/Apr/2025:14:42:31 -0400] "GET /about.php?action=edit&file=mod_authz_user.so&path=//lib64/apache2/modules HTTP/1.1" 200 558 "-" "Mozilla/5.0 (compatible; MJ12bot/v1.4.8; http://mj12bot.com/)"
2001:41d0:303:875e::1 - - [26/Apr/2025:14:42:32 -0400] "GET /about.php?action=edit&file=options-discussion.php&path=//home/juralptl/btspv.store/wp-admin HTTP/1.1" 200 4973 "-" "Mozilla/5.0 (compatible; MJ12bot/v1.4.8; http://mj12bot.com/)"
192.99.15.17 - - [26/Apr/2025:14:42:32 -0400] "GET /about.php?action=edit&file=mod_autoindex.so&path=//lib64/apache2/modules HTTP/1.1" 200 557 "-" "Mozilla/5.0 (compatible; MJ12bot/v1.4.8; http://mj12bot.com/)"
