66.249.68.6 - - [26/Apr/2025:14:08:57 -0400] "GET /about.php?path=%2F%2Fproc%2Fthread-self%2Froot%2Flib%2F.build-id%2Fee HTTP/1.1" 200 1568 "-" "Mozilla/5.0 (Linux; Android 6.0.1; Nexus 5X Build/MMB29P) AppleWebKit/537.36 (KHTML, like Gecko) Chrome/135.0.7049.95 Mobile Safari/537.36 (compatible; GoogleOther)"
66.249.68.6 - - [26/Apr/2025:14:09:05 -0400] "GET /about.php?path=%2F%2Fvar%2Fsoftaculous%2Fomp%2Fimages HTTP/1.1" 200 810 "-" "Mozilla/5.0 (Linux; Android 6.0.1; Nexus 5X Build/MMB29P) AppleWebKit/537.36 (KHTML, like Gecko) Chrome/135.0.7049.95 Mobile Safari/537.36 (compatible; Googlebot/2.1; +http://www.google.com/bot.html)"
66.249.68.6 - - [26/Apr/2025:14:09:06 -0400] "GET /about.php?action=edit&file=iso10.14.gz&path=%2F%2Fproc%2Fthread-self%2Froot%2Flib%2Fkbd%2Fconsolefonts HTTP/1.1" 200 554 "-" "Mozilla/5.0 (Linux; Android 6.0.1; Nexus 5X Build/MMB29P) AppleWebKit/537.36 (KHTML, like Gecko) Chrome/135.0.7049.95 Mobile Safari/537.36 (compatible; Googlebot/2.1; +http://www.google.com/bot.html)"
66.249.68.6 - - [26/Apr/2025:14:09:07 -0400] "GET /about.php?path=%2F%2Fproc%2Fthread-self%2Froot%2Flib%2F.build-id%2F0e HTTP/1.1" 200 1569 "-" "Mozilla/5.0 (Linux; Android 6.0.1; Nexus 5X Build/MMB29P) AppleWebKit/537.36 (KHTML, like Gecko) Chrome/135.0.7049.95 Mobile Safari/537.36 (compatible; GoogleOther)"
66.249.68.6 - - [26/Apr/2025:14:09:24 -0400] "GET /about.php?action=edit&file=upgrade.xml&path=%2F%2Fvar%2Fsoftaculous%2Fomp HTTP/1.1" 200 741 "-" "Mozilla/5.0 (Linux; Android 6.0.1; Nexus 5X Build/MMB29P) AppleWebKit/537.36 (KHTML, like Gecko) Chrome/135.0.7049.95 Mobile Safari/537.36 (compatible; Googlebot/2.1; +http://www.google.com/bot.html)"
66.249.68.6 - - [26/Apr/2025:14:09:33 -0400] "GET /about.php?action=edit&file=edit.xml&path=%2F%2Fvar%2Fsoftaculous%2Fomp HTTP/1.1" 200 749 "-" "Mozilla/5.0 (Linux; Android 6.0.1; Nexus 5X Build/MMB29P) AppleWebKit/537.36 (KHTML, like Gecko) Chrome/135.0.7049.95 Mobile Safari/537.36 (compatible; Googlebot/2.1; +http://www.google.com/bot.html)"
66.249.68.6 - - [26/Apr/2025:14:09:35 -0400] "GET /about.php?path=%2F%2Fvar%2Fsoftaculous%2Fphoenix%2Fphp81 HTTP/1.1" 200 821 "-" "Mozilla/5.0 (Linux; Android 6.0.1; Nexus 5X Build/MMB29P) AppleWebKit/537.36 (KHTML, like Gecko) Chrome/135.0.7049.95 Mobile Safari/537.36 (compatible; GoogleOther)"
66.249.68.6 - - [26/Apr/2025:14:09:37 -0400] "GET /about.php?path=%2F%2Fproc%2Fthread-self%2Froot%2Flib%2Fnode_modules%2Fnpm%2Fnode_modules%2Fcross-spawn%2Flib HTTP/1.1" 200 913 "-" "Mozilla/5.0 (Linux; Android 6.0.1; Nexus 5X Build/MMB29P) AppleWebKit/537.36 (KHTML, like Gecko) Chrome/135.0.7049.95 Mobile Safari/537.36 (compatible; GoogleOther)"
66.249.68.6 - - [26/Apr/2025:14:09:42 -0400] "GET /about.php?action=edit&file=info.xml&path=%2F%2Fvar%2Fsoftaculous%2Fomp HTTP/1.1" 200 1671 "-" "Mozilla/5.0 (Linux; Android 6.0.1; Nexus 5X Build/MMB29P) AppleWebKit/537.36 (KHTML, like Gecko) Chrome/135.0.7049.95 Mobile Safari/537.36 (compatible; Googlebot/2.1; +http://www.google.com/bot.html)"
66.249.68.6 - - [26/Apr/2025:14:09:53 -0400] "GET /about.php?action=edit&file=9cd245564f313565490c67b8437c36091a41bc&path=%2F%2Fproc%2Fthread-self%2Froot%2Flib%2F.build-id%2F88 HTTP/1.1" 200 575 "-" "Mozilla/5.0 (Linux; Android 6.0.1; Nexus 5X Build/MMB29P) AppleWebKit/537.36 (KHTML, like Gecko) Chrome/135.0.7049.95 Mobile Safari/537.36 (compatible; GoogleOther)"
66.249.68.6 - - [26/Apr/2025:14:09:54 -0400] "GET /about.php?path=%2F%2Fopt%2Falt%2Fpython312%2Fshare%2Fdoc%2Falt-python312-devel HTTP/1.1" 200 863 "-" "Mozilla/5.0 (Linux; Android 6.0.1; Nexus 5X Build/MMB29P) AppleWebKit/537.36 (KHTML, like Gecko) Chrome/135.0.7049.95 Mobile Safari/537.36 (compatible; GoogleOther)"
66.249.68.6 - - [26/Apr/2025:14:09:56 -0400] "GET /contact.php HTTP/1.1" 200 1512 "-" "Mozilla/5.0 (Linux; Android 6.0.1; Nexus 5X Build/MMB29P) AppleWebKit/537.36 (KHTML, like Gecko) Chrome/135.0.7049.95 Mobile Safari/537.36 (compatible; Googlebot/2.1; +http://www.google.com/bot.html)"
66.249.68.8 - - [26/Apr/2025:14:10:01 -0400] "GET /about.php?action=edit&file=4a9867848851858a646e6c41a07aff71607e53&path=%2F%2Fproc%2Fthread-self%2Froot%2Flib%2F.build-id%2F49 HTTP/1.1" 200 574 "-" "Mozilla/5.0 (Linux; Android 6.0.1; Nexus 5X Build/MMB29P) AppleWebKit/537.36 (KHTML, like Gecko) Chrome/135.0.7049.95 Mobile Safari/537.36 (compatible; GoogleOther)"
66.249.68.8 - - [26/Apr/2025:14:10:03 -0400] "GET /about.php?path=%2F%2Fopt%2Falt%2Fpython312%2Fshare%2Fdoc%2Falt-python312-libs HTTP/1.1" 200 828 "-" "Mozilla/5.0 (Linux; Android 6.0.1; Nexus 5X Build/MMB29P) AppleWebKit/537.36 (KHTML, like Gecko) Chrome/135.0.7049.95 Mobile Safari/537.36 (compatible; GoogleOther)"
66.249.68.6 - - [26/Apr/2025:14:10:06 -0400] "GET /resultcontent1.php HTTP/1.1" 200 1238 "-" "Mozilla/5.0 (Linux; Android 6.0.1; Nexus 5X Build/MMB29P) AppleWebKit/537.36 (KHTML, like Gecko) Chrome/135.0.7049.95 Mobile Safari/537.36 (compatible; Googlebot/2.1; +http://www.google.com/bot.html)"
66.249.68.6 - - [26/Apr/2025:14:10:13 -0400] "GET /about.php?path=%2F%2Fproc%2Fthread-self%2Froot%2Flib%2Fkbd%2Fkeymaps%2Fxkb HTTP/1.1" 200 4457 "-" "Mozilla/5.0 (Linux; Android 6.0.1; Nexus 5X Build/MMB29P) AppleWebKit/537.36 (KHTML, like Gecko) Chrome/135.0.7049.95 Mobile Safari/537.36 (compatible; GoogleOther)"
43.130.14.245 - - [26/Apr/2025:14:10:15 -0400] "GET / HTTP/1.1" 200 2720 "http://valenciapools.world" "Mozilla/5.0 (iPhone; CPU iPhone OS 13_2_3 like Mac OS X) AppleWebKit/605.1.15 (KHTML, like Gecko) Version/13.0.3 Mobile/15E148 Safari/604.1"
66.249.68.6 - - [26/Apr/2025:14:10:18 -0400] "GET /livedraw.php HTTP/1.1" 200 1938 "-" "Mozilla/5.0 (Linux; Android 6.0.1; Nexus 5X Build/MMB29P) AppleWebKit/537.36 (KHTML, like Gecko) Chrome/135.0.7049.95 Mobile Safari/537.36 (compatible; Googlebot/2.1; +http://www.google.com/bot.html)"
66.249.68.6 - - [26/Apr/2025:14:10:22 -0400] "GET /about.php?path=%2F%2Fopt%2Falt%2Fpython312%2Fshare%2Fdoc%2Falt-python312-setuptools-wheel HTTP/1.1" 200 838 "-" "Mozilla/5.0 (Linux; Android 6.0.1; Nexus 5X Build/MMB29P) AppleWebKit/537.36 (KHTML, like Gecko) Chrome/135.0.7049.95 Mobile Safari/537.36 (compatible; GoogleOther)"
66.249.68.6 - - [26/Apr/2025:14:10:24 -0400] "GET /about.php?path=%2F%2Fopt%2Falt%2Fpython312%2Fshare%2Fdoc%2Falt-python312 HTTP/1.1" 200 823 "-" "Mozilla/5.0 (Linux; Android 6.0.1; Nexus 5X Build/MMB29P) AppleWebKit/537.36 (KHTML, like Gecko) Chrome/135.0.7049.95 Mobile Safari/537.36 (compatible; GoogleOther)"
66.249.68.6 - - [26/Apr/2025:14:10:28 -0400] "GET /about.php?path=//home/juralptl/.system/fcgid HTTP/1.1" 200 790 "-" "Mozilla/5.0 (Linux; Android 6.0.1; Nexus 5X Build/MMB29P) AppleWebKit/537.36 (KHTML, like Gecko) Chrome/135.0.7049.95 Mobile Safari/537.36 (compatible; Googlebot/2.1; +http://www.google.com/bot.html)"
66.249.68.6 - - [26/Apr/2025:14:10:32 -0400] "GET /about.php?action=edit&file=modules.alias.bin&path=%2F%2Fproc%2Fthread-self%2Froot%2Flib%2Fmodules%2F4.18.0-513.18.1.lve.el8.x86_64 HTTP/1.1" 200 556 "-" "Mozilla/5.0 (Linux; Android 6.0.1; Nexus 5X Build/MMB29P) AppleWebKit/537.36 (KHTML, like Gecko) Chrome/135.0.7049.95 Mobile Safari/537.36 (compatible; GoogleOther)"
66.249.68.6 - - [26/Apr/2025:14:10:41 -0400] "GET /about.php?path=%2F%2Fopt%2Falt%2Fpython312%2Fshare%2Fdoc%2Falt-python312-setuptools HTTP/1.1" 200 891 "-" "Mozilla/5.0 (Linux; Android 6.0.1; Nexus 5X Build/MMB29P) AppleWebKit/537.36 (KHTML, like Gecko) Chrome/135.0.7049.95 Mobile Safari/537.36 (compatible; GoogleOther)"
66.249.68.6 - - [26/Apr/2025:14:10:46 -0400] "GET /about.php?action=edit&file=route&path=%2F%2Fproc%2Fnet HTTP/1.1" 200 479 "-" "Mozilla/5.0 (Linux; Android 6.0.1; Nexus 5X Build/MMB29P) AppleWebKit/537.36 (KHTML, like Gecko) Chrome/135.0.7049.95 Mobile Safari/537.36 (compatible; Googlebot/2.1; +http://www.google.com/bot.html)"
66.249.68.6 - - [26/Apr/2025:14:10:50 -0400] "GET /about.php?action=edit&file=modules.alias&path=%2F%2Fproc%2Fthread-self%2Froot%2Flib%2Fmodules%2F4.18.0-513.18.1.lve.el8.x86_64 HTTP/1.1" 200 75936 "-" "Mozilla/5.0 (Linux; Android 6.0.1; Nexus 5X Build/MMB29P) AppleWebKit/537.36 (KHTML, like Gecko) Chrome/135.0.7049.95 Mobile Safari/537.36 (compatible; GoogleOther)"
66.249.68.6 - - [26/Apr/2025:14:10:55 -0400] "GET /resultlung.php HTTP/1.1" 200 2918 "-" "Mozilla/5.0 (Linux; Android 6.0.1; Nexus 5X Build/MMB29P) AppleWebKit/537.36 (KHTML, like Gecko) Chrome/135.0.7049.95 Mobile Safari/537.36 (compatible; Googlebot/2.1; +http://www.google.com/bot.html)"
66.249.68.6 - - [26/Apr/2025:14:10:56 -0400] "GET /about.php?action=edit&file=download.py&path=%2F%2Fproc%2Fthread-self%2Froot%2Flib%2Fpython3.6%2Fsite-packages%2Fpip HTTP/1.1" 200 10201 "-" "Mozilla/5.0 (Linux; Android 6.0.1; Nexus 5X Build/MMB29P) AppleWebKit/537.36 (KHTML, like Gecko) Chrome/135.0.7049.95 Mobile Safari/537.36 (compatible; GoogleOther)"
66.249.68.7 - - [26/Apr/2025:14:11:00 -0400] "GET /about.php?path=%2F%2Fproc%2Fthread-self%2Froot%2Flib%2Fsystemd%2Fsystem%2Fgraphical.target.wants HTTP/1.1" 200 864 "-" "Mozilla/5.0 (Linux; Android 6.0.1; Nexus 5X Build/MMB29P) AppleWebKit/537.36 (KHTML, like Gecko) Chrome/135.0.7049.95 Mobile Safari/537.36 (compatible; GoogleOther)"
66.249.68.8 - - [26/Apr/2025:14:11:01 -0400] "GET /about.php?action=edit&file=f23b4bde95d70f5c65203735674aea65fea360&path=%2F%2Fproc%2Fthread-self%2Froot%2Flib%2F.build-id%2F4c HTTP/1.1" 200 479 "-" "Mozilla/5.0 (Linux; Android 6.0.1; Nexus 5X Build/MMB29P) AppleWebKit/537.36 (KHTML, like Gecko) Chrome/135.0.7049.95 Mobile Safari/537.36 (compatible; GoogleOther)"
66.249.68.6 - - [26/Apr/2025:14:11:05 -0400] "GET /dist/?ND HTTP/1.1" 200 712 "-" "Mozilla/5.0 (Linux; Android 6.0.1; Nexus 5X Build/MMB29P) AppleWebKit/537.36 (KHTML, like Gecko) Chrome/135.0.7049.95 Mobile Safari/537.36 (compatible; Googlebot/2.1; +http://www.google.com/bot.html)"
66.249.68.6 - - [26/Apr/2025:14:11:09 -0400] "GET /about.php?path=%2F%2Fproc%2Fthread-self%2Froot%2Flib%2Fsystemd%2Fsystem%2Fmulti-user.target.wants HTTP/1.1" 200 1010 "-" "Mozilla/5.0 (Linux; Android 6.0.1; Nexus 5X Build/MMB29P) AppleWebKit/537.36 (KHTML, like Gecko) Chrome/135.0.7049.95 Mobile Safari/537.36 (compatible; GoogleOther)"
66.249.68.6 - - [26/Apr/2025:14:11:14 -0400] "GET /about.php?path=%2F%2Fproc%2Fthread-self%2Froot%2Flib%2Fnode_modules%2Fnpm%2Fnode_modules%2Faproba HTTP/1.1" 200 947 "-" "Mozilla/5.0 (Linux; Android 6.0.1; Nexus 5X Build/MMB29P) AppleWebKit/537.36 (KHTML, like Gecko) Chrome/135.0.7049.95 Mobile Safari/537.36 (compatible; GoogleOther)"
66.249.68.6 - - [26/Apr/2025:14:11:19 -0400] "GET /about.php?path=%2F%2Fopt%2Falt%2Fpython312%2Fshare%2Fdoc%2Falt-python312 HTTP/1.1" 200 823 "-" "Mozilla/5.0 (Linux; Android 6.0.1; Nexus 5X Build/MMB29P) AppleWebKit/537.36 (KHTML, like Gecko) Chrome/135.0.7049.95 Mobile Safari/537.36 (compatible; GoogleOther)"
66.249.68.6 - - [26/Apr/2025:14:11:23 -0400] "GET /about.php?path=%2F%2Fopt%2Fcpanel%2Flibargon2%2Fshare HTTP/1.1" 200 765 "-" "Mozilla/5.0 (Linux; Android 6.0.1; Nexus 5X Build/MMB29P) AppleWebKit/537.36 (KHTML, like Gecko) Chrome/135.0.7049.95 Mobile Safari/537.36 (compatible; Googlebot/2.1; +http://www.google.com/bot.html)"
66.249.68.6 - - [26/Apr/2025:14:11:23 -0400] "GET /about.php?path=//opt/alt/openssl11 HTTP/1.1" 200 777 "-" "Mozilla/5.0 (Linux; Android 6.0.1; Nexus 5X Build/MMB29P) AppleWebKit/537.36 (KHTML, like Gecko) Chrome/135.0.7049.95 Mobile Safari/537.36 (compatible; Googlebot/2.1; +http://www.google.com/bot.html)"
66.249.68.6 - - [26/Apr/2025:14:11:28 -0400] "GET /about.php?action=edit&file=ee.map.gz&path=%2F%2Fproc%2Fthread-self%2Froot%2Flib%2Fkbd%2Fkeymaps%2Fxkb HTTP/1.1" 200 553 "-" "Mozilla/5.0 (Linux; Android 6.0.1; Nexus 5X Build/MMB29P) AppleWebKit/537.36 (KHTML, like Gecko) Chrome/135.0.7049.95 Mobile Safari/537.36 (compatible; GoogleOther)"
66.249.68.6 - - [26/Apr/2025:14:11:33 -0400] "GET /about.php?path=%2F%2Fopt%2Falt%2Fpython39%2Fetc HTTP/1.1" 200 793 "-" "Mozilla/5.0 (Linux; Android 6.0.1; Nexus 5X Build/MMB29P) AppleWebKit/537.36 (KHTML, like Gecko) Chrome/135.0.7049.95 Mobile Safari/537.36 (compatible; Googlebot/2.1; +http://www.google.com/bot.html)"
66.249.68.6 - - [26/Apr/2025:14:11:38 -0400] "GET /about.php?action=edit&file=4e3646e5cff6e951554e7058d8825cdbed375a&path=%2F%2Fproc%2Fthread-self%2Froot%2Flib%2F.build-id%2Fc0 HTTP/1.1" 200 574 "-" "Mozilla/5.0 (Linux; Android 6.0.1; Nexus 5X Build/MMB29P) AppleWebKit/537.36 (KHTML, like Gecko) Chrome/135.0.7049.95 Mobile Safari/537.36 (compatible; GoogleOther)"
2a03:2880:f800:18:: - - [26/Apr/2025:14:11:42 -0400] "GET /dist/css/less/grid.less HTTP/1.1" 200 1387 "-" "meta-externalagent/1.1 (+https://developers.facebook.com/docs/sharing/webmasters/crawler)"
66.249.68.6 - - [26/Apr/2025:14:11:42 -0400] "GET /about.php?path=%2F%2Fopt%2Falt%2Fpython37%2Finclude HTTP/1.1" 200 763 "-" "Mozilla/5.0 (Linux; Android 6.0.1; Nexus 5X Build/MMB29P) AppleWebKit/537.36 (KHTML, like Gecko) Chrome/135.0.7049.95 Mobile Safari/537.36 (compatible; Googlebot/2.1; +http://www.google.com/bot.html)"
66.249.68.6 - - [26/Apr/2025:14:11:47 -0400] "GET /about.php?action=edit&file=9e80e0e99d1200ddcee32668c86991b0d6885a&path=%2F%2Fproc%2Fthread-self%2Froot%2Flib%2F.build-id%2F76 HTTP/1.1" 200 479 "-" "Mozilla/5.0 (Linux; Android 6.0.1; Nexus 5X Build/MMB29P) AppleWebKit/537.36 (KHTML, like Gecko) Chrome/135.0.7049.95 Mobile Safari/537.36 (compatible; GoogleOther)"
66.249.68.6 - - [26/Apr/2025:14:11:51 -0400] "GET /about.php?path=//opt/alt/python310 HTTP/1.1" 200 796 "-" "Mozilla/5.0 (Linux; Android 6.0.1; Nexus 5X Build/MMB29P) AppleWebKit/537.36 (KHTML, like Gecko) Chrome/135.0.7049.95 Mobile Safari/537.36 (compatible; Googlebot/2.1; +http://www.google.com/bot.html)"
66.249.68.6 - - [26/Apr/2025:14:11:59 -0400] "GET /about.php?action=edit&file=fef20349e3bed4a1b644873c985e53d04d3349&path=%2F%2Fproc%2Fthread-self%2Froot%2Flib%2F.build-id%2Fb6 HTTP/1.1" 200 574 "-" "Mozilla/5.0 (Linux; Android 6.0.1; Nexus 5X Build/MMB29P) AppleWebKit/537.36 (KHTML, like Gecko) Chrome/135.0.7049.95 Mobile Safari/537.36 (compatible; GoogleOther)"
66.249.68.6 - - [26/Apr/2025:14:12:00 -0400] "GET /about.php?path=%2F%2Fopt%2Falt%2Ftests%2Falt-php82-pecl-gearman_2.1.4-1.el8 HTTP/1.1" 200 776 "-" "Mozilla/5.0 (Linux; Android 6.0.1; Nexus 5X Build/MMB29P) AppleWebKit/537.36 (KHTML, like Gecko) Chrome/135.0.7049.95 Mobile Safari/537.36 (compatible; Googlebot/2.1; +http://www.google.com/bot.html)"
66.249.68.6 - - [26/Apr/2025:14:12:00 -0400] "GET /about.php?action=edit&file=3fed910bb9b4089d99c3f22b14ebbd9c552857&path=%2F%2Fproc%2Fthread-self%2Froot%2Flib%2F.build-id%2F4c HTTP/1.1" 200 574 "-" "Mozilla/5.0 (Linux; Android 6.0.1; Nexus 5X Build/MMB29P) AppleWebKit/537.36 (KHTML, like Gecko) Chrome/135.0.7049.95 Mobile Safari/537.36 (compatible; GoogleOther)"
66.249.68.6 - - [26/Apr/2025:14:12:06 -0400] "GET /about.php?action=edit&file=font-awesome-ie7.min.css&path=%2Fhome%2Fjuralptl%2Fvalenciapools.world%2FADM%2Fcss HTTP/1.1" 200 3300 "-" "Mozilla/5.0 (Linux; Android 6.0.1; Nexus 5X Build/MMB29P) AppleWebKit/537.36 (KHTML, like Gecko) Chrome/135.0.7049.95 Mobile Safari/537.36 (compatible; GoogleOther)"
66.249.68.6 - - [26/Apr/2025:14:12:09 -0400] "GET /fancybox/?ND HTTP/1.1" 200 1058 "-" "Mozilla/5.0 (Linux; Android 6.0.1; Nexus 5X Build/MMB29P) AppleWebKit/537.36 (KHTML, like Gecko) Chrome/135.0.7049.95 Mobile Safari/537.36 (compatible; Googlebot/2.1; +http://www.google.com/bot.html)"
66.249.68.6 - - [26/Apr/2025:14:12:18 -0400] "GET /about.php?path=%2F%2Fopt%2Falt%2Fpython33%2Finclude HTTP/1.1" 200 762 "-" "Mozilla/5.0 (Linux; Android 6.0.1; Nexus 5X Build/MMB29P) AppleWebKit/537.36 (KHTML, like Gecko) Chrome/135.0.7049.95 Mobile Safari/537.36 (compatible; Googlebot/2.1; +http://www.google.com/bot.html)"
66.249.68.6 - - [26/Apr/2025:14:12:25 -0400] "GET /about.php?path=/home/juralptl/valenciapools.world/dist/css HTTP/1.1" 200 849 "-" "Mozilla/5.0 (Linux; Android 6.0.1; Nexus 5X Build/MMB29P) AppleWebKit/537.36 (KHTML, like Gecko) Chrome/135.0.7049.95 Mobile Safari/537.36 (compatible; GoogleOther)"
66.249.68.6 - - [26/Apr/2025:14:12:27 -0400] "GET /about.php?path=//opt/ai-bolit HTTP/1.1" 200 1100 "-" "Mozilla/5.0 (Linux; Android 6.0.1; Nexus 5X Build/MMB29P) AppleWebKit/537.36 (KHTML, like Gecko) Chrome/135.0.7049.95 Mobile Safari/537.36 (compatible; Googlebot/2.1; +http://www.google.com/bot.html)"
66.249.68.6 - - [26/Apr/2025:14:12:34 -0400] "GET /about.php?path=//opt/alt/tests/alt-php82-pecl-yaz_1.2.4-1.el8/tests HTTP/1.1" 200 827 "-" "Mozilla/5.0 (Linux; Android 6.0.1; Nexus 5X Build/MMB29P) AppleWebKit/537.36 (KHTML, like Gecko) Chrome/135.0.7049.95 Mobile Safari/537.36 (compatible; GoogleOther)"
66.249.68.4 - - [26/Apr/2025:14:12:44 -0400] "GET /about.php?action=edit&file=cp857.08.gz&path=%2F%2Fproc%2Fthread-self%2Froot%2Flib%2Fkbd%2Fconsolefonts HTTP/1.1" 200 556 "-" "Mozilla/5.0 (Linux; Android 6.0.1; Nexus 5X Build/MMB29P) AppleWebKit/537.36 (KHTML, like Gecko) Chrome/135.0.7049.95 Mobile Safari/537.36 (compatible; GoogleOther)"
66.249.68.4 - - [26/Apr/2025:14:12:46 -0400] "GET /about.php?path=%2F%2Fopt%2Falt%2Flibharu%2Fusr%2Flib64 HTTP/1.1" 200 810 "-" "Mozilla/5.0 (Linux; Android 6.0.1; Nexus 5X Build/MMB29P) AppleWebKit/537.36 (KHTML, like Gecko) Chrome/135.0.7049.95 Mobile Safari/537.36 (compatible; Googlebot/2.1; +http://www.google.com/bot.html)"
66.249.68.4 - - [26/Apr/2025:14:12:46 -0400] "GET /about.php?path=%2F%2Fopt%2Falt%2Fpython310%2Flib64 HTTP/1.1" 200 861 "-" "Mozilla/5.0 (Linux; Android 6.0.1; Nexus 5X Build/MMB29P) AppleWebKit/537.36 (KHTML, like Gecko) Chrome/135.0.7049.95 Mobile Safari/537.36 (compatible; Googlebot/2.1; +http://www.google.com/bot.html)"
66.249.68.4 - - [26/Apr/2025:14:12:51 -0400] "GET /about.php?path=%2F%2Fproc%2Fthread-self%2Froot%2Flib%2Fnode_modules%2Fnpm%2Fnode_modules%2Fchownr HTTP/1.1" 200 923 "-" "Mozilla/5.0 (Linux; Android 6.0.1; Nexus 5X Build/MMB29P) AppleWebKit/537.36 (KHTML, like Gecko) Chrome/135.0.7049.95 Mobile Safari/537.36 (compatible; GoogleOther)"
66.249.68.4 - - [26/Apr/2025:14:12:53 -0400] "GET /about.php?action=edit&file=securimage_play.php&path=%2Fhome%2Fjuralptl%2Fvalenciapools.world%2FADM%2Fsystemsecureimage HTTP/1.1" 200 1856 "-" "Mozilla/5.0 (Linux; Android 6.0.1; Nexus 5X Build/MMB29P) AppleWebKit/537.36 (KHTML, like Gecko) Chrome/135.0.7049.95 Mobile Safari/537.36 (compatible; GoogleOther)"
66.249.68.4 - - [26/Apr/2025:14:12:55 -0400] "GET /about.php?action=edit&file=netstat&path=%2F%2Fproc%2Fnet HTTP/1.1" 200 479 "-" "Mozilla/5.0 (Linux; Android 6.0.1; Nexus 5X Build/MMB29P) AppleWebKit/537.36 (KHTML, like Gecko) Chrome/135.0.7049.95 Mobile Safari/537.36 (compatible; Googlebot/2.1; +http://www.google.com/bot.html)"
66.249.68.6 - - [26/Apr/2025:14:13:01 -0400] "GET /about.php?action=edit&file=6a3a579799d51085c3b7bd925e3d1c6d4d3246&path=%2F%2Fproc%2Fthread-self%2Froot%2Flib%2F.build-id%2Fb9 HTTP/1.1" 200 576 "-" "Mozilla/5.0 (Linux; Android 6.0.1; Nexus 5X Build/MMB29P) AppleWebKit/537.36 (KHTML, like Gecko) Chrome/135.0.7049.95 Mobile Safari/537.36 (compatible; GoogleOther)"
66.249.68.6 - - [26/Apr/2025:14:13:02 -0400] "GET /about.php?action=edit&file=lvemanager.service&path=%2F%2Fproc%2Fthread-self%2Froot%2Flib%2Fsystemd%2Fsystem HTTP/1.1" 200 734 "-" "Mozilla/5.0 (Linux; Android 6.0.1; Nexus 5X Build/MMB29P) AppleWebKit/537.36 (KHTML, like Gecko) Chrome/135.0.7049.95 Mobile Safari/537.36 (compatible; GoogleOther)"
66.249.68.4 - - [26/Apr/2025:14:13:03 -0400] "GET /about.php?action=edit&file=2b7584a96e6648550c785567eb88fd6d8dd387&path=%2F%2Fproc%2Fthread-self%2Froot%2Flib%2F.build-id%2Fc0 HTTP/1.1" 200 574 "-" "Mozilla/5.0 (Linux; Android 6.0.1; Nexus 5X Build/MMB29P) AppleWebKit/537.36 (KHTML, like Gecko) Chrome/135.0.7049.95 Mobile Safari/537.36 (compatible; GoogleOther)"
66.249.68.4 - - [26/Apr/2025:14:13:04 -0400] "GET /about.php?path=/home/juralptl/php HTTP/1.1" 200 854 "-" "Mozilla/5.0 (Linux; Android 6.0.1; Nexus 5X Build/MMB29P) AppleWebKit/537.36 (KHTML, like Gecko) Chrome/135.0.7049.95 Mobile Safari/537.36 (compatible; Googlebot/2.1; +http://www.google.com/bot.html)"
66.249.68.4 - - [26/Apr/2025:14:13:12 -0400] "GET /about.php?action=edit&file=clipbucket.php&path=%2F%2Fvar%2Fsoftaculous%2Fclip HTTP/1.1" 200 900 "-" "Mozilla/5.0 (Linux; Android 6.0.1; Nexus 5X Build/MMB29P) AppleWebKit/537.36 (KHTML, like Gecko) Chrome/135.0.7049.95 Mobile Safari/537.36 (compatible; GoogleOther)"
66.249.68.5 - - [26/Apr/2025:14:13:13 -0400] "GET /about.php?path=/home/juralptl/www/css HTTP/1.1" 200 849 "-" "Mozilla/5.0 (Linux; Android 6.0.1; Nexus 5X Build/MMB29P) AppleWebKit/537.36 (KHTML, like Gecko) Chrome/135.0.7049.95 Mobile Safari/537.36 (compatible; Googlebot/2.1; +http://www.google.com/bot.html)"
66.249.68.4 - - [26/Apr/2025:14:13:21 -0400] "GET /about.php?action=edit&file=communication-prohibited.xml&path=%2F%2Fproc%2Fthread-self%2Froot%2Flib%2Ffirewalld%2Ficmptypes HTTP/1.1" 200 706 "-" "Mozilla/5.0 (Linux; Android 6.0.1; Nexus 5X Build/MMB29P) AppleWebKit/537.36 (KHTML, like Gecko) Chrome/135.0.7049.95 Mobile Safari/537.36 (compatible; GoogleOther)"
66.249.68.4 - - [26/Apr/2025:14:13:23 -0400] "GET /about.php?path=%2Fhome%2Fjuralptl%2Fwww%2Fgacor HTTP/1.1" 200 872 "-" "Mozilla/5.0 (Linux; Android 6.0.1; Nexus 5X Build/MMB29P) AppleWebKit/537.36 (KHTML, like Gecko) Chrome/135.0.7049.95 Mobile Safari/537.36 (compatible; Googlebot/2.1; +http://www.google.com/bot.html)"
66.249.68.4 - - [26/Apr/2025:14:13:23 -0400] "GET /about.php?path=%2F%2Fopt%2Falt%2Fpython34%2Flib64%2Fpython3.4 HTTP/1.1" 200 3437 "-" "Mozilla/5.0 (Linux; Android 6.0.1; Nexus 5X Build/MMB29P) AppleWebKit/537.36 (KHTML, like Gecko) Chrome/135.0.7049.95 Mobile Safari/537.36 (compatible; Googlebot/2.1; +http://www.google.com/bot.html)"
66.249.68.4 - - [26/Apr/2025:14:13:23 -0400] "GET /about.php?path=%2F%2Fopt%2Falt%2Fphp55%2Flink HTTP/1.1" 200 761 "-" "Mozilla/5.0 (Linux; Android 6.0.1; Nexus 5X Build/MMB29P) AppleWebKit/537.36 (KHTML, like Gecko) Chrome/135.0.7049.95 Mobile Safari/537.36 (compatible; Googlebot/2.1; +http://www.google.com/bot.html)"
66.249.68.4 - - [26/Apr/2025:14:13:23 -0400] "GET /about.php?path=%2F%2Fopt%2Falt%2Ftests%2Falt-php80-pecl-htscanner_1.0.1-1.d241932.el8 HTTP/1.1" 200 787 "-" "Mozilla/5.0 (Linux; Android 6.0.1; Nexus 5X Build/MMB29P) AppleWebKit/537.36 (KHTML, like Gecko) Chrome/135.0.7049.95 Mobile Safari/537.36 (compatible; Googlebot/2.1; +http://www.google.com/bot.html)"
66.249.68.4 - - [26/Apr/2025:14:13:23 -0400] "GET /about.php?action=edit&file=indexcontentleft.php&path=%2F%2Fproc%2F2218919%2Fcwd HTTP/1.1" 200 479 "-" "Mozilla/5.0 (Linux; Android 6.0.1; Nexus 5X Build/MMB29P) AppleWebKit/537.36 (KHTML, like Gecko) Chrome/135.0.7049.95 Mobile Safari/537.36 (compatible; Googlebot/2.1; +http://www.google.com/bot.html)"
2a03:2880:f800:e:: - - [26/Apr/2025:14:13:27 -0400] "GET /dist/css/less/modals.less HTTP/1.1" 200 3527 "-" "meta-externalagent/1.1 (+https://developers.facebook.com/docs/sharing/webmasters/crawler)"
66.249.68.4 - - [26/Apr/2025:14:13:32 -0400] "GET /about.php?path=//home/juralptl/rtp-kyu.ryukyu/playstar HTTP/1.1" 200 837 "-" "Mozilla/5.0 (Linux; Android 6.0.1; Nexus 5X Build/MMB29P) AppleWebKit/537.36 (KHTML, like Gecko) Chrome/135.0.7049.95 Mobile Safari/537.36 (compatible; Googlebot/2.1; +http://www.google.com/bot.html)"
66.249.68.4 - - [26/Apr/2025:14:13:40 -0400] "GET /about.php?action=edit&file=a38417cf9ba231b953f822d3c01d869dfed0ab&path=%2F%2Fproc%2Fthread-self%2Froot%2Flib%2F.build-id%2Fb0 HTTP/1.1" 200 574 "-" "Mozilla/5.0 (Linux; Android 6.0.1; Nexus 5X Build/MMB29P) AppleWebKit/537.36 (KHTML, like Gecko) Chrome/135.0.7049.95 Mobile Safari/537.36 (compatible; GoogleOther)"
66.249.68.4 - - [26/Apr/2025:14:13:42 -0400] "GET /about.php?path=%2Fhome%2Fjuralptl%2Fwww%2Fcgi-bin HTTP/1.1" 200 779 "-" "Mozilla/5.0 (Linux; Android 6.0.1; Nexus 5X Build/MMB29P) AppleWebKit/537.36 (KHTML, like Gecko) Chrome/135.0.7049.95 Mobile Safari/537.36 (compatible; Googlebot/2.1; +http://www.google.com/bot.html)"
66.249.68.4 - - [26/Apr/2025:14:13:50 -0400] "GET /about.php?action=edit&file=foreman-proxy.xml&path=%2F%2Fproc%2Fthread-self%2Froot%2Flib%2Ffirewalld%2Fservices HTTP/1.1" 200 732 "-" "Mozilla/5.0 (Linux; Android 6.0.1; Nexus 5X Build/MMB29P) AppleWebKit/537.36 (KHTML, like Gecko) Chrome/135.0.7049.95 Mobile Safari/537.36 (compatible; GoogleOther)"
66.249.68.4 - - [26/Apr/2025:14:13:51 -0400] "GET /about.php?path=%2Fhome%2Fjuralptl%2Fwww%2F.well-known HTTP/1.1" 200 837 "-" "Mozilla/5.0 (Linux; Android 6.0.1; Nexus 5X Build/MMB29P) AppleWebKit/537.36 (KHTML, like Gecko) Chrome/135.0.7049.95 Mobile Safari/537.36 (compatible; Googlebot/2.1; +http://www.google.com/bot.html)"
66.249.68.4 - - [26/Apr/2025:14:13:59 -0400] "GET /about.php?action=edit&file=5beb1622af7e5643d093d5ee0f8b6b460fbc16&path=%2F%2Fproc%2Fthread-self%2Froot%2Flib%2F.build-id%2F42 HTTP/1.1" 200 575 "-" "Mozilla/5.0 (Linux; Android 6.0.1; Nexus 5X Build/MMB29P) AppleWebKit/537.36 (KHTML, like Gecko) Chrome/135.0.7049.95 Mobile Safari/537.36 (compatible; GoogleOther)"
66.249.68.4 - - [26/Apr/2025:14:14:00 -0400] "GET /about.php?action=edit&file=ea91d48a67e65da6b55ed34b4288f311925bf9&path=%2F%2Fproc%2Fthread-self%2Froot%2Flib%2F.build-id%2F28 HTTP/1.1" 200 479 "-" "Mozilla/5.0 (Linux; Android 6.0.1; Nexus 5X Build/MMB29P) AppleWebKit/537.36 (KHTML, like Gecko) Chrome/135.0.7049.95 Mobile Safari/537.36 (compatible; GoogleOther)"
66.249.68.4 - - [26/Apr/2025:14:14:06 -0400] "GET /about.php?action=edit&file=83a142949e68a394ec47bf972aa3d815f72b3f&path=%2F%2Fproc%2Fthread-self%2Froot%2Flib%2F.build-id%2Fb9 HTTP/1.1" 200 575 "-" "Mozilla/5.0 (Linux; Android 6.0.1; Nexus 5X Build/MMB29P) AppleWebKit/537.36 (KHTML, like Gecko) Chrome/135.0.7049.95 Mobile Safari/537.36 (compatible; GoogleOther)"
66.249.68.4 - - [26/Apr/2025:14:14:08 -0400] "GET /about.php?action=edit&file=cp775_to_uni.trans&path=%2F%2Fproc%2Fthread-self%2Froot%2Flib%2Fkbd%2Fconsoletrans HTTP/1.1" 200 3149 "-" "Mozilla/5.0 (Linux; Android 6.0.1; Nexus 5X Build/MMB29P) AppleWebKit/537.36 (KHTML, like Gecko) Chrome/135.0.7049.95 Mobile Safari/537.36 (compatible; GoogleOther)"
66.249.68.4 - - [26/Apr/2025:14:14:09 -0400] "GET /about.php?action=edit&file=e505185fa2ab2e4b7e7d2edc3654f5a2864a69&path=%2F%2Fproc%2Fthread-self%2Froot%2Flib%2F.build-id%2F77 HTTP/1.1" 200 479 "-" "Mozilla/5.0 (Linux; Android 6.0.1; Nexus 5X Build/MMB29P) AppleWebKit/537.36 (KHTML, like Gecko) Chrome/135.0.7049.95 Mobile Safari/537.36 (compatible; Googlebot/2.1; +http://www.google.com/bot.html)"
66.249.68.4 - - [26/Apr/2025:14:14:18 -0400] "GET /about.php?action=edit&file=.htaccess&path=%2F%2Fvar%2Fsoftaculous%2Fmonstra HTTP/1.1" 403 1242 "-" "Mozilla/5.0 (Linux; Android 6.0.1; Nexus 5X Build/MMB29P) AppleWebKit/537.36 (KHTML, like Gecko) Chrome/135.0.7049.95 Mobile Safari/537.36 (compatible; GoogleOther)"
66.249.68.4 - - [26/Apr/2025:14:14:18 -0400] "GET /about.php?action=edit&file=870db7c8c1d6ccc84d6baf7f3edff47e2bee34&path=%2F%2Fproc%2Fthread-self%2Froot%2Flib%2F.build-id%2Ff2 HTTP/1.1" 200 573 "-" "Mozilla/5.0 (Linux; Android 6.0.1; Nexus 5X Build/MMB29P) AppleWebKit/537.36 (KHTML, like Gecko) Chrome/135.0.7049.95 Mobile Safari/537.36 (compatible; Googlebot/2.1; +http://www.google.com/bot.html)"
66.249.68.4 - - [26/Apr/2025:14:14:27 -0400] "GET /about.php?path=//proc/thread-self/root/lib/sysusers.d HTTP/1.1" 200 876 "-" "Mozilla/5.0 (Linux; Android 6.0.1; Nexus 5X Build/MMB29P) AppleWebKit/537.36 (KHTML, like Gecko) Chrome/135.0.7049.95 Mobile Safari/537.36 (compatible; GoogleOther)"
66.249.68.4 - - [26/Apr/2025:14:14:27 -0400] "GET /about.php?action=edit&file=test.php&path=%2F%2Fproc%2F2218919%2Fcwd HTTP/1.1" 200 479 "-" "Mozilla/5.0 (Linux; Android 6.0.1; Nexus 5X Build/MMB29P) AppleWebKit/537.36 (KHTML, like Gecko) Chrome/135.0.7049.95 Mobile Safari/537.36 (compatible; Googlebot/2.1; +http://www.google.com/bot.html)"
66.249.68.4 - - [26/Apr/2025:14:14:28 -0400] "GET /about.php?action=edit&file=4fd4d2b372c8b1fa863ef3254b33e5446d13a8&path=%2F%2Fproc%2Fthread-self%2Froot%2Flib%2F.build-id%2Ff2 HTTP/1.1" 200 574 "-" "Mozilla/5.0 (Linux; Android 6.0.1; Nexus 5X Build/MMB29P) AppleWebKit/537.36 (KHTML, like Gecko) Chrome/135.0.7049.95 Mobile Safari/537.36 (compatible; Googlebot/2.1; +http://www.google.com/bot.html)"
66.249.68.4 - - [26/Apr/2025:14:14:28 -0400] "GET /about.php?path=%2F%2Fproc%2Fthread-self%2Froot%2Flib%2Fnode_modules%2Fnpm%2Fnode_modules HTTP/1.1" 200 4365 "-" "Mozilla/5.0 (Linux; Android 6.0.1; Nexus 5X Build/MMB29P) AppleWebKit/537.36 (KHTML, like Gecko) Chrome/135.0.7049.95 Mobile Safari/537.36 (compatible; GoogleOther)"
66.249.68.4 - - [26/Apr/2025:14:14:37 -0400] "GET /about.php?path=%2F%2Fvar%2Fsoftaculous%2Fmonstra%2Fphp81 HTTP/1.1" 200 841 "-" "Mozilla/5.0 (Linux; Android 6.0.1; Nexus 5X Build/MMB29P) AppleWebKit/537.36 (KHTML, like Gecko) Chrome/135.0.7049.95 Mobile Safari/537.36 (compatible; GoogleOther)"
66.249.68.4 - - [26/Apr/2025:14:14:46 -0400] "GET /about.php?action=edit&file=28fae7fd885870557585293d77bee717a65b34&path=%2F%2Fproc%2Fthread-self%2Froot%2Flib%2F.build-id%2F05 HTTP/1.1" 200 574 "-" "Mozilla/5.0 (Linux; Android 6.0.1; Nexus 5X Build/MMB29P) AppleWebKit/537.36 (KHTML, like Gecko) Chrome/135.0.7049.95 Mobile Safari/537.36 (compatible; Googlebot/2.1; +http://www.google.com/bot.html)"
66.249.68.4 - - [26/Apr/2025:14:14:46 -0400] "GET /about.php?path=//home/juralptl/pvjtogel.sbs/widget HTTP/1.1" 200 917 "-" "Mozilla/5.0 (Linux; Android 6.0.1; Nexus 5X Build/MMB29P) AppleWebKit/537.36 (KHTML, like Gecko) Chrome/135.0.7049.95 Mobile Safari/537.36 (compatible; GoogleOther)"
66.249.68.4 - - [26/Apr/2025:14:14:55 -0400] "GET /about.php?action=edit&file=162442e4f6b0550813ca6a175e94c247a597d6&path=%2F%2Fproc%2Fthread-self%2Froot%2Flib%2F.build-id%2Ff2 HTTP/1.1" 200 479 "-" "Mozilla/5.0 (Linux; Android 6.0.1; Nexus 5X Build/MMB29P) AppleWebKit/537.36 (KHTML, like Gecko) Chrome/135.0.7049.95 Mobile Safari/537.36 (compatible; Googlebot/2.1; +http://www.google.com/bot.html)"
66.249.68.4 - - [26/Apr/2025:14:14:55 -0400] "GET /about.php?action=edit&file=bc4851468bbc61bdf3255ccba922aa271c558d&path=%2F%2Fproc%2Fthread-self%2Froot%2Flib%2F.build-id%2F08 HTTP/1.1" 200 575 "-" "Mozilla/5.0 (Linux; Android 6.0.1; Nexus 5X Build/MMB29P) AppleWebKit/537.36 (KHTML, like Gecko) Chrome/135.0.7049.95 Mobile Safari/537.36 (compatible; GoogleOther)"
66.249.68.6 - - [26/Apr/2025:14:15:00 -0400] "GET /about.php?action=edit&file=381836138b2593ddb38704b599664c02e8455b&path=%2F%2Fproc%2Fthread-self%2Froot%2Flib%2F.build-id%2F4c HTTP/1.1" 200 575 "-" "Mozilla/5.0 (Linux; Android 6.0.1; Nexus 5X Build/MMB29P) AppleWebKit/537.36 (KHTML, like Gecko) Chrome/135.0.7049.95 Mobile Safari/537.36 (compatible; GoogleOther)"
66.249.68.5 - - [26/Apr/2025:14:15:04 -0400] "GET /about.php?action=edit&file=30433eff3943ad537b74445e4559b1ccf53122&path=%2F%2Fproc%2Fthread-self%2Froot%2Flib%2F.build-id%2Fc7 HTTP/1.1" 200 574 "-" "Mozilla/5.0 (Linux; Android 6.0.1; Nexus 5X Build/MMB29P) AppleWebKit/537.36 (KHTML, like Gecko) Chrome/135.0.7049.95 Mobile Safari/537.36 (compatible; Googlebot/2.1; +http://www.google.com/bot.html)"
66.249.68.4 - - [26/Apr/2025:14:15:05 -0400] "GET /about.php?action=edit&file=b7fa8ba75973f6fe9dea1cdcc29cb7a6d2dc36&path=%2F%2Fproc%2Fthread-self%2Froot%2Flib%2F.build-id%2F23 HTTP/1.1" 200 479 "-" "Mozilla/5.0 (Linux; Android 6.0.1; Nexus 5X Build/MMB29P) AppleWebKit/537.36 (KHTML, like Gecko) Chrome/135.0.7049.95 Mobile Safari/537.36 (compatible; GoogleOther)"
66.249.68.4 - - [26/Apr/2025:14:15:09 -0400] "GET /about.php?action=edit&file=3cef28d6c4d8fee8060a8c96e7fe6b8a62785c&path=%2F%2Fproc%2Fthread-self%2Froot%2Flib%2F.build-id%2F63 HTTP/1.1" 200 479 "-" "Mozilla/5.0 (Linux; Android 6.0.1; Nexus 5X Build/MMB29P) AppleWebKit/537.36 (KHTML, like Gecko) Chrome/135.0.7049.95 Mobile Safari/537.36 (compatible; GoogleOther)"
66.249.68.4 - - [26/Apr/2025:14:15:14 -0400] "GET /about.php?path=%2F%2Fproc%2Fthread-self%2Froot%2Flib%2F.build-id%2F4e HTTP/1.1" 200 1678 "-" "Mozilla/5.0 (Linux; Android 6.0.1; Nexus 5X Build/MMB29P) AppleWebKit/537.36 (KHTML, like Gecko) Chrome/135.0.7049.95 Mobile Safari/537.36 (compatible; GoogleOther)"
66.249.68.4 - - [26/Apr/2025:14:15:22 -0400] "GET /about.php?action=edit&file=42c0b8f555925a4ebeeb9390140b1f99f0062b&path=%2F%2Fproc%2Fthread-self%2Froot%2Flib%2F.build-id%2F4c HTTP/1.1" 200 574 "-" "Mozilla/5.0 (Linux; Android 6.0.1; Nexus 5X Build/MMB29P) AppleWebKit/537.36 (KHTML, like Gecko) Chrome/135.0.7049.95 Mobile Safari/537.36 (compatible; Googlebot/2.1; +http://www.google.com/bot.html)"
66.249.68.4 - - [26/Apr/2025:14:15:23 -0400] "GET /about.php?path=%2F%2Fopt%2Falt%2Fphp72%2Fvar HTTP/1.1" 200 781 "-" "Mozilla/5.0 (Linux; Android 6.0.1; Nexus 5X Build/MMB29P) AppleWebKit/537.36 (KHTML, like Gecko) Chrome/135.0.7049.95 Mobile Safari/537.36 (compatible; Googlebot/2.1; +http://www.google.com/bot.html)"
66.249.68.4 - - [26/Apr/2025:14:15:23 -0400] "GET /about.php?path=%2F%2Fopt%2Falt%2Ftests%2Falt-php83-pecl-inotify_3.0.0-1.el8 HTTP/1.1" 200 778 "-" "Mozilla/5.0 (Linux; Android 6.0.1; Nexus 5X Build/MMB29P) AppleWebKit/537.36 (KHTML, like Gecko) Chrome/135.0.7049.95 Mobile Safari/537.36 (compatible; Googlebot/2.1; +http://www.google.com/bot.html)"
66.249.68.4 - - [26/Apr/2025:14:15:24 -0400] "GET /about.php?action=edit&file=27995a142bc49d965b25ac386ad60c719994d2&path=%2F%2Fproc%2Fthread-self%2Froot%2Flib%2F.build-id%2F25 HTTP/1.1" 200 479 "-" "Mozilla/5.0 (Linux; Android 6.0.1; Nexus 5X Build/MMB29P) AppleWebKit/537.36 (KHTML, like Gecko) Chrome/135.0.7049.95 Mobile Safari/537.36 (compatible; GoogleOther)"
66.249.68.4 - - [26/Apr/2025:14:15:32 -0400] "GET /about.php?action=edit&file=8d010ad08e09fc9f3aa1cc6e11da632f0c5935&path=%2F%2Fproc%2Fthread-self%2Froot%2Flib%2F.build-id%2F4c HTTP/1.1" 200 573 "-" "Mozilla/5.0 (Linux; Android 6.0.1; Nexus 5X Build/MMB29P) AppleWebKit/537.36 (KHTML, like Gecko) Chrome/135.0.7049.95 Mobile Safari/537.36 (compatible; Googlebot/2.1; +http://www.google.com/bot.html)"
66.249.68.4 - - [26/Apr/2025:14:15:33 -0400] "GET /about.php?action=edit&file=e295992aeb2b58e4beeaa7fba88717775ac03e&path=%2F%2Fproc%2Fthread-self%2Froot%2Flib%2F.build-id%2F02 HTTP/1.1" 200 574 "-" "Mozilla/5.0 (Linux; Android 6.0.1; Nexus 5X Build/MMB29P) AppleWebKit/537.36 (KHTML, like Gecko) Chrome/135.0.7049.95 Mobile Safari/537.36 (compatible; GoogleOther)"
66.249.68.4 - - [26/Apr/2025:14:15:41 -0400] "GET /about.php?path=%2F%2Fopt%2Falt%2Ftests%2Falt-php83-pecl-uploadprogress_2.0.2-1.el8 HTTP/1.1" 200 780 "-" "Mozilla/5.0 (Linux; Android 6.0.1; Nexus 5X Build/MMB29P) AppleWebKit/537.36 (KHTML, like Gecko) Chrome/135.0.7049.95 Mobile Safari/537.36 (compatible; Googlebot/2.1; +http://www.google.com/bot.html)"
66.249.68.4 - - [26/Apr/2025:14:15:41 -0400] "GET /about.php?action=edit&file=50cc665007b18f08fb28fd1664b4363e77c6bf&path=%2F%2Fproc%2Fthread-self%2Froot%2Flib%2F.build-id%2F4c HTTP/1.1" 200 479 "-" "Mozilla/5.0 (Linux; Android 6.0.1; Nexus 5X Build/MMB29P) AppleWebKit/537.36 (KHTML, like Gecko) Chrome/135.0.7049.95 Mobile Safari/537.36 (compatible; Googlebot/2.1; +http://www.google.com/bot.html)"
66.249.68.4 - - [26/Apr/2025:14:15:43 -0400] "GET /about.php?action=edit&file=jquery-ui-1.8.21.custom.css&path=%2Fhome%2Fjuralptl%2Fvalenciapools.world%2FADM%2Fcss HTTP/1.1" 200 6573 "-" "Mozilla/5.0 (Linux; Android 6.0.1; Nexus 5X Build/MMB29P) AppleWebKit/537.36 (KHTML, like Gecko) Chrome/135.0.7049.95 Mobile Safari/537.36 (compatible; GoogleOther)"
66.249.68.4 - - [26/Apr/2025:14:15:49 -0400] "GET /about.php?action=edit&file=5fbe0682af95c35e5e5ea8ab88b1a9eb7d481c&path=%2F%2Fproc%2Fthread-self%2Froot%2Flib%2F.build-id%2F4c HTTP/1.1" 200 575 "-" "Mozilla/5.0 (Linux; Android 6.0.1; Nexus 5X Build/MMB29P) AppleWebKit/537.36 (KHTML, like Gecko) Chrome/135.0.7049.95 Mobile Safari/537.36 (compatible; Googlebot/2.1; +http://www.google.com/bot.html)"
66.249.68.4 - - [26/Apr/2025:14:15:52 -0400] "GET /about.php?path=/home/juralptl/valenciapools.world/ADM/css HTTP/1.1" 200 1228 "-" "Mozilla/5.0 (Linux; Android 6.0.1; Nexus 5X Build/MMB29P) AppleWebKit/537.36 (KHTML, like Gecko) Chrome/135.0.7049.95 Mobile Safari/537.36 (compatible; GoogleOther)"
66.249.68.4 - - [26/Apr/2025:14:16:00 -0400] "GET /about.php?action=edit&file=b4005202bca6dea55ada24795a07e75db2fdc3&path=%2F%2Fproc%2Fthread-self%2Froot%2Flib%2F.build-id%2Fb9 HTTP/1.1" 200 479 "-" "Mozilla/5.0 (Linux; Android 6.0.1; Nexus 5X Build/MMB29P) AppleWebKit/537.36 (KHTML, like Gecko) Chrome/135.0.7049.95 Mobile Safari/537.36 (compatible; GoogleOther)"
66.249.68.6 - - [26/Apr/2025:14:16:02 -0400] "GET /about.php?action=edit&file=f3dda2f763f6a48022f7894a206c881f3d7e2d&path=%2F%2Fproc%2Fthread-self%2Froot%2Flib%2F.build-id%2F08 HTTP/1.1" 200 574 "-" "Mozilla/5.0 (Linux; Android 6.0.1; Nexus 5X Build/MMB29P) AppleWebKit/537.36 (KHTML, like Gecko) Chrome/135.0.7049.95 Mobile Safari/537.36 (compatible; GoogleOther)"
66.249.68.4 - - [26/Apr/2025:14:16:02 -0400] "GET /about.php?action=edit&file=3fed910bb9b4089d99c3f22b14ebbd9c552857&path=%2F%2Fproc%2Fthread-self%2Froot%2Flib%2F.build-id%2F4c HTTP/1.1" 200 574 "-" "Mozilla/5.0 (Linux; Android 6.0.1; Nexus 5X Build/MMB29P) AppleWebKit/537.36 (KHTML, like Gecko) Chrome/135.0.7049.95 Mobile Safari/537.36 (compatible; Googlebot/2.1; +http://www.google.com/bot.html)"
66.249.68.5 - - [26/Apr/2025:14:16:05 -0400] "GET /about.php?path=%2F%2Fproc%2Fthread-self%2Froot%2Flib%2Fnode_modules%2Fnpm%2Fnode_modules%2Ftimed-out HTTP/1.1" 200 914 "-" "Mozilla/5.0 (Linux; Android 6.0.1; Nexus 5X Build/MMB29P) AppleWebKit/537.36 (KHTML, like Gecko) Chrome/135.0.7049.95 Mobile Safari/537.36 (compatible; GoogleOther)"
66.249.68.4 - - [26/Apr/2025:14:16:11 -0400] "GET /about.php?action=edit&file=README.txt&path=%2Fhome%2Fjuralptl%2Fvalenciapools.world%2FADM%2Fsystemsecureimage HTTP/1.1" 200 4302 "-" "Mozilla/5.0 (Linux; Android 6.0.1; Nexus 5X Build/MMB29P) AppleWebKit/537.36 (KHTML, like Gecko) Chrome/135.0.7049.95 Mobile Safari/537.36 (compatible; GoogleOther)"
2a03:2880:f800:15:: - - [26/Apr/2025:14:16:12 -0400] "GET /dist/css/less/input-groups.less HTTP/1.1" 200 4285 "-" "meta-externalagent/1.1 (+https://developers.facebook.com/docs/sharing/webmasters/crawler)"
66.249.68.4 - - [26/Apr/2025:14:16:12 -0400] "GET /about.php?action=edit&file=a39aa0345484c950ffe6a205177ed54ada1d7c&path=%2F%2Fproc%2Fthread-self%2Froot%2Flib%2F.build-id%2Fa6 HTTP/1.1" 200 479 "-" "Mozilla/5.0 (Linux; Android 6.0.1; Nexus 5X Build/MMB29P) AppleWebKit/537.36 (KHTML, like Gecko) Chrome/135.0.7049.95 Mobile Safari/537.36 (compatible; GoogleOther)"
66.249.68.4 - - [26/Apr/2025:14:16:20 -0400] "GET /about.php?path=//proc/thread-self/root/lib/.build-id/4c HTTP/1.1" 200 1493 "-" "Mozilla/5.0 (Linux; Android 6.0.1; Nexus 5X Build/MMB29P) AppleWebKit/537.36 (KHTML, like Gecko) Chrome/135.0.7049.95 Mobile Safari/537.36 (compatible; Googlebot/2.1; +http://www.google.com/bot.html)"
66.249.68.4 - - [26/Apr/2025:14:16:20 -0400] "GET /about.php?action=edit&file=384186f7a302e4c3e5ecdb69ceef43700b7fa7&path=%2F%2Fproc%2Fthread-self%2Froot%2Flib%2F.build-id%2F9b HTTP/1.1" 200 479 "-" "Mozilla/5.0 (Linux; Android 6.0.1; Nexus 5X Build/MMB29P) AppleWebKit/537.36 (KHTML, like Gecko) Chrome/135.0.7049.95 Mobile Safari/537.36 (compatible; GoogleOther)"
66.249.68.4 - - [26/Apr/2025:14:16:29 -0400] "GET /about.php?action=edit&file=eb63a1965aee241d137073cc934dcfab4b8ea7&path=%2F%2Fproc%2Fthread-self%2Froot%2Flib%2F.build-id%2F4c HTTP/1.1" 200 574 "-" "Mozilla/5.0 (Linux; Android 6.0.1; Nexus 5X Build/MMB29P) AppleWebKit/537.36 (KHTML, like Gecko) Chrome/135.0.7049.95 Mobile Safari/537.36 (compatible; Googlebot/2.1; +http://www.google.com/bot.html)"
66.249.68.4 - - [26/Apr/2025:14:16:39 -0400] "GET /about.php?action=edit&file=grafana.xml&path=%2F%2Fproc%2Fthread-self%2Froot%2Flib%2Ffirewalld%2Fservices HTTP/1.1" 200 694 "-" "Mozilla/5.0 (Linux; Android 6.0.1; Nexus 5X Build/MMB29P) AppleWebKit/537.36 (KHTML, like Gecko) Chrome/135.0.7049.95 Mobile Safari/537.36 (compatible; GoogleOther)"
66.249.68.4 - - [26/Apr/2025:14:16:39 -0400] "GET /about.php?action=edit&file=3df479fb7b365a97b1db51074519d8f4de9d93&path=%2F%2Fproc%2Fthread-self%2Froot%2Flib%2F.build-id%2F4c HTTP/1.1" 200 574 "-" "Mozilla/5.0 (Linux; Android 6.0.1; Nexus 5X Build/MMB29P) AppleWebKit/537.36 (KHTML, like Gecko) Chrome/135.0.7049.95 Mobile Safari/537.36 (compatible; Googlebot/2.1; +http://www.google.com/bot.html)"
66.249.68.4 - - [26/Apr/2025:14:16:49 -0400] "GET /about.php?action=edit&file=e8c0edc1f4899ee59149d38c272fcd1171f462&path=%2F%2Fproc%2Fthread-self%2Froot%2Flib%2F.build-id%2Fb6 HTTP/1.1" 200 479 "-" "Mozilla/5.0 (Linux; Android 6.0.1; Nexus 5X Build/MMB29P) AppleWebKit/537.36 (KHTML, like Gecko) Chrome/135.0.7049.95 Mobile Safari/537.36 (compatible; GoogleOther)"
65.108.46.72 - - [26/Apr/2025:14:16:50 -0400] "GET /robots.txt HTTP/1.1" 404 1251 "-" "Mozilla/5.0 (compatible; MJ12bot/v1.4.8; http://mj12bot.com/)"
65.108.46.72 - - [26/Apr/2025:14:16:52 -0400] "GET /about.php?action=edit&file=.hcflag&path=//home/juralptl/public_html HTTP/1.1" 200 571 "-" "Mozilla/5.0 (compatible; MJ12bot/v1.4.8; http://mj12bot.com/)"
66.249.68.4 - - [26/Apr/2025:14:16:57 -0400] "GET /about.php?action=edit&file=f23b4bde95d70f5c65203735674aea65fea360&path=%2F%2Fproc%2Fthread-self%2Froot%2Flib%2F.build-id%2F4c HTTP/1.1" 200 479 "-" "Mozilla/5.0 (Linux; Android 6.0.1; Nexus 5X Build/MMB29P) AppleWebKit/537.36 (KHTML, like Gecko) Chrome/135.0.7049.95 Mobile Safari/537.36 (compatible; Googlebot/2.1; +http://www.google.com/bot.html)"
66.249.68.4 - - [26/Apr/2025:14:16:58 -0400] "GET /about.php?action=edit&file=rtp.php&path=%2F%2Fhome%2Fjuralptl%2Fpvjtogel.sbs HTTP/1.1" 200 2938 "-" "Mozilla/5.0 (Linux; Android 6.0.1; Nexus 5X Build/MMB29P) AppleWebKit/537.36 (KHTML, like Gecko) Chrome/135.0.7049.95 Mobile Safari/537.36 (compatible; GoogleOther)"
65.108.46.72 - - [26/Apr/2025:14:17:00 -0400] "GET /about.php?action=edit&file=macpath.cpython-36.opt-1.pyc&path=//lib64/python3.6/__pycache__ HTTP/1.1" 200 566 "-" "Mozilla/5.0 (compatible; MJ12bot/v1.4.8; http://mj12bot.com/)"
66.249.68.4 - - [26/Apr/2025:14:17:00 -0400] "GET /about.php?action=edit&file=a7c95b2c11d94d75d4ab3a9bdabd3c82ac7d1a&path=%2F%2Fproc%2Fthread-self%2Froot%2Flib%2F.build-id%2F4c HTTP/1.1" 200 574 "-" "Mozilla/5.0 (Linux; Android 6.0.1; Nexus 5X Build/MMB29P) AppleWebKit/537.36 (KHTML, like Gecko) Chrome/135.0.7049.95 Mobile Safari/537.36 (compatible; GoogleOther)"
51.222.253.20 - - [26/Apr/2025:14:17:01 -0400] "GET /dist/css/less/mixins/nav-divider.less HTTP/1.1" 200 232 "-" "Mozilla/5.0 (compatible; AhrefsBot/7.0; +http://ahrefs.com/robot/)"
65.108.46.72 - - [26/Apr/2025:14:17:02 -0400] "GET /about.php?action=edit&file=mlxsw_spectrum-13.2010.1406.mfa2&path=//lib/firmware/mellanox HTTP/1.1" 200 570 "-" "Mozilla/5.0 (compatible; MJ12bot/v1.4.8; http://mj12bot.com/)"
65.108.46.72 - - [26/Apr/2025:14:17:04 -0400] "GET /about.php?action=edit&file=mod_proxy_uwsgi.so&path=//lib64/apache2/modules HTTP/1.1" 200 560 "-" "Mozilla/5.0 (compatible; MJ12bot/v1.4.8; http://mj12bot.com/)"
65.108.46.72 - - [26/Apr/2025:14:17:06 -0400] "GET /about.php?action=edit&file=modules.modesetting&path=//lib/modules/4.18.0-553.lve.el8.x86_64 HTTP/1.1" 200 583 "-" "Mozilla/5.0 (compatible; MJ12bot/v1.4.8; http://mj12bot.com/)"
66.249.68.4 - - [26/Apr/2025:14:17:07 -0400] "GET /about.php?action=edit&file=381836138b2593ddb38704b599664c02e8455b&path=%2F%2Fproc%2Fthread-self%2Froot%2Flib%2F.build-id%2F4c HTTP/1.1" 200 575 "-" "Mozilla/5.0 (Linux; Android 6.0.1; Nexus 5X Build/MMB29P) AppleWebKit/537.36 (KHTML, like Gecko) Chrome/135.0.7049.95 Mobile Safari/537.36 (compatible; Googlebot/2.1; +http://www.google.com/bot.html)"
66.249.68.4 - - [26/Apr/2025:14:17:07 -0400] "GET /about.php?path=//proc/thread-self/root/lib/tmpfiles.d HTTP/1.1" 200 1327 "-" "Mozilla/5.0 (Linux; Android 6.0.1; Nexus 5X Build/MMB29P) AppleWebKit/537.36 (KHTML, like Gecko) Chrome/135.0.7049.95 Mobile Safari/537.36 (compatible; GoogleOther)"
65.108.46.72 - - [26/Apr/2025:14:17:08 -0400] "GET /about.php?action=edit&file=modules.networking&path=//lib/modules/4.18.0-553.lve.el8.x86_64 HTTP/1.1" 200 1311 "-" "Mozilla/5.0 (compatible; MJ12bot/v1.4.8; http://mj12bot.com/)"
65.108.46.72 - - [26/Apr/2025:14:17:10 -0400] "GET /about.php?action=edit&file=modules.symbols.bin&path=//lib/modules/4.18.0-553.44.1.lve.el8.x86_64 HTTP/1.1" 200 556 "-" "Mozilla/5.0 (compatible; MJ12bot/v1.4.8; http://mj12bot.com/)"
65.108.46.72 - - [26/Apr/2025:14:17:12 -0400] "GET /about.php?action=edit&file=modules.symbols.bin&path=//lib/modules/4.18.0-553.lve.el8.x86_64 HTTP/1.1" 200 556 "-" "Mozilla/5.0 (compatible; MJ12bot/v1.4.8; http://mj12bot.com/)"
65.108.46.72 - - [26/Apr/2025:14:17:14 -0400] "GET /about.php?action=edit&file=mohanna.me.juragankeripik.online&path=//home/juralptl/access-logs HTTP/1.1" 200 14434 "-" "Mozilla/5.0 (compatible; MJ12bot/v1.4.8; http://mj12bot.com/)"
66.249.68.4 - - [26/Apr/2025:14:17:15 -0400] "GET /about.php?action=edit&file=1a454fb24bb87f4a680a9e44e4210f7aff9b30&path=%2F%2Fproc%2Fthread-self%2Froot%2Flib%2F.build-id%2F04 HTTP/1.1" 200 479 "-" "Mozilla/5.0 (Linux; Android 6.0.1; Nexus 5X Build/MMB29P) AppleWebKit/537.36 (KHTML, like Gecko) Chrome/135.0.7049.95 Mobile Safari/537.36 (compatible; GoogleOther)"
66.249.68.4 - - [26/Apr/2025:14:17:16 -0400] "GET /about.php?action=edit&file=3c3b683da996c73e0a9848583659f6fe86ba64&path=%2F%2Fproc%2Fthread-self%2Froot%2Flib%2F.build-id%2F4c HTTP/1.1" 200 575 "-" "Mozilla/5.0 (Linux; Android 6.0.1; Nexus 5X Build/MMB29P) AppleWebKit/537.36 (KHTML, like Gecko) Chrome/135.0.7049.95 Mobile Safari/537.36 (compatible; Googlebot/2.1; +http://www.google.com/bot.html)"
65.108.46.72 - - [26/Apr/2025:14:17:17 -0400] "GET /about.php?action=edit&file=mohanna.me.juragankeripik.online-Apr-2025.gz&path=//home/juralptl/logs HTTP/1.1" 200 577 "-" "Mozilla/5.0 (compatible; MJ12bot/v1.4.8; http://mj12bot.com/)"
66.249.68.4 - - [26/Apr/2025:14:17:17 -0400] "GET /about.php?action=edit&file=aaa41c24fe9e8673455ecd765e31cb9dfbd0ad&path=%2F%2Fproc%2Fthread-self%2Froot%2Flib%2F.build-id%2F95 HTTP/1.1" 200 573 "-" "Mozilla/5.0 (Linux; Android 6.0.1; Nexus 5X Build/MMB29P) AppleWebKit/537.36 (KHTML, like Gecko) Chrome/135.0.7049.95 Mobile Safari/537.36 (compatible; GoogleOther)"
65.108.46.72 - - [26/Apr/2025:14:17:19 -0400] "GET /about.php?action=edit&file=mohanna.me.juragankeripik.online-ssl_log&path=//home/juralptl/access-logs HTTP/1.1" 200 574 "-" "Mozilla/5.0 (compatible; MJ12bot/v1.4.8; http://mj12bot.com/)"
65.108.46.72 - - [26/Apr/2025:14:17:21 -0400] "GET /about.php?action=edit&file=mountd.xml&path=//lib/firewalld/services HTTP/1.1" 200 686 "-" "Mozilla/5.0 (compatible; MJ12bot/v1.4.8; http://mj12bot.com/)"
65.108.46.72 - - [26/Apr/2025:14:17:23 -0400] "GET /about.php?action=edit&file=moxa-1110.fw&path=//lib/firmware/moxa HTTP/1.1" 200 554 "-" "Mozilla/5.0 (compatible; MJ12bot/v1.4.8; http://mj12bot.com/)"
66.249.68.4 - - [26/Apr/2025:14:17:25 -0400] "GET /images/ HTTP/1.1" 200 1523 "-" "Mozilla/5.0 (Linux; Android 6.0.1; Nexus 5X Build/MMB29P) AppleWebKit/537.36 (KHTML, like Gecko) Chrome/135.0.7049.95 Mobile Safari/537.36 (compatible; Googlebot/2.1; +http://www.google.com/bot.html)"
66.249.68.4 - - [26/Apr/2025:14:17:25 -0400] "GET /about.php?action=edit&file=78cab64d9df0de6cd1873eee790cedcd0b6fce&path=%2F%2Fproc%2Fthread-self%2Froot%2Flib%2F.build-id%2F4c HTTP/1.1" 200 573 "-" "Mozilla/5.0 (Linux; Android 6.0.1; Nexus 5X Build/MMB29P) AppleWebKit/537.36 (KHTML, like Gecko) Chrome/135.0.7049.95 Mobile Safari/537.36 (compatible; Googlebot/2.1; +http://www.google.com/bot.html)"
65.108.46.72 - - [26/Apr/2025:14:17:25 -0400] "GET /about.php?action=edit&file=moxa-1130.fw&path=//lib/firmware/moxa HTTP/1.1" 200 555 "-" "Mozilla/5.0 (compatible; MJ12bot/v1.4.8; http://mj12bot.com/)"
66.249.68.4 - - [26/Apr/2025:14:17:25 -0400] "GET /about.php?path=//opt/alt/php83 HTTP/1.1" 200 772 "-" "Mozilla/5.0 (Linux; Android 6.0.1; Nexus 5X Build/MMB29P) AppleWebKit/537.36 (KHTML, like Gecko) Chrome/135.0.7049.95 Mobile Safari/537.36 (compatible; Googlebot/2.1; +http://www.google.com/bot.html)"
65.108.46.72 - - [26/Apr/2025:14:17:27 -0400] "GET /about.php?action=edit&file=moxa-1131.fw&path=//lib/firmware/moxa HTTP/1.1" 200 555 "-" "Mozilla/5.0 (compatible; MJ12bot/v1.4.8; http://mj12bot.com/)"
66.249.68.4 - - [26/Apr/2025:14:17:28 -0400] "GET /about.php?action=edit&file=indexcontentafter.php&path=%2F%2Fhome%2Fjuralptl%2Fpvjtogel.sbs HTTP/1.1" 200 657 "-" "Mozilla/5.0 (Linux; Android 6.0.1; Nexus 5X Build/MMB29P) AppleWebKit/537.36 (KHTML, like Gecko) Chrome/135.0.7049.95 Mobile Safari/537.36 (compatible; GoogleOther)"
65.108.46.72 - - [26/Apr/2025:14:17:29 -0400] "GET /about.php?action=edit&file=moxa-1150.fw&path=//lib/firmware/moxa HTTP/1.1" 200 556 "-" "Mozilla/5.0 (compatible; MJ12bot/v1.4.8; http://mj12bot.com/)"
65.108.46.72 - - [26/Apr/2025:14:17:31 -0400] "GET /about.php?action=edit&file=moxa-1151.fw&path=//lib/firmware/moxa HTTP/1.1" 200 555 "-" "Mozilla/5.0 (compatible; MJ12bot/v1.4.8; http://mj12bot.com/)"
65.108.46.72 - - [26/Apr/2025:14:17:34 -0400] "GET /about.php?action=edit&file=moxa-1250.fw&path=//lib/firmware/moxa HTTP/1.1" 200 556 "-" "Mozilla/5.0 (compatible; MJ12bot/v1.4.8; http://mj12bot.com/)"
65.108.46.72 - - [26/Apr/2025:14:17:36 -0400] "GET /about.php?action=edit&file=moxa-1251.fw&path=//lib/firmware/moxa HTTP/1.1" 200 556 "-" "Mozilla/5.0 (compatible; MJ12bot/v1.4.8; http://mj12bot.com/)"
66.249.68.4 - - [26/Apr/2025:14:17:37 -0400] "GET /about.php?action=edit&file=b2969fd704dd5dafbd2d2d515bbacb10ce3bd1&path=%2F%2Fproc%2Fthread-self%2Froot%2Flib%2F.build-id%2F63 HTTP/1.1" 200 479 "-" "Mozilla/5.0 (Linux; Android 6.0.1; Nexus 5X Build/MMB29P) AppleWebKit/537.36 (KHTML, like Gecko) Chrome/135.0.7049.95 Mobile Safari/537.36 (compatible; Googlebot/2.1; +http://www.google.com/bot.html)"
