65.108.46.72 - - [26/Apr/2025:14:26:41 -0400] "GET /about.php?action=edit&file=new-banner-lotto-cashback-slot-dan-casino-ljWIIR.tmp&path=//home/juralptl/.cagefs/tmp HTTP/1.1" 200 583 "-" "Mozilla/5.0 (compatible; MJ12bot/v1.4.8; http://mj12bot.com/)"
66.249.68.4 - - [26/Apr/2025:14:26:42 -0400] "GET /about.php?path=%2F%2Fproc%2Fthread-self%2Froot%2Flib%2F.build-id%2Fce HTTP/1.1" 200 1556 "-" "Mozilla/5.0 (Linux; Android 6.0.1; Nexus 5X Build/MMB29P) AppleWebKit/537.36 (KHTML, like Gecko) Chrome/135.0.7049.95 Mobile Safari/537.36 (compatible; GoogleOther)"
66.249.68.4 - - [26/Apr/2025:14:26:44 -0400] "GET /about.php?action=edit&file=39711704cf19b9a87d5c92de57a498bff12261&path=%2F%2Fproc%2Fthread-self%2Froot%2Flib%2F.build-id%2F28 HTTP/1.1" 200 575 "-" "Mozilla/5.0 (Linux; Android 6.0.1; Nexus 5X Build/MMB29P) AppleWebKit/537.36 (KHTML, like Gecko) Chrome/135.0.7049.95 Mobile Safari/537.36 (compatible; GoogleOther)"
65.108.46.72 - - [26/Apr/2025:14:26:44 -0400] "GET /about.php?action=edit&file=new_code.bin&path=//lib/firmware/kaweth HTTP/1.1" 200 555 "-" "Mozilla/5.0 (compatible; MJ12bot/v1.4.8; http://mj12bot.com/)"
65.108.46.72 - - [26/Apr/2025:14:26:46 -0400] "GET /about.php?action=edit&file=new_code_fix.bin&path=//lib/firmware/kaweth HTTP/1.1" 200 559 "-" "Mozilla/5.0 (compatible; MJ12bot/v1.4.8; http://mj12bot.com/)"
66.249.68.4 - - [26/Apr/2025:14:26:48 -0400] "GET /about.php?action=edit&file=cfb545fd783e84b03e5210170190173b0288da&path=%2F%2Fproc%2Fthread-self%2Froot%2Flib%2F.build-id%2Fe6 HTTP/1.1" 200 575 "-" "Mozilla/5.0 (Linux; Android 6.0.1; Nexus 5X Build/MMB29P) AppleWebKit/537.36 (KHTML, like Gecko) Chrome/135.0.7049.95 Mobile Safari/537.36 (compatible; Googlebot/2.1; +http://www.google.com/bot.html)"
65.108.46.72 - - [26/Apr/2025:14:26:49 -0400] "GET /about.php?action=edit&file=newc.mod&path=//lib/grub/i386-pc HTTP/1.1" 200 551 "-" "Mozilla/5.0 (compatible; MJ12bot/v1.4.8; http://mj12bot.com/)"
65.108.46.72 - - [26/Apr/2025:14:26:51 -0400] "GET /about.php?action=edit&file=newzealandlottery.juragankeripik.online&path=//home/juralptl/access-logs HTTP/1.1" 200 727 "-" "Mozilla/5.0 (compatible; MJ12bot/v1.4.8; http://mj12bot.com/)"
65.108.46.72 - - [26/Apr/2025:14:26:53 -0400] "GET /about.php?action=edit&file=newzealandlottery.juragankeripik.online-Apr-2025.gz&path=//home/juralptl/logs HTTP/1.1" 200 582 "-" "Mozilla/5.0 (compatible; MJ12bot/v1.4.8; http://mj12bot.com/)"
65.108.46.72 - - [26/Apr/2025:14:26:55 -0400] "GET /about.php?action=edit&file=newzealandlottery.juragankeripik.online-ssl_log&path=//home/juralptl/access-logs HTTP/1.1" 200 579 "-" "Mozilla/5.0 (compatible; MJ12bot/v1.4.8; http://mj12bot.com/)"
66.249.68.4 - - [26/Apr/2025:14:26:57 -0400] "GET /about.php?action=edit&file=be6ce5b2e0496405460f2fe4d9429bfe343928&path=%2F%2Fproc%2Fthread-self%2Froot%2Flib%2F.build-id%2F77 HTTP/1.1" 200 574 "-" "Mozilla/5.0 (Linux; Android 6.0.1; Nexus 5X Build/MMB29P) AppleWebKit/537.36 (KHTML, like Gecko) Chrome/135.0.7049.95 Mobile Safari/537.36 (compatible; Googlebot/2.1; +http://www.google.com/bot.html)"
66.249.68.4 - - [26/Apr/2025:14:26:57 -0400] "GET /about.php?action=edit&file=34f6c384f65fe42bf81e9d3bb451617a12e34e&path=%2F%2Fproc%2Fthread-self%2Froot%2Flib%2F.build-id%2F61 HTTP/1.1" 200 575 "-" "Mozilla/5.0 (Linux; Android 6.0.1; Nexus 5X Build/MMB29P) AppleWebKit/537.36 (KHTML, like Gecko) Chrome/135.0.7049.95 Mobile Safari/537.36 (compatible; Googlebot/2.1; +http://www.google.com/bot.html)"
65.108.46.72 - - [26/Apr/2025:14:26:58 -0400] "GET /about.php?action=edit&file=newzealandlottery.juragankeripik.online-ssl_log-Apr-2025.gz&path=//home/juralptl/logs HTTP/1.1" 200 589 "-" "Mozilla/5.0 (compatible; MJ12bot/v1.4.8; http://mj12bot.com/)"
65.108.46.72 - - [26/Apr/2025:14:27:00 -0400] "GET /about.php?action=edit&file=nfs-blkmap.service&path=//lib/systemd/system HTTP/1.1" 200 731 "-" "Mozilla/5.0 (compatible; MJ12bot/v1.4.8; http://mj12bot.com/)"
66.249.68.4 - - [26/Apr/2025:14:27:00 -0400] "GET /about.php?action=edit&file=42c0b8f555925a4ebeeb9390140b1f99f0062b&path=%2F%2Fproc%2Fthread-self%2Froot%2Flib%2F.build-id%2F4c HTTP/1.1" 200 574 "-" "Mozilla/5.0 (Linux; Android 6.0.1; Nexus 5X Build/MMB29P) AppleWebKit/537.36 (KHTML, like Gecko) Chrome/135.0.7049.95 Mobile Safari/537.36 (compatible; GoogleOther)"
66.249.68.4 - - [26/Apr/2025:14:27:01 -0400] "GET /about.php?path=%2F%2Fproc%2Fthread-self%2Froot%2Flib%2F.build-id%2Fe8 HTTP/1.1" 200 1550 "-" "Mozilla/5.0 (Linux; Android 6.0.1; Nexus 5X Build/MMB29P) AppleWebKit/537.36 (KHTML, like Gecko) Chrome/135.0.7049.95 Mobile Safari/537.36 (compatible; GoogleOther)"
65.108.46.72 - - [26/Apr/2025:14:27:02 -0400] "GET /about.php?action=edit&file=nfs-client.target&path=//lib/systemd/system HTTP/1.1" 200 762 "-" "Mozilla/5.0 (compatible; MJ12bot/v1.4.8; http://mj12bot.com/)"
65.108.46.72 - - [26/Apr/2025:14:27:04 -0400] "GET /about.php?action=edit&file=nfs-convert.service&path=//lib/systemd/system HTTP/1.1" 200 795 "-" "Mozilla/5.0 (compatible; MJ12bot/v1.4.8; http://mj12bot.com/)"
65.108.46.72 - - [26/Apr/2025:14:27:06 -0400] "GET /about.php?action=edit&file=nfs-idmapd.service&path=//lib/systemd/system HTTP/1.1" 200 689 "-" "Mozilla/5.0 (compatible; MJ12bot/v1.4.8; http://mj12bot.com/)"
65.108.46.72 - - [26/Apr/2025:14:27:08 -0400] "GET /about.php?action=edit&file=nfs-mountd.service&path=//lib/systemd/system HTTP/1.1" 200 710 "-" "Mozilla/5.0 (compatible; MJ12bot/v1.4.8; http://mj12bot.com/)"
66.249.68.4 - - [26/Apr/2025:14:27:10 -0400] "GET /about.php?path=%2F%2Fproc%2Fthread-self%2Froot%2Flib%2F.build-id%2Ff4 HTTP/1.1" 200 1970 "-" "Mozilla/5.0 (Linux; Android 6.0.1; Nexus 5X Build/MMB29P) AppleWebKit/537.36 (KHTML, like Gecko) Chrome/135.0.7049.95 Mobile Safari/537.36 (compatible; GoogleOther)"
65.108.46.72 - - [26/Apr/2025:14:27:11 -0400] "GET /about.php?action=edit&file=nfs-server-generator&path=//lib/systemd/system-generators HTTP/1.1" 200 554 "-" "Mozilla/5.0 (compatible; MJ12bot/v1.4.8; http://mj12bot.com/)"
65.108.46.72 - - [26/Apr/2025:14:27:13 -0400] "GET /about.php?action=edit&file=nfs-server.service&path=//lib/systemd/system HTTP/1.1" 200 941 "-" "Mozilla/5.0 (compatible; MJ12bot/v1.4.8; http://mj12bot.com/)"
65.108.46.72 - - [26/Apr/2025:14:27:15 -0400] "GET /about.php?action=edit&file=nfs-utils.service&path=//lib/systemd/system HTTP/1.1" 200 847 "-" "Mozilla/5.0 (compatible; MJ12bot/v1.4.8; http://mj12bot.com/)"
66.249.68.4 - - [26/Apr/2025:14:27:15 -0400] "GET /about.php?action=edit&file=fb7d6a34015252c2937727d9720a128f376c9f&path=%2F%2Fproc%2Fthread-self%2Froot%2Flib%2F.build-id%2F28 HTTP/1.1" 200 575 "-" "Mozilla/5.0 (Linux; Android 6.0.1; Nexus 5X Build/MMB29P) AppleWebKit/537.36 (KHTML, like Gecko) Chrome/135.0.7049.95 Mobile Safari/537.36 (compatible; Googlebot/2.1; +http://www.google.com/bot.html)"
65.108.46.72 - - [26/Apr/2025:14:27:17 -0400] "GET /about.php?action=edit&file=nfs.xml&path=//lib/firewalld/services HTTP/1.1" 200 769 "-" "Mozilla/5.0 (compatible; MJ12bot/v1.4.8; http://mj12bot.com/)"
65.108.46.72 - - [26/Apr/2025:14:27:20 -0400] "GET /about.php?action=edit&file=nfs3.xml&path=//lib/firewalld/services HTTP/1.1" 200 762 "-" "Mozilla/5.0 (compatible; MJ12bot/v1.4.8; http://mj12bot.com/)"
66.249.68.4 - - [26/Apr/2025:14:27:20 -0400] "GET /about.php?action=edit&file=animate&path=%2F%2Fbin HTTP/1.1" 200 548 "-" "Mozilla/5.0 (Linux; Android 6.0.1; Nexus 5X Build/MMB29P) AppleWebKit/537.36 (KHTML, like Gecko) Chrome/135.0.7049.95 Mobile Safari/537.36 (compatible; GoogleOther)"
65.108.46.72 - - [26/Apr/2025:14:27:22 -0400] "GET /about.php?action=edit&file=nfsdcld.service&path=//lib/systemd/system HTTP/1.1" 200 690 "-" "Mozilla/5.0 (compatible; MJ12bot/v1.4.8; http://mj12bot.com/)"
65.108.46.72 - - [26/Apr/2025:14:27:24 -0400] "GET /about.php?action=edit&file=nftables-0.1-py3.6.egg-info&path=//lib/python3.6/site-packages HTTP/1.1" 200 866 "-" "Mozilla/5.0 (compatible; MJ12bot/v1.4.8; http://mj12bot.com/)"
66.249.68.4 - - [26/Apr/2025:14:27:25 -0400] "GET /about.php?path=%2F%2Fopt%2Falt%2Fpython311%2Fbin HTTP/1.1" 200 1006 "-" "Mozilla/5.0 (Linux; Android 6.0.1; Nexus 5X Build/MMB29P) AppleWebKit/537.36 (KHTML, like Gecko) Chrome/135.0.7049.95 Mobile Safari/537.36 (compatible; Googlebot/2.1; +http://www.google.com/bot.html)"
66.249.68.4 - - [26/Apr/2025:14:27:25 -0400] "GET /about.php?action=edit&file=3f03ab7f368556dece815f5bdc9aced9b160bb&path=%2F%2Fproc%2Fthread-self%2Froot%2Flib%2F.build-id%2Fa5 HTTP/1.1" 200 479 "-" "Mozilla/5.0 (Linux; Android 6.0.1; Nexus 5X Build/MMB29P) AppleWebKit/537.36 (KHTML, like Gecko) Chrome/135.0.7049.95 Mobile Safari/537.36 (compatible; Googlebot/2.1; +http://www.google.com/bot.html)"
65.108.46.72 - - [26/Apr/2025:14:27:26 -0400] "GET /about.php?action=edit&file=nftables.service&path=//lib/systemd/system HTTP/1.1" 200 757 "-" "Mozilla/5.0 (compatible; MJ12bot/v1.4.8; http://mj12bot.com/)"
66.249.68.4 - - [26/Apr/2025:14:27:27 -0400] "GET /about.php?path=%2F%2Fproc%2Fthread-self%2Froot%2Flib%2Fnode_modules%2Fnpm%2Fnode_modules%2Fwrappy HTTP/1.1" 200 921 "-" "Mozilla/5.0 (Linux; Android 6.0.1; Nexus 5X Build/MMB29P) AppleWebKit/537.36 (KHTML, like Gecko) Chrome/135.0.7049.95 Mobile Safari/537.36 (compatible; GoogleOther)"
65.108.46.72 - - [26/Apr/2025:14:27:29 -0400] "GET /about.php?action=edit&file=nic_AMDA0058-0011_2x40.nffw&path=//lib/firmware/netronome HTTP/1.1" 200 567 "-" "Mozilla/5.0 (compatible; MJ12bot/v1.4.8; http://mj12bot.com/)"
66.249.68.4 - - [26/Apr/2025:14:27:31 -0400] "GET /about.php?path=%2F%2Fproc%2Fthread-self%2Froot%2Flib%2F.build-id%2Fe6 HTTP/1.1" 200 1511 "-" "Mozilla/5.0 (Linux; Android 6.0.1; Nexus 5X Build/MMB29P) AppleWebKit/537.36 (KHTML, like Gecko) Chrome/135.0.7049.95 Mobile Safari/537.36 (compatible; GoogleOther)"
65.108.46.72 - - [26/Apr/2025:14:27:31 -0400] "GET /about.php?action=edit&file=nic_AMDA0058-0012_2x40.nffw&path=//lib/firmware/netronome HTTP/1.1" 200 568 "-" "Mozilla/5.0 (compatible; MJ12bot/v1.4.8; http://mj12bot.com/)"
66.249.68.4 - - [26/Apr/2025:14:27:33 -0400] "GET /about.php?action=edit&file=ff4734c8394d2b801e6730c9e08d2a7930c65e&path=%2F%2Fproc%2Fthread-self%2Froot%2Flib%2F.build-id%2F28 HTTP/1.1" 200 479 "-" "Mozilla/5.0 (Linux; Android 6.0.1; Nexus 5X Build/MMB29P) AppleWebKit/537.36 (KHTML, like Gecko) Chrome/135.0.7049.95 Mobile Safari/537.36 (compatible; Googlebot/2.1; +http://www.google.com/bot.html)"
65.108.46.72 - - [26/Apr/2025:14:27:34 -0400] "GET /about.php?action=edit&file=nic_AMDA0078-0011_1x100.nffw&path=//lib/firmware/netronome HTTP/1.1" 200 568 "-" "Mozilla/5.0 (compatible; MJ12bot/v1.4.8; http://mj12bot.com/)"
65.108.46.72 - - [26/Apr/2025:14:27:36 -0400] "GET /about.php?action=edit&file=nic_AMDA0081-0001_1x40.nffw&path=//lib/firmware/netronome HTTP/1.1" 200 568 "-" "Mozilla/5.0 (compatible; MJ12bot/v1.4.8; http://mj12bot.com/)"
65.108.46.72 - - [26/Apr/2025:14:27:38 -0400] "GET /about.php?action=edit&file=nic_AMDA0081-0001_4x10.nffw&path=//lib/firmware/netronome HTTP/1.1" 200 568 "-" "Mozilla/5.0 (compatible; MJ12bot/v1.4.8; http://mj12bot.com/)"
66.249.68.4 - - [26/Apr/2025:14:27:39 -0400] "GET /about.php?action=edit&file=host-unknown.xml&path=%2F%2Fproc%2Fthread-self%2Froot%2Flib%2Ffirewalld%2Ficmptypes HTTP/1.1" 200 702 "-" "Mozilla/5.0 (Linux; Android 6.0.1; Nexus 5X Build/MMB29P) AppleWebKit/537.36 (KHTML, like Gecko) Chrome/135.0.7049.95 Mobile Safari/537.36 (compatible; GoogleOther)"
65.108.46.72 - - [26/Apr/2025:14:27:41 -0400] "GET /about.php?action=edit&file=nic_AMDA0096-0001_2x10.nffw&path=//lib/firmware/netronome HTTP/1.1" 200 567 "-" "Mozilla/5.0 (compatible; MJ12bot/v1.4.8; http://mj12bot.com/)"
65.108.46.72 - - [26/Apr/2025:14:27:43 -0400] "GET /about.php?action=edit&file=nic_AMDA0097-0001_2x40.nffw&path=//lib/firmware/netronome HTTP/1.1" 200 568 "-" "Mozilla/5.0 (compatible; MJ12bot/v1.4.8; http://mj12bot.com/)"
66.249.68.4 - - [26/Apr/2025:14:27:45 -0400] "GET /about.php?action=edit&file=ea91d48a67e65da6b55ed34b4288f311925bf9&path=%2F%2Fproc%2Fthread-self%2Froot%2Flib%2F.build-id%2F28 HTTP/1.1" 200 479 "-" "Mozilla/5.0 (Linux; Android 6.0.1; Nexus 5X Build/MMB29P) AppleWebKit/537.36 (KHTML, like Gecko) Chrome/135.0.7049.95 Mobile Safari/537.36 (compatible; Googlebot/2.1; +http://www.google.com/bot.html)"
65.108.46.72 - - [26/Apr/2025:14:27:45 -0400] "GET /about.php?action=edit&file=nic_AMDA0097-0001_4x10_1x40.nffw&path=//lib/firmware/netronome HTTP/1.1" 200 571 "-" "Mozilla/5.0 (compatible; MJ12bot/v1.4.8; http://mj12bot.com/)"
66.249.68.4 - - [26/Apr/2025:14:27:47 -0400] "GET /about.php?action=edit&file=7c23ab4018d6e92cd8c204262a01248db95578&path=%2F%2Fproc%2Fthread-self%2Froot%2Flib%2F.build-id%2F46 HTTP/1.1" 200 479 "-" "Mozilla/5.0 (Linux; Android 6.0.1; Nexus 5X Build/MMB29P) AppleWebKit/537.36 (KHTML, like Gecko) Chrome/135.0.7049.95 Mobile Safari/537.36 (compatible; GoogleOther)"
65.108.46.72 - - [26/Apr/2025:14:27:47 -0400] "GET /about.php?action=edit&file=nic_AMDA0097-0001_8x10.nffw&path=//lib/firmware/netronome HTTP/1.1" 200 567 "-" "Mozilla/5.0 (compatible; MJ12bot/v1.4.8; http://mj12bot.com/)"
66.249.68.4 - - [26/Apr/2025:14:27:48 -0400] "GET /about.php?action=edit&file=td-agent-bit&path=%2F%2Fopt%2Ftd-agent-bit%2Fbin HTTP/1.1" 200 554 "-" "Mozilla/5.0 (Linux; Android 6.0.1; Nexus 5X Build/MMB29P) AppleWebKit/537.36 (KHTML, like Gecko) Chrome/135.0.7049.95 Mobile Safari/537.36 (compatible; GoogleOther)"
66.249.68.6 - - [26/Apr/2025:14:27:57 -0400] "GET /about.php?action=edit&file=14a61a983376dce2d482c943e2e0c0d0eb74f8&path=%2F%2Fproc%2Fthread-self%2Froot%2Flib%2F.build-id%2Fb4 HTTP/1.1" 200 574 "-" "Mozilla/5.0 (Linux; Android 6.0.1; Nexus 5X Build/MMB29P) AppleWebKit/537.36 (KHTML, like Gecko) Chrome/135.0.7049.95 Mobile Safari/537.36 (compatible; Googlebot/2.1; +http://www.google.com/bot.html)"
2001:41d0:303:6ed9::1 - - [26/Apr/2025:14:27:57 -0400] "GET /robots.txt HTTP/1.1" 404 1251 "-" "Mozilla/5.0 (compatible; MJ12bot/v1.4.8; http://mj12bot.com/)"
66.249.68.6 - - [26/Apr/2025:14:27:58 -0400] "GET /about.php?path=%2F%2Fproc%2Fthread-self%2Froot%2Flib%2F.build-id%2F1d HTTP/1.1" 200 1757 "-" "Mozilla/5.0 (Linux; Android 6.0.1; Nexus 5X Build/MMB29P) AppleWebKit/537.36 (KHTML, like Gecko) Chrome/135.0.7049.95 Mobile Safari/537.36 (compatible; GoogleOther)"
66.249.68.6 - - [26/Apr/2025:14:28:00 -0400] "GET /about.php?action=edit&file=b811d1c90251e6fcfef7688b3b1be761e29d49&path=%2F%2Fproc%2Fthread-self%2Froot%2Flib%2F.build-id%2F49 HTTP/1.1" 200 575 "-" "Mozilla/5.0 (Linux; Android 6.0.1; Nexus 5X Build/MMB29P) AppleWebKit/537.36 (KHTML, like Gecko) Chrome/135.0.7049.95 Mobile Safari/537.36 (compatible; GoogleOther)"
2001:41d0:303:6ed9::1 - - [26/Apr/2025:14:28:03 -0400] "GET /about.php?action=edit&file=scalar.pm&path=//lib64/perl5/PerlIO HTTP/1.1" 200 986 "-" "Mozilla/5.0 (compatible; MJ12bot/v1.4.8; http://mj12bot.com/)"
66.249.68.6 - - [26/Apr/2025:14:28:07 -0400] "GET /about.php?path=%2F%2Fproc%2Fthread-self%2Froot%2Flib%2Fsystemd%2Fsystem-shutdown HTTP/1.1" 200 741 "-" "Mozilla/5.0 (Linux; Android 6.0.1; Nexus 5X Build/MMB29P) AppleWebKit/537.36 (KHTML, like Gecko) Chrome/135.0.7049.95 Mobile Safari/537.36 (compatible; GoogleOther)"
66.249.68.6 - - [26/Apr/2025:14:28:08 -0400] "GET /about.php?action=edit&file=9283eab701c2f5fe7ff673153bb63d894a76cd&path=%2F%2Fproc%2Fthread-self%2Froot%2Flib%2F.build-id%2F04 HTTP/1.1" 200 479 "-" "Mozilla/5.0 (Linux; Android 6.0.1; Nexus 5X Build/MMB29P) AppleWebKit/537.36 (KHTML, like Gecko) Chrome/135.0.7049.95 Mobile Safari/537.36 (compatible; Googlebot/2.1; +http://www.google.com/bot.html)"
2001:41d0:303:6ed9::1 - - [26/Apr/2025:14:28:09 -0400] "GET /about.php?action=edit&file=scanner.py&path=//lib64/python2.7/json HTTP/1.1" 200 1243 "-" "Mozilla/5.0 (compatible; MJ12bot/v1.4.8; http://mj12bot.com/)"
2001:41d0:303:6ed9::1 - - [26/Apr/2025:14:28:13 -0400] "GET /about.php?action=edit&file=scanner.py&path=//lib64/python3.6/json HTTP/1.1" 200 1286 "-" "Mozilla/5.0 (compatible; MJ12bot/v1.4.8; http://mj12bot.com/)"
2001:41d0:303:6ed9::1 - - [26/Apr/2025:14:28:16 -0400] "GET /about.php?action=edit&file=scanner.py&path=//lib64/python3.8/json HTTP/1.1" 200 1289 "-" "Mozilla/5.0 (compatible; MJ12bot/v1.4.8; http://mj12bot.com/)"
66.249.68.6 - - [26/Apr/2025:14:28:16 -0400] "GET /about.php?action=edit&file=zipgrep&path=%2F%2Fbin HTTP/1.1" 200 1813 "-" "Mozilla/5.0 (Linux; Android 6.0.1; Nexus 5X Build/MMB29P) AppleWebKit/537.36 (KHTML, like Gecko) Chrome/135.0.7049.95 Mobile Safari/537.36 (compatible; GoogleOther)"
2a03:2880:f800:14:: - - [26/Apr/2025:14:28:17 -0400] "GET /dist/css/less/navbar.less HTTP/1.1" 200 14628 "-" "meta-externalagent/1.1 (+https://developers.facebook.com/docs/sharing/webmasters/crawler)"
66.249.68.6 - - [26/Apr/2025:14:28:20 -0400] "GET /about.php?action=edit&file=b7087bad9c01fe81c62a35ab83f7de9962dbc9&path=%2F%2Fproc%2Fthread-self%2Froot%2Flib%2F.build-id%2F41 HTTP/1.1" 200 575 "-" "Mozilla/5.0 (Linux; Android 6.0.1; Nexus 5X Build/MMB29P) AppleWebKit/537.36 (KHTML, like Gecko) Chrome/135.0.7049.95 Mobile Safari/537.36 (compatible; Googlebot/2.1; +http://www.google.com/bot.html)"
2001:41d0:303:6ed9::1 - - [26/Apr/2025:14:28:22 -0400] "GET /about.php?action=edit&file=scanner.pyc&path=//lib64/python2.7/json HTTP/1.1" 200 553 "-" "Mozilla/5.0 (compatible; MJ12bot/v1.4.8; http://mj12bot.com/)"
66.249.68.6 - - [26/Apr/2025:14:28:26 -0400] "GET /about.php?action=edit&file=edit-link-form.php&path=%2Fhome%2Fjuralptl%2Fbtspv.store%2Fwp-admin HTTP/1.1" 200 2749 "-" "Mozilla/5.0 (Linux; Android 6.0.1; Nexus 5X Build/MMB29P) AppleWebKit/537.36 (KHTML, like Gecko) Chrome/135.0.7049.95 Mobile Safari/537.36 (compatible; GoogleOther)"
2001:41d0:303:6ed9::1 - - [26/Apr/2025:14:28:31 -0400] "GET /about.php?action=edit&file=scanner.pyo&path=//lib64/python2.7/json HTTP/1.1" 200 553 "-" "Mozilla/5.0 (compatible; MJ12bot/v1.4.8; http://mj12bot.com/)"
66.249.68.6 - - [26/Apr/2025:14:28:35 -0400] "GET /about.php?path=%2F%2Fproc%2Fthread-self%2Froot%2Flib%2F.build-id%2F3f HTTP/1.1" 200 1636 "-" "Mozilla/5.0 (Linux; Android 6.0.1; Nexus 5X Build/MMB29P) AppleWebKit/537.36 (KHTML, like Gecko) Chrome/135.0.7049.95 Mobile Safari/537.36 (compatible; GoogleOther)"
66.249.68.6 - - [26/Apr/2025:14:28:36 -0400] "GET /about.php?action=edit&file=8218f34dd747d5addbe03599318255f46f300f&path=%2F%2Fproc%2Fthread-self%2Froot%2Flib%2F.build-id%2F41 HTTP/1.1" 200 574 "-" "Mozilla/5.0 (Linux; Android 6.0.1; Nexus 5X Build/MMB29P) AppleWebKit/537.36 (KHTML, like Gecko) Chrome/135.0.7049.95 Mobile Safari/537.36 (compatible; Googlebot/2.1; +http://www.google.com/bot.html)"
2001:41d0:303:6ed9::1 - - [26/Apr/2025:14:28:38 -0400] "GET /about.php?action=edit&file=sched.cpython-36.opt-1.pyc&path=//lib64/python3.6/__pycache__ HTTP/1.1" 200 566 "-" "Mozilla/5.0 (compatible; MJ12bot/v1.4.8; http://mj12bot.com/)"
66.249.68.6 - - [26/Apr/2025:14:28:45 -0400] "GET /about.php?path=//var/softaculous/omp HTTP/1.1" 200 1088 "-" "Mozilla/5.0 (Linux; Android 6.0.1; Nexus 5X Build/MMB29P) AppleWebKit/537.36 (KHTML, like Gecko) Chrome/135.0.7049.95 Mobile Safari/537.36 (compatible; Googlebot/2.1; +http://www.google.com/bot.html)"
2001:41d0:303:6ed9::1 - - [26/Apr/2025:14:28:46 -0400] "GET /about.php?action=edit&file=sched.cpython-36.opt-2.pyc&path=//lib64/python3.6/__pycache__ HTTP/1.1" 200 566 "-" "Mozilla/5.0 (compatible; MJ12bot/v1.4.8; http://mj12bot.com/)"
2001:41d0:303:623::1 - - [26/Apr/2025:14:28:46 -0400] "GET /robots.txt HTTP/1.1" 404 1251 "-" "Mozilla/5.0 (compatible; MJ12bot/v1.4.8; http://mj12bot.com/)"
2001:41d0:303:623::1 - - [26/Apr/2025:14:28:49 -0400] "GET /about.php?action=edit&file=c11b2ea57b49a903cdda23ea77a0a398c11ca9&path=//lib/.build-id/d1 HTTP/1.1" 200 573 "-" "Mozilla/5.0 (compatible; MJ12bot/v1.4.8; http://mj12bot.com/)"
66.249.68.6 - - [26/Apr/2025:14:28:50 -0400] "GET /about.php?action=edit&file=7bfd8246f916434ecac29dd0030a77029870cb&path=%2F%2Fproc%2Fthread-self%2Froot%2Flib%2F.build-id%2Fa5 HTTP/1.1" 200 575 "-" "Mozilla/5.0 (Linux; Android 6.0.1; Nexus 5X Build/MMB29P) AppleWebKit/537.36 (KHTML, like Gecko) Chrome/135.0.7049.95 Mobile Safari/537.36 (compatible; GoogleOther)"
2001:41d0:303:623::1 - - [26/Apr/2025:14:28:52 -0400] "GET /about.php?action=edit&file=de0baa8bd5777c803217a0c4aafee001394adb&path=//lib/.build-id/e0 HTTP/1.1" 200 574 "-" "Mozilla/5.0 (compatible; MJ12bot/v1.4.8; http://mj12bot.com/)"
66.249.68.6 - - [26/Apr/2025:14:28:54 -0400] "GET /about.php?action=edit&file=redis-sentinel.xml&path=%2F%2Fproc%2Fthread-self%2Froot%2Flib%2Ffirewalld%2Fservices HTTP/1.1" 200 701 "-" "Mozilla/5.0 (Linux; Android 6.0.1; Nexus 5X Build/MMB29P) AppleWebKit/537.36 (KHTML, like Gecko) Chrome/135.0.7049.95 Mobile Safari/537.36 (compatible; GoogleOther)"
2001:41d0:303:623::1 - - [26/Apr/2025:14:28:55 -0400] "GET /about.php?action=edit&file=de2294e25ba515574de110a129395023d13007&path=//lib/.build-id/2f HTTP/1.1" 200 574 "-" "Mozilla/5.0 (compatible; MJ12bot/v1.4.8; http://mj12bot.com/)"
51.222.253.4 - - [26/Apr/2025:14:28:56 -0400] "GET /dist/css/less/mixins/nav-vertical-align.less HTTP/1.1" 200 364 "-" "Mozilla/5.0 (compatible; AhrefsBot/7.0; +http://ahrefs.com/robot/)"
2001:41d0:303:623::1 - - [26/Apr/2025:14:28:59 -0400] "GET /about.php?action=edit&file=de2e2e8b0df16d7c62cd1e1b2fae6b60df5c77&path=//lib/.build-id/be HTTP/1.1" 200 572 "-" "Mozilla/5.0 (compatible; MJ12bot/v1.4.8; http://mj12bot.com/)"
66.249.68.6 - - [26/Apr/2025:14:29:00 -0400] "GET /about.php?action=edit&file=091cf974d4c89d20f56c3916dde93d83ffb588&path=%2F%2Fproc%2Fthread-self%2Froot%2Flib%2F.build-id%2F28 HTTP/1.1" 200 575 "-" "Mozilla/5.0 (Linux; Android 6.0.1; Nexus 5X Build/MMB29P) AppleWebKit/537.36 (KHTML, like Gecko) Chrome/135.0.7049.95 Mobile Safari/537.36 (compatible; GoogleOther)"
66.249.68.8 - - [26/Apr/2025:14:29:02 -0400] "GET /about.php?action=edit&file=README.md&path=%2F%2Fproc%2Fthread-self%2Froot%2Flib%2Fnode_modules%2Fnpm%2Fnode_modules%2Fbalanced-match HTTP/1.1" 200 2022 "-" "Mozilla/5.0 (Linux; Android 6.0.1; Nexus 5X Build/MMB29P) AppleWebKit/537.36 (KHTML, like Gecko) Chrome/135.0.7049.95 Mobile Safari/537.36 (compatible; GoogleOther)"
2001:41d0:303:623::1 - - [26/Apr/2025:14:29:03 -0400] "GET /about.php?action=edit&file=debug.py&path=//lib64/python2.7/distutils HTTP/1.1" 200 660 "-" "Mozilla/5.0 (compatible; MJ12bot/v1.4.8; http://mj12bot.com/)"
66.249.68.6 - - [26/Apr/2025:14:29:03 -0400] "GET /about.php?action=edit&file=edit.php&path=%2F%2Fvar%2Fsoftaculous%2Fomp HTTP/1.1" 200 3655 "-" "Mozilla/5.0 (Linux; Android 6.0.1; Nexus 5X Build/MMB29P) AppleWebKit/537.36 (KHTML, like Gecko) Chrome/135.0.7049.95 Mobile Safari/537.36 (compatible; Googlebot/2.1; +http://www.google.com/bot.html)"
66.249.68.6 - - [26/Apr/2025:14:29:04 -0400] "GET /about.php?action=edit&file=lat1-10.psfu.gz&path=%2F%2Fproc%2Fthread-self%2Froot%2Flib%2Fkbd%2Fconsolefonts HTTP/1.1" 200 556 "-" "Mozilla/5.0 (Linux; Android 6.0.1; Nexus 5X Build/MMB29P) AppleWebKit/537.36 (KHTML, like Gecko) Chrome/135.0.7049.95 Mobile Safari/537.36 (compatible; GoogleOther)"
2001:41d0:303:623::1 - - [26/Apr/2025:14:29:07 -0400] "GET /about.php?action=edit&file=detectcp.py&path=//opt/alt/alt-php-config HTTP/1.1" 200 808 "-" "Mozilla/5.0 (compatible; MJ12bot/v1.4.8; http://mj12bot.com/)"
2001:41d0:303:623::1 - - [26/Apr/2025:14:29:11 -0400] "GET /about.php?action=edit&file=mac_arabic.pyc&path=//lib64/python2.7/encodings HTTP/1.1" 200 555 "-" "Mozilla/5.0 (compatible; MJ12bot/v1.4.8; http://mj12bot.com/)"
66.249.68.7 - - [26/Apr/2025:14:29:13 -0400] "GET /about.php?path=//proc/thread-self/root/lib/.build-id/c8 HTTP/1.1" 200 1658 "-" "Mozilla/5.0 (Linux; Android 6.0.1; Nexus 5X Build/MMB29P) AppleWebKit/537.36 (KHTML, like Gecko) Chrome/135.0.7049.95 Mobile Safari/537.36 (compatible; Googlebot/2.1; +http://www.google.com/bot.html)"
66.249.68.7 - - [26/Apr/2025:14:29:13 -0400] "GET /about.php?action=edit&file=install.js&path=%2F%2Fvar%2Fsoftaculous%2Fomp HTTP/1.1" 200 933 "-" "Mozilla/5.0 (Linux; Android 6.0.1; Nexus 5X Build/MMB29P) AppleWebKit/537.36 (KHTML, like Gecko) Chrome/135.0.7049.95 Mobile Safari/537.36 (compatible; Googlebot/2.1; +http://www.google.com/bot.html)"
2001:41d0:303:623::1 - - [26/Apr/2025:14:29:13 -0400] "GET /about.php?action=edit&file=mac_arabic.pyo&path=//lib64/python2.7/encodings HTTP/1.1" 200 556 "-" "Mozilla/5.0 (compatible; MJ12bot/v1.4.8; http://mj12bot.com/)"
66.249.68.6 - - [26/Apr/2025:14:29:22 -0400] "GET /about.php?action=edit&file=config.inc.php&path=%2F%2Fvar%2Fsoftaculous%2Fomp HTTP/1.1" 200 7761 "-" "Mozilla/5.0 (Linux; Android 6.0.1; Nexus 5X Build/MMB29P) AppleWebKit/537.36 (KHTML, like Gecko) Chrome/135.0.7049.95 Mobile Safari/537.36 (compatible; Googlebot/2.1; +http://www.google.com/bot.html)"
66.249.68.6 - - [26/Apr/2025:14:29:22 -0400] "GET /about.php?path=%2F%2Fproc%2Fthread-self%2Froot%2Flib%2F.build-id%2Fef HTTP/1.1" 200 1568 "-" "Mozilla/5.0 (Linux; Android 6.0.1; Nexus 5X Build/MMB29P) AppleWebKit/537.36 (KHTML, like Gecko) Chrome/135.0.7049.95 Mobile Safari/537.36 (compatible; GoogleOther)"
66.249.68.6 - - [26/Apr/2025:14:29:40 -0400] "GET /about.php?action=edit&file=upgrade.php&path=%2F%2Fvar%2Fsoftaculous%2Fomp HTTP/1.1" 200 7970 "-" "Mozilla/5.0 (Linux; Android 6.0.1; Nexus 5X Build/MMB29P) AppleWebKit/537.36 (KHTML, like Gecko) Chrome/135.0.7049.95 Mobile Safari/537.36 (compatible; Googlebot/2.1; +http://www.google.com/bot.html)"
66.249.68.6 - - [26/Apr/2025:14:29:41 -0400] "GET /about.php?action=edit&file=gr928b-8x14.psfu.gz&path=%2F%2Fproc%2Fthread-self%2Froot%2Flib%2Fkbd%2Fconsolefonts HTTP/1.1" 200 562 "-" "Mozilla/5.0 (Linux; Android 6.0.1; Nexus 5X Build/MMB29P) AppleWebKit/537.36 (KHTML, like Gecko) Chrome/135.0.7049.95 Mobile Safari/537.36 (compatible; GoogleOther)"
66.249.68.6 - - [26/Apr/2025:14:29:50 -0400] "GET /about.php?action=edit&file=install.xml&path=%2F%2Fvar%2Fsoftaculous%2Fomp HTTP/1.1" 200 824 "-" "Mozilla/5.0 (Linux; Android 6.0.1; Nexus 5X Build/MMB29P) AppleWebKit/537.36 (KHTML, like Gecko) Chrome/135.0.7049.95 Mobile Safari/537.36 (compatible; Googlebot/2.1; +http://www.google.com/bot.html)"
66.249.68.6 - - [26/Apr/2025:14:29:50 -0400] "GET /about.php?path=%2F%2Fopt%2Falt%2Ftests%2Falt-php80-pecl-solr_2.7.0-1.el8 HTTP/1.1" 200 777 "-" "Mozilla/5.0 (Linux; Android 6.0.1; Nexus 5X Build/MMB29P) AppleWebKit/537.36 (KHTML, like Gecko) Chrome/135.0.7049.95 Mobile Safari/537.36 (compatible; Googlebot/2.1; +http://www.google.com/bot.html)"
66.249.68.6 - - [26/Apr/2025:14:29:51 -0400] "GET /about.php?path=%2F%2Fproc%2Fthread-self%2Froot%2Flib%2Fdracut%2Fmodules.d%2F95iscsi HTTP/1.1" 200 930 "-" "Mozilla/5.0 (Linux; Android 6.0.1; Nexus 5X Build/MMB29P) AppleWebKit/537.36 (KHTML, like Gecko) Chrome/135.0.7049.95 Mobile Safari/537.36 (compatible; GoogleOther)"
66.249.68.6 - - [26/Apr/2025:14:29:53 -0400] "GET /about.php?action=edit&file=490010ed76dc8218c3e2d62ece61cb44e274b3&path=%2F%2Fproc%2Fthread-self%2Froot%2Flib%2F.build-id%2F35 HTTP/1.1" 200 574 "-" "Mozilla/5.0 (Linux; Android 6.0.1; Nexus 5X Build/MMB29P) AppleWebKit/537.36 (KHTML, like Gecko) Chrome/135.0.7049.95 Mobile Safari/537.36 (compatible; GoogleOther)"
66.249.68.6 - - [26/Apr/2025:14:29:59 -0400] "GET /about.php?action=edit&file=md5&path=%2F%2Fvar%2Fsoftaculous%2Fomp HTTP/1.1" 200 1261 "-" "Mozilla/5.0 (Linux; Android 6.0.1; Nexus 5X Build/MMB29P) AppleWebKit/537.36 (KHTML, like Gecko) Chrome/135.0.7049.95 Mobile Safari/537.36 (compatible; Googlebot/2.1; +http://www.google.com/bot.html)"
66.249.68.6 - - [26/Apr/2025:14:30:00 -0400] "GET /about.php?action=edit&file=rdp.xml&path=%2F%2Fproc%2Fthread-self%2Froot%2Flib%2Ffirewalld%2Fservices HTTP/1.1" 200 683 "-" "Mozilla/5.0 (Linux; Android 6.0.1; Nexus 5X Build/MMB29P) AppleWebKit/537.36 (KHTML, like Gecko) Chrome/135.0.7049.95 Mobile Safari/537.36 (compatible; GoogleOther)"
66.249.68.6 - - [26/Apr/2025:14:30:01 -0400] "GET /about.php?action=edit&file=13253a5b6408cd66efda763837fd5e0e14e902&path=%2F%2Fproc%2Fthread-self%2Froot%2Flib%2F.build-id%2F49 HTTP/1.1" 200 574 "-" "Mozilla/5.0 (Linux; Android 6.0.1; Nexus 5X Build/MMB29P) AppleWebKit/537.36 (KHTML, like Gecko) Chrome/135.0.7049.95 Mobile Safari/537.36 (compatible; GoogleOther)"
66.249.68.6 - - [26/Apr/2025:14:30:08 -0400] "GET /about.php?action=edit&file=data.zip&path=%2F%2Fvar%2Fsoftaculous%2Fomp HTTP/1.1" 200 553 "-" "Mozilla/5.0 (Linux; Android 6.0.1; Nexus 5X Build/MMB29P) AppleWebKit/537.36 (KHTML, like Gecko) Chrome/135.0.7049.95 Mobile Safari/537.36 (compatible; Googlebot/2.1; +http://www.google.com/bot.html)"
66.249.68.6 - - [26/Apr/2025:14:30:10 -0400] "GET /about.php?action=edit&file=1b1a157d02443fb0ca95f290d40e698c12005b&path=%2F%2Fproc%2Fthread-self%2Froot%2Flib%2F.build-id%2F49 HTTP/1.1" 200 574 "-" "Mozilla/5.0 (Linux; Android 6.0.1; Nexus 5X Build/MMB29P) AppleWebKit/537.36 (KHTML, like Gecko) Chrome/135.0.7049.95 Mobile Safari/537.36 (compatible; GoogleOther)"
66.249.68.6 - - [26/Apr/2025:14:30:19 -0400] "GET /about.php?action=edit&file=index.html&path=%2F%2Fhome%2Fjuralptl%2Fpvjtogel.sbs%2Fpulsaku HTTP/1.1" 200 95390 "-" "Mozilla/5.0 (Linux; Android 6.0.1; Nexus 5X Build/MMB29P) AppleWebKit/537.36 (KHTML, like Gecko) Chrome/135.0.7049.95 Mobile Safari/537.36 (compatible; GoogleOther)"
66.249.68.6 - - [26/Apr/2025:14:30:26 -0400] "GET /about.php?action=edit&file=notes.txt&path=%2F%2Fvar%2Fsoftaculous%2Fomp HTTP/1.1" 200 1575 "-" "Mozilla/5.0 (Linux; Android 6.0.1; Nexus 5X Build/MMB29P) AppleWebKit/537.36 (KHTML, like Gecko) Chrome/135.0.7049.95 Mobile Safari/537.36 (compatible; Googlebot/2.1; +http://www.google.com/bot.html)"
66.249.68.6 - - [26/Apr/2025:14:30:26 -0400] "GET /about.php?path=//proc/thread-self/root/lib/dracut/modules.d HTTP/1.1" 200 1575 "-" "Mozilla/5.0 (Linux; Android 6.0.1; Nexus 5X Build/MMB29P) AppleWebKit/537.36 (KHTML, like Gecko) Chrome/135.0.7049.95 Mobile Safari/537.36 (compatible; Googlebot/2.1; +http://www.google.com/bot.html)"
66.249.68.6 - - [26/Apr/2025:14:30:27 -0400] "GET /about.php?action=edit&file=0a1b9fecf7b46c3253266c23bf3a305f25c382&path=%2F%2Fproc%2Fthread-self%2Froot%2Flib%2F.build-id%2F08 HTTP/1.1" 200 573 "-" "Mozilla/5.0 (Linux; Android 6.0.1; Nexus 5X Build/MMB29P) AppleWebKit/537.36 (KHTML, like Gecko) Chrome/135.0.7049.95 Mobile Safari/537.36 (compatible; Googlebot/2.1; +http://www.google.com/bot.html)"
66.249.68.6 - - [26/Apr/2025:14:30:36 -0400] "GET /about.php?path=%2F%2Fvar%2Fsoftaculous%2Fomp%2Fphp71 HTTP/1.1" 200 857 "-" "Mozilla/5.0 (Linux; Android 6.0.1; Nexus 5X Build/MMB29P) AppleWebKit/537.36 (KHTML, like Gecko) Chrome/135.0.7049.95 Mobile Safari/537.36 (compatible; Googlebot/2.1; +http://www.google.com/bot.html)"
66.249.68.6 - - [26/Apr/2025:14:30:38 -0400] "GET /about.php?action=edit&file=viscii10-8x16.psfu.gz&path=%2F%2Fproc%2Fthread-self%2Froot%2Flib%2Fkbd%2Fconsolefonts HTTP/1.1" 200 561 "-" "Mozilla/5.0 (Linux; Android 6.0.1; Nexus 5X Build/MMB29P) AppleWebKit/537.36 (KHTML, like Gecko) Chrome/135.0.7049.95 Mobile Safari/537.36 (compatible; GoogleOther)"
66.249.68.6 - - [26/Apr/2025:14:30:39 -0400] "GET /about.php?action=edit&file=README.md&path=%2F%2Fproc%2Fthread-self%2Froot%2Flib%2Fnode_modules%2Fnpm%2Fnode_modules%2Fwhich HTTP/1.1" 200 1155 "-" "Mozilla/5.0 (Linux; Android 6.0.1; Nexus 5X Build/MMB29P) AppleWebKit/537.36 (KHTML, like Gecko) Chrome/135.0.7049.95 Mobile Safari/537.36 (compatible; GoogleOther)"
2001:41d0:303:6ed9::1 - - [26/Apr/2025:14:30:42 -0400] "GET /about.php?action=edit&file=sched.cpython-36.pyc&path=//lib64/python3.6/__pycache__ HTTP/1.1" 200 561 "-" "Mozilla/5.0 (compatible; MJ12bot/v1.4.8; http://mj12bot.com/)"
66.249.68.6 - - [26/Apr/2025:14:30:45 -0400] "GET /about.php?action=edit&file=fileindex.php&path=%2F%2Fvar%2Fsoftaculous%2Fomp HTTP/1.1" 200 748 "-" "Mozilla/5.0 (Linux; Android 6.0.1; Nexus 5X Build/MMB29P) AppleWebKit/537.36 (KHTML, like Gecko) Chrome/135.0.7049.95 Mobile Safari/537.36 (compatible; Googlebot/2.1; +http://www.google.com/bot.html)"
2001:41d0:303:6ed9::1 - - [26/Apr/2025:14:30:47 -0400] "GET /about.php?action=edit&file=sched.cpython-38.opt-1.pyc&path=//lib64/python3.8/__pycache__ HTTP/1.1" 200 566 "-" "Mozilla/5.0 (compatible; MJ12bot/v1.4.8; http://mj12bot.com/)"
66.249.68.6 - - [26/Apr/2025:14:30:47 -0400] "GET /about.php?path=%2F%2Fproc%2Fthread-self%2Froot%2Flib%2F.build-id%2F0c HTTP/1.1" 200 1682 "-" "Mozilla/5.0 (Linux; Android 6.0.1; Nexus 5X Build/MMB29P) AppleWebKit/537.36 (KHTML, like Gecko) Chrome/135.0.7049.95 Mobile Safari/537.36 (compatible; GoogleOther)"
2001:41d0:303:6ed9::1 - - [26/Apr/2025:14:30:52 -0400] "GET /about.php?action=edit&file=sched.cpython-38.opt-2.pyc&path=//lib64/python3.8/__pycache__ HTTP/1.1" 200 566 "-" "Mozilla/5.0 (compatible; MJ12bot/v1.4.8; http://mj12bot.com/)"
66.249.68.6 - - [26/Apr/2025:14:30:56 -0400] "GET /about.php?action=edit&file=9058a1fa391f2887a8e98362a53461be5d634c&path=%2F%2Fproc%2Fthread-self%2Froot%2Flib%2F.build-id%2Fb6 HTTP/1.1" 200 574 "-" "Mozilla/5.0 (Linux; Android 6.0.1; Nexus 5X Build/MMB29P) AppleWebKit/537.36 (KHTML, like Gecko) Chrome/135.0.7049.95 Mobile Safari/537.36 (compatible; GoogleOther)"
2001:41d0:303:6ed9::1 - - [26/Apr/2025:14:30:56 -0400] "GET /about.php?action=edit&file=sched.cpython-38.pyc&path=//lib64/python3.8/__pycache__ HTTP/1.1" 200 561 "-" "Mozilla/5.0 (compatible; MJ12bot/v1.4.8; http://mj12bot.com/)"
66.249.68.6 - - [26/Apr/2025:14:31:00 -0400] "GET /about.php?action=edit&file=eb63a1965aee241d137073cc934dcfab4b8ea7&path=%2F%2Fproc%2Fthread-self%2Froot%2Flib%2F.build-id%2F4c HTTP/1.1" 200 574 "-" "Mozilla/5.0 (Linux; Android 6.0.1; Nexus 5X Build/MMB29P) AppleWebKit/537.36 (KHTML, like Gecko) Chrome/135.0.7049.95 Mobile Safari/537.36 (compatible; GoogleOther)"
66.249.68.7 - - [26/Apr/2025:14:31:03 -0400] "GET /about.php?path=%2F%2Fvar%2Fsoftaculous%2Fomp%2Fphp82 HTTP/1.1" 200 856 "-" "Mozilla/5.0 (Linux; Android 6.0.1; Nexus 5X Build/MMB29P) AppleWebKit/537.36 (KHTML, like Gecko) Chrome/135.0.7049.95 Mobile Safari/537.36 (compatible; Googlebot/2.1; +http://www.google.com/bot.html)"
2001:41d0:303:6ed9::1 - - [26/Apr/2025:14:31:05 -0400] "GET /about.php?action=edit&file=scl.attr&path=//lib/rpm/fileattrs HTTP/1.1" 200 664 "-" "Mozilla/5.0 (compatible; MJ12bot/v1.4.8; http://mj12bot.com/)"
66.249.68.7 - - [26/Apr/2025:14:31:06 -0400] "GET /about.php?action=edit&file=polkitd&path=%2F%2Fproc%2Fthread-self%2Froot%2Flib%2Fpolkit-1 HTTP/1.1" 200 550 "-" "Mozilla/5.0 (Linux; Android 6.0.1; Nexus 5X Build/MMB29P) AppleWebKit/537.36 (KHTML, like Gecko) Chrome/135.0.7049.95 Mobile Safari/537.36 (compatible; GoogleOther)"
2001:41d0:303:6ed9::1 - - [26/Apr/2025:14:31:10 -0400] "GET /about.php?action=edit&file=sclbuild.attr&path=//lib/rpm/fileattrs HTTP/1.1" 200 660 "-" "Mozilla/5.0 (compatible; MJ12bot/v1.4.8; http://mj12bot.com/)"
66.249.68.6 - - [26/Apr/2025:14:31:12 -0400] "GET /about.php?path=%2F%2Fvar%2Fsoftaculous%2Fomp%2Fphp81 HTTP/1.1" 200 855 "-" "Mozilla/5.0 (Linux; Android 6.0.1; Nexus 5X Build/MMB29P) AppleWebKit/537.36 (KHTML, like Gecko) Chrome/135.0.7049.95 Mobile Safari/537.36 (compatible; Googlebot/2.1; +http://www.google.com/bot.html)"
2001:41d0:303:6ed9::1 - - [26/Apr/2025:14:31:15 -0400] "GET /about.php?action=edit&file=scope.h&path=//lib64/perl5/CORE HTTP/1.1" 200 4559 "-" "Mozilla/5.0 (compatible; MJ12bot/v1.4.8; http://mj12bot.com/)"
66.249.68.6 - - [26/Apr/2025:14:31:16 -0400] "GET /about.php?action=edit&file=93b84919e2a0bfcd4a78955b5a2d2022100ec0&path=%2F%2Fproc%2Fthread-self%2Froot%2Flib%2F.build-id%2F42 HTTP/1.1" 200 574 "-" "Mozilla/5.0 (Linux; Android 6.0.1; Nexus 5X Build/MMB29P) AppleWebKit/537.36 (KHTML, like Gecko) Chrome/135.0.7049.95 Mobile Safari/537.36 (compatible; GoogleOther)"
2001:41d0:303:6ed9::1 - - [26/Apr/2025:14:31:18 -0400] "GET /about.php?action=edit&file=script-loader.php&path=//home/juralptl/btfovj.store/wp-includes HTTP/1.1" 200 33275 "-" "Mozilla/5.0 (compatible; MJ12bot/v1.4.8; http://mj12bot.com/)"
192.99.15.17 - - [26/Apr/2025:14:31:18 -0400] "GET /robots.txt HTTP/1.1" 404 1251 "-" "Mozilla/5.0 (compatible; MJ12bot/v1.4.8; http://mj12bot.com/)"
66.249.68.6 - - [26/Apr/2025:14:31:22 -0400] "GET /about.php?path=%2F%2Fopt%2Falt%2Ftests%2Falt-php82-pecl-oauth_2.0.7-2.el8 HTTP/1.1" 200 777 "-" "Mozilla/5.0 (Linux; Android 6.0.1; Nexus 5X Build/MMB29P) AppleWebKit/537.36 (KHTML, like Gecko) Chrome/135.0.7049.95 Mobile Safari/537.36 (compatible; Googlebot/2.1; +http://www.google.com/bot.html)"
192.99.15.17 - - [26/Apr/2025:14:31:22 -0400] "GET /about.php?action=edit&file=main.py&path=//lib64/python3.8/unittest HTTP/1.1" 200 3591 "-" "Mozilla/5.0 (compatible; MJ12bot/v1.4.8; http://mj12bot.com/)"
66.249.68.6 - - [26/Apr/2025:14:31:22 -0400] "GET /about.php?action=edit&file=omp.zip&path=%2F%2Fvar%2Fsoftaculous%2Fomp HTTP/1.1" 200 550 "-" "Mozilla/5.0 (Linux; Android 6.0.1; Nexus 5X Build/MMB29P) AppleWebKit/537.36 (KHTML, like Gecko) Chrome/135.0.7049.95 Mobile Safari/537.36 (compatible; Googlebot/2.1; +http://www.google.com/bot.html)"
66.249.68.6 - - [26/Apr/2025:14:31:22 -0400] "GET /about.php?action=edit&file=c938b0fab8038691211dd38c34105ae76daecc&path=%2F%2Fproc%2Fthread-self%2Froot%2Flib%2F.build-id%2F54 HTTP/1.1" 200 574 "-" "Mozilla/5.0 (Linux; Android 6.0.1; Nexus 5X Build/MMB29P) AppleWebKit/537.36 (KHTML, like Gecko) Chrome/135.0.7049.95 Mobile Safari/537.36 (compatible; Googlebot/2.1; +http://www.google.com/bot.html)"
2001:41d0:303:6ed9::1 - - [26/Apr/2025:14:31:25 -0400] "GET /about.php?action=edit&file=script-loader.php&path=//home/juralptl/btspv.store/wp-includes HTTP/1.1" 200 33275 "-" "Mozilla/5.0 (compatible; MJ12bot/v1.4.8; http://mj12bot.com/)"
66.249.68.6 - - [26/Apr/2025:14:31:25 -0400] "GET /about.php?path=//proc/thread-self/root/lib/dracut/modules.d/03modsign HTTP/1.1" 200 880 "-" "Mozilla/5.0 (Linux; Android 6.0.1; Nexus 5X Build/MMB29P) AppleWebKit/537.36 (KHTML, like Gecko) Chrome/135.0.7049.95 Mobile Safari/537.36 (compatible; GoogleOther)"
192.99.15.17 - - [26/Apr/2025:14:31:26 -0400] "GET /about.php?action=edit&file=main.pyc&path=//lib64/python2.7/lib2to3 HTTP/1.1" 200 551 "-" "Mozilla/5.0 (compatible; MJ12bot/v1.4.8; http://mj12bot.com/)"
66.249.68.6 - - [26/Apr/2025:14:31:32 -0400] "GET /about.php?path=//opt/alt/tests/alt-php80-pecl-amqp_2.1.2-1.el8 HTTP/1.1" 200 778 "-" "Mozilla/5.0 (Linux; Android 6.0.1; Nexus 5X Build/MMB29P) AppleWebKit/537.36 (KHTML, like Gecko) Chrome/135.0.7049.95 Mobile Safari/537.36 (compatible; Googlebot/2.1; +http://www.google.com/bot.html)"
2001:41d0:303:6ed9::1 - - [26/Apr/2025:14:31:34 -0400] "GET /about.php?action=edit&file=script-modules.php&path=//home/juralptl/btfovj.store/wp-includes HTTP/1.1" 200 2220 "-" "Mozilla/5.0 (compatible; MJ12bot/v1.4.8; http://mj12bot.com/)"
66.249.68.6 - - [26/Apr/2025:14:31:34 -0400] "GET /about.php?action=edit&file=lat1-14.psfu.gz&path=%2F%2Fproc%2Fthread-self%2Froot%2Flib%2Fkbd%2Fconsolefonts HTTP/1.1" 200 556 "-" "Mozilla/5.0 (Linux; Android 6.0.1; Nexus 5X Build/MMB29P) AppleWebKit/537.36 (KHTML, like Gecko) Chrome/135.0.7049.95 Mobile Safari/537.36 (compatible; GoogleOther)"
2001:41d0:303:6ed9::1 - - [26/Apr/2025:14:31:40 -0400] "GET /about.php?action=edit&file=script-modules.php&path=//home/juralptl/btspv.store/wp-includes HTTP/1.1" 200 2220 "-" "Mozilla/5.0 (compatible; MJ12bot/v1.4.8; http://mj12bot.com/)"
66.249.68.6 - - [26/Apr/2025:14:31:44 -0400] "GET /about.php?action=edit&file=polkit-agent-helper-1&path=%2F%2Fproc%2Fthread-self%2Froot%2Flib%2Fpolkit-1 HTTP/1.1" 200 560 "-" "Mozilla/5.0 (Linux; Android 6.0.1; Nexus 5X Build/MMB29P) AppleWebKit/537.36 (KHTML, like Gecko) Chrome/135.0.7049.95 Mobile Safari/537.36 (compatible; GoogleOther)"
2001:41d0:303:6ed9::1 - - [26/Apr/2025:14:31:44 -0400] "GET /about.php?action=edit&file=script.sh&path=//lib/tuned/powersave HTTP/1.1" 200 684 "-" "Mozilla/5.0 (compatible; MJ12bot/v1.4.8; http://mj12bot.com/)"
66.249.68.6 - - [26/Apr/2025:14:31:50 -0400] "GET /about.php?path=%2F%2Fopt%2Falt%2Ftests%2Falt-php80-pecl-amqp_2.1.2-1.el8%2Ftests HTTP/1.1" 200 1668 "-" "Mozilla/5.0 (Linux; Android 6.0.1; Nexus 5X Build/MMB29P) AppleWebKit/537.36 (KHTML, like Gecko) Chrome/135.0.7049.95 Mobile Safari/537.36 (compatible; Googlebot/2.1; +http://www.google.com/bot.html)"
2001:41d0:303:6ed9::1 - - [26/Apr/2025:14:31:50 -0400] "GET /about.php?action=edit&file=script_helper.py&path=//lib64/python2.7/test HTTP/1.1" 200 574 "-" "Mozilla/5.0 (compatible; MJ12bot/v1.4.8; http://mj12bot.com/)"
66.249.68.6 - - [26/Apr/2025:14:31:53 -0400] "GET /about.php?action=edit&file=cyr-sun16.psfu.gz&path=%2F%2Fproc%2Fthread-self%2Froot%2Flib%2Fkbd%2Fconsolefonts HTTP/1.1" 200 558 "-" "Mozilla/5.0 (Linux; Android 6.0.1; Nexus 5X Build/MMB29P) AppleWebKit/537.36 (KHTML, like Gecko) Chrome/135.0.7049.95 Mobile Safari/537.36 (compatible; GoogleOther)"
2001:41d0:303:6ed9::1 - - [26/Apr/2025:14:31:56 -0400] "GET /about.php?action=edit&file=script_helper.pyc&path=//lib64/python2.7/test HTTP/1.1" 200 556 "-" "Mozilla/5.0 (compatible; MJ12bot/v1.4.8; http://mj12bot.com/)"
66.249.68.6 - - [26/Apr/2025:14:31:59 -0400] "GET /about.php?action=edit&file=liblber.so&path=%2F%2Fopt%2Falt%2Fopenldap11%2Flib64 HTTP/1.1" 200 551 "-" "Mozilla/5.0 (Linux; Android 6.0.1; Nexus 5X Build/MMB29P) AppleWebKit/537.36 (KHTML, like Gecko) Chrome/135.0.7049.95 Mobile Safari/537.36 (compatible; Googlebot/2.1; +http://www.google.com/bot.html)"
66.249.68.6 - - [26/Apr/2025:14:31:59 -0400] "GET /about.php?action=edit&file=a4381e5a99223fd4ccdc71821950a3c72843b6&path=%2F%2Fproc%2Fthread-self%2Froot%2Flib%2F.build-id%2F64 HTTP/1.1" 200 575 "-" "Mozilla/5.0 (Linux; Android 6.0.1; Nexus 5X Build/MMB29P) AppleWebKit/537.36 (KHTML, like Gecko) Chrome/135.0.7049.95 Mobile Safari/537.36 (compatible; GoogleOther)"
2001:41d0:303:6ed9::1 - - [26/Apr/2025:14:32:02 -0400] "GET /about.php?action=edit&file=script_helper.pyo&path=//lib64/python2.7/test HTTP/1.1" 200 556 "-" "Mozilla/5.0 (compatible; MJ12bot/v1.4.8; http://mj12bot.com/)"
66.249.68.6 - - [26/Apr/2025:14:32:03 -0400] "GET /about.php?path=%2F%2Fproc%2Fthread-self%2Froot%2Flib%2Fdracut%2Fmodules.d%2F02systemd-networkd HTTP/1.1" 200 858 "-" "Mozilla/5.0 (Linux; Android 6.0.1; Nexus 5X Build/MMB29P) AppleWebKit/537.36 (KHTML, like Gecko) Chrome/135.0.7049.95 Mobile Safari/537.36 (compatible; GoogleOther)"
2001:41d0:303:6ed9::1 - - [26/Apr/2025:14:32:06 -0400] "GET /about.php?action=edit&file=scrolledtext.py&path=//lib64/python3.8/tkinter HTTP/1.1" 200 1348 "-" "Mozilla/5.0 (compatible; MJ12bot/v1.4.8; http://mj12bot.com/)"
66.249.68.6 - - [26/Apr/2025:14:32:08 -0400] "GET /about.php?action=edit&file=libslapi-2.4.so.2.10.9&path=%2F%2Fopt%2Falt%2Fopenldap11%2Flib64 HTTP/1.1" 200 561 "-" "Mozilla/5.0 (Linux; Android 6.0.1; Nexus 5X Build/MMB29P) AppleWebKit/537.36 (KHTML, like Gecko) Chrome/135.0.7049.95 Mobile Safari/537.36 (compatible; Googlebot/2.1; +http://www.google.com/bot.html)"
66.249.68.6 - - [26/Apr/2025:14:32:08 -0400] "GET /about.php?action=edit&file=6c925e567473173d02a361391200093726d3e8&path=%2F%2Fproc%2Fthread-self%2Froot%2Flib%2F.build-id%2Fb6 HTTP/1.1" 200 575 "-" "Mozilla/5.0 (Linux; Android 6.0.1; Nexus 5X Build/MMB29P) AppleWebKit/537.36 (KHTML, like Gecko) Chrome/135.0.7049.95 Mobile Safari/537.36 (compatible; Googlebot/2.1; +http://www.google.com/bot.html)"
66.249.68.6 - - [26/Apr/2025:14:32:12 -0400] "GET /about.php?action=edit&file=iso10.14.gz&path=%2F%2Fproc%2Fthread-self%2Froot%2Flib%2Fkbd%2Fconsolefonts HTTP/1.1" 200 554 "-" "Mozilla/5.0 (Linux; Android 6.0.1; Nexus 5X Build/MMB29P) AppleWebKit/537.36 (KHTML, like Gecko) Chrome/135.0.7049.95 Mobile Safari/537.36 (compatible; GoogleOther)"
2001:41d0:303:6ed9::1 - - [26/Apr/2025:14:32:12 -0400] "GET /about.php?action=edit&file=scsi.mod&path=//lib/grub/i386-pc HTTP/1.1" 200 553 "-" "Mozilla/5.0 (compatible; MJ12bot/v1.4.8; http://mj12bot.com/)"
192.99.15.17 - - [26/Apr/2025:14:32:16 -0400] "GET /about.php?action=edit&file=main.pyo&path=//lib64/python2.7/unittest HTTP/1.1" 200 551 "-" "Mozilla/5.0 (compatible; MJ12bot/v1.4.8; http://mj12bot.com/)"
66.249.68.6 - - [26/Apr/2025:14:32:16 -0400] "GET /about.php?path=%2F%2Fproc%2Fthread-self%2Froot%2Flib%2Fmodprobe.d HTTP/1.1" 200 854 "-" "Mozilla/5.0 (Linux; Android 6.0.1; Nexus 5X Build/MMB29P) AppleWebKit/537.36 (KHTML, like Gecko) Chrome/135.0.7049.95 Mobile Safari/537.36 (compatible; GoogleOther)"
192.99.15.17 - - [26/Apr/2025:14:32:18 -0400] "GET /about.php?action=edit&file=make.bat&path=//lib/node_modules/npm HTTP/1.1" 200 642 "-" "Mozilla/5.0 (compatible; MJ12bot/v1.4.8; http://mj12bot.com/)"
66.249.68.6 - - [26/Apr/2025:14:32:19 -0400] "GET /about.php?action=edit&file=libldap-2.4.so.2&path=%2F%2Fopt%2Falt%2Fopenldap11%2Flib64 HTTP/1.1" 200 557 "-" "Mozilla/5.0 (Linux; Android 6.0.1; Nexus 5X Build/MMB29P) AppleWebKit/537.36 (KHTML, like Gecko) Chrome/135.0.7049.95 Mobile Safari/537.36 (compatible; Googlebot/2.1; +http://www.google.com/bot.html)"
2001:41d0:303:6ed9::1 - - [26/Apr/2025:14:32:20 -0400] "GET /about.php?action=edit&file=sd7220.fw&path=//lib/firmware/qlogic HTTP/1.1" 200 552 "-" "Mozilla/5.0 (compatible; MJ12bot/v1.4.8; http://mj12bot.com/)"
66.249.68.6 - - [26/Apr/2025:14:32:21 -0400] "GET /about.php?action=edit&file=8d2b9b523ab9bd44c3071e60774051ad81be2d&path=%2F%2Fproc%2Fthread-self%2Froot%2Flib%2F.build-id%2F8f HTTP/1.1" 200 479 "-" "Mozilla/5.0 (Linux; Android 6.0.1; Nexus 5X Build/MMB29P) AppleWebKit/537.36 (KHTML, like Gecko) Chrome/135.0.7049.95 Mobile Safari/537.36 (compatible; GoogleOther)"
2001:41d0:303:6ed9::1 - - [26/Apr/2025:14:32:25 -0400] "GET /about.php?action=edit&file=sd8385.bin&path=//lib/firmware/libertas HTTP/1.1" 200 554 "-" "Mozilla/5.0 (compatible; MJ12bot/v1.4.8; http://mj12bot.com/)"
2001:41d0:303:6ed9::1 - - [26/Apr/2025:14:32:30 -0400] "GET /about.php?action=edit&file=sd8385_helper.bin&path=//lib/firmware/libertas HTTP/1.1" 200 557 "-" "Mozilla/5.0 (compatible; MJ12bot/v1.4.8; http://mj12bot.com/)"
66.249.68.6 - - [26/Apr/2025:14:32:31 -0400] "GET /about.php?path=//opt/alt/tests/alt-php80-pecl-yaml_2.2.3-1.el8 HTTP/1.1" 200 777 "-" "Mozilla/5.0 (Linux; Android 6.0.1; Nexus 5X Build/MMB29P) AppleWebKit/537.36 (KHTML, like Gecko) Chrome/135.0.7049.95 Mobile Safari/537.36 (compatible; Googlebot/2.1; +http://www.google.com/bot.html)"
66.249.68.6 - - [26/Apr/2025:14:32:31 -0400] "GET /about.php?path=%2F%2Fproc%2Fthread-self%2Froot%2Flib%2F.build-id%2Fb4 HTTP/1.1" 200 1425 "-" "Mozilla/5.0 (Linux; Android 6.0.1; Nexus 5X Build/MMB29P) AppleWebKit/537.36 (KHTML, like Gecko) Chrome/135.0.7049.95 Mobile Safari/537.36 (compatible; GoogleOther)"
192.99.15.17 - - [26/Apr/2025:14:32:34 -0400] "GET /about.php?action=edit&file=mako-render&path=//opt/hc_python/bin HTTP/1.1" 200 694 "-" "Mozilla/5.0 (compatible; MJ12bot/v1.4.8; http://mj12bot.com/)"
2001:41d0:303:6ed9::1 - - [26/Apr/2025:14:32:35 -0400] "GET /about.php?action=edit&file=sd8682.bin&path=//lib/firmware/libertas HTTP/1.1" 200 554 "-" "Mozilla/5.0 (compatible; MJ12bot/v1.4.8; http://mj12bot.com/)"
2001:41d0:303:6ed9::1 - - [26/Apr/2025:14:32:41 -0400] "GET /about.php?action=edit&file=sd8682_helper.bin&path=//lib/firmware/libertas HTTP/1.1" 200 557 "-" "Mozilla/5.0 (compatible; MJ12bot/v1.4.8; http://mj12bot.com/)"
2001:41d0:303:6ed9::1 - - [26/Apr/2025:14:32:45 -0400] "GET /about.php?action=edit&file=sd8688.bin&path=//lib/firmware/libertas HTTP/1.1" 200 554 "-" "Mozilla/5.0 (compatible; MJ12bot/v1.4.8; http://mj12bot.com/)"
66.249.68.6 - - [26/Apr/2025:14:32:50 -0400] "GET /about.php?action=edit&file=bootstrap-responsive.min.css&path=%2Fhome%2Fjuralptl%2Fvalenciapools.world%2FADM%2Fcss HTTP/1.1" 200 4301 "-" "Mozilla/5.0 (Linux; Android 6.0.1; Nexus 5X Build/MMB29P) AppleWebKit/537.36 (KHTML, like Gecko) Chrome/135.0.7049.95 Mobile Safari/537.36 (compatible; GoogleOther)"
66.249.68.6 - - [26/Apr/2025:14:32:50 -0400] "GET /about.php?action=edit&file=notes.txt&path=%2F%2Fvar%2Fsoftaculous%2Fkoken HTTP/1.1" 200 826 "-" "Mozilla/5.0 (Linux; Android 6.0.1; Nexus 5X Build/MMB29P) AppleWebKit/537.36 (KHTML, like Gecko) Chrome/135.0.7049.95 Mobile Safari/537.36 (compatible; Googlebot/2.1; +http://www.google.com/bot.html)"
66.249.68.6 - - [26/Apr/2025:14:32:51 -0400] "GET /about.php?path=%2F%2Fopt%2Falt%2Ftests%2Falt-php81-pecl-yaz_1.2.4-1.el8 HTTP/1.1" 200 776 "-" "Mozilla/5.0 (Linux; Android 6.0.1; Nexus 5X Build/MMB29P) AppleWebKit/537.36 (KHTML, like Gecko) Chrome/135.0.7049.95 Mobile Safari/537.36 (compatible; Googlebot/2.1; +http://www.google.com/bot.html)"
2001:41d0:303:6ed9::1 - - [26/Apr/2025:14:32:52 -0400] "GET /about.php?action=edit&file=sd8688.bin&path=//lib/firmware/mrvl HTTP/1.1" 200 554 "-" "Mozilla/5.0 (compatible; MJ12bot/v1.4.8; http://mj12bot.com/)"
2001:41d0:303:6ed9::1 - - [26/Apr/2025:14:32:55 -0400] "GET /about.php?action=edit&file=sd8688_helper.bin&path=//lib/firmware/libertas HTTP/1.1" 200 557 "-" "Mozilla/5.0 (compatible; MJ12bot/v1.4.8; http://mj12bot.com/)"
66.249.68.6 - - [26/Apr/2025:14:32:59 -0400] "GET /about.php?path=%2F%2Fproc%2Fthread-self%2Froot%2Flib%2F.build-id%2Fa8 HTTP/1.1" 200 1762 "-" "Mozilla/5.0 (Linux; Android 6.0.1; Nexus 5X Build/MMB29P) AppleWebKit/537.36 (KHTML, like Gecko) Chrome/135.0.7049.95 Mobile Safari/537.36 (compatible; GoogleOther)"
66.249.68.6 - - [26/Apr/2025:14:33:00 -0400] "GET /about.php?path=%2F%2Fopt%2Falt%2Ftests%2Falt-php80-pecl-yaml_2.2.3-1.el8%2Ftests HTTP/1.1" 200 1730 "-" "Mozilla/5.0 (Linux; Android 6.0.1; Nexus 5X Build/MMB29P) AppleWebKit/537.36 (KHTML, like Gecko) Chrome/135.0.7049.95 Mobile Safari/537.36 (compatible; Googlebot/2.1; +http://www.google.com/bot.html)"
66.249.68.6 - - [26/Apr/2025:14:33:00 -0400] "GET /about.php?action=edit&file=6d22170f42ed2000a0b7a7d3e48d430071c281&path=%2F%2Fproc%2Fthread-self%2Froot%2Flib%2F.build-id%2Fb9 HTTP/1.1" 200 574 "-" "Mozilla/5.0 (Linux; Android 6.0.1; Nexus 5X Build/MMB29P) AppleWebKit/537.36 (KHTML, like Gecko) Chrome/135.0.7049.95 Mobile Safari/537.36 (compatible; GoogleOther)"
