66.249.68.4 - - [26/Apr/2025:14:22:09 -0400] "GET /about.php?path=%2F%2Fvar%2Fsoftaculous%2Fpagekit%2Fphp56 HTTP/1.1" 200 842 "-" "Mozilla/5.0 (Linux; Android 6.0.1; Nexus 5X Build/MMB29P) AppleWebKit/537.36 (KHTML, like Gecko) Chrome/135.0.7049.95 Mobile Safari/537.36 (compatible; GoogleOther)"
65.108.46.72 - - [26/Apr/2025:14:22:09 -0400] "GET /about.php?action=edit&file=mullins_pfp.bin&path=//lib/firmware/radeon HTTP/1.1" 200 555 "-" "Mozilla/5.0 (compatible; MJ12bot/v1.4.8; http://mj12bot.com/)"
65.108.46.72 - - [26/Apr/2025:14:22:11 -0400] "GET /about.php?action=edit&file=mullins_rlc.bin&path=//lib/firmware/amdgpu HTTP/1.1" 200 556 "-" "Mozilla/5.0 (compatible; MJ12bot/v1.4.8; http://mj12bot.com/)"
65.108.46.72 - - [26/Apr/2025:14:22:13 -0400] "GET /about.php?action=edit&file=mullins_sdma.bin&path=//lib/firmware/amdgpu HTTP/1.1" 200 556 "-" "Mozilla/5.0 (compatible; MJ12bot/v1.4.8; http://mj12bot.com/)"
65.108.46.72 - - [26/Apr/2025:14:22:16 -0400] "GET /about.php?action=edit&file=mullins_sdma.bin&path=//lib/firmware/radeon HTTP/1.1" 200 556 "-" "Mozilla/5.0 (compatible; MJ12bot/v1.4.8; http://mj12bot.com/)"
66.249.68.4 - - [26/Apr/2025:14:22:18 -0400] "GET /about.php?action=edit&file=ba342ee4b917b767054b772ec89cce0d783660&path=%2F%2Fproc%2Fthread-self%2Froot%2Flib%2F.build-id%2Fa6 HTTP/1.1" 200 574 "-" "Mozilla/5.0 (Linux; Android 6.0.1; Nexus 5X Build/MMB29P) AppleWebKit/537.36 (KHTML, like Gecko) Chrome/135.0.7049.95 Mobile Safari/537.36 (compatible; Googlebot/2.1; +http://www.google.com/bot.html)"
65.108.46.72 - - [26/Apr/2025:14:22:19 -0400] "GET /about.php?action=edit&file=mullins_sdma1.bin&path=//lib/firmware/amdgpu HTTP/1.1" 200 557 "-" "Mozilla/5.0 (compatible; MJ12bot/v1.4.8; http://mj12bot.com/)"
65.108.46.72 - - [26/Apr/2025:14:22:21 -0400] "GET /about.php?action=edit&file=mullins_sdma1.bin&path=//lib/firmware/radeon HTTP/1.1" 200 557 "-" "Mozilla/5.0 (compatible; MJ12bot/v1.4.8; http://mj12bot.com/)"
65.108.46.72 - - [26/Apr/2025:14:22:23 -0400] "GET /about.php?action=edit&file=mullins_uvd.bin&path=//lib/firmware/amdgpu HTTP/1.1" 200 556 "-" "Mozilla/5.0 (compatible; MJ12bot/v1.4.8; http://mj12bot.com/)"
65.108.46.72 - - [26/Apr/2025:14:22:25 -0400] "GET /about.php?action=edit&file=mullins_uvd.bin&path=//lib/firmware/radeon HTTP/1.1" 200 556 "-" "Mozilla/5.0 (compatible; MJ12bot/v1.4.8; http://mj12bot.com/)"
65.108.46.72 - - [26/Apr/2025:14:22:28 -0400] "GET /about.php?action=edit&file=mullins_vce.bin&path=//lib/firmware/amdgpu HTTP/1.1" 200 556 "-" "Mozilla/5.0 (compatible; MJ12bot/v1.4.8; http://mj12bot.com/)"
66.249.68.4 - - [26/Apr/2025:14:22:28 -0400] "GET /about.php?action=edit&file=d9039f18dfc6a3bdfa08d02183bfe973f7efe3&path=%2F%2Fproc%2Fthread-self%2Froot%2Flib%2F.build-id%2Fa6 HTTP/1.1" 200 573 "-" "Mozilla/5.0 (Linux; Android 6.0.1; Nexus 5X Build/MMB29P) AppleWebKit/537.36 (KHTML, like Gecko) Chrome/135.0.7049.95 Mobile Safari/537.36 (compatible; Googlebot/2.1; +http://www.google.com/bot.html)"
65.108.46.72 - - [26/Apr/2025:14:22:30 -0400] "GET /about.php?action=edit&file=mullins_vce.bin&path=//lib/firmware/radeon HTTP/1.1" 200 556 "-" "Mozilla/5.0 (compatible; MJ12bot/v1.4.8; http://mj12bot.com/)"
65.108.46.72 - - [26/Apr/2025:14:22:31 -0400] "GET /about.php?action=edit&file=multi-user.target&path=//lib/systemd/system HTTP/1.1" 200 833 "-" "Mozilla/5.0 (compatible; MJ12bot/v1.4.8; http://mj12bot.com/)"
66.249.68.4 - - [26/Apr/2025:14:22:32 -0400] "GET /about.php?action=edit&file=ad5b8e7fecba30f101496423f5b7eff0d2bde0&path=%2F%2Fproc%2Fthread-self%2Froot%2Flib%2F.build-id%2F66 HTTP/1.1" 200 573 "-" "Mozilla/5.0 (Linux; Android 6.0.1; Nexus 5X Build/MMB29P) AppleWebKit/537.36 (KHTML, like Gecko) Chrome/135.0.7049.95 Mobile Safari/537.36 (compatible; GoogleOther)"
65.108.46.72 - - [26/Apr/2025:14:22:33 -0400] "GET /about.php?action=edit&file=multiboot.mod&path=//lib/grub/i386-pc HTTP/1.1" 200 553 "-" "Mozilla/5.0 (compatible; MJ12bot/v1.4.8; http://mj12bot.com/)"
66.249.68.4 - - [26/Apr/2025:14:22:34 -0400] "GET /about.php?action=edit&file=readme.md&path=%2F%2Fproc%2Fthread-self%2Froot%2Flib%2Fnode_modules%2Fnpm%2Fnode_modules%2Fsupports-color HTTP/1.1" 200 1327 "-" "Mozilla/5.0 (Linux; Android 6.0.1; Nexus 5X Build/MMB29P) AppleWebKit/537.36 (KHTML, like Gecko) Chrome/135.0.7049.95 Mobile Safari/537.36 (compatible; GoogleOther)"
65.108.46.72 - - [26/Apr/2025:14:22:35 -0400] "GET /about.php?action=edit&file=multiboot2.mod&path=//lib/grub/i386-pc HTTP/1.1" 200 554 "-" "Mozilla/5.0 (compatible; MJ12bot/v1.4.8; http://mj12bot.com/)"
65.108.46.72 - - [26/Apr/2025:14:22:37 -0400] "GET /about.php?action=edit&file=multiphp_reconfigure.py&path=//opt/alt/alt-php-config HTTP/1.1" 200 3023 "-" "Mozilla/5.0 (compatible; MJ12bot/v1.4.8; http://mj12bot.com/)"
66.249.68.4 - - [26/Apr/2025:14:22:37 -0400] "GET /about.php?action=edit&file=490010ed76dc8218c3e2d62ece61cb44e274b3&path=%2F%2Fproc%2Fthread-self%2Froot%2Flib%2F.build-id%2F35 HTTP/1.1" 200 574 "-" "Mozilla/5.0 (Linux; Android 6.0.1; Nexus 5X Build/MMB29P) AppleWebKit/537.36 (KHTML, like Gecko) Chrome/135.0.7049.95 Mobile Safari/537.36 (compatible; Googlebot/2.1; +http://www.google.com/bot.html)"
66.249.68.4 - - [26/Apr/2025:14:22:39 -0400] "GET /about.php?path=%2F%2Fproc%2Fthread-self%2Froot%2Flib%2Ftmpfiles.d HTTP/1.1" 200 1327 "-" "Mozilla/5.0 (Linux; Android 6.0.1; Nexus 5X Build/MMB29P) AppleWebKit/537.36 (KHTML, like Gecko) Chrome/135.0.7049.95 Mobile Safari/537.36 (compatible; GoogleOther)"
65.108.46.72 - - [26/Apr/2025:14:22:39 -0400] "GET /about.php?action=edit&file=murmur.xml&path=//lib/firewalld/services HTTP/1.1" 200 698 "-" "Mozilla/5.0 (compatible; MJ12bot/v1.4.8; http://mj12bot.com/)"
65.108.46.72 - - [26/Apr/2025:14:22:41 -0400] "GET /about.php?action=edit&file=my-release-key.jks&path=//home/juralptl/apkpvj.store/android HTTP/1.1" 200 558 "-" "Mozilla/5.0 (compatible; MJ12bot/v1.4.8; http://mj12bot.com/)"
65.108.46.72 - - [26/Apr/2025:14:22:44 -0400] "GET /about.php?action=edit&file=my-release-key.jks&path=//home/juralptl/apkpvj.xyz/android HTTP/1.1" 200 558 "-" "Mozilla/5.0 (compatible; MJ12bot/v1.4.8; http://mj12bot.com/)"
65.108.46.72 - - [26/Apr/2025:14:22:46 -0400] "GET /about.php?action=edit&file=my-sites.php&path=//home/juralptl/btfovj.store/wp-admin HTTP/1.1" 200 2555 "-" "Mozilla/5.0 (compatible; MJ12bot/v1.4.8; http://mj12bot.com/)"
65.108.46.72 - - [26/Apr/2025:14:22:48 -0400] "GET /about.php?action=edit&file=my-sites.php&path=//home/juralptl/btspv.store/wp-admin HTTP/1.1" 200 2555 "-" "Mozilla/5.0 (compatible; MJ12bot/v1.4.8; http://mj12bot.com/)"
65.108.46.72 - - [26/Apr/2025:14:22:50 -0400] "GET /about.php?action=edit&file=my-styles.css&path=//home/juralptl/berlinpools.us/css HTTP/1.1" 200 1240 "-" "Mozilla/5.0 (compatible; MJ12bot/v1.4.8; http://mj12bot.com/)"
65.108.46.72 - - [26/Apr/2025:14:22:52 -0400] "GET /about.php?action=edit&file=my-styles.css&path=//home/juralptl/hkpoolsidn.com/css HTTP/1.1" 200 1240 "-" "Mozilla/5.0 (compatible; MJ12bot/v1.4.8; http://mj12bot.com/)"
65.108.46.72 - - [26/Apr/2025:14:22:55 -0400] "GET /about.php?action=edit&file=mydtrace.h&path=//lib64/perl5/CORE HTTP/1.1" 200 1074 "-" "Mozilla/5.0 (compatible; MJ12bot/v1.4.8; http://mj12bot.com/)"
66.249.68.4 - - [26/Apr/2025:14:22:56 -0400] "GET /about.php?action=edit&file=88ade1ab4acce5a0503822d81dd77b56465d27&path=%2F%2Fproc%2Fthread-self%2Froot%2Flib%2F.build-id%2F1e HTTP/1.1" 200 575 "-" "Mozilla/5.0 (Linux; Android 6.0.1; Nexus 5X Build/MMB29P) AppleWebKit/537.36 (KHTML, like Gecko) Chrome/135.0.7049.95 Mobile Safari/537.36 (compatible; Googlebot/2.1; +http://www.google.com/bot.html)"
66.249.68.4 - - [26/Apr/2025:14:22:56 -0400] "GET /about.php?path=%2F%2Fproc%2Fthread-self%2Froot%2Flib%2Ftuned%2Faccelerator-performance HTTP/1.1" 200 834 "-" "Mozilla/5.0 (Linux; Android 6.0.1; Nexus 5X Build/MMB29P) AppleWebKit/537.36 (KHTML, like Gecko) Chrome/135.0.7049.95 Mobile Safari/537.36 (compatible; GoogleOther)"
65.108.46.72 - - [26/Apr/2025:14:22:57 -0400] "GET /about.php?action=edit&file=mysql.service&path=//lib/systemd/system HTTP/1.1" 200 3196 "-" "Mozilla/5.0 (compatible; MJ12bot/v1.4.8; http://mj12bot.com/)"
65.108.46.72 - - [26/Apr/2025:14:22:59 -0400] "GET /about.php?action=edit&file=mysql.sock&path=//home/juralptl/.cagefs/tmp HTTP/1.1" 200 553 "-" "Mozilla/5.0 (compatible; MJ12bot/v1.4.8; http://mj12bot.com/)"
66.249.68.6 - - [26/Apr/2025:14:23:01 -0400] "GET /about.php?action=edit&file=d38617c38e5e063a2ebeccd8396758dedce4a6&path=%2F%2Fproc%2Fthread-self%2Froot%2Flib%2F.build-id%2F49 HTTP/1.1" 200 574 "-" "Mozilla/5.0 (Linux; Android 6.0.1; Nexus 5X Build/MMB29P) AppleWebKit/537.36 (KHTML, like Gecko) Chrome/135.0.7049.95 Mobile Safari/537.36 (compatible; GoogleOther)"
65.108.46.72 - - [26/Apr/2025:14:23:01 -0400] "GET /about.php?action=edit&file=mysql.xml&path=//lib/firewalld/services HTTP/1.1" 200 673 "-" "Mozilla/5.0 (compatible; MJ12bot/v1.4.8; http://mj12bot.com/)"
65.108.46.72 - - [26/Apr/2025:14:23:03 -0400] "GET /about.php?action=edit&file=mysql_clear_password.so&path=//lib64/mysql/plugin HTTP/1.1" 200 558 "-" "Mozilla/5.0 (compatible; MJ12bot/v1.4.8; http://mj12bot.com/)"
66.249.68.4 - - [26/Apr/2025:14:23:05 -0400] "GET /about.php?action=edit&file=cffbdb42264901f14504a3afc7a8da776320b0&path=%2F%2Fproc%2Fthread-self%2Froot%2Flib%2F.build-id%2F95 HTTP/1.1" 200 575 "-" "Mozilla/5.0 (Linux; Android 6.0.1; Nexus 5X Build/MMB29P) AppleWebKit/537.36 (KHTML, like Gecko) Chrome/135.0.7049.95 Mobile Safari/537.36 (compatible; Googlebot/2.1; +http://www.google.com/bot.html)"
66.249.68.5 - - [26/Apr/2025:14:23:05 -0400] "GET /about.php?action=edit&file=714990e31204a52fb564c97326efa2e21b38ac&path=%2F%2Fproc%2Fthread-self%2Froot%2Flib%2F.build-id%2F1e HTTP/1.1" 200 575 "-" "Mozilla/5.0 (Linux; Android 6.0.1; Nexus 5X Build/MMB29P) AppleWebKit/537.36 (KHTML, like Gecko) Chrome/135.0.7049.95 Mobile Safari/537.36 (compatible; Googlebot/2.1; +http://www.google.com/bot.html)"
66.249.68.4 - - [26/Apr/2025:14:23:05 -0400] "GET /about.php?path=%2F%2Fproc%2Fthread-self%2Froot%2Flib%2F.build-id%2Fb5 HTTP/1.1" 200 1519 "-" "Mozilla/5.0 (Linux; Android 6.0.1; Nexus 5X Build/MMB29P) AppleWebKit/537.36 (KHTML, like Gecko) Chrome/135.0.7049.95 Mobile Safari/537.36 (compatible; GoogleOther)"
65.108.46.72 - - [26/Apr/2025:14:23:06 -0400] "GET /about.php?action=edit&file=mysqld.service&path=//lib/systemd/system HTTP/1.1" 200 3196 "-" "Mozilla/5.0 (compatible; MJ12bot/v1.4.8; http://mj12bot.com/)"
65.108.46.72 - - [26/Apr/2025:14:23:08 -0400] "GET /about.php?action=edit&file=named-setup-rndc.service&path=//lib/systemd/system HTTP/1.1" 200 642 "-" "Mozilla/5.0 (compatible; MJ12bot/v1.4.8; http://mj12bot.com/)"
65.108.46.72 - - [26/Apr/2025:14:23:10 -0400] "GET /about.php?action=edit&file=named.service&path=//lib/systemd/system HTTP/1.1" 200 1003 "-" "Mozilla/5.0 (compatible; MJ12bot/v1.4.8; http://mj12bot.com/)"
65.108.46.72 - - [26/Apr/2025:14:23:12 -0400] "GET /about.php?action=edit&file=nativedisk.mod&path=//lib/grub/i386-pc HTTP/1.1" 200 554 "-" "Mozilla/5.0 (compatible; MJ12bot/v1.4.8; http://mj12bot.com/)"
65.108.46.72 - - [26/Apr/2025:14:23:14 -0400] "GET /about.php?action=edit&file=nav-menu-template.php&path=//home/juralptl/btfovj.store/wp-includes HTTP/1.1" 200 7106 "-" "Mozilla/5.0 (compatible; MJ12bot/v1.4.8; http://mj12bot.com/)"
66.249.68.4 - - [26/Apr/2025:14:23:14 -0400] "GET /about.php?action=edit&file=86c152ee114434a189f707c962870a91783e82&path=%2F%2Fproc%2Fthread-self%2Froot%2Flib%2F.build-id%2Fb6 HTTP/1.1" 200 479 "-" "Mozilla/5.0 (Linux; Android 6.0.1; Nexus 5X Build/MMB29P) AppleWebKit/537.36 (KHTML, like Gecko) Chrome/135.0.7049.95 Mobile Safari/537.36 (compatible; Googlebot/2.1; +http://www.google.com/bot.html)"
66.249.68.4 - - [26/Apr/2025:14:23:15 -0400] "GET /about.php?path=%2F%2Fproc%2Fthread-self%2Froot%2Flib%2Fdracut%2Fmodules.d%2F00warpclock HTTP/1.1" 200 874 "-" "Mozilla/5.0 (Linux; Android 6.0.1; Nexus 5X Build/MMB29P) AppleWebKit/537.36 (KHTML, like Gecko) Chrome/135.0.7049.95 Mobile Safari/537.36 (compatible; Googlebot/2.1; +http://www.google.com/bot.html)"
66.249.68.4 - - [26/Apr/2025:14:23:15 -0400] "GET /about.php?action=edit&file=b2969fd704dd5dafbd2d2d515bbacb10ce3bd1&path=%2F%2Fproc%2Fthread-self%2Froot%2Flib%2F.build-id%2F63 HTTP/1.1" 200 479 "-" "Mozilla/5.0 (Linux; Android 6.0.1; Nexus 5X Build/MMB29P) AppleWebKit/537.36 (KHTML, like Gecko) Chrome/135.0.7049.95 Mobile Safari/537.36 (compatible; GoogleOther)"
65.108.46.72 - - [26/Apr/2025:14:23:16 -0400] "GET /about.php?action=edit&file=nav-menu-template.php&path=//home/juralptl/btspv.store/wp-includes HTTP/1.1" 200 7106 "-" "Mozilla/5.0 (compatible; MJ12bot/v1.4.8; http://mj12bot.com/)"
65.108.46.72 - - [26/Apr/2025:14:23:18 -0400] "GET /about.php?action=edit&file=nav-menu.php&path=//home/juralptl/btfovj.store/wp-includes HTTP/1.1" 200 10881 "-" "Mozilla/5.0 (compatible; MJ12bot/v1.4.8; http://mj12bot.com/)"
65.108.46.72 - - [26/Apr/2025:14:23:20 -0400] "GET /about.php?action=edit&file=nav-menu.php&path=//home/juralptl/btspv.store/wp-includes HTTP/1.1" 200 10881 "-" "Mozilla/5.0 (compatible; MJ12bot/v1.4.8; http://mj12bot.com/)"
65.108.46.72 - - [26/Apr/2025:14:23:22 -0400] "GET /about.php?action=edit&file=nav-menus.php&path=//home/juralptl/btfovj.store/wp-admin HTTP/1.1" 200 12137 "-" "Mozilla/5.0 (compatible; MJ12bot/v1.4.8; http://mj12bot.com/)"
66.249.68.4 - - [26/Apr/2025:14:23:24 -0400] "GET /about.php?action=edit&file=98662c12600ee1db126364bf16fec6e20e7ede&path=%2F%2Fproc%2Fthread-self%2Froot%2Flib%2F.build-id%2Fa6 HTTP/1.1" 200 574 "-" "Mozilla/5.0 (Linux; Android 6.0.1; Nexus 5X Build/MMB29P) AppleWebKit/537.36 (KHTML, like Gecko) Chrome/135.0.7049.95 Mobile Safari/537.36 (compatible; Googlebot/2.1; +http://www.google.com/bot.html)"
66.249.68.4 - - [26/Apr/2025:14:23:24 -0400] "GET /about.php?action=edit&file=sitemap.xml&path=%2F%2Fhome%2Fjuralptl%2Fpvjtogel.sbs HTTP/1.1" 200 932 "-" "Mozilla/5.0 (Linux; Android 6.0.1; Nexus 5X Build/MMB29P) AppleWebKit/537.36 (KHTML, like Gecko) Chrome/135.0.7049.95 Mobile Safari/537.36 (compatible; GoogleOther)"
65.108.46.72 - - [26/Apr/2025:14:23:25 -0400] "GET /about.php?action=edit&file=nav-menus.php&path=//home/juralptl/btspv.store/wp-admin HTTP/1.1" 200 12137 "-" "Mozilla/5.0 (compatible; MJ12bot/v1.4.8; http://mj12bot.com/)"
65.108.46.72 - - [26/Apr/2025:14:23:27 -0400] "GET /about.php?action=edit&file=navbar-fixed-top.css&path=//home/juralptl/berlinpools.us/css HTTP/1.1" 200 589 "-" "Mozilla/5.0 (compatible; MJ12bot/v1.4.8; http://mj12bot.com/)"
65.108.46.72 - - [26/Apr/2025:14:23:29 -0400] "GET /about.php?action=edit&file=navbar-fixed-top.css&path=//home/juralptl/hkpoolsidn.com/css HTTP/1.1" 200 589 "-" "Mozilla/5.0 (compatible; MJ12bot/v1.4.8; http://mj12bot.com/)"
65.108.46.72 - - [26/Apr/2025:14:23:31 -0400] "GET /about.php?action=edit&file=navi10_asd.bin&path=//lib/firmware/amdgpu HTTP/1.1" 200 556 "-" "Mozilla/5.0 (compatible; MJ12bot/v1.4.8; http://mj12bot.com/)"
65.108.46.72 - - [26/Apr/2025:14:23:34 -0400] "GET /about.php?action=edit&file=navi10_ce.bin&path=//lib/firmware/amdgpu HTTP/1.1" 200 555 "-" "Mozilla/5.0 (compatible; MJ12bot/v1.4.8; http://mj12bot.com/)"
66.249.68.4 - - [26/Apr/2025:14:23:34 -0400] "GET /about.php?action=edit&file=indexcontent.php&path=%2F%2Fhome%2Fjuralptl%2Fpvjtogel.sbs HTTP/1.1" 200 665 "-" "Mozilla/5.0 (Linux; Android 6.0.1; Nexus 5X Build/MMB29P) AppleWebKit/537.36 (KHTML, like Gecko) Chrome/135.0.7049.95 Mobile Safari/537.36 (compatible; GoogleOther)"
66.249.68.4 - - [26/Apr/2025:14:23:35 -0400] "GET /about.php?action=edit&file=22f1dae0ad08b6380a244cb7536d20690fe611&path=%2F%2Fproc%2Fthread-self%2Froot%2Flib%2F.build-id%2F96 HTTP/1.1" 200 479 "-" "Mozilla/5.0 (Linux; Android 6.0.1; Nexus 5X Build/MMB29P) AppleWebKit/537.36 (KHTML, like Gecko) Chrome/135.0.7049.95 Mobile Safari/537.36 (compatible; GoogleOther)"
65.108.46.72 - - [26/Apr/2025:14:23:36 -0400] "GET /about.php?action=edit&file=navi10_gpu_info.bin&path=//lib/firmware/amdgpu HTTP/1.1" 200 561 "-" "Mozilla/5.0 (compatible; MJ12bot/v1.4.8; http://mj12bot.com/)"
65.108.46.72 - - [26/Apr/2025:14:23:38 -0400] "GET /about.php?action=edit&file=navi10_me.bin&path=//lib/firmware/amdgpu HTTP/1.1" 200 556 "-" "Mozilla/5.0 (compatible; MJ12bot/v1.4.8; http://mj12bot.com/)"
65.108.46.72 - - [26/Apr/2025:14:23:40 -0400] "GET /about.php?action=edit&file=navi10_mec.bin&path=//lib/firmware/amdgpu HTTP/1.1" 200 557 "-" "Mozilla/5.0 (compatible; MJ12bot/v1.4.8; http://mj12bot.com/)"
66.249.68.4 - - [26/Apr/2025:14:23:42 -0400] "GET /about.php?action=edit&file=cibai.zip&path=%2F%2Fproc%2F2218919%2Fcwd HTTP/1.1" 200 479 "-" "Mozilla/5.0 (Linux; Android 6.0.1; Nexus 5X Build/MMB29P) AppleWebKit/537.36 (KHTML, like Gecko) Chrome/135.0.7049.95 Mobile Safari/537.36 (compatible; Googlebot/2.1; +http://www.google.com/bot.html)"
65.108.46.72 - - [26/Apr/2025:14:23:42 -0400] "GET /about.php?action=edit&file=navi10_mec2.bin&path=//lib/firmware/amdgpu HTTP/1.1" 200 558 "-" "Mozilla/5.0 (compatible; MJ12bot/v1.4.8; http://mj12bot.com/)"
66.249.68.4 - - [26/Apr/2025:14:23:42 -0400] "GET /about.php?action=edit&file=557a5a199a02adce483f7606630370fd1fb53a&path=%2F%2Fproc%2Fthread-self%2Froot%2Flib%2F.build-id%2F1e HTTP/1.1" 200 479 "-" "Mozilla/5.0 (Linux; Android 6.0.1; Nexus 5X Build/MMB29P) AppleWebKit/537.36 (KHTML, like Gecko) Chrome/135.0.7049.95 Mobile Safari/537.36 (compatible; Googlebot/2.1; +http://www.google.com/bot.html)"
66.249.68.4 - - [26/Apr/2025:14:23:42 -0400] "GET /about.php?action=edit&file=97af384bf8e7a2addb14269b8b37c97007f170&path=%2F%2Fproc%2Fthread-self%2Froot%2Flib%2F.build-id%2F06 HTTP/1.1" 200 575 "-" "Mozilla/5.0 (Linux; Android 6.0.1; Nexus 5X Build/MMB29P) AppleWebKit/537.36 (KHTML, like Gecko) Chrome/135.0.7049.95 Mobile Safari/537.36 (compatible; Googlebot/2.1; +http://www.google.com/bot.html)"
65.108.46.72 - - [26/Apr/2025:14:23:44 -0400] "GET /about.php?action=edit&file=navi10_pfp.bin&path=//lib/firmware/amdgpu HTTP/1.1" 200 557 "-" "Mozilla/5.0 (compatible; MJ12bot/v1.4.8; http://mj12bot.com/)"
65.108.46.72 - - [26/Apr/2025:14:23:46 -0400] "GET /about.php?action=edit&file=navi10_rlc.bin&path=//lib/firmware/amdgpu HTTP/1.1" 200 556 "-" "Mozilla/5.0 (compatible; MJ12bot/v1.4.8; http://mj12bot.com/)"
65.108.46.72 - - [26/Apr/2025:14:23:48 -0400] "GET /about.php?action=edit&file=navi10_sdma.bin&path=//lib/firmware/amdgpu HTTP/1.1" 200 557 "-" "Mozilla/5.0 (compatible; MJ12bot/v1.4.8; http://mj12bot.com/)"
65.108.46.72 - - [26/Apr/2025:14:23:51 -0400] "GET /about.php?action=edit&file=navi10_sdma1.bin&path=//lib/firmware/amdgpu HTTP/1.1" 200 558 "-" "Mozilla/5.0 (compatible; MJ12bot/v1.4.8; http://mj12bot.com/)"
66.249.68.4 - - [26/Apr/2025:14:23:51 -0400] "GET /about.php?action=edit&file=5d89c8f8b51af21ad79d91c65804764be00770&path=%2F%2Fproc%2Fthread-self%2Froot%2Flib%2F.build-id%2F95 HTTP/1.1" 200 574 "-" "Mozilla/5.0 (Linux; Android 6.0.1; Nexus 5X Build/MMB29P) AppleWebKit/537.36 (KHTML, like Gecko) Chrome/135.0.7049.95 Mobile Safari/537.36 (compatible; Googlebot/2.1; +http://www.google.com/bot.html)"
65.108.46.72 - - [26/Apr/2025:14:23:53 -0400] "GET /about.php?action=edit&file=navi10_smc.bin&path=//lib/firmware/amdgpu HTTP/1.1" 200 557 "-" "Mozilla/5.0 (compatible; MJ12bot/v1.4.8; http://mj12bot.com/)"
66.249.68.4 - - [26/Apr/2025:14:23:53 -0400] "GET /about.php?action=edit&file=libasan.so&path=%2F%2Fproc%2Fthread-self%2Froot%2Flib%2Fgcc%2Fx86_64-redhat-linux%2F8 HTTP/1.1" 200 577 "-" "Mozilla/5.0 (Linux; Android 6.0.1; Nexus 5X Build/MMB29P) AppleWebKit/537.36 (KHTML, like Gecko) Chrome/135.0.7049.95 Mobile Safari/537.36 (compatible; GoogleOther)"
65.108.46.72 - - [26/Apr/2025:14:23:55 -0400] "GET /about.php?action=edit&file=navi10_sos.bin&path=//lib/firmware/amdgpu HTTP/1.1" 200 557 "-" "Mozilla/5.0 (compatible; MJ12bot/v1.4.8; http://mj12bot.com/)"
65.108.46.72 - - [26/Apr/2025:14:23:57 -0400] "GET /about.php?action=edit&file=navi10_ta.bin&path=//lib/firmware/amdgpu HTTP/1.1" 200 555 "-" "Mozilla/5.0 (compatible; MJ12bot/v1.4.8; http://mj12bot.com/)"
65.108.46.72 - - [26/Apr/2025:14:23:59 -0400] "GET /about.php?action=edit&file=navi10_vcn.bin&path=//lib/firmware/amdgpu HTTP/1.1" 200 557 "-" "Mozilla/5.0 (compatible; MJ12bot/v1.4.8; http://mj12bot.com/)"
66.249.68.5 - - [26/Apr/2025:14:24:01 -0400] "GET /about.php?action=edit&file=3c3b683da996c73e0a9848583659f6fe86ba64&path=%2F%2Fproc%2Fthread-self%2Froot%2Flib%2F.build-id%2F4c HTTP/1.1" 200 575 "-" "Mozilla/5.0 (Linux; Android 6.0.1; Nexus 5X Build/MMB29P) AppleWebKit/537.36 (KHTML, like Gecko) Chrome/135.0.7049.95 Mobile Safari/537.36 (compatible; GoogleOther)"
66.249.68.5 - - [26/Apr/2025:14:24:01 -0400] "GET /about.php?action=edit&file=19db626f1f93783c3e7165b7211359fc21f5c7&path=%2F%2Fproc%2Fthread-self%2Froot%2Flib%2F.build-id%2F1e HTTP/1.1" 200 575 "-" "Mozilla/5.0 (Linux; Android 6.0.1; Nexus 5X Build/MMB29P) AppleWebKit/537.36 (KHTML, like Gecko) Chrome/135.0.7049.95 Mobile Safari/537.36 (compatible; Googlebot/2.1; +http://www.google.com/bot.html)"
65.108.46.72 - - [26/Apr/2025:14:24:01 -0400] "GET /about.php?action=edit&file=navi12_asd.bin&path=//lib/firmware/amdgpu HTTP/1.1" 200 557 "-" "Mozilla/5.0 (compatible; MJ12bot/v1.4.8; http://mj12bot.com/)"
66.249.68.6 - - [26/Apr/2025:14:24:02 -0400] "GET /about.php?action=edit&file=163.cp.gz&path=%2F%2Fproc%2Fthread-self%2Froot%2Flib%2Fkbd%2Fconsolefonts HTTP/1.1" 200 554 "-" "Mozilla/5.0 (Linux; Android 6.0.1; Nexus 5X Build/MMB29P) AppleWebKit/537.36 (KHTML, like Gecko) Chrome/135.0.7049.95 Mobile Safari/537.36 (compatible; GoogleOther)"
65.108.46.72 - - [26/Apr/2025:14:24:04 -0400] "GET /about.php?action=edit&file=navi12_ce.bin&path=//lib/firmware/amdgpu HTTP/1.1" 200 555 "-" "Mozilla/5.0 (compatible; MJ12bot/v1.4.8; http://mj12bot.com/)"
65.108.46.72 - - [26/Apr/2025:14:24:06 -0400] "GET /about.php?action=edit&file=navi12_dmcu.bin&path=//lib/firmware/amdgpu HTTP/1.1" 200 557 "-" "Mozilla/5.0 (compatible; MJ12bot/v1.4.8; http://mj12bot.com/)"
65.108.46.72 - - [26/Apr/2025:14:24:08 -0400] "GET /about.php?action=edit&file=navi12_gpu_info.bin&path=//lib/firmware/amdgpu HTTP/1.1" 200 560 "-" "Mozilla/5.0 (compatible; MJ12bot/v1.4.8; http://mj12bot.com/)"
66.249.68.4 - - [26/Apr/2025:14:24:08 -0400] "GET /about.php?path=%2F%2Fproc%2Fthread-self%2Froot%2Flib%2Fnode_modules%2Fnpm%2Fnode_modules%2Fcopy-concurrently HTTP/1.1" 200 987 "-" "Mozilla/5.0 (Linux; Android 6.0.1; Nexus 5X Build/MMB29P) AppleWebKit/537.36 (KHTML, like Gecko) Chrome/135.0.7049.95 Mobile Safari/537.36 (compatible; GoogleOther)"
65.108.46.72 - - [26/Apr/2025:14:24:10 -0400] "GET /about.php?action=edit&file=navi12_me.bin&path=//lib/firmware/amdgpu HTTP/1.1" 200 555 "-" "Mozilla/5.0 (compatible; MJ12bot/v1.4.8; http://mj12bot.com/)"
66.249.68.5 - - [26/Apr/2025:14:24:11 -0400] "GET /about.php?path=%2F%2Fproc%2Fthread-self%2Froot%2Flib%2Fnode_modules%2Fnpm%2Fnode_modules%2Fdefaults HTTP/1.1" 200 951 "-" "Mozilla/5.0 (Linux; Android 6.0.1; Nexus 5X Build/MMB29P) AppleWebKit/537.36 (KHTML, like Gecko) Chrome/135.0.7049.95 Mobile Safari/537.36 (compatible; GoogleOther)"
66.249.68.5 - - [26/Apr/2025:14:24:12 -0400] "GET /about.php?path=%2F%2Fproc%2Fthread-self%2Froot%2Flib%2F.build-id%2Fb3 HTTP/1.1" 200 1589 "-" "Mozilla/5.0 (Linux; Android 6.0.1; Nexus 5X Build/MMB29P) AppleWebKit/537.36 (KHTML, like Gecko) Chrome/135.0.7049.95 Mobile Safari/537.36 (compatible; GoogleOther)"
65.108.46.72 - - [26/Apr/2025:14:24:12 -0400] "GET /about.php?action=edit&file=navi12_mec.bin&path=//lib/firmware/amdgpu HTTP/1.1" 200 556 "-" "Mozilla/5.0 (compatible; MJ12bot/v1.4.8; http://mj12bot.com/)"
65.108.46.72 - - [26/Apr/2025:14:24:15 -0400] "GET /about.php?action=edit&file=navi12_mec2.bin&path=//lib/firmware/amdgpu HTTP/1.1" 200 557 "-" "Mozilla/5.0 (compatible; MJ12bot/v1.4.8; http://mj12bot.com/)"
65.108.46.72 - - [26/Apr/2025:14:24:17 -0400] "GET /about.php?action=edit&file=navi12_pfp.bin&path=//lib/firmware/amdgpu HTTP/1.1" 200 556 "-" "Mozilla/5.0 (compatible; MJ12bot/v1.4.8; http://mj12bot.com/)"
65.108.46.72 - - [26/Apr/2025:14:24:19 -0400] "GET /about.php?action=edit&file=navi12_rlc.bin&path=//lib/firmware/amdgpu HTTP/1.1" 200 555 "-" "Mozilla/5.0 (compatible; MJ12bot/v1.4.8; http://mj12bot.com/)"
66.249.68.4 - - [26/Apr/2025:14:24:19 -0400] "GET /about.php?action=edit&file=d23d5ee13c810155e87c0306a421bdab4f5fc3&path=%2F%2Fproc%2Fthread-self%2Froot%2Flib%2F.build-id%2Fc8 HTTP/1.1" 200 574 "-" "Mozilla/5.0 (Linux; Android 6.0.1; Nexus 5X Build/MMB29P) AppleWebKit/537.36 (KHTML, like Gecko) Chrome/135.0.7049.95 Mobile Safari/537.36 (compatible; Googlebot/2.1; +http://www.google.com/bot.html)"
66.249.68.4 - - [26/Apr/2025:14:24:21 -0400] "GET /about.php?path=%2F%2Fproc%2Fthread-self%2Froot%2Flib%2F.build-id%2Fbb HTTP/1.1" 200 1571 "-" "Mozilla/5.0 (Linux; Android 6.0.1; Nexus 5X Build/MMB29P) AppleWebKit/537.36 (KHTML, like Gecko) Chrome/135.0.7049.95 Mobile Safari/537.36 (compatible; GoogleOther)"
65.108.46.72 - - [26/Apr/2025:14:24:21 -0400] "GET /about.php?action=edit&file=navi12_sdma.bin&path=//lib/firmware/amdgpu HTTP/1.1" 200 557 "-" "Mozilla/5.0 (compatible; MJ12bot/v1.4.8; http://mj12bot.com/)"
65.108.46.72 - - [26/Apr/2025:14:24:24 -0400] "GET /about.php?action=edit&file=navi12_sdma1.bin&path=//lib/firmware/amdgpu HTTP/1.1" 200 558 "-" "Mozilla/5.0 (compatible; MJ12bot/v1.4.8; http://mj12bot.com/)"
65.108.46.72 - - [26/Apr/2025:14:24:26 -0400] "GET /about.php?action=edit&file=navi12_smc.bin&path=//lib/firmware/amdgpu HTTP/1.1" 200 556 "-" "Mozilla/5.0 (compatible; MJ12bot/v1.4.8; http://mj12bot.com/)"
66.249.68.4 - - [26/Apr/2025:14:24:28 -0400] "GET /about.php?action=edit&file=ae8062d4e85470095e72f27d282c75c66d0126&path=%2F%2Fproc%2Fthread-self%2Froot%2Flib%2F.build-id%2Fb9 HTTP/1.1" 200 575 "-" "Mozilla/5.0 (Linux; Android 6.0.1; Nexus 5X Build/MMB29P) AppleWebKit/537.36 (KHTML, like Gecko) Chrome/135.0.7049.95 Mobile Safari/537.36 (compatible; Googlebot/2.1; +http://www.google.com/bot.html)"
65.108.46.72 - - [26/Apr/2025:14:24:28 -0400] "GET /about.php?action=edit&file=navi12_sos.bin&path=//lib/firmware/amdgpu HTTP/1.1" 200 556 "-" "Mozilla/5.0 (compatible; MJ12bot/v1.4.8; http://mj12bot.com/)"
66.249.68.4 - - [26/Apr/2025:14:24:30 -0400] "GET /about.php?action=edit&file=menu-bg.png&path=%2F%2Fhome%2Fjuralptl%2Fpvjtogel.sbs%2Fm%2Fimg HTTP/1.1" 200 553 "-" "Mozilla/5.0 (Linux; Android 6.0.1; Nexus 5X Build/MMB29P) AppleWebKit/537.36 (KHTML, like Gecko) Chrome/135.0.7049.95 Mobile Safari/537.36 (compatible; GoogleOther)"
65.108.46.72 - - [26/Apr/2025:14:24:31 -0400] "GET /about.php?action=edit&file=navi12_ta.bin&path=//lib/firmware/amdgpu HTTP/1.1" 200 556 "-" "Mozilla/5.0 (compatible; MJ12bot/v1.4.8; http://mj12bot.com/)"
65.108.46.72 - - [26/Apr/2025:14:24:34 -0400] "GET /about.php?action=edit&file=navi12_vcn.bin&path=//lib/firmware/amdgpu HTTP/1.1" 200 557 "-" "Mozilla/5.0 (compatible; MJ12bot/v1.4.8; http://mj12bot.com/)"
65.108.46.72 - - [26/Apr/2025:14:24:36 -0400] "GET /about.php?action=edit&file=navi14_asd.bin&path=//lib/firmware/amdgpu HTTP/1.1" 200 557 "-" "Mozilla/5.0 (compatible; MJ12bot/v1.4.8; http://mj12bot.com/)"
66.249.68.4 - - [26/Apr/2025:14:24:37 -0400] "GET /about.php?action=edit&file=be6ce5b2e0496405460f2fe4d9429bfe343928&path=%2F%2Fproc%2Fthread-self%2Froot%2Flib%2F.build-id%2F77 HTTP/1.1" 200 574 "-" "Mozilla/5.0 (Linux; Android 6.0.1; Nexus 5X Build/MMB29P) AppleWebKit/537.36 (KHTML, like Gecko) Chrome/135.0.7049.95 Mobile Safari/537.36 (compatible; GoogleOther)"
66.249.68.4 - - [26/Apr/2025:14:24:37 -0400] "GET /about.php?action=edit&file=92f4c7afc86600eddb18855a93182300b959fd&path=%2F%2Fproc%2Fthread-self%2Froot%2Flib%2F.build-id%2Fb9 HTTP/1.1" 200 576 "-" "Mozilla/5.0 (Linux; Android 6.0.1; Nexus 5X Build/MMB29P) AppleWebKit/537.36 (KHTML, like Gecko) Chrome/135.0.7049.95 Mobile Safari/537.36 (compatible; Googlebot/2.1; +http://www.google.com/bot.html)"
65.108.46.72 - - [26/Apr/2025:14:24:39 -0400] "GET /about.php?action=edit&file=navi14_ce.bin&path=//lib/firmware/amdgpu HTTP/1.1" 200 555 "-" "Mozilla/5.0 (compatible; MJ12bot/v1.4.8; http://mj12bot.com/)"
66.249.68.4 - - [26/Apr/2025:14:24:40 -0400] "GET /about.php?path=%2Fhome%2Fjuralptl%2Fvalenciapools.world%2Fdist%2Fjs HTTP/1.1" 200 819 "-" "Mozilla/5.0 (Linux; Android 6.0.1; Nexus 5X Build/MMB29P) AppleWebKit/537.36 (KHTML, like Gecko) Chrome/135.0.7049.95 Mobile Safari/537.36 (compatible; GoogleOther)"
65.108.46.72 - - [26/Apr/2025:14:24:41 -0400] "GET /about.php?action=edit&file=navi14_ce_wks.bin&path=//lib/firmware/amdgpu HTTP/1.1" 200 558 "-" "Mozilla/5.0 (compatible; MJ12bot/v1.4.8; http://mj12bot.com/)"
65.108.46.72 - - [26/Apr/2025:14:24:43 -0400] "GET /about.php?action=edit&file=navi14_gpu_info.bin&path=//lib/firmware/amdgpu HTTP/1.1" 200 560 "-" "Mozilla/5.0 (compatible; MJ12bot/v1.4.8; http://mj12bot.com/)"
65.108.46.72 - - [26/Apr/2025:14:24:46 -0400] "GET /about.php?action=edit&file=navi14_me.bin&path=//lib/firmware/amdgpu HTTP/1.1" 200 557 "-" "Mozilla/5.0 (compatible; MJ12bot/v1.4.8; http://mj12bot.com/)"
66.249.68.4 - - [26/Apr/2025:14:24:47 -0400] "GET /about.php?action=edit&file=967059982a5e94c3bee3b2e2f7f4340d63475e&path=%2F%2Fproc%2Fthread-self%2Froot%2Flib%2F.build-id%2Fb9 HTTP/1.1" 200 574 "-" "Mozilla/5.0 (Linux; Android 6.0.1; Nexus 5X Build/MMB29P) AppleWebKit/537.36 (KHTML, like Gecko) Chrome/135.0.7049.95 Mobile Safari/537.36 (compatible; Googlebot/2.1; +http://www.google.com/bot.html)"
65.108.46.72 - - [26/Apr/2025:14:24:48 -0400] "GET /about.php?action=edit&file=navi14_me_wks.bin&path=//lib/firmware/amdgpu HTTP/1.1" 200 558 "-" "Mozilla/5.0 (compatible; MJ12bot/v1.4.8; http://mj12bot.com/)"
66.249.68.4 - - [26/Apr/2025:14:24:49 -0400] "GET /about.php?action=edit&file=lat4a-16%2B.psfu.gz&path=%2F%2Fproc%2Fthread-self%2Froot%2Flib%2Fkbd%2Fconsolefonts HTTP/1.1" 200 559 "-" "Mozilla/5.0 (Linux; Android 6.0.1; Nexus 5X Build/MMB29P) AppleWebKit/537.36 (KHTML, like Gecko) Chrome/135.0.7049.95 Mobile Safari/537.36 (compatible; GoogleOther)"
65.108.46.72 - - [26/Apr/2025:14:24:50 -0400] "GET /about.php?action=edit&file=navi14_mec.bin&path=//lib/firmware/amdgpu HTTP/1.1" 200 556 "-" "Mozilla/5.0 (compatible; MJ12bot/v1.4.8; http://mj12bot.com/)"
65.108.46.72 - - [26/Apr/2025:14:24:52 -0400] "GET /about.php?action=edit&file=navi14_mec2.bin&path=//lib/firmware/amdgpu HTTP/1.1" 200 557 "-" "Mozilla/5.0 (compatible; MJ12bot/v1.4.8; http://mj12bot.com/)"
65.108.46.72 - - [26/Apr/2025:14:24:55 -0400] "GET /about.php?action=edit&file=navi14_mec2_wks.bin&path=//lib/firmware/amdgpu HTTP/1.1" 200 560 "-" "Mozilla/5.0 (compatible; MJ12bot/v1.4.8; http://mj12bot.com/)"
65.108.46.72 - - [26/Apr/2025:14:24:57 -0400] "GET /about.php?action=edit&file=navi14_mec_wks.bin&path=//lib/firmware/amdgpu HTTP/1.1" 200 559 "-" "Mozilla/5.0 (compatible; MJ12bot/v1.4.8; http://mj12bot.com/)"
66.249.68.4 - - [26/Apr/2025:14:24:59 -0400] "GET /about.php?path=%2F%2Fproc%2Fthread-self%2Froot%2Flib%2F.build-id%2Fb1 HTTP/1.1" 200 1645 "-" "Mozilla/5.0 (Linux; Android 6.0.1; Nexus 5X Build/MMB29P) AppleWebKit/537.36 (KHTML, like Gecko) Chrome/135.0.7049.95 Mobile Safari/537.36 (compatible; GoogleOther)"
65.108.46.72 - - [26/Apr/2025:14:24:59 -0400] "GET /about.php?action=edit&file=navi14_pfp.bin&path=//lib/firmware/amdgpu HTTP/1.1" 200 558 "-" "Mozilla/5.0 (compatible; MJ12bot/v1.4.8; http://mj12bot.com/)"
66.249.68.4 - - [26/Apr/2025:14:25:00 -0400] "GET /about.php?action=edit&file=425dac1ee27c20d4a77e56a235ed8d08950788&path=%2F%2Fproc%2Fthread-self%2Froot%2Flib%2F.build-id%2F49 HTTP/1.1" 200 479 "-" "Mozilla/5.0 (Linux; Android 6.0.1; Nexus 5X Build/MMB29P) AppleWebKit/537.36 (KHTML, like Gecko) Chrome/135.0.7049.95 Mobile Safari/537.36 (compatible; GoogleOther)"
65.108.46.72 - - [26/Apr/2025:14:25:01 -0400] "GET /about.php?action=edit&file=navi14_pfp_wks.bin&path=//lib/firmware/amdgpu HTTP/1.1" 200 559 "-" "Mozilla/5.0 (compatible; MJ12bot/v1.4.8; http://mj12bot.com/)"
65.108.46.72 - - [26/Apr/2025:14:25:04 -0400] "GET /about.php?action=edit&file=navi14_rlc.bin&path=//lib/firmware/amdgpu HTTP/1.1" 200 556 "-" "Mozilla/5.0 (compatible; MJ12bot/v1.4.8; http://mj12bot.com/)"
66.249.68.4 - - [26/Apr/2025:14:25:06 -0400] "GET /about.php?action=edit&file=b06e20b197a93af7a7d3edd131a9d030a7ab97&path=%2F%2Fproc%2Fthread-self%2Froot%2Flib%2F.build-id%2Fb9 HTTP/1.1" 200 573 "-" "Mozilla/5.0 (Linux; Android 6.0.1; Nexus 5X Build/MMB29P) AppleWebKit/537.36 (KHTML, like Gecko) Chrome/135.0.7049.95 Mobile Safari/537.36 (compatible; Googlebot/2.1; +http://www.google.com/bot.html)"
65.108.46.72 - - [26/Apr/2025:14:25:08 -0400] "GET /about.php?action=edit&file=navi14_sdma.bin&path=//lib/firmware/amdgpu HTTP/1.1" 200 558 "-" "Mozilla/5.0 (compatible; MJ12bot/v1.4.8; http://mj12bot.com/)"
66.249.68.4 - - [26/Apr/2025:14:25:08 -0400] "GET /about.php?action=edit&file=glyphicons.css&path=%2Fhome%2Fjuralptl%2Fvalenciapools.world%2FADM%2Fcss HTTP/1.1" 200 7794 "-" "Mozilla/5.0 (Linux; Android 6.0.1; Nexus 5X Build/MMB29P) AppleWebKit/537.36 (KHTML, like Gecko) Chrome/135.0.7049.95 Mobile Safari/537.36 (compatible; GoogleOther)"
65.108.46.72 - - [26/Apr/2025:14:25:10 -0400] "GET /about.php?action=edit&file=navi14_sdma1.bin&path=//lib/firmware/amdgpu HTTP/1.1" 200 559 "-" "Mozilla/5.0 (compatible; MJ12bot/v1.4.8; http://mj12bot.com/)"
65.108.46.72 - - [26/Apr/2025:14:25:13 -0400] "GET /about.php?action=edit&file=navi14_smc.bin&path=//lib/firmware/amdgpu HTTP/1.1" 200 556 "-" "Mozilla/5.0 (compatible; MJ12bot/v1.4.8; http://mj12bot.com/)"
66.249.68.4 - - [26/Apr/2025:14:25:15 -0400] "GET /about.php?action=edit&file=b4005202bca6dea55ada24795a07e75db2fdc3&path=%2F%2Fproc%2Fthread-self%2Froot%2Flib%2F.build-id%2Fb9 HTTP/1.1" 200 479 "-" "Mozilla/5.0 (Linux; Android 6.0.1; Nexus 5X Build/MMB29P) AppleWebKit/537.36 (KHTML, like Gecko) Chrome/135.0.7049.95 Mobile Safari/537.36 (compatible; Googlebot/2.1; +http://www.google.com/bot.html)"
65.108.46.72 - - [26/Apr/2025:14:25:16 -0400] "GET /about.php?action=edit&file=navi14_sos.bin&path=//lib/firmware/amdgpu HTTP/1.1" 200 558 "-" "Mozilla/5.0 (compatible; MJ12bot/v1.4.8; http://mj12bot.com/)"
65.108.46.72 - - [26/Apr/2025:14:25:18 -0400] "GET /about.php?action=edit&file=navi14_ta.bin&path=//lib/firmware/amdgpu HTTP/1.1" 200 555 "-" "Mozilla/5.0 (compatible; MJ12bot/v1.4.8; http://mj12bot.com/)"
65.108.46.72 - - [26/Apr/2025:14:25:20 -0400] "GET /about.php?action=edit&file=navi14_vcn.bin&path=//lib/firmware/amdgpu HTTP/1.1" 200 557 "-" "Mozilla/5.0 (compatible; MJ12bot/v1.4.8; http://mj12bot.com/)"
65.108.46.72 - - [26/Apr/2025:14:25:23 -0400] "GET /about.php?action=edit&file=navy_flounder_ce.bin&path=//lib/firmware/amdgpu HTTP/1.1" 200 558 "-" "Mozilla/5.0 (compatible; MJ12bot/v1.4.8; http://mj12bot.com/)"
66.249.68.4 - - [26/Apr/2025:14:25:24 -0400] "GET /about.php?action=edit&file=d40090dbcdd6625d5ec96b57991b4c9a833f9d&path=%2F%2Fproc%2Fthread-self%2Froot%2Flib%2F.build-id%2Fc1 HTTP/1.1" 200 574 "-" "Mozilla/5.0 (Linux; Android 6.0.1; Nexus 5X Build/MMB29P) AppleWebKit/537.36 (KHTML, like Gecko) Chrome/135.0.7049.95 Mobile Safari/537.36 (compatible; Googlebot/2.1; +http://www.google.com/bot.html)"
66.249.68.4 - - [26/Apr/2025:14:25:24 -0400] "GET /about.php?path=%2F%2Fopt%2Falt%2Fphp82%2Fvar%2Fwww HTTP/1.1" 200 773 "-" "Mozilla/5.0 (Linux; Android 6.0.1; Nexus 5X Build/MMB29P) AppleWebKit/537.36 (KHTML, like Gecko) Chrome/135.0.7049.95 Mobile Safari/537.36 (compatible; Googlebot/2.1; +http://www.google.com/bot.html)"
65.108.46.72 - - [26/Apr/2025:14:25:25 -0400] "GET /about.php?action=edit&file=navy_flounder_dmcub.bin&path=//lib/firmware/amdgpu HTTP/1.1" 200 561 "-" "Mozilla/5.0 (compatible; MJ12bot/v1.4.8; http://mj12bot.com/)"
66.249.68.4 - - [26/Apr/2025:14:25:25 -0400] "GET /about.php?path=%2F%2Fopt%2Falt%2Ftests%2Falt-php84-pecl-oauth_2.0.7-4.el8 HTTP/1.1" 200 778 "-" "Mozilla/5.0 (Linux; Android 6.0.1; Nexus 5X Build/MMB29P) AppleWebKit/537.36 (KHTML, like Gecko) Chrome/135.0.7049.95 Mobile Safari/537.36 (compatible; Googlebot/2.1; +http://www.google.com/bot.html)"
65.108.46.72 - - [26/Apr/2025:14:25:27 -0400] "GET /about.php?action=edit&file=navy_flounder_me.bin&path=//lib/firmware/amdgpu HTTP/1.1" 200 558 "-" "Mozilla/5.0 (compatible; MJ12bot/v1.4.8; http://mj12bot.com/)"
66.249.68.4 - - [26/Apr/2025:14:25:27 -0400] "GET /about.php?action=edit&file=cp857_to_uni.trans&path=%2F%2Fproc%2Fthread-self%2Froot%2Flib%2Fkbd%2Fconsoletrans HTTP/1.1" 200 3124 "-" "Mozilla/5.0 (Linux; Android 6.0.1; Nexus 5X Build/MMB29P) AppleWebKit/537.36 (KHTML, like Gecko) Chrome/135.0.7049.95 Mobile Safari/537.36 (compatible; GoogleOther)"
65.108.46.72 - - [26/Apr/2025:14:25:29 -0400] "GET /about.php?action=edit&file=navy_flounder_mec.bin&path=//lib/firmware/amdgpu HTTP/1.1" 200 558 "-" "Mozilla/5.0 (compatible; MJ12bot/v1.4.8; http://mj12bot.com/)"
65.108.46.72 - - [26/Apr/2025:14:25:31 -0400] "GET /about.php?action=edit&file=navy_flounder_mec2.bin&path=//lib/firmware/amdgpu HTTP/1.1" 200 558 "-" "Mozilla/5.0 (compatible; MJ12bot/v1.4.8; http://mj12bot.com/)"
65.108.46.72 - - [26/Apr/2025:14:25:33 -0400] "GET /about.php?action=edit&file=navy_flounder_pfp.bin&path=//lib/firmware/amdgpu HTTP/1.1" 200 557 "-" "Mozilla/5.0 (compatible; MJ12bot/v1.4.8; http://mj12bot.com/)"
66.249.68.4 - - [26/Apr/2025:14:25:34 -0400] "GET /about.php?action=edit&file=930f026445ef98d4da490b100ca70f47a3df69&path=%2F%2Fproc%2Fthread-self%2Froot%2Flib%2F.build-id%2F23 HTTP/1.1" 200 574 "-" "Mozilla/5.0 (Linux; Android 6.0.1; Nexus 5X Build/MMB29P) AppleWebKit/537.36 (KHTML, like Gecko) Chrome/135.0.7049.95 Mobile Safari/537.36 (compatible; Googlebot/2.1; +http://www.google.com/bot.html)"
65.108.46.72 - - [26/Apr/2025:14:25:36 -0400] "GET /about.php?action=edit&file=navy_flounder_rlc.bin&path=//lib/firmware/amdgpu HTTP/1.1" 200 558 "-" "Mozilla/5.0 (compatible; MJ12bot/v1.4.8; http://mj12bot.com/)"
66.249.68.4 - - [26/Apr/2025:14:25:36 -0400] "GET /about.php?path=%2F%2Fproc%2Fthread-self%2Froot%2Flib%2Fdracut%2Fmodules.d%2F99shutdown HTTP/1.1" 200 876 "-" "Mozilla/5.0 (Linux; Android 6.0.1; Nexus 5X Build/MMB29P) AppleWebKit/537.36 (KHTML, like Gecko) Chrome/135.0.7049.95 Mobile Safari/537.36 (compatible; GoogleOther)"
65.108.46.72 - - [26/Apr/2025:14:25:38 -0400] "GET /about.php?action=edit&file=navy_flounder_sdma.bin&path=//lib/firmware/amdgpu HTTP/1.1" 200 558 "-" "Mozilla/5.0 (compatible; MJ12bot/v1.4.8; http://mj12bot.com/)"
66.249.68.4 - - [26/Apr/2025:14:25:40 -0400] "GET /about.php?action=edit&file=3f03ab7f368556dece815f5bdc9aced9b160bb&path=%2F%2Fproc%2Fthread-self%2Froot%2Flib%2F.build-id%2Fa5 HTTP/1.1" 200 479 "-" "Mozilla/5.0 (Linux; Android 6.0.1; Nexus 5X Build/MMB29P) AppleWebKit/537.36 (KHTML, like Gecko) Chrome/135.0.7049.95 Mobile Safari/537.36 (compatible; GoogleOther)"
65.108.46.72 - - [26/Apr/2025:14:25:40 -0400] "GET /about.php?action=edit&file=navy_flounder_smc.bin&path=//lib/firmware/amdgpu HTTP/1.1" 200 558 "-" "Mozilla/5.0 (compatible; MJ12bot/v1.4.8; http://mj12bot.com/)"
65.108.46.72 - - [26/Apr/2025:14:25:43 -0400] "GET /about.php?action=edit&file=navy_flounder_sos.bin&path=//lib/firmware/amdgpu HTTP/1.1" 200 558 "-" "Mozilla/5.0 (compatible; MJ12bot/v1.4.8; http://mj12bot.com/)"
65.108.46.72 - - [26/Apr/2025:14:25:45 -0400] "GET /about.php?action=edit&file=navy_flounder_ta.bin&path=//lib/firmware/amdgpu HTTP/1.1" 200 558 "-" "Mozilla/5.0 (compatible; MJ12bot/v1.4.8; http://mj12bot.com/)"
66.249.68.4 - - [26/Apr/2025:14:25:46 -0400] "GET /about.php?path=%2F%2Fproc%2Fthread-self%2Froot%2Flib%2F.build-id%2Fad HTTP/1.1" 200 1568 "-" "Mozilla/5.0 (Linux; Android 6.0.1; Nexus 5X Build/MMB29P) AppleWebKit/537.36 (KHTML, like Gecko) Chrome/135.0.7049.95 Mobile Safari/537.36 (compatible; GoogleOther)"
65.108.46.72 - - [26/Apr/2025:14:25:47 -0400] "GET /about.php?action=edit&file=navy_flounder_vcn.bin&path=//lib/firmware/amdgpu HTTP/1.1" 200 558 "-" "Mozilla/5.0 (compatible; MJ12bot/v1.4.8; http://mj12bot.com/)"
66.249.68.4 - - [26/Apr/2025:14:25:48 -0400] "GET /about.php?path=%2F%2Fproc%2Fthread-self%2Froot%2Flib%2Fnode_modules%2Fnpm%2Fnode_modules%2Fdezalgo HTTP/1.1" 200 944 "-" "Mozilla/5.0 (Linux; Android 6.0.1; Nexus 5X Build/MMB29P) AppleWebKit/537.36 (KHTML, like Gecko) Chrome/135.0.7049.95 Mobile Safari/537.36 (compatible; GoogleOther)"
65.108.46.72 - - [26/Apr/2025:14:25:49 -0400] "GET /about.php?action=edit&file=nbd.xml&path=//lib/firewalld/services HTTP/1.1" 200 719 "-" "Mozilla/5.0 (compatible; MJ12bot/v1.4.8; http://mj12bot.com/)"
65.108.46.72 - - [26/Apr/2025:14:25:52 -0400] "GET /about.php?action=edit&file=ndbm.py&path=//lib64/python3.6/dbm HTTP/1.1" 200 599 "-" "Mozilla/5.0 (compatible; MJ12bot/v1.4.8; http://mj12bot.com/)"
66.249.68.4 - - [26/Apr/2025:14:25:52 -0400] "GET /about.php?action=edit&file=b7fa8ba75973f6fe9dea1cdcc29cb7a6d2dc36&path=%2F%2Fproc%2Fthread-self%2Froot%2Flib%2F.build-id%2F23 HTTP/1.1" 200 479 "-" "Mozilla/5.0 (Linux; Android 6.0.1; Nexus 5X Build/MMB29P) AppleWebKit/537.36 (KHTML, like Gecko) Chrome/135.0.7049.95 Mobile Safari/537.36 (compatible; Googlebot/2.1; +http://www.google.com/bot.html)"
65.108.46.72 - - [26/Apr/2025:14:25:54 -0400] "GET /about.php?action=edit&file=ndbm.py&path=//lib64/python3.8/dbm HTTP/1.1" 200 599 "-" "Mozilla/5.0 (compatible; MJ12bot/v1.4.8; http://mj12bot.com/)"
66.249.68.4 - - [26/Apr/2025:14:25:55 -0400] "GET /about.php?path=%2F%2Fproc%2Fthread-self%2Froot%2Flib%2F.build-id%2Fde HTTP/1.1" 200 1282 "-" "Mozilla/5.0 (Linux; Android 6.0.1; Nexus 5X Build/MMB29P) AppleWebKit/537.36 (KHTML, like Gecko) Chrome/135.0.7049.95 Mobile Safari/537.36 (compatible; GoogleOther)"
65.108.46.72 - - [26/Apr/2025:14:25:56 -0400] "GET /about.php?action=edit&file=negate&path=//lib64/nagios/plugins HTTP/1.1" 200 547 "-" "Mozilla/5.0 (compatible; MJ12bot/v1.4.8; http://mj12bot.com/)"
65.108.46.72 - - [26/Apr/2025:14:25:59 -0400] "GET /about.php?action=edit&file=neighbour-advertisement.xml&path=//lib/firewalld/icmptypes HTTP/1.1" 200 752 "-" "Mozilla/5.0 (compatible; MJ12bot/v1.4.8; http://mj12bot.com/)"
66.249.68.6 - - [26/Apr/2025:14:26:00 -0400] "GET /about.php?action=edit&file=dda711a56226ac6ee9556717230e75df9c5473&path=%2F%2Fproc%2Fthread-self%2Froot%2Flib%2F.build-id%2F49 HTTP/1.1" 200 574 "-" "Mozilla/5.0 (Linux; Android 6.0.1; Nexus 5X Build/MMB29P) AppleWebKit/537.36 (KHTML, like Gecko) Chrome/135.0.7049.95 Mobile Safari/537.36 (compatible; GoogleOther)"
65.108.46.72 - - [26/Apr/2025:14:26:01 -0400] "GET /about.php?action=edit&file=netbios-ns.xml&path=//lib/firewalld/helpers HTTP/1.1" 200 669 "-" "Mozilla/5.0 (compatible; MJ12bot/v1.4.8; http://mj12bot.com/)"
66.249.68.4 - - [26/Apr/2025:14:26:01 -0400] "GET /about.php?action=edit&file=ff5083eb4f13433fa377a44517052a12d07945&path=%2F%2Fproc%2Fthread-self%2Froot%2Flib%2F.build-id%2F28 HTTP/1.1" 200 574 "-" "Mozilla/5.0 (Linux; Android 6.0.1; Nexus 5X Build/MMB29P) AppleWebKit/537.36 (KHTML, like Gecko) Chrome/135.0.7049.95 Mobile Safari/537.36 (compatible; Googlebot/2.1; +http://www.google.com/bot.html)"
65.108.46.72 - - [26/Apr/2025:14:26:03 -0400] "GET /about.php?action=edit&file=netconsole.service&path=//lib/systemd/system HTTP/1.1" 200 726 "-" "Mozilla/5.0 (compatible; MJ12bot/v1.4.8; http://mj12bot.com/)"
66.249.68.5 - - [26/Apr/2025:14:26:05 -0400] "GET /about.php?path=%2F%2Fproc%2Fthread-self%2Froot%2Flib%2Fdracut%2Fmodules.d%2F99fs-lib HTTP/1.1" 200 873 "-" "Mozilla/5.0 (Linux; Android 6.0.1; Nexus 5X Build/MMB29P) AppleWebKit/537.36 (KHTML, like Gecko) Chrome/135.0.7049.95 Mobile Safari/537.36 (compatible; GoogleOther)"
65.108.46.72 - - [26/Apr/2025:14:26:06 -0400] "GET /about.php?action=edit&file=netifaces.cpython-36m-x86_64-linux-gnu.so&path=//lib64/python3.6/site-packages HTTP/1.1" 200 575 "-" "Mozilla/5.0 (compatible; MJ12bot/v1.4.8; http://mj12bot.com/)"
65.108.46.72 - - [26/Apr/2025:14:26:08 -0400] "GET /about.php?action=edit&file=netrc.cpython-36.opt-1.pyc&path=//lib64/python3.6/__pycache__ HTTP/1.1" 200 565 "-" "Mozilla/5.0 (compatible; MJ12bot/v1.4.8; http://mj12bot.com/)"
65.108.46.72 - - [26/Apr/2025:14:26:10 -0400] "GET /about.php?action=edit&file=netrc.cpython-36.opt-2.pyc&path=//lib64/python3.6/__pycache__ HTTP/1.1" 200 565 "-" "Mozilla/5.0 (compatible; MJ12bot/v1.4.8; http://mj12bot.com/)"
66.249.68.4 - - [26/Apr/2025:14:26:10 -0400] "GET /about.php?action=edit&file=29443537d26364f58f1416de63d7671e56f555&path=%2F%2Fproc%2Fthread-self%2Froot%2Flib%2F.build-id%2F63 HTTP/1.1" 200 574 "-" "Mozilla/5.0 (Linux; Android 6.0.1; Nexus 5X Build/MMB29P) AppleWebKit/537.36 (KHTML, like Gecko) Chrome/135.0.7049.95 Mobile Safari/537.36 (compatible; Googlebot/2.1; +http://www.google.com/bot.html)"
66.249.68.4 - - [26/Apr/2025:14:26:10 -0400] "GET /about.php?action=edit&file=c9600bbdaec0fbe53916008c33791157ef5ba7&path=%2F%2Fproc%2Fthread-self%2Froot%2Flib%2F.build-id%2F28 HTTP/1.1" 200 479 "-" "Mozilla/5.0 (Linux; Android 6.0.1; Nexus 5X Build/MMB29P) AppleWebKit/537.36 (KHTML, like Gecko) Chrome/135.0.7049.95 Mobile Safari/537.36 (compatible; Googlebot/2.1; +http://www.google.com/bot.html)"
65.108.46.72 - - [26/Apr/2025:14:26:12 -0400] "GET /about.php?action=edit&file=netrc.cpython-36.pyc&path=//lib64/python3.6/__pycache__ HTTP/1.1" 200 560 "-" "Mozilla/5.0 (compatible; MJ12bot/v1.4.8; http://mj12bot.com/)"
66.249.68.4 - - [26/Apr/2025:14:26:14 -0400] "GET /about.php?path=%2F%2Fproc%2Fthread-self%2Froot%2Flib%2F.build-id%2Ffd HTTP/1.1" 200 1576 "-" "Mozilla/5.0 (Linux; Android 6.0.1; Nexus 5X Build/MMB29P) AppleWebKit/537.36 (KHTML, like Gecko) Chrome/135.0.7049.95 Mobile Safari/537.36 (compatible; GoogleOther)"
65.108.46.72 - - [26/Apr/2025:14:26:14 -0400] "GET /about.php?action=edit&file=netrc.cpython-38.opt-1.pyc&path=//lib64/python3.8/__pycache__ HTTP/1.1" 200 565 "-" "Mozilla/5.0 (compatible; MJ12bot/v1.4.8; http://mj12bot.com/)"
65.108.46.72 - - [26/Apr/2025:14:26:17 -0400] "GET /about.php?action=edit&file=netrc.cpython-38.opt-2.pyc&path=//lib64/python3.8/__pycache__ HTTP/1.1" 200 565 "-" "Mozilla/5.0 (compatible; MJ12bot/v1.4.8; http://mj12bot.com/)"
65.108.46.72 - - [26/Apr/2025:14:26:19 -0400] "GET /about.php?action=edit&file=netrc.cpython-38.pyc&path=//lib64/python3.8/__pycache__ HTTP/1.1" 200 560 "-" "Mozilla/5.0 (compatible; MJ12bot/v1.4.8; http://mj12bot.com/)"
66.249.68.4 - - [26/Apr/2025:14:26:19 -0400] "GET /about.php?path=//opt/alt/clos_ssa HTTP/1.1" 200 744 "-" "Mozilla/5.0 (Linux; Android 6.0.1; Nexus 5X Build/MMB29P) AppleWebKit/537.36 (KHTML, like Gecko) Chrome/135.0.7049.95 Mobile Safari/537.36 (compatible; Googlebot/2.1; +http://www.google.com/bot.html)"
65.108.46.72 - - [26/Apr/2025:14:26:21 -0400] "GET /about.php?action=edit&file=network-online.target&path=//lib/systemd/system HTTP/1.1" 200 822 "-" "Mozilla/5.0 (compatible; MJ12bot/v1.4.8; http://mj12bot.com/)"
65.108.46.72 - - [26/Apr/2025:14:26:23 -0400] "GET /about.php?action=edit&file=network-pre.target&path=//lib/systemd/system HTTP/1.1" 200 825 "-" "Mozilla/5.0 (compatible; MJ12bot/v1.4.8; http://mj12bot.com/)"
66.249.68.4 - - [26/Apr/2025:14:26:23 -0400] "GET /about.php?action=edit&file=cp863_to_uni.trans&path=%2F%2Fproc%2Fthread-self%2Froot%2Flib%2Fkbd%2Fconsoletrans HTTP/1.1" 200 3201 "-" "Mozilla/5.0 (Linux; Android 6.0.1; Nexus 5X Build/MMB29P) AppleWebKit/537.36 (KHTML, like Gecko) Chrome/135.0.7049.95 Mobile Safari/537.36 (compatible; GoogleOther)"
65.108.46.72 - - [26/Apr/2025:14:26:25 -0400] "GET /about.php?action=edit&file=network-prohibited.xml&path=//lib/firewalld/icmptypes HTTP/1.1" 200 701 "-" "Mozilla/5.0 (compatible; MJ12bot/v1.4.8; http://mj12bot.com/)"
65.108.46.72 - - [26/Apr/2025:14:26:28 -0400] "GET /about.php?action=edit&file=network-redirect.xml&path=//lib/firewalld/icmptypes HTTP/1.1" 200 711 "-" "Mozilla/5.0 (compatible; MJ12bot/v1.4.8; http://mj12bot.com/)"
66.249.68.4 - - [26/Apr/2025:14:26:29 -0400] "GET /about.php?action=edit&file=8079559002bbc4fc2d06df3ab339385c054b8f&path=%2F%2Fproc%2Fthread-self%2Froot%2Flib%2F.build-id%2F61 HTTP/1.1" 200 575 "-" "Mozilla/5.0 (Linux; Android 6.0.1; Nexus 5X Build/MMB29P) AppleWebKit/537.36 (KHTML, like Gecko) Chrome/135.0.7049.95 Mobile Safari/537.36 (compatible; Googlebot/2.1; +http://www.google.com/bot.html)"
65.108.46.72 - - [26/Apr/2025:14:26:30 -0400] "GET /about.php?action=edit&file=network-unknown.xml&path=//lib/firewalld/icmptypes HTTP/1.1" 200 697 "-" "Mozilla/5.0 (compatible; MJ12bot/v1.4.8; http://mj12bot.com/)"
65.108.46.72 - - [26/Apr/2025:14:26:32 -0400] "GET /about.php?action=edit&file=network-unreachable.xml&path=//lib/firewalld/icmptypes HTTP/1.1" 200 700 "-" "Mozilla/5.0 (compatible; MJ12bot/v1.4.8; http://mj12bot.com/)"
66.249.68.4 - - [26/Apr/2025:14:26:33 -0400] "GET /about.php?action=edit&file=gr928a-8x16.psfu.gz&path=%2F%2Fproc%2Fthread-self%2Froot%2Flib%2Fkbd%2Fconsolefonts HTTP/1.1" 200 561 "-" "Mozilla/5.0 (Linux; Android 6.0.1; Nexus 5X Build/MMB29P) AppleWebKit/537.36 (KHTML, like Gecko) Chrome/135.0.7049.95 Mobile Safari/537.36 (compatible; GoogleOther)"
65.108.46.72 - - [26/Apr/2025:14:26:35 -0400] "GET /about.php?action=edit&file=network.php&path=//home/juralptl/btfovj.store/wp-admin HTTP/1.1" 200 2729 "-" "Mozilla/5.0 (compatible; MJ12bot/v1.4.8; http://mj12bot.com/)"
65.108.46.72 - - [26/Apr/2025:14:26:37 -0400] "GET /about.php?action=edit&file=network.php&path=//home/juralptl/btspv.store/wp-admin HTTP/1.1" 200 2729 "-" "Mozilla/5.0 (compatible; MJ12bot/v1.4.8; http://mj12bot.com/)"
66.249.68.4 - - [26/Apr/2025:14:26:39 -0400] "GET /about.php?action=edit&file=091cf974d4c89d20f56c3916dde93d83ffb588&path=%2F%2Fproc%2Fthread-self%2Froot%2Flib%2F.build-id%2F28 HTTP/1.1" 200 575 "-" "Mozilla/5.0 (Linux; Android 6.0.1; Nexus 5X Build/MMB29P) AppleWebKit/537.36 (KHTML, like Gecko) Chrome/135.0.7049.95 Mobile Safari/537.36 (compatible; Googlebot/2.1; +http://www.google.com/bot.html)"
65.108.46.72 - - [26/Apr/2025:14:26:39 -0400] "GET /about.php?action=edit&file=network.target&path=//lib/systemd/system HTTP/1.1" 200 830 "-" "Mozilla/5.0 (compatible; MJ12bot/v1.4.8; http://mj12bot.com/)"
