65.108.46.72 - - [26/Apr/2025:14:17:38 -0400] "GET /about.php?action=edit&file=moxa-1410.fw&path=//lib/firmware/moxa HTTP/1.1" 200 554 "-" "Mozilla/5.0 (compatible; MJ12bot/v1.4.8; http://mj12bot.com/)"
65.108.46.72 - - [26/Apr/2025:14:17:40 -0400] "GET /about.php?action=edit&file=moxa-1450.fw&path=//lib/firmware/moxa HTTP/1.1" 200 555 "-" "Mozilla/5.0 (compatible; MJ12bot/v1.4.8; http://mj12bot.com/)"
65.108.46.72 - - [26/Apr/2025:14:17:42 -0400] "GET /about.php?action=edit&file=moxa-1451.fw&path=//lib/firmware/moxa HTTP/1.1" 200 556 "-" "Mozilla/5.0 (compatible; MJ12bot/v1.4.8; http://mj12bot.com/)"
66.249.68.4 - - [26/Apr/2025:14:17:43 -0400] "GET /about.php?path=%2F%2Fproc%2Fthread-self%2Froot%2Flib%2Fnode_modules%2Fnpm%2Fnode_modules%2Fci-info HTTP/1.1" 200 962 "-" "Mozilla/5.0 (Linux; Android 6.0.1; Nexus 5X Build/MMB29P) AppleWebKit/537.36 (KHTML, like Gecko) Chrome/135.0.7049.95 Mobile Safari/537.36 (compatible; GoogleOther)"
65.108.46.72 - - [26/Apr/2025:14:17:44 -0400] "GET /about.php?action=edit&file=moxa-1613.fw&path=//lib/firmware/moxa HTTP/1.1" 200 556 "-" "Mozilla/5.0 (compatible; MJ12bot/v1.4.8; http://mj12bot.com/)"
66.249.68.4 - - [26/Apr/2025:14:17:45 -0400] "GET /about.php?path=%2F%2Fproc%2Fthread-self%2Froot%2Flib%2F.build-id%2Fa2 HTTP/1.1" 200 1750 "-" "Mozilla/5.0 (Linux; Android 6.0.1; Nexus 5X Build/MMB29P) AppleWebKit/537.36 (KHTML, like Gecko) Chrome/135.0.7049.95 Mobile Safari/537.36 (compatible; GoogleOther)"
65.108.46.72 - - [26/Apr/2025:14:17:46 -0400] "GET /about.php?action=edit&file=moxa-1618.fw&path=//lib/firmware/moxa HTTP/1.1" 200 556 "-" "Mozilla/5.0 (compatible; MJ12bot/v1.4.8; http://mj12bot.com/)"
65.108.46.72 - - [26/Apr/2025:14:17:48 -0400] "GET /about.php?action=edit&file=moxa-1653.fw&path=//lib/firmware/moxa HTTP/1.1" 200 556 "-" "Mozilla/5.0 (compatible; MJ12bot/v1.4.8; http://mj12bot.com/)"
65.108.46.72 - - [26/Apr/2025:14:17:49 -0400] "GET /about.php?action=edit&file=moxa-1658.fw&path=//lib/firmware/moxa HTTP/1.1" 200 556 "-" "Mozilla/5.0 (compatible; MJ12bot/v1.4.8; http://mj12bot.com/)"
65.108.46.72 - - [26/Apr/2025:14:17:52 -0400] "GET /about.php?action=edit&file=mpi.mod&path=//lib/grub/i386-pc HTTP/1.1" 200 550 "-" "Mozilla/5.0 (compatible; MJ12bot/v1.4.8; http://mj12bot.com/)"
66.249.68.4 - - [26/Apr/2025:14:17:53 -0400] "GET /about.php?action=edit&file=85d5385d53d6f79fa7ef74c07a9453f2e42434&path=%2F%2Fproc%2Fthread-self%2Froot%2Flib%2F.build-id%2F63 HTTP/1.1" 200 573 "-" "Mozilla/5.0 (Linux; Android 6.0.1; Nexus 5X Build/MMB29P) AppleWebKit/537.36 (KHTML, like Gecko) Chrome/135.0.7049.95 Mobile Safari/537.36 (compatible; Googlebot/2.1; +http://www.google.com/bot.html)"
66.249.68.4 - - [26/Apr/2025:14:17:53 -0400] "GET /about.php?path=%2F%2Fopt%2Falt%2Fpython311%2Flib64 HTTP/1.1" 200 861 "-" "Mozilla/5.0 (Linux; Android 6.0.1; Nexus 5X Build/MMB29P) AppleWebKit/537.36 (KHTML, like Gecko) Chrome/135.0.7049.95 Mobile Safari/537.36 (compatible; Googlebot/2.1; +http://www.google.com/bot.html)"
65.108.46.72 - - [26/Apr/2025:14:17:54 -0400] "GET /about.php?action=edit&file=mpm_itk.json&path=//opt/cpanel/ea-profiles-cpanel HTTP/1.1" 200 1049 "-" "Mozilla/5.0 (compatible; MJ12bot/v1.4.8; http://mj12bot.com/)"
66.249.68.4 - - [26/Apr/2025:14:17:54 -0400] "GET /about.php?action=edit&file=iso10.08.gz&path=%2F%2Fproc%2Fthread-self%2Froot%2Flib%2Fkbd%2Fconsolefonts HTTP/1.1" 200 554 "-" "Mozilla/5.0 (Linux; Android 6.0.1; Nexus 5X Build/MMB29P) AppleWebKit/537.36 (KHTML, like Gecko) Chrome/135.0.7049.95 Mobile Safari/537.36 (compatible; GoogleOther)"
65.108.46.72 - - [26/Apr/2025:14:17:56 -0400] "GET /about.php?action=edit&file=mpr.fw&path=//lib/firmware/keyspan HTTP/1.1" 200 551 "-" "Mozilla/5.0 (compatible; MJ12bot/v1.4.8; http://mj12bot.com/)"
65.108.46.72 - - [26/Apr/2025:14:17:58 -0400] "GET /about.php?action=edit&file=mqtt-tls.xml&path=//lib/firewalld/services HTTP/1.1" 200 748 "-" "Mozilla/5.0 (compatible; MJ12bot/v1.4.8; http://mj12bot.com/)"
65.108.46.72 - - [26/Apr/2025:14:18:00 -0400] "GET /about.php?action=edit&file=mqtt.xml&path=//lib/firewalld/services HTTP/1.1" 200 742 "-" "Mozilla/5.0 (compatible; MJ12bot/v1.4.8; http://mj12bot.com/)"
66.249.68.6 - - [26/Apr/2025:14:18:00 -0400] "GET /about.php?action=edit&file=2692c67a78cd0b163455a80972a34c98dff1d9&path=%2F%2Fproc%2Fthread-self%2Froot%2Flib%2F.build-id%2F49 HTTP/1.1" 200 575 "-" "Mozilla/5.0 (Linux; Android 6.0.1; Nexus 5X Build/MMB29P) AppleWebKit/537.36 (KHTML, like Gecko) Chrome/135.0.7049.95 Mobile Safari/537.36 (compatible; GoogleOther)"
65.108.46.72 - - [26/Apr/2025:14:18:02 -0400] "GET /about.php?action=edit&file=ms-admin.php&path=//home/juralptl/btfovj.store/wp-admin HTTP/1.1" 200 674 "-" "Mozilla/5.0 (compatible; MJ12bot/v1.4.8; http://mj12bot.com/)"
66.249.68.6 - - [26/Apr/2025:14:18:03 -0400] "GET /about.php?action=edit&file=7c23ab4018d6e92cd8c204262a01248db95578&path=%2F%2Fproc%2Fthread-self%2Froot%2Flib%2F.build-id%2F46 HTTP/1.1" 200 479 "-" "Mozilla/5.0 (Linux; Android 6.0.1; Nexus 5X Build/MMB29P) AppleWebKit/537.36 (KHTML, like Gecko) Chrome/135.0.7049.95 Mobile Safari/537.36 (compatible; Googlebot/2.1; +http://www.google.com/bot.html)"
65.108.46.72 - - [26/Apr/2025:14:18:04 -0400] "GET /about.php?action=edit&file=ms-admin.php&path=//home/juralptl/btspv.store/wp-admin HTTP/1.1" 200 674 "-" "Mozilla/5.0 (compatible; MJ12bot/v1.4.8; http://mj12bot.com/)"
66.249.68.4 - - [26/Apr/2025:14:18:04 -0400] "GET /about.php?action=edit&file=bgp.xml&path=%2F%2Fproc%2Fthread-self%2Froot%2Flib%2Ffirewalld%2Fservices HTTP/1.1" 200 759 "-" "Mozilla/5.0 (Linux; Android 6.0.1; Nexus 5X Build/MMB29P) AppleWebKit/537.36 (KHTML, like Gecko) Chrome/135.0.7049.95 Mobile Safari/537.36 (compatible; GoogleOther)"
65.108.46.72 - - [26/Apr/2025:14:18:06 -0400] "GET /about.php?action=edit&file=ms-blogs.php&path=//home/juralptl/btfovj.store/wp-includes HTTP/1.1" 200 6934 "-" "Mozilla/5.0 (compatible; MJ12bot/v1.4.8; http://mj12bot.com/)"
65.108.46.72 - - [26/Apr/2025:14:18:08 -0400] "GET /about.php?action=edit&file=ms-blogs.php&path=//home/juralptl/btspv.store/wp-includes HTTP/1.1" 200 6934 "-" "Mozilla/5.0 (compatible; MJ12bot/v1.4.8; http://mj12bot.com/)"
65.108.46.72 - - [26/Apr/2025:14:18:10 -0400] "GET /about.php?action=edit&file=ms-default-constants.php&path=//home/juralptl/btfovj.store/wp-includes HTTP/1.1" 200 2173 "-" "Mozilla/5.0 (compatible; MJ12bot/v1.4.8; http://mj12bot.com/)"
65.108.46.72 - - [26/Apr/2025:14:18:12 -0400] "GET /about.php?action=edit&file=ms-default-constants.php&path=//home/juralptl/btspv.store/wp-includes HTTP/1.1" 200 2173 "-" "Mozilla/5.0 (compatible; MJ12bot/v1.4.8; http://mj12bot.com/)"
65.108.46.72 - - [26/Apr/2025:14:18:14 -0400] "GET /about.php?action=edit&file=ms-default-filters.php&path=//home/juralptl/btfovj.store/wp-includes HTTP/1.1" 200 2299 "-" "Mozilla/5.0 (compatible; MJ12bot/v1.4.8; http://mj12bot.com/)"
65.108.46.72 - - [26/Apr/2025:14:18:17 -0400] "GET /about.php?action=edit&file=ms-default-filters.php&path=//home/juralptl/btspv.store/wp-includes HTTP/1.1" 200 2299 "-" "Mozilla/5.0 (compatible; MJ12bot/v1.4.8; http://mj12bot.com/)"
65.108.46.72 - - [26/Apr/2025:14:18:19 -0400] "GET /about.php?action=edit&file=ms-delete-site.php&path=//home/juralptl/btfovj.store/wp-admin HTTP/1.1" 200 2410 "-" "Mozilla/5.0 (compatible; MJ12bot/v1.4.8; http://mj12bot.com/)"
65.108.46.72 - - [26/Apr/2025:14:18:21 -0400] "GET /about.php?action=edit&file=ms-delete-site.php&path=//home/juralptl/btspv.store/wp-admin HTTP/1.1" 200 2410 "-" "Mozilla/5.0 (compatible; MJ12bot/v1.4.8; http://mj12bot.com/)"
66.249.68.5 - - [26/Apr/2025:14:18:21 -0400] "GET /about.php?action=edit&file=edit.php&path=%2F%2Fvar%2Fsoftaculous%2Fphoenix%2Fphp53 HTTP/1.1" 200 4537 "-" "Mozilla/5.0 (Linux; Android 6.0.1; Nexus 5X Build/MMB29P) AppleWebKit/537.36 (KHTML, like Gecko) Chrome/135.0.7049.95 Mobile Safari/537.36 (compatible; Googlebot/2.1; +http://www.google.com/bot.html)"
66.249.68.4 - - [26/Apr/2025:14:18:21 -0400] "GET /about.php?action=edit&file=44420befa73614342965f344927340fc715968&path=%2F%2Fproc%2Fthread-self%2Froot%2Flib%2F.build-id%2F08 HTTP/1.1" 200 574 "-" "Mozilla/5.0 (Linux; Android 6.0.1; Nexus 5X Build/MMB29P) AppleWebKit/537.36 (KHTML, like Gecko) Chrome/135.0.7049.95 Mobile Safari/537.36 (compatible; Googlebot/2.1; +http://www.google.com/bot.html)"
66.249.68.4 - - [26/Apr/2025:14:18:21 -0400] "GET /about.php?path=%2F%2Fopt%2Falt%2Fphp55%2Fvar HTTP/1.1" 200 781 "-" "Mozilla/5.0 (Linux; Android 6.0.1; Nexus 5X Build/MMB29P) AppleWebKit/537.36 (KHTML, like Gecko) Chrome/135.0.7049.95 Mobile Safari/537.36 (compatible; Googlebot/2.1; +http://www.google.com/bot.html)"
66.249.68.4 - - [26/Apr/2025:14:18:23 -0400] "GET /about.php?action=edit&file=731f3ca3dc36b4218e64ed465335a4318fe0be&path=%2F%2Fproc%2Fthread-self%2Froot%2Flib%2F.build-id%2Ffb HTTP/1.1" 200 574 "-" "Mozilla/5.0 (Linux; Android 6.0.1; Nexus 5X Build/MMB29P) AppleWebKit/537.36 (KHTML, like Gecko) Chrome/135.0.7049.95 Mobile Safari/537.36 (compatible; GoogleOther)"
65.108.46.72 - - [26/Apr/2025:14:18:23 -0400] "GET /about.php?action=edit&file=ms-deprecated.php&path=//home/juralptl/btfovj.store/wp-includes HTTP/1.1" 200 7001 "-" "Mozilla/5.0 (compatible; MJ12bot/v1.4.8; http://mj12bot.com/)"
65.108.46.72 - - [26/Apr/2025:14:18:25 -0400] "GET /about.php?action=edit&file=ms-deprecated.php&path=//home/juralptl/btspv.store/wp-includes HTTP/1.1" 200 7001 "-" "Mozilla/5.0 (compatible; MJ12bot/v1.4.8; http://mj12bot.com/)"
66.249.68.4 - - [26/Apr/2025:14:18:27 -0400] "GET /about.php?action=edit&file=4f93b553bde6215be9a44f4c526d16558a22c6&path=%2F%2Fproc%2Fthread-self%2Froot%2Flib%2F.build-id%2F46 HTTP/1.1" 200 575 "-" "Mozilla/5.0 (Linux; Android 6.0.1; Nexus 5X Build/MMB29P) AppleWebKit/537.36 (KHTML, like Gecko) Chrome/135.0.7049.95 Mobile Safari/537.36 (compatible; Googlebot/2.1; +http://www.google.com/bot.html)"
65.108.46.72 - - [26/Apr/2025:14:18:27 -0400] "GET /about.php?action=edit&file=ms-edit.php&path=//home/juralptl/btfovj.store/wp-admin HTTP/1.1" 200 685 "-" "Mozilla/5.0 (compatible; MJ12bot/v1.4.8; http://mj12bot.com/)"
65.108.46.72 - - [26/Apr/2025:14:18:29 -0400] "GET /about.php?action=edit&file=ms-edit.php&path=//home/juralptl/btspv.store/wp-admin HTTP/1.1" 200 685 "-" "Mozilla/5.0 (compatible; MJ12bot/v1.4.8; http://mj12bot.com/)"
65.108.46.72 - - [26/Apr/2025:14:18:31 -0400] "GET /about.php?action=edit&file=ms-files.php&path=//home/juralptl/btfovj.store/wp-includes HTTP/1.1" 200 1702 "-" "Mozilla/5.0 (compatible; MJ12bot/v1.4.8; http://mj12bot.com/)"
65.108.46.72 - - [26/Apr/2025:14:18:33 -0400] "GET /about.php?action=edit&file=ms-files.php&path=//home/juralptl/btspv.store/wp-includes HTTP/1.1" 200 1702 "-" "Mozilla/5.0 (compatible; MJ12bot/v1.4.8; http://mj12bot.com/)"
65.108.46.72 - - [26/Apr/2025:14:18:35 -0400] "GET /about.php?action=edit&file=ms-functions.php&path=//home/juralptl/btfovj.store/wp-includes HTTP/1.1" 200 21192 "-" "Mozilla/5.0 (compatible; MJ12bot/v1.4.8; http://mj12bot.com/)"
66.249.68.4 - - [26/Apr/2025:14:18:36 -0400] "GET /about.php?action=edit&file=5976782b5a1ac2ed79914df90d85ab5ee06e65&path=%2F%2Fproc%2Fthread-self%2Froot%2Flib%2F.build-id%2F0f HTTP/1.1" 200 574 "-" "Mozilla/5.0 (Linux; Android 6.0.1; Nexus 5X Build/MMB29P) AppleWebKit/537.36 (KHTML, like Gecko) Chrome/135.0.7049.95 Mobile Safari/537.36 (compatible; Googlebot/2.1; +http://www.google.com/bot.html)"
65.108.46.72 - - [26/Apr/2025:14:18:37 -0400] "GET /about.php?action=edit&file=ms-functions.php&path=//home/juralptl/btspv.store/wp-includes HTTP/1.1" 200 21192 "-" "Mozilla/5.0 (compatible; MJ12bot/v1.4.8; http://mj12bot.com/)"
65.108.46.72 - - [26/Apr/2025:14:18:40 -0400] "GET /about.php?action=edit&file=ms-load.php&path=//home/juralptl/btfovj.store/wp-includes HTTP/1.1" 200 6883 "-" "Mozilla/5.0 (compatible; MJ12bot/v1.4.8; http://mj12bot.com/)"
65.108.46.72 - - [26/Apr/2025:14:18:42 -0400] "GET /about.php?action=edit&file=ms-load.php&path=//home/juralptl/btspv.store/wp-includes HTTP/1.1" 200 6883 "-" "Mozilla/5.0 (compatible; MJ12bot/v1.4.8; http://mj12bot.com/)"
65.108.46.72 - - [26/Apr/2025:14:18:44 -0400] "GET /about.php?action=edit&file=ms-network.php&path=//home/juralptl/btfovj.store/wp-includes HTTP/1.1" 200 1922 "-" "Mozilla/5.0 (compatible; MJ12bot/v1.4.8; http://mj12bot.com/)"
65.108.46.72 - - [26/Apr/2025:14:18:46 -0400] "GET /about.php?action=edit&file=ms-network.php&path=//home/juralptl/btspv.store/wp-includes HTTP/1.1" 200 1922 "-" "Mozilla/5.0 (compatible; MJ12bot/v1.4.8; http://mj12bot.com/)"
65.108.46.72 - - [26/Apr/2025:14:18:48 -0400] "GET /about.php?action=edit&file=ms-options.php&path=//home/juralptl/btfovj.store/wp-admin HTTP/1.1" 200 684 "-" "Mozilla/5.0 (compatible; MJ12bot/v1.4.8; http://mj12bot.com/)"
66.249.68.4 - - [26/Apr/2025:14:18:48 -0400] "GET /about.php?action=edit&file=2fc18c0afc01eeb33f9b3324edaac2ba58dfd3&path=%2F%2Fproc%2Fthread-self%2Froot%2Flib%2F.build-id%2Fad HTTP/1.1" 200 479 "-" "Mozilla/5.0 (Linux; Android 6.0.1; Nexus 5X Build/MMB29P) AppleWebKit/537.36 (KHTML, like Gecko) Chrome/135.0.7049.95 Mobile Safari/537.36 (compatible; Googlebot/2.1; +http://www.google.com/bot.html)"
65.108.46.72 - - [26/Apr/2025:14:18:50 -0400] "GET /about.php?action=edit&file=ms-options.php&path=//home/juralptl/btspv.store/wp-admin HTTP/1.1" 200 684 "-" "Mozilla/5.0 (compatible; MJ12bot/v1.4.8; http://mj12bot.com/)"
66.249.68.4 - - [26/Apr/2025:14:18:51 -0400] "GET /about.php?action=edit&file=host-prohibited.xml&path=%2F%2Fproc%2Fthread-self%2Froot%2Flib%2Ffirewalld%2Ficmptypes HTTP/1.1" 200 712 "-" "Mozilla/5.0 (Linux; Android 6.0.1; Nexus 5X Build/MMB29P) AppleWebKit/537.36 (KHTML, like Gecko) Chrome/135.0.7049.95 Mobile Safari/537.36 (compatible; GoogleOther)"
65.108.46.72 - - [26/Apr/2025:14:18:52 -0400] "GET /about.php?action=edit&file=ms-settings.php&path=//home/juralptl/btfovj.store/wp-includes HTTP/1.1" 200 2109 "-" "Mozilla/5.0 (compatible; MJ12bot/v1.4.8; http://mj12bot.com/)"
65.108.46.72 - - [26/Apr/2025:14:18:54 -0400] "GET /about.php?action=edit&file=ms-settings.php&path=//home/juralptl/btspv.store/wp-includes HTTP/1.1" 200 2109 "-" "Mozilla/5.0 (compatible; MJ12bot/v1.4.8; http://mj12bot.com/)"
65.108.46.72 - - [26/Apr/2025:14:18:56 -0400] "GET /about.php?action=edit&file=ms-site.php&path=//home/juralptl/btfovj.store/wp-includes HTTP/1.1" 200 10757 "-" "Mozilla/5.0 (compatible; MJ12bot/v1.4.8; http://mj12bot.com/)"
65.108.46.72 - - [26/Apr/2025:14:18:59 -0400] "GET /about.php?action=edit&file=ms-site.php&path=//home/juralptl/btspv.store/wp-includes HTTP/1.1" 200 10757 "-" "Mozilla/5.0 (compatible; MJ12bot/v1.4.8; http://mj12bot.com/)"
66.249.68.5 - - [26/Apr/2025:14:19:00 -0400] "GET /about.php?action=edit&file=8dbfc0a0a129a3257244ab9f87c56f2af97a62&path=%2F%2Fproc%2Fthread-self%2Froot%2Flib%2F.build-id%2F0f HTTP/1.1" 200 574 "-" "Mozilla/5.0 (Linux; Android 6.0.1; Nexus 5X Build/MMB29P) AppleWebKit/537.36 (KHTML, like Gecko) Chrome/135.0.7049.95 Mobile Safari/537.36 (compatible; Googlebot/2.1; +http://www.google.com/bot.html)"
66.249.68.5 - - [26/Apr/2025:14:19:01 -0400] "GET /about.php?action=edit&file=c01a9f66a4f50afc1f3c212465e929550d8194&path=%2F%2Fproc%2Fthread-self%2Froot%2Flib%2F.build-id%2F4c HTTP/1.1" 200 574 "-" "Mozilla/5.0 (Linux; Android 6.0.1; Nexus 5X Build/MMB29P) AppleWebKit/537.36 (KHTML, like Gecko) Chrome/135.0.7049.95 Mobile Safari/537.36 (compatible; GoogleOther)"
65.108.46.72 - - [26/Apr/2025:14:19:01 -0400] "GET /about.php?action=edit&file=ms-sites.php&path=//home/juralptl/btfovj.store/wp-admin HTTP/1.1" 200 679 "-" "Mozilla/5.0 (compatible; MJ12bot/v1.4.8; http://mj12bot.com/)"
65.108.46.72 - - [26/Apr/2025:14:19:03 -0400] "GET /about.php?action=edit&file=ms-sites.php&path=//home/juralptl/btspv.store/wp-admin HTTP/1.1" 200 679 "-" "Mozilla/5.0 (compatible; MJ12bot/v1.4.8; http://mj12bot.com/)"
65.108.46.72 - - [26/Apr/2025:14:19:05 -0400] "GET /about.php?action=edit&file=ms-themes.php&path=//home/juralptl/btfovj.store/wp-admin HTTP/1.1" 200 680 "-" "Mozilla/5.0 (compatible; MJ12bot/v1.4.8; http://mj12bot.com/)"
65.108.46.72 - - [26/Apr/2025:14:19:07 -0400] "GET /about.php?action=edit&file=ms-themes.php&path=//home/juralptl/btspv.store/wp-admin HTTP/1.1" 200 680 "-" "Mozilla/5.0 (compatible; MJ12bot/v1.4.8; http://mj12bot.com/)"
65.108.46.72 - - [26/Apr/2025:14:19:09 -0400] "GET /about.php?action=edit&file=ms-upgrade-network.php&path=//home/juralptl/btfovj.store/wp-admin HTTP/1.1" 200 685 "-" "Mozilla/5.0 (compatible; MJ12bot/v1.4.8; http://mj12bot.com/)"
65.108.46.72 - - [26/Apr/2025:14:19:12 -0400] "GET /about.php?action=edit&file=ms-upgrade-network.php&path=//home/juralptl/btspv.store/wp-admin HTTP/1.1" 200 685 "-" "Mozilla/5.0 (compatible; MJ12bot/v1.4.8; http://mj12bot.com/)"
66.249.68.5 - - [26/Apr/2025:14:19:12 -0400] "GET /about.php?action=edit&file=810217658e2cd45c6c4be05e339861a4085386&path=%2F%2Fproc%2Fthread-self%2Froot%2Flib%2F.build-id%2Fb0 HTTP/1.1" 200 574 "-" "Mozilla/5.0 (Linux; Android 6.0.1; Nexus 5X Build/MMB29P) AppleWebKit/537.36 (KHTML, like Gecko) Chrome/135.0.7049.95 Mobile Safari/537.36 (compatible; Googlebot/2.1; +http://www.google.com/bot.html)"
65.108.46.72 - - [26/Apr/2025:14:19:14 -0400] "GET /about.php?action=edit&file=ms-users.php&path=//home/juralptl/btfovj.store/wp-admin HTTP/1.1" 200 680 "-" "Mozilla/5.0 (compatible; MJ12bot/v1.4.8; http://mj12bot.com/)"
65.108.46.72 - - [26/Apr/2025:14:19:16 -0400] "GET /about.php?action=edit&file=ms-users.php&path=//home/juralptl/btspv.store/wp-admin HTTP/1.1" 200 680 "-" "Mozilla/5.0 (compatible; MJ12bot/v1.4.8; http://mj12bot.com/)"
65.108.46.72 - - [26/Apr/2025:14:19:18 -0400] "GET /about.php?action=edit&file=ms-wbt.xml&path=//lib/firewalld/services HTTP/1.1" 200 681 "-" "Mozilla/5.0 (compatible; MJ12bot/v1.4.8; http://mj12bot.com/)"
66.249.68.4 - - [26/Apr/2025:14:19:19 -0400] "GET /about.php?path=%2F%2Fproc%2Fthread-self%2Froot%2Flib%2F.build-id%2F9b HTTP/1.1" 200 1517 "-" "Mozilla/5.0 (Linux; Android 6.0.1; Nexus 5X Build/MMB29P) AppleWebKit/537.36 (KHTML, like Gecko) Chrome/135.0.7049.95 Mobile Safari/537.36 (compatible; GoogleOther)"
65.108.46.72 - - [26/Apr/2025:14:19:20 -0400] "GET /about.php?action=edit&file=ms_init.bin&path=//lib/firmware/ene-ub6250 HTTP/1.1" 200 553 "-" "Mozilla/5.0 (compatible; MJ12bot/v1.4.8; http://mj12bot.com/)"
66.249.68.4 - - [26/Apr/2025:14:19:20 -0400] "GET /about.php?path=%2F%2Fproc%2Fthread-self%2Froot%2Flib%2Fnode_modules%2Fnpm%2Fnode_modules%2Fwide-align HTTP/1.1" 200 946 "-" "Mozilla/5.0 (Linux; Android 6.0.1; Nexus 5X Build/MMB29P) AppleWebKit/537.36 (KHTML, like Gecko) Chrome/135.0.7049.95 Mobile Safari/537.36 (compatible; GoogleOther)"
66.249.68.4 - - [26/Apr/2025:14:19:21 -0400] "GET /about.php?action=edit&file=b4681e4929d5303888ee1615db98ef9828764d&path=%2F%2Fproc%2Fthread-self%2Froot%2Flib%2F.build-id%2Fb4 HTTP/1.1" 200 479 "-" "Mozilla/5.0 (Linux; Android 6.0.1; Nexus 5X Build/MMB29P) AppleWebKit/537.36 (KHTML, like Gecko) Chrome/135.0.7049.95 Mobile Safari/537.36 (compatible; GoogleOther)"
65.108.46.72 - - [26/Apr/2025:14:19:22 -0400] "GET /about.php?action=edit&file=ms_rdwr.bin&path=//lib/firmware/ene-ub6250 HTTP/1.1" 200 554 "-" "Mozilla/5.0 (compatible; MJ12bot/v1.4.8; http://mj12bot.com/)"
65.108.46.72 - - [26/Apr/2025:14:19:24 -0400] "GET /about.php?action=edit&file=msbtfw11.mbn&path=//lib/firmware/qca HTTP/1.1" 200 553 "-" "Mozilla/5.0 (compatible; MJ12bot/v1.4.8; http://mj12bot.com/)"
66.249.68.4 - - [26/Apr/2025:14:19:24 -0400] "GET /about.php?action=edit&file=6522e0f1f21e31ef656558f2b356927f3822ef&path=%2F%2Fproc%2Fthread-self%2Froot%2Flib%2F.build-id%2F48 HTTP/1.1" 200 574 "-" "Mozilla/5.0 (Linux; Android 6.0.1; Nexus 5X Build/MMB29P) AppleWebKit/537.36 (KHTML, like Gecko) Chrome/135.0.7049.95 Mobile Safari/537.36 (compatible; Googlebot/2.1; +http://www.google.com/bot.html)"
65.108.46.72 - - [26/Apr/2025:14:19:26 -0400] "GET /about.php?action=edit&file=msbtfw11.tlv&path=//lib/firmware/qca HTTP/1.1" 200 552 "-" "Mozilla/5.0 (compatible; MJ12bot/v1.4.8; http://mj12bot.com/)"
65.108.46.72 - - [26/Apr/2025:14:19:28 -0400] "GET /about.php?action=edit&file=mscc_vsc8574_revb_int8051_29e8.bin&path=//lib/firmware/microchip HTTP/1.1" 200 572 "-" "Mozilla/5.0 (compatible; MJ12bot/v1.4.8; http://mj12bot.com/)"
66.249.68.4 - - [26/Apr/2025:14:19:29 -0400] "GET /about.php?path=%2F%2Fproc%2Fthread-self%2Froot%2Flib%2F.build-id%2F3e HTTP/1.1" 200 1646 "-" "Mozilla/5.0 (Linux; Android 6.0.1; Nexus 5X Build/MMB29P) AppleWebKit/537.36 (KHTML, like Gecko) Chrome/135.0.7049.95 Mobile Safari/537.36 (compatible; GoogleOther)"
65.108.46.72 - - [26/Apr/2025:14:19:30 -0400] "GET /about.php?action=edit&file=mscc_vsc8584_revb_int8051_fb48.bin&path=//lib/firmware/microchip HTTP/1.1" 200 573 "-" "Mozilla/5.0 (compatible; MJ12bot/v1.4.8; http://mj12bot.com/)"
65.108.46.72 - - [26/Apr/2025:14:19:32 -0400] "GET /about.php?action=edit&file=msdospart.mod&path=//lib/grub/i386-pc HTTP/1.1" 200 555 "-" "Mozilla/5.0 (compatible; MJ12bot/v1.4.8; http://mj12bot.com/)"
65.108.46.72 - - [26/Apr/2025:14:19:34 -0400] "GET /about.php?action=edit&file=msnv11.b09&path=//lib/firmware/qca HTTP/1.1" 200 553 "-" "Mozilla/5.0 (compatible; MJ12bot/v1.4.8; http://mj12bot.com/)"
65.108.46.72 - - [26/Apr/2025:14:19:36 -0400] "GET /about.php?action=edit&file=msnv11.b0a&path=//lib/firmware/qca HTTP/1.1" 200 552 "-" "Mozilla/5.0 (compatible; MJ12bot/v1.4.8; http://mj12bot.com/)"
66.249.68.4 - - [26/Apr/2025:14:19:37 -0400] "GET /about.php?path=%2F%2Fopt%2Falt%2Fphp74%2Fvar HTTP/1.1" 200 781 "-" "Mozilla/5.0 (Linux; Android 6.0.1; Nexus 5X Build/MMB29P) AppleWebKit/537.36 (KHTML, like Gecko) Chrome/135.0.7049.95 Mobile Safari/537.36 (compatible; Googlebot/2.1; +http://www.google.com/bot.html)"
66.249.68.4 - - [26/Apr/2025:14:19:37 -0400] "GET /about.php?action=edit&file=384cf3ea462026aedc9924b6e569eec1e93cb2&path=%2F%2Fproc%2Fthread-self%2Froot%2Flib%2F.build-id%2F8c HTTP/1.1" 200 573 "-" "Mozilla/5.0 (Linux; Android 6.0.1; Nexus 5X Build/MMB29P) AppleWebKit/537.36 (KHTML, like Gecko) Chrome/135.0.7049.95 Mobile Safari/537.36 (compatible; Googlebot/2.1; +http://www.google.com/bot.html)"
65.108.46.72 - - [26/Apr/2025:14:19:39 -0400] "GET /about.php?action=edit&file=msnv11.bin&path=//lib/firmware/qca HTTP/1.1" 200 552 "-" "Mozilla/5.0 (compatible; MJ12bot/v1.4.8; http://mj12bot.com/)"
65.108.46.72 - - [26/Apr/2025:14:19:41 -0400] "GET /about.php?action=edit&file=msp_rdwr.bin&path=//lib/firmware/ene-ub6250 HTTP/1.1" 200 555 "-" "Mozilla/5.0 (compatible; MJ12bot/v1.4.8; http://mj12bot.com/)"
65.108.46.72 - - [26/Apr/2025:14:19:43 -0400] "GET /about.php?action=edit&file=mssql.xml&path=//lib/firewalld/services HTTP/1.1" 200 671 "-" "Mozilla/5.0 (compatible; MJ12bot/v1.4.8; http://mj12bot.com/)"
65.108.46.72 - - [26/Apr/2025:14:19:44 -0400] "GET /about.php?action=edit&file=msvc9compiler.py&path=//lib64/python2.7/distutils HTTP/1.1" 200 9724 "-" "Mozilla/5.0 (compatible; MJ12bot/v1.4.8; http://mj12bot.com/)"
65.108.46.72 - - [26/Apr/2025:14:19:47 -0400] "GET /about.php?action=edit&file=msvc9compiler.py&path=//lib64/python3.6/distutils HTTP/1.1" 200 9600 "-" "Mozilla/5.0 (compatible; MJ12bot/v1.4.8; http://mj12bot.com/)"
66.249.68.4 - - [26/Apr/2025:14:19:48 -0400] "GET /about.php?path=%2F%2Fproc%2Fthread-self%2Froot%2Flib%2F.build-id%2Fe9 HTTP/1.1" 200 1697 "-" "Mozilla/5.0 (Linux; Android 6.0.1; Nexus 5X Build/MMB29P) AppleWebKit/537.36 (KHTML, like Gecko) Chrome/135.0.7049.95 Mobile Safari/537.36 (compatible; GoogleOther)"
65.108.46.72 - - [26/Apr/2025:14:19:49 -0400] "GET /about.php?action=edit&file=msvc9compiler.py&path=//lib64/python3.8/distutils HTTP/1.1" 200 9588 "-" "Mozilla/5.0 (compatible; MJ12bot/v1.4.8; http://mj12bot.com/)"
65.108.46.72 - - [26/Apr/2025:14:19:51 -0400] "GET /about.php?action=edit&file=msvc9compiler.pyc&path=//lib64/python2.7/distutils HTTP/1.1" 200 558 "-" "Mozilla/5.0 (compatible; MJ12bot/v1.4.8; http://mj12bot.com/)"
65.108.46.72 - - [26/Apr/2025:14:19:53 -0400] "GET /about.php?action=edit&file=msvc9compiler.pyo&path=//lib64/python2.7/distutils HTTP/1.1" 200 558 "-" "Mozilla/5.0 (compatible; MJ12bot/v1.4.8; http://mj12bot.com/)"
65.108.46.72 - - [26/Apr/2025:14:19:55 -0400] "GET /about.php?action=edit&file=msvccompiler.py&path=//lib64/python2.7/distutils HTTP/1.1" 200 7331 "-" "Mozilla/5.0 (compatible; MJ12bot/v1.4.8; http://mj12bot.com/)"
66.249.68.4 - - [26/Apr/2025:14:19:55 -0400] "GET /about.php?action=edit&file=22f1dae0ad08b6380a244cb7536d20690fe611&path=%2F%2Fproc%2Fthread-self%2Froot%2Flib%2F.build-id%2F96 HTTP/1.1" 200 479 "-" "Mozilla/5.0 (Linux; Android 6.0.1; Nexus 5X Build/MMB29P) AppleWebKit/537.36 (KHTML, like Gecko) Chrome/135.0.7049.95 Mobile Safari/537.36 (compatible; Googlebot/2.1; +http://www.google.com/bot.html)"
66.249.68.4 - - [26/Apr/2025:14:19:57 -0400] "GET /about.php?action=edit&file=lat7a-16.psf.gz&path=%2F%2Fproc%2Fthread-self%2Froot%2Flib%2Fkbd%2Fconsolefonts HTTP/1.1" 200 556 "-" "Mozilla/5.0 (Linux; Android 6.0.1; Nexus 5X Build/MMB29P) AppleWebKit/537.36 (KHTML, like Gecko) Chrome/135.0.7049.95 Mobile Safari/537.36 (compatible; GoogleOther)"
65.108.46.72 - - [26/Apr/2025:14:19:57 -0400] "GET /about.php?action=edit&file=msvccompiler.py&path=//lib64/python3.6/distutils HTTP/1.1" 200 7348 "-" "Mozilla/5.0 (compatible; MJ12bot/v1.4.8; http://mj12bot.com/)"
65.108.46.72 - - [26/Apr/2025:14:19:59 -0400] "GET /about.php?action=edit&file=msvccompiler.py&path=//lib64/python3.8/distutils HTTP/1.1" 200 7346 "-" "Mozilla/5.0 (compatible; MJ12bot/v1.4.8; http://mj12bot.com/)"
66.249.68.6 - - [26/Apr/2025:14:20:01 -0400] "GET /about.php?action=edit&file=30433eff3943ad537b74445e4559b1ccf53122&path=%2F%2Fproc%2Fthread-self%2Froot%2Flib%2F.build-id%2Fc7 HTTP/1.1" 200 574 "-" "Mozilla/5.0 (Linux; Android 6.0.1; Nexus 5X Build/MMB29P) AppleWebKit/537.36 (KHTML, like Gecko) Chrome/135.0.7049.95 Mobile Safari/537.36 (compatible; GoogleOther)"
65.108.46.72 - - [26/Apr/2025:14:20:01 -0400] "GET /about.php?action=edit&file=msvccompiler.pyc&path=//lib64/python2.7/distutils HTTP/1.1" 200 557 "-" "Mozilla/5.0 (compatible; MJ12bot/v1.4.8; http://mj12bot.com/)"
65.108.46.72 - - [26/Apr/2025:14:20:04 -0400] "GET /about.php?action=edit&file=msvccompiler.pyo&path=//lib64/python2.7/distutils HTTP/1.1" 200 557 "-" "Mozilla/5.0 (compatible; MJ12bot/v1.4.8; http://mj12bot.com/)"
66.249.68.4 - - [26/Apr/2025:14:20:05 -0400] "GET /about.php?action=edit&file=d980c3129247dfb62ebf15702c58d2a589a178&path=%2F%2Fproc%2Fthread-self%2Froot%2Flib%2F.build-id%2F8c HTTP/1.1" 200 479 "-" "Mozilla/5.0 (Linux; Android 6.0.1; Nexus 5X Build/MMB29P) AppleWebKit/537.36 (KHTML, like Gecko) Chrome/135.0.7049.95 Mobile Safari/537.36 (compatible; Googlebot/2.1; +http://www.google.com/bot.html)"
65.108.46.72 - - [26/Apr/2025:14:20:06 -0400] "GET /about.php?action=edit&file=mt7601u.bin&path=//lib/firmware/mediatek HTTP/1.1" 200 554 "-" "Mozilla/5.0 (compatible; MJ12bot/v1.4.8; http://mj12bot.com/)"
66.249.68.5 - - [26/Apr/2025:14:20:07 -0400] "GET /about.php?path=%2F%2Fproc%2Fthread-self%2Froot%2Flib%2F.build-id%2Fe7 HTTP/1.1" 200 1753 "-" "Mozilla/5.0 (Linux; Android 6.0.1; Nexus 5X Build/MMB29P) AppleWebKit/537.36 (KHTML, like Gecko) Chrome/135.0.7049.95 Mobile Safari/537.36 (compatible; GoogleOther)"
65.108.46.72 - - [26/Apr/2025:14:20:08 -0400] "GET /about.php?action=edit&file=mt7610e.bin&path=//lib/firmware/mediatek HTTP/1.1" 200 553 "-" "Mozilla/5.0 (compatible; MJ12bot/v1.4.8; http://mj12bot.com/)"
65.108.46.72 - - [26/Apr/2025:14:20:10 -0400] "GET /about.php?action=edit&file=mt7610u.bin&path=//lib/firmware/mediatek HTTP/1.1" 200 554 "-" "Mozilla/5.0 (compatible; MJ12bot/v1.4.8; http://mj12bot.com/)"
65.108.46.72 - - [26/Apr/2025:14:20:12 -0400] "GET /about.php?action=edit&file=mt7615_cr4.bin&path=//lib/firmware/mediatek HTTP/1.1" 200 556 "-" "Mozilla/5.0 (compatible; MJ12bot/v1.4.8; http://mj12bot.com/)"
65.108.46.72 - - [26/Apr/2025:14:20:14 -0400] "GET /about.php?action=edit&file=mt7615_n9.bin&path=//lib/firmware/mediatek HTTP/1.1" 200 556 "-" "Mozilla/5.0 (compatible; MJ12bot/v1.4.8; http://mj12bot.com/)"
66.249.68.4 - - [26/Apr/2025:14:20:14 -0400] "GET /about.php?action=edit&file=ed18aff1707be718a4999c7217176cdbf5cf69&path=%2F%2Fproc%2Fthread-self%2Froot%2Flib%2F.build-id%2F96 HTTP/1.1" 200 575 "-" "Mozilla/5.0 (Linux; Android 6.0.1; Nexus 5X Build/MMB29P) AppleWebKit/537.36 (KHTML, like Gecko) Chrome/135.0.7049.95 Mobile Safari/537.36 (compatible; Googlebot/2.1; +http://www.google.com/bot.html)"
66.249.68.4 - - [26/Apr/2025:14:20:16 -0400] "GET /about.php?path=%2Fhome%2Fjuralptl%2Fvalenciapools.world%2Fdist%2Fcss%2Fless HTTP/1.1" 200 1411 "-" "Mozilla/5.0 (Linux; Android 6.0.1; Nexus 5X Build/MMB29P) AppleWebKit/537.36 (KHTML, like Gecko) Chrome/135.0.7049.95 Mobile Safari/537.36 (compatible; GoogleOther)"
65.108.46.72 - - [26/Apr/2025:14:20:16 -0400] "GET /about.php?action=edit&file=mt7615_rom_patch.bin&path=//lib/firmware/mediatek HTTP/1.1" 200 561 "-" "Mozilla/5.0 (compatible; MJ12bot/v1.4.8; http://mj12bot.com/)"
65.108.46.72 - - [26/Apr/2025:14:20:18 -0400] "GET /about.php?action=edit&file=mt7622_n9.bin&path=//lib/firmware/mediatek HTTP/1.1" 200 556 "-" "Mozilla/5.0 (compatible; MJ12bot/v1.4.8; http://mj12bot.com/)"
65.108.46.72 - - [26/Apr/2025:14:20:20 -0400] "GET /about.php?action=edit&file=mt7622_rom_patch.bin&path=//lib/firmware/mediatek HTTP/1.1" 200 561 "-" "Mozilla/5.0 (compatible; MJ12bot/v1.4.8; http://mj12bot.com/)"
65.108.46.72 - - [26/Apr/2025:14:20:22 -0400] "GET /about.php?action=edit&file=mt7622pr2h.bin&path=//lib/firmware/mediatek HTTP/1.1" 200 557 "-" "Mozilla/5.0 (compatible; MJ12bot/v1.4.8; http://mj12bot.com/)"
66.249.68.4 - - [26/Apr/2025:14:20:24 -0400] "GET /about.php?path=%2F%2Fopt%2Falt%2Ftests%2Falt-php83-pecl-mongodb_1.18.1-1.el8 HTTP/1.1" 200 792 "-" "Mozilla/5.0 (Linux; Android 6.0.1; Nexus 5X Build/MMB29P) AppleWebKit/537.36 (KHTML, like Gecko) Chrome/135.0.7049.95 Mobile Safari/537.36 (compatible; Googlebot/2.1; +http://www.google.com/bot.html)"
66.249.68.4 - - [26/Apr/2025:14:20:24 -0400] "GET /about.php?action=edit&file=943968f090309c2e1d2183a7741dfda60793be&path=%2F%2Fproc%2Fthread-self%2Froot%2Flib%2F.build-id%2F64 HTTP/1.1" 200 574 "-" "Mozilla/5.0 (Linux; Android 6.0.1; Nexus 5X Build/MMB29P) AppleWebKit/537.36 (KHTML, like Gecko) Chrome/135.0.7049.95 Mobile Safari/537.36 (compatible; Googlebot/2.1; +http://www.google.com/bot.html)"
65.108.46.72 - - [26/Apr/2025:14:20:24 -0400] "GET /about.php?action=edit&file=mt7650.bin&path=//lib/firmware/mediatek HTTP/1.1" 200 554 "-" "Mozilla/5.0 (compatible; MJ12bot/v1.4.8; http://mj12bot.com/)"
66.249.68.4 - - [26/Apr/2025:14:20:25 -0400] "GET /about.php?action=edit&file=557a5a199a02adce483f7606630370fd1fb53a&path=%2F%2Fproc%2Fthread-self%2Froot%2Flib%2F.build-id%2F1e HTTP/1.1" 200 479 "-" "Mozilla/5.0 (Linux; Android 6.0.1; Nexus 5X Build/MMB29P) AppleWebKit/537.36 (KHTML, like Gecko) Chrome/135.0.7049.95 Mobile Safari/537.36 (compatible; GoogleOther)"
66.249.68.4 - - [26/Apr/2025:14:20:25 -0400] "GET /about.php?path=%2F%2Fproc%2Fthread-self%2Froot%2Flib%2Fkbd HTTP/1.1" 200 827 "-" "Mozilla/5.0 (Linux; Android 6.0.1; Nexus 5X Build/MMB29P) AppleWebKit/537.36 (KHTML, like Gecko) Chrome/135.0.7049.95 Mobile Safari/537.36 (compatible; GoogleOther)"
65.108.46.72 - - [26/Apr/2025:14:20:27 -0400] "GET /about.php?action=edit&file=mt7650e.bin&path=//lib/firmware/mediatek HTTP/1.1" 200 555 "-" "Mozilla/5.0 (compatible; MJ12bot/v1.4.8; http://mj12bot.com/)"
65.108.46.72 - - [26/Apr/2025:14:20:29 -0400] "GET /about.php?action=edit&file=mt7662.bin&path=//lib/firmware/mediatek HTTP/1.1" 200 555 "-" "Mozilla/5.0 (compatible; MJ12bot/v1.4.8; http://mj12bot.com/)"
65.108.46.72 - - [26/Apr/2025:14:20:31 -0400] "GET /about.php?action=edit&file=mt7662_rom_patch.bin&path=//lib/firmware/mediatek HTTP/1.1" 200 561 "-" "Mozilla/5.0 (compatible; MJ12bot/v1.4.8; http://mj12bot.com/)"
65.108.46.72 - - [26/Apr/2025:14:20:33 -0400] "GET /about.php?action=edit&file=mt7662u.bin&path=//lib/firmware/mediatek HTTP/1.1" 200 554 "-" "Mozilla/5.0 (compatible; MJ12bot/v1.4.8; http://mj12bot.com/)"
66.249.68.4 - - [26/Apr/2025:14:20:35 -0400] "GET /about.php?action=edit&file=clock.png&path=%2F%2Fhome%2Fjuralptl%2Fpvjtogel.sbs%2Fm%2Fimg HTTP/1.1" 200 552 "-" "Mozilla/5.0 (Linux; Android 6.0.1; Nexus 5X Build/MMB29P) AppleWebKit/537.36 (KHTML, like Gecko) Chrome/135.0.7049.95 Mobile Safari/537.36 (compatible; GoogleOther)"
65.108.46.72 - - [26/Apr/2025:14:20:35 -0400] "GET /about.php?action=edit&file=mt7662u_rom_patch.bin&path=//lib/firmware/mediatek HTTP/1.1" 200 562 "-" "Mozilla/5.0 (compatible; MJ12bot/v1.4.8; http://mj12bot.com/)"
66.249.68.4 - - [26/Apr/2025:14:20:35 -0400] "GET /about.php?action=edit&file=668e64319f164c6fc5bc7a2b024837b57555a3&path=%2F%2Fproc%2Fthread-self%2Froot%2Flib%2F.build-id%2F96 HTTP/1.1" 200 575 "-" "Mozilla/5.0 (Linux; Android 6.0.1; Nexus 5X Build/MMB29P) AppleWebKit/537.36 (KHTML, like Gecko) Chrome/135.0.7049.95 Mobile Safari/537.36 (compatible; Googlebot/2.1; +http://www.google.com/bot.html)"
65.108.46.72 - - [26/Apr/2025:14:20:37 -0400] "GET /about.php?action=edit&file=mt7663_n9_rebb.bin&path=//lib/firmware/mediatek HTTP/1.1" 200 560 "-" "Mozilla/5.0 (compatible; MJ12bot/v1.4.8; http://mj12bot.com/)"
65.108.46.72 - - [26/Apr/2025:14:20:39 -0400] "GET /about.php?action=edit&file=mt7663_n9_v3.bin&path=//lib/firmware/mediatek HTTP/1.1" 200 558 "-" "Mozilla/5.0 (compatible; MJ12bot/v1.4.8; http://mj12bot.com/)"
65.108.46.72 - - [26/Apr/2025:14:20:41 -0400] "GET /about.php?action=edit&file=mt7663pr2h.bin&path=//lib/firmware/mediatek HTTP/1.1" 200 557 "-" "Mozilla/5.0 (compatible; MJ12bot/v1.4.8; http://mj12bot.com/)"
65.108.46.72 - - [26/Apr/2025:14:20:43 -0400] "GET /about.php?action=edit&file=mt7663pr2h_rebb.bin&path=//lib/firmware/mediatek HTTP/1.1" 200 560 "-" "Mozilla/5.0 (compatible; MJ12bot/v1.4.8; http://mj12bot.com/)"
66.249.68.4 - - [26/Apr/2025:14:20:44 -0400] "GET /about.php?action=edit&file=tuned.conf&path=%2F%2Fproc%2Fthread-self%2Froot%2Flib%2Ftuned%2Fvirtual-host HTTP/1.1" 200 878 "-" "Mozilla/5.0 (Linux; Android 6.0.1; Nexus 5X Build/MMB29P) AppleWebKit/537.36 (KHTML, like Gecko) Chrome/135.0.7049.95 Mobile Safari/537.36 (compatible; GoogleOther)"
65.108.46.72 - - [26/Apr/2025:14:20:45 -0400] "GET /about.php?action=edit&file=mt7668pr2h.bin&path=//lib/firmware/mediatek HTTP/1.1" 200 557 "-" "Mozilla/5.0 (compatible; MJ12bot/v1.4.8; http://mj12bot.com/)"
65.108.46.72 - - [26/Apr/2025:14:20:47 -0400] "GET /about.php?action=edit&file=mt7915_eeprom.bin&path=//lib/firmware/mediatek HTTP/1.1" 200 559 "-" "Mozilla/5.0 (compatible; MJ12bot/v1.4.8; http://mj12bot.com/)"
65.108.46.72 - - [26/Apr/2025:14:20:49 -0400] "GET /about.php?action=edit&file=mt7915_eeprom_dbdc.bin&path=//lib/firmware/mediatek HTTP/1.1" 200 562 "-" "Mozilla/5.0 (compatible; MJ12bot/v1.4.8; http://mj12bot.com/)"
65.108.46.72 - - [26/Apr/2025:14:20:51 -0400] "GET /about.php?action=edit&file=mt7915_rom_patch.bin&path=//lib/firmware/mediatek HTTP/1.1" 200 561 "-" "Mozilla/5.0 (compatible; MJ12bot/v1.4.8; http://mj12bot.com/)"
65.108.46.72 - - [26/Apr/2025:14:20:53 -0400] "GET /about.php?action=edit&file=mt7915_wa.bin&path=//lib/firmware/mediatek HTTP/1.1" 200 558 "-" "Mozilla/5.0 (compatible; MJ12bot/v1.4.8; http://mj12bot.com/)"
66.249.68.4 - - [26/Apr/2025:14:20:54 -0400] "GET /about.php?path=%2F%2Fproc%2Fthread-self%2Froot%2Flib%2F.build-id%2Fdd HTTP/1.1" 200 1663 "-" "Mozilla/5.0 (Linux; Android 6.0.1; Nexus 5X Build/MMB29P) AppleWebKit/537.36 (KHTML, like Gecko) Chrome/135.0.7049.95 Mobile Safari/537.36 (compatible; GoogleOther)"
66.249.68.4 - - [26/Apr/2025:14:20:55 -0400] "GET /about.php?action=edit&file=486c362a0abd5e90fdc7686b2607d673038297&path=%2F%2Fproc%2Fthread-self%2Froot%2Flib%2F.build-id%2F83 HTTP/1.1" 200 479 "-" "Mozilla/5.0 (Linux; Android 6.0.1; Nexus 5X Build/MMB29P) AppleWebKit/537.36 (KHTML, like Gecko) Chrome/135.0.7049.95 Mobile Safari/537.36 (compatible; Googlebot/2.1; +http://www.google.com/bot.html)"
65.108.46.72 - - [26/Apr/2025:14:20:55 -0400] "GET /about.php?action=edit&file=mt7915_wm.bin&path=//lib/firmware/mediatek HTTP/1.1" 200 555 "-" "Mozilla/5.0 (compatible; MJ12bot/v1.4.8; http://mj12bot.com/)"
66.249.68.4 - - [26/Apr/2025:14:20:56 -0400] "GET /about.php?path=%2F%2Fproc%2Fthread-self%2Froot%2Flib%2Fnode_modules%2Fnpm%2Fnode_modules%2Ferrno HTTP/1.1" 200 975 "-" "Mozilla/5.0 (Linux; Android 6.0.1; Nexus 5X Build/MMB29P) AppleWebKit/537.36 (KHTML, like Gecko) Chrome/135.0.7049.95 Mobile Safari/537.36 (compatible; GoogleOther)"
65.108.46.72 - - [26/Apr/2025:14:20:57 -0400] "GET /about.php?action=edit&file=mt7916_eeprom.bin&path=//lib/firmware/mediatek HTTP/1.1" 200 559 "-" "Mozilla/5.0 (compatible; MJ12bot/v1.4.8; http://mj12bot.com/)"
65.108.46.72 - - [26/Apr/2025:14:20:59 -0400] "GET /about.php?action=edit&file=mt7916_rom_patch.bin&path=//lib/firmware/mediatek HTTP/1.1" 200 561 "-" "Mozilla/5.0 (compatible; MJ12bot/v1.4.8; http://mj12bot.com/)"
66.249.68.4 - - [26/Apr/2025:14:21:00 -0400] "GET /about.php?action=edit&file=6d012550ab71bb5026b5e4008bd328fd18aeff&path=%2F%2Fproc%2Fthread-self%2Froot%2Flib%2F.build-id%2F49 HTTP/1.1" 200 573 "-" "Mozilla/5.0 (Linux; Android 6.0.1; Nexus 5X Build/MMB29P) AppleWebKit/537.36 (KHTML, like Gecko) Chrome/135.0.7049.95 Mobile Safari/537.36 (compatible; GoogleOther)"
65.108.46.72 - - [26/Apr/2025:14:21:02 -0400] "GET /about.php?action=edit&file=mt7916_wa.bin&path=//lib/firmware/mediatek HTTP/1.1" 200 558 "-" "Mozilla/5.0 (compatible; MJ12bot/v1.4.8; http://mj12bot.com/)"
66.249.68.4 - - [26/Apr/2025:14:21:03 -0400] "GET /about.php?action=edit&file=pulseaudio.xml&path=%2F%2Fproc%2Fthread-self%2Froot%2Flib%2Ffirewalld%2Fservices HTTP/1.1" 200 796 "-" "Mozilla/5.0 (Linux; Android 6.0.1; Nexus 5X Build/MMB29P) AppleWebKit/537.36 (KHTML, like Gecko) Chrome/135.0.7049.95 Mobile Safari/537.36 (compatible; GoogleOther)"
65.108.46.72 - - [26/Apr/2025:14:21:04 -0400] "GET /about.php?action=edit&file=mt7916_wm.bin&path=//lib/firmware/mediatek HTTP/1.1" 200 555 "-" "Mozilla/5.0 (compatible; MJ12bot/v1.4.8; http://mj12bot.com/)"
66.249.68.4 - - [26/Apr/2025:14:21:04 -0400] "GET /about.php?action=edit&file=839886421390062e97a1771741aef5b944a629&path=%2F%2Fproc%2Fthread-self%2Froot%2Flib%2F.build-id%2F64 HTTP/1.1" 200 574 "-" "Mozilla/5.0 (Linux; Android 6.0.1; Nexus 5X Build/MMB29P) AppleWebKit/537.36 (KHTML, like Gecko) Chrome/135.0.7049.95 Mobile Safari/537.36 (compatible; Googlebot/2.1; +http://www.google.com/bot.html)"
65.108.46.72 - - [26/Apr/2025:14:21:06 -0400] "GET /about.php?action=edit&file=mt7981_rom_patch.bin&path=//lib/firmware/mediatek HTTP/1.1" 200 561 "-" "Mozilla/5.0 (compatible; MJ12bot/v1.4.8; http://mj12bot.com/)"
65.108.46.72 - - [26/Apr/2025:14:21:08 -0400] "GET /about.php?action=edit&file=mt7981_wa.bin&path=//lib/firmware/mediatek HTTP/1.1" 200 558 "-" "Mozilla/5.0 (compatible; MJ12bot/v1.4.8; http://mj12bot.com/)"
65.108.46.72 - - [26/Apr/2025:14:21:10 -0400] "GET /about.php?action=edit&file=mt7981_wm.bin&path=//lib/firmware/mediatek HTTP/1.1" 200 555 "-" "Mozilla/5.0 (compatible; MJ12bot/v1.4.8; http://mj12bot.com/)"
65.108.46.72 - - [26/Apr/2025:14:21:12 -0400] "GET /about.php?action=edit&file=mt7981_wo.bin&path=//lib/firmware/mediatek HTTP/1.1" 200 555 "-" "Mozilla/5.0 (compatible; MJ12bot/v1.4.8; http://mj12bot.com/)"
66.249.68.4 - - [26/Apr/2025:14:21:12 -0400] "GET /about.php?action=edit&file=d93aba73972162446bd036d183ccfd8a9c6b4d&path=%2F%2Fproc%2Fthread-self%2Froot%2Flib%2F.build-id%2Fc0 HTTP/1.1" 200 575 "-" "Mozilla/5.0 (Linux; Android 6.0.1; Nexus 5X Build/MMB29P) AppleWebKit/537.36 (KHTML, like Gecko) Chrome/135.0.7049.95 Mobile Safari/537.36 (compatible; GoogleOther)"
66.249.68.5 - - [26/Apr/2025:14:21:13 -0400] "GET /about.php?action=edit&file=d904d3499ec6ecef5bc580d63f56d4e9c097e8&path=%2F%2Fproc%2Fthread-self%2Froot%2Flib%2F.build-id%2F83 HTTP/1.1" 200 574 "-" "Mozilla/5.0 (Linux; Android 6.0.1; Nexus 5X Build/MMB29P) AppleWebKit/537.36 (KHTML, like Gecko) Chrome/135.0.7049.95 Mobile Safari/537.36 (compatible; Googlebot/2.1; +http://www.google.com/bot.html)"
65.108.46.72 - - [26/Apr/2025:14:21:14 -0400] "GET /about.php?action=edit&file=mt7986_eeprom_mt7975_dual.bin&path=//lib/firmware/mediatek HTTP/1.1" 200 571 "-" "Mozilla/5.0 (compatible; MJ12bot/v1.4.8; http://mj12bot.com/)"
65.108.46.72 - - [26/Apr/2025:14:21:16 -0400] "GET /about.php?action=edit&file=mt7986_eeprom_mt7976.bin&path=//lib/firmware/mediatek HTTP/1.1" 200 564 "-" "Mozilla/5.0 (compatible; MJ12bot/v1.4.8; http://mj12bot.com/)"
65.108.46.72 - - [26/Apr/2025:14:21:18 -0400] "GET /about.php?action=edit&file=mt7986_eeprom_mt7976_dbdc.bin&path=//lib/firmware/mediatek HTTP/1.1" 200 567 "-" "Mozilla/5.0 (compatible; MJ12bot/v1.4.8; http://mj12bot.com/)"
65.108.46.72 - - [26/Apr/2025:14:21:20 -0400] "GET /about.php?action=edit&file=mt7986_eeprom_mt7976_dual.bin&path=//lib/firmware/mediatek HTTP/1.1" 200 571 "-" "Mozilla/5.0 (compatible; MJ12bot/v1.4.8; http://mj12bot.com/)"
66.249.68.4 - - [26/Apr/2025:14:21:22 -0400] "GET /about.php?path=%2F%2Fproc%2Fthread-self%2Froot%2Flib%2Fdracut%2Fmodules.d%2F91crypt-gpg HTTP/1.1" 200 896 "-" "Mozilla/5.0 (Linux; Android 6.0.1; Nexus 5X Build/MMB29P) AppleWebKit/537.36 (KHTML, like Gecko) Chrome/135.0.7049.95 Mobile Safari/537.36 (compatible; GoogleOther)"
65.108.46.72 - - [26/Apr/2025:14:21:22 -0400] "GET /about.php?action=edit&file=mt7986_rom_patch.bin&path=//lib/firmware/mediatek HTTP/1.1" 200 561 "-" "Mozilla/5.0 (compatible; MJ12bot/v1.4.8; http://mj12bot.com/)"
65.108.46.72 - - [26/Apr/2025:14:21:25 -0400] "GET /about.php?action=edit&file=mt7986_rom_patch_mt7975.bin&path=//lib/firmware/mediatek HTTP/1.1" 200 567 "-" "Mozilla/5.0 (compatible; MJ12bot/v1.4.8; http://mj12bot.com/)"
65.108.46.72 - - [26/Apr/2025:14:21:27 -0400] "GET /about.php?action=edit&file=mt7986_wa.bin&path=//lib/firmware/mediatek HTTP/1.1" 200 558 "-" "Mozilla/5.0 (compatible; MJ12bot/v1.4.8; http://mj12bot.com/)"
66.249.68.4 - - [26/Apr/2025:14:21:28 -0400] "GET /about.php?action=edit&file=ae8062d4e85470095e72f27d282c75c66d0126&path=%2F%2Fproc%2Fthread-self%2Froot%2Flib%2F.build-id%2Fb9 HTTP/1.1" 200 575 "-" "Mozilla/5.0 (Linux; Android 6.0.1; Nexus 5X Build/MMB29P) AppleWebKit/537.36 (KHTML, like Gecko) Chrome/135.0.7049.95 Mobile Safari/537.36 (compatible; GoogleOther)"
65.108.46.72 - - [26/Apr/2025:14:21:29 -0400] "GET /about.php?action=edit&file=mt7986_wm.bin&path=//lib/firmware/mediatek HTTP/1.1" 200 555 "-" "Mozilla/5.0 (compatible; MJ12bot/v1.4.8; http://mj12bot.com/)"
65.108.46.72 - - [26/Apr/2025:14:21:31 -0400] "GET /about.php?action=edit&file=mt7986_wm_mt7975.bin&path=//lib/firmware/mediatek HTTP/1.1" 200 561 "-" "Mozilla/5.0 (compatible; MJ12bot/v1.4.8; http://mj12bot.com/)"
66.249.68.4 - - [26/Apr/2025:14:21:31 -0400] "GET /about.php?action=edit&file=salt-master.xml&path=%2F%2Fproc%2Fthread-self%2Froot%2Flib%2Ffirewalld%2Fservices HTTP/1.1" 200 741 "-" "Mozilla/5.0 (Linux; Android 6.0.1; Nexus 5X Build/MMB29P) AppleWebKit/537.36 (KHTML, like Gecko) Chrome/135.0.7049.95 Mobile Safari/537.36 (compatible; GoogleOther)"
66.249.68.4 - - [26/Apr/2025:14:21:31 -0400] "GET /about.php?action=edit&file=0ff9073786c4467afcf2c20af2e5e195b85675&path=%2F%2Fproc%2Fthread-self%2Froot%2Flib%2F.build-id%2F96 HTTP/1.1" 200 574 "-" "Mozilla/5.0 (Linux; Android 6.0.1; Nexus 5X Build/MMB29P) AppleWebKit/537.36 (KHTML, like Gecko) Chrome/135.0.7049.95 Mobile Safari/537.36 (compatible; Googlebot/2.1; +http://www.google.com/bot.html)"
65.108.46.72 - - [26/Apr/2025:14:21:33 -0400] "GET /about.php?action=edit&file=mt7986_wo_0.bin&path=//lib/firmware/mediatek HTTP/1.1" 200 558 "-" "Mozilla/5.0 (compatible; MJ12bot/v1.4.8; http://mj12bot.com/)"
65.108.46.72 - - [26/Apr/2025:14:21:35 -0400] "GET /about.php?action=edit&file=mt7986_wo_1.bin&path=//lib/firmware/mediatek HTTP/1.1" 200 557 "-" "Mozilla/5.0 (compatible; MJ12bot/v1.4.8; http://mj12bot.com/)"
65.108.46.72 - - [26/Apr/2025:14:21:37 -0400] "GET /about.php?action=edit&file=mt7988_wo_0.bin&path=//lib/firmware/mediatek HTTP/1.1" 200 558 "-" "Mozilla/5.0 (compatible; MJ12bot/v1.4.8; http://mj12bot.com/)"
65.108.46.72 - - [26/Apr/2025:14:21:39 -0400] "GET /about.php?action=edit&file=mt7988_wo_1.bin&path=//lib/firmware/mediatek HTTP/1.1" 200 557 "-" "Mozilla/5.0 (compatible; MJ12bot/v1.4.8; http://mj12bot.com/)"
66.249.68.4 - - [26/Apr/2025:14:21:41 -0400] "GET /about.php?action=edit&file=a39aa0345484c950ffe6a205177ed54ada1d7c&path=%2F%2Fproc%2Fthread-self%2Froot%2Flib%2F.build-id%2Fa6 HTTP/1.1" 200 479 "-" "Mozilla/5.0 (Linux; Android 6.0.1; Nexus 5X Build/MMB29P) AppleWebKit/537.36 (KHTML, like Gecko) Chrome/135.0.7049.95 Mobile Safari/537.36 (compatible; Googlebot/2.1; +http://www.google.com/bot.html)"
66.249.68.4 - - [26/Apr/2025:14:21:41 -0400] "GET /about.php?path=%2F%2Fproc%2Fthread-self%2Froot%2Flib%2Fexim HTTP/1.1" 200 783 "-" "Mozilla/5.0 (Linux; Android 6.0.1; Nexus 5X Build/MMB29P) AppleWebKit/537.36 (KHTML, like Gecko) Chrome/135.0.7049.95 Mobile Safari/537.36 (compatible; GoogleOther)"
65.108.46.72 - - [26/Apr/2025:14:21:41 -0400] "GET /about.php?action=edit&file=mtl_dmc.bin&path=//lib/firmware/i915 HTTP/1.1" 200 554 "-" "Mozilla/5.0 (compatible; MJ12bot/v1.4.8; http://mj12bot.com/)"
65.108.46.72 - - [26/Apr/2025:14:21:43 -0400] "GET /about.php?action=edit&file=mtl_dmc_ver2_10.bin&path=//lib/firmware/i915 HTTP/1.1" 200 560 "-" "Mozilla/5.0 (compatible; MJ12bot/v1.4.8; http://mj12bot.com/)"
65.108.46.72 - - [26/Apr/2025:14:21:45 -0400] "GET /about.php?action=edit&file=mtl_gsc_1.bin&path=//lib/firmware/i915 HTTP/1.1" 200 555 "-" "Mozilla/5.0 (compatible; MJ12bot/v1.4.8; http://mj12bot.com/)"
65.108.46.72 - - [26/Apr/2025:14:21:47 -0400] "GET /about.php?action=edit&file=mtl_guc_70.bin&path=//lib/firmware/i915 HTTP/1.1" 200 556 "-" "Mozilla/5.0 (compatible; MJ12bot/v1.4.8; http://mj12bot.com/)"
65.108.46.72 - - [26/Apr/2025:14:21:49 -0400] "GET /about.php?action=edit&file=mtl_huc_gsc.bin&path=//lib/firmware/i915 HTTP/1.1" 200 556 "-" "Mozilla/5.0 (compatible; MJ12bot/v1.4.8; http://mj12bot.com/)"
66.249.68.4 - - [26/Apr/2025:14:21:50 -0400] "GET /about.php?action=edit&file=fef20349e3bed4a1b644873c985e53d04d3349&path=%2F%2Fproc%2Fthread-self%2Froot%2Flib%2F.build-id%2Fb6 HTTP/1.1" 200 574 "-" "Mozilla/5.0 (Linux; Android 6.0.1; Nexus 5X Build/MMB29P) AppleWebKit/537.36 (KHTML, like Gecko) Chrome/135.0.7049.95 Mobile Safari/537.36 (compatible; Googlebot/2.1; +http://www.google.com/bot.html)"
66.249.68.4 - - [26/Apr/2025:14:21:50 -0400] "GET /about.php?path=%2F%2Fproc%2Fthread-self%2Froot%2Flib%2Fdracut%2Fmodules.d%2F99kdumpbase HTTP/1.1" 200 979 "-" "Mozilla/5.0 (Linux; Android 6.0.1; Nexus 5X Build/MMB29P) AppleWebKit/537.36 (KHTML, like Gecko) Chrome/135.0.7049.95 Mobile Safari/537.36 (compatible; GoogleOther)"
65.108.46.72 - - [26/Apr/2025:14:21:51 -0400] "GET /about.php?action=edit&file=mul_test.mod&path=//lib/grub/i386-pc HTTP/1.1" 200 553 "-" "Mozilla/5.0 (compatible; MJ12bot/v1.4.8; http://mj12bot.com/)"
65.108.46.72 - - [26/Apr/2025:14:21:54 -0400] "GET /about.php?action=edit&file=mullins_ce.bin&path=//lib/firmware/amdgpu HTTP/1.1" 200 555 "-" "Mozilla/5.0 (compatible; MJ12bot/v1.4.8; http://mj12bot.com/)"
65.108.46.72 - - [26/Apr/2025:14:21:56 -0400] "GET /about.php?action=edit&file=mullins_ce.bin&path=//lib/firmware/radeon HTTP/1.1" 200 555 "-" "Mozilla/5.0 (compatible; MJ12bot/v1.4.8; http://mj12bot.com/)"
65.108.46.72 - - [26/Apr/2025:14:21:58 -0400] "GET /about.php?action=edit&file=mullins_me.bin&path=//lib/firmware/amdgpu HTTP/1.1" 200 554 "-" "Mozilla/5.0 (compatible; MJ12bot/v1.4.8; http://mj12bot.com/)"
66.249.68.4 - - [26/Apr/2025:14:21:59 -0400] "GET /about.php?action=edit&file=f230bd314124139567d8b4508dda41d63fa3ca&path=%2F%2Fproc%2Fthread-self%2Froot%2Flib%2F.build-id%2F18 HTTP/1.1" 200 575 "-" "Mozilla/5.0 (Linux; Android 6.0.1; Nexus 5X Build/MMB29P) AppleWebKit/537.36 (KHTML, like Gecko) Chrome/135.0.7049.95 Mobile Safari/537.36 (compatible; Googlebot/2.1; +http://www.google.com/bot.html)"
66.249.68.4 - - [26/Apr/2025:14:21:59 -0400] "GET /about.php?path=//proc/2798630 HTTP/1.1" 200 691 "-" "Mozilla/5.0 (Linux; Android 6.0.1; Nexus 5X Build/MMB29P) AppleWebKit/537.36 (KHTML, like Gecko) Chrome/135.0.7049.95 Mobile Safari/537.36 (compatible; Googlebot/2.1; +http://www.google.com/bot.html)"
66.249.68.4 - - [26/Apr/2025:14:22:00 -0400] "GET /about.php?action=edit&file=20-sdio-vendor-model.hwdb&path=%2F%2Fproc%2Fthread-self%2Froot%2Flib%2Fudev%2Fhwdb.d HTTP/1.1" 200 1515 "-" "Mozilla/5.0 (Linux; Android 6.0.1; Nexus 5X Build/MMB29P) AppleWebKit/537.36 (KHTML, like Gecko) Chrome/135.0.7049.95 Mobile Safari/537.36 (compatible; GoogleOther)"
65.108.46.72 - - [26/Apr/2025:14:22:00 -0400] "GET /about.php?action=edit&file=mullins_me.bin&path=//lib/firmware/radeon HTTP/1.1" 200 554 "-" "Mozilla/5.0 (compatible; MJ12bot/v1.4.8; http://mj12bot.com/)"
66.249.68.4 - - [26/Apr/2025:14:22:01 -0400] "GET /about.php?action=edit&file=50cc665007b18f08fb28fd1664b4363e77c6bf&path=%2F%2Fproc%2Fthread-self%2Froot%2Flib%2F.build-id%2F4c HTTP/1.1" 200 479 "-" "Mozilla/5.0 (Linux; Android 6.0.1; Nexus 5X Build/MMB29P) AppleWebKit/537.36 (KHTML, like Gecko) Chrome/135.0.7049.95 Mobile Safari/537.36 (compatible; GoogleOther)"
65.108.46.72 - - [26/Apr/2025:14:22:03 -0400] "GET /about.php?action=edit&file=mullins_mec.bin&path=//lib/firmware/amdgpu HTTP/1.1" 200 556 "-" "Mozilla/5.0 (compatible; MJ12bot/v1.4.8; http://mj12bot.com/)"
65.108.46.72 - - [26/Apr/2025:14:22:05 -0400] "GET /about.php?action=edit&file=mullins_mec.bin&path=//lib/firmware/radeon HTTP/1.1" 200 556 "-" "Mozilla/5.0 (compatible; MJ12bot/v1.4.8; http://mj12bot.com/)"
65.108.46.72 - - [26/Apr/2025:14:22:07 -0400] "GET /about.php?action=edit&file=mullins_pfp.bin&path=//lib/firmware/amdgpu HTTP/1.1" 200 555 "-" "Mozilla/5.0 (compatible; MJ12bot/v1.4.8; http://mj12bot.com/)"
