2001:41d0:303:5883::1 - - [26/Apr/2025:14:57:03 -0400] "GET /about.php?action=edit&file=pvj-5-mD76v6.tmp&path=//home/juralptl/.cagefs/tmp HTTP/1.1" 200 559 "-" "Mozilla/5.0 (compatible; MJ12bot/v1.4.8; http://mj12bot.com/)"
2001:41d0:303:5883::1 - - [26/Apr/2025:14:57:05 -0400] "GET /about.php?action=edit&file=pvj-6-x4GkgW.tmp&path=//home/juralptl/.cagefs/tmp HTTP/1.1" 200 561 "-" "Mozilla/5.0 (compatible; MJ12bot/v1.4.8; http://mj12bot.com/)"
2001:41d0:303:5883::1 - - [26/Apr/2025:14:57:07 -0400] "GET /about.php?action=edit&file=pvj-7-DAFpxw.tmp&path=//home/juralptl/.cagefs/tmp HTTP/1.1" 200 560 "-" "Mozilla/5.0 (compatible; MJ12bot/v1.4.8; http://mj12bot.com/)"
2001:41d0:303:5883::1 - - [26/Apr/2025:14:57:09 -0400] "GET /about.php?action=edit&file=pvj-8-xI9cVw.tmp&path=//home/juralptl/.cagefs/tmp HTTP/1.1" 200 559 "-" "Mozilla/5.0 (compatible; MJ12bot/v1.4.8; http://mj12bot.com/)"
2001:41d0:303:5883::1 - - [26/Apr/2025:14:57:11 -0400] "GET /about.php?action=edit&file=pvj-9-TTaGpc.tmp&path=//home/juralptl/.cagefs/tmp HTTP/1.1" 200 559 "-" "Mozilla/5.0 (compatible; MJ12bot/v1.4.8; http://mj12bot.com/)"
2001:41d0:303:5883::1 - - [26/Apr/2025:14:57:12 -0400] "GET /about.php?action=edit&file=pvj-W6wAIs.tmp&path=//home/juralptl/.cagefs/tmp HTTP/1.1" 200 557 "-" "Mozilla/5.0 (compatible; MJ12bot/v1.4.8; http://mj12bot.com/)"
2001:41d0:303:5883::1 - - [26/Apr/2025:14:57:14 -0400] "GET /about.php?action=edit&file=pvj-btf-rNigLh.tmp&path=//home/juralptl/.cagefs/tmp HTTP/1.1" 200 560 "-" "Mozilla/5.0 (compatible; MJ12bot/v1.4.8; http://mj12bot.com/)"
2001:41d0:303:5883::1 - - [26/Apr/2025:14:57:16 -0400] "GET /about.php?action=edit&file=pvj-wfQ2D8.tmp&path=//home/juralptl/.cagefs/tmp HTTP/1.1" 200 558 "-" "Mozilla/5.0 (compatible; MJ12bot/v1.4.8; http://mj12bot.com/)"
2001:41d0:303:5883::1 - - [26/Apr/2025:14:57:18 -0400] "GET /about.php?action=edit&file=pvj-y8FbIu.tmp&path=//home/juralptl/.cagefs/tmp HTTP/1.1" 200 557 "-" "Mozilla/5.0 (compatible; MJ12bot/v1.4.8; http://mj12bot.com/)"
2001:41d0:303:5883::1 - - [26/Apr/2025:14:57:19 -0400] "GET /about.php?action=edit&file=pvj.info.juragankeripik.online-Apr-2025.gz&path=//home/juralptl/logs HTTP/1.1" 200 577 "-" "Mozilla/5.0 (compatible; MJ12bot/v1.4.8; http://mj12bot.com/)"
66.249.68.7 - - [26/Apr/2025:14:57:21 -0400] "GET /about.php?path=%2F%2Fopt%2Falt%2Fopenssl11%2Fetc HTTP/1.1" 200 762 "-" "Mozilla/5.0 (Linux; Android 6.0.1; Nexus 5X Build/MMB29P) AppleWebKit/537.36 (KHTML, like Gecko) Chrome/135.0.7049.95 Mobile Safari/537.36 (compatible; Googlebot/2.1; +http://www.google.com/bot.html)"
66.249.68.7 - - [26/Apr/2025:14:57:21 -0400] "GET /about.php?action=edit&file=b179e0e7695ba8ea08826476861c0bcb804000&path=%2F%2Fproc%2Fthread-self%2Froot%2Flib%2F.build-id%2F9a HTTP/1.1" 200 574 "-" "Mozilla/5.0 (Linux; Android 6.0.1; Nexus 5X Build/MMB29P) AppleWebKit/537.36 (KHTML, like Gecko) Chrome/135.0.7049.95 Mobile Safari/537.36 (compatible; Googlebot/2.1; +http://www.google.com/bot.html)"
2001:41d0:303:5883::1 - - [26/Apr/2025:14:57:21 -0400] "GET /about.php?action=edit&file=pvj.info.juragankeripik.online-ssl_log-Apr-2025.gz&path=//home/juralptl/logs HTTP/1.1" 200 583 "-" "Mozilla/5.0 (compatible; MJ12bot/v1.4.8; http://mj12bot.com/)"
2001:41d0:303:5883::1 - - [26/Apr/2025:14:57:23 -0400] "GET /about.php?action=edit&file=pvj.zip&path=//home/juralptl/rtp-pvj.express HTTP/1.1" 200 552 "-" "Mozilla/5.0 (compatible; MJ12bot/v1.4.8; http://mj12bot.com/)"
2001:41d0:303:5883::1 - - [26/Apr/2025:14:57:25 -0400] "GET /about.php?action=edit&file=pvj.zip&path=//home/juralptl/rtp-pvj.ryukyu HTTP/1.1" 200 552 "-" "Mozilla/5.0 (compatible; MJ12bot/v1.4.8; http://mj12bot.com/)"
2001:41d0:303:5883::1 - - [26/Apr/2025:14:57:27 -0400] "GET /about.php?action=edit&file=pvj001-1-Bx0MyT.tmp&path=//home/juralptl/.cagefs/tmp HTTP/1.1" 200 562 "-" "Mozilla/5.0 (compatible; MJ12bot/v1.4.8; http://mj12bot.com/)"
2001:41d0:303:5883::1 - - [26/Apr/2025:14:57:28 -0400] "GET /about.php?action=edit&file=pvj001-2-YVxy5K.tmp&path=//home/juralptl/.cagefs/tmp HTTP/1.1" 200 561 "-" "Mozilla/5.0 (compatible; MJ12bot/v1.4.8; http://mj12bot.com/)"
2001:41d0:303:5883::1 - - [26/Apr/2025:14:57:30 -0400] "GET /about.php?action=edit&file=pvj001-vFpGxo.tmp&path=//home/juralptl/.cagefs/tmp HTTP/1.1" 200 560 "-" "Mozilla/5.0 (compatible; MJ12bot/v1.4.8; http://mj12bot.com/)"
2001:41d0:303:5883::1 - - [26/Apr/2025:14:57:32 -0400] "GET /about.php?action=edit&file=pvj002-1-5UjtqO.tmp&path=//home/juralptl/.cagefs/tmp HTTP/1.1" 200 562 "-" "Mozilla/5.0 (compatible; MJ12bot/v1.4.8; http://mj12bot.com/)"
2001:41d0:303:5883::1 - - [26/Apr/2025:14:57:34 -0400] "GET /about.php?action=edit&file=pvj002-3xXtOr.tmp&path=//home/juralptl/.cagefs/tmp HTTP/1.1" 200 559 "-" "Mozilla/5.0 (compatible; MJ12bot/v1.4.8; http://mj12bot.com/)"
2001:41d0:303:5883::1 - - [26/Apr/2025:14:57:36 -0400] "GET /about.php?action=edit&file=pvj003-2yKBC6.tmp&path=//home/juralptl/.cagefs/tmp HTTP/1.1" 200 560 "-" "Mozilla/5.0 (compatible; MJ12bot/v1.4.8; http://mj12bot.com/)"
66.249.68.6 - - [26/Apr/2025:14:57:36 -0400] "GET /about.php?path=%2F%2Fproc%2Fthread-self%2Froot%2Flib%2Fdracut%2Fmodules.d%2F99earlykdump HTTP/1.1" 200 876 "-" "Mozilla/5.0 (Linux; Android 6.0.1; Nexus 5X Build/MMB29P) AppleWebKit/537.36 (KHTML, like Gecko) Chrome/135.0.7049.95 Mobile Safari/537.36 (compatible; GoogleOther)"
2001:41d0:303:5883::1 - - [26/Apr/2025:14:57:37 -0400] "GET /about.php?action=edit&file=pvj004-pbX6N5.tmp&path=//home/juralptl/.cagefs/tmp HTTP/1.1" 200 561 "-" "Mozilla/5.0 (compatible; MJ12bot/v1.4.8; http://mj12bot.com/)"
2001:41d0:303:5883::1 - - [26/Apr/2025:14:57:39 -0400] "GET /about.php?action=edit&file=pvj1-1-HQL5ws.tmp&path=//home/juralptl/.cagefs/tmp HTTP/1.1" 200 559 "-" "Mozilla/5.0 (compatible; MJ12bot/v1.4.8; http://mj12bot.com/)"
2001:41d0:303:5883::1 - - [26/Apr/2025:14:57:41 -0400] "GET /about.php?action=edit&file=pvj1-1-c5GS4C.tmp&path=//home/juralptl/.cagefs/tmp HTTP/1.1" 200 560 "-" "Mozilla/5.0 (compatible; MJ12bot/v1.4.8; http://mj12bot.com/)"
2001:41d0:303:5883::1 - - [26/Apr/2025:14:57:43 -0400] "GET /about.php?action=edit&file=pvj1-1-c7JYxp.tmp&path=//home/juralptl/.cagefs/tmp HTTP/1.1" 200 561 "-" "Mozilla/5.0 (compatible; MJ12bot/v1.4.8; http://mj12bot.com/)"
2001:41d0:303:5883::1 - - [26/Apr/2025:14:57:45 -0400] "GET /about.php?action=edit&file=pvj1-1-emUMiO.tmp&path=//home/juralptl/.cagefs/tmp HTTP/1.1" 200 560 "-" "Mozilla/5.0 (compatible; MJ12bot/v1.4.8; http://mj12bot.com/)"
2001:41d0:303:5883::1 - - [26/Apr/2025:14:57:46 -0400] "GET /about.php?action=edit&file=pvj1-1-mbLLG9.tmp&path=//home/juralptl/.cagefs/tmp HTTP/1.1" 200 559 "-" "Mozilla/5.0 (compatible; MJ12bot/v1.4.8; http://mj12bot.com/)"
2001:41d0:303:5883::1 - - [26/Apr/2025:14:57:48 -0400] "GET /about.php?action=edit&file=pvj1-10-OaFLPa.tmp&path=//home/juralptl/.cagefs/tmp HTTP/1.1" 200 561 "-" "Mozilla/5.0 (compatible; MJ12bot/v1.4.8; http://mj12bot.com/)"
2001:41d0:303:5883::1 - - [26/Apr/2025:14:57:50 -0400] "GET /about.php?action=edit&file=pvj1-10-WFlSLJ.tmp&path=//home/juralptl/.cagefs/tmp HTTP/1.1" 200 561 "-" "Mozilla/5.0 (compatible; MJ12bot/v1.4.8; http://mj12bot.com/)"
2001:41d0:303:5883::1 - - [26/Apr/2025:14:57:52 -0400] "GET /about.php?action=edit&file=pvj1-11-71UCIK.tmp&path=//home/juralptl/.cagefs/tmp HTTP/1.1" 200 561 "-" "Mozilla/5.0 (compatible; MJ12bot/v1.4.8; http://mj12bot.com/)"
66.249.68.6 - - [26/Apr/2025:14:57:53 -0400] "GET /about.php?action=edit&file=lat1-12.psfu.gz&path=%2F%2Fproc%2Fthread-self%2Froot%2Flib%2Fkbd%2Fconsolefonts HTTP/1.1" 200 556 "-" "Mozilla/5.0 (Linux; Android 6.0.1; Nexus 5X Build/MMB29P) AppleWebKit/537.36 (KHTML, like Gecko) Chrome/135.0.7049.95 Mobile Safari/537.36 (compatible; GoogleOther)"
2001:41d0:303:5883::1 - - [26/Apr/2025:14:57:54 -0400] "GET /about.php?action=edit&file=pvj1-11-hl7Xn3.tmp&path=//home/juralptl/.cagefs/tmp HTTP/1.1" 200 560 "-" "Mozilla/5.0 (compatible; MJ12bot/v1.4.8; http://mj12bot.com/)"
2001:41d0:303:5883::1 - - [26/Apr/2025:14:57:55 -0400] "GET /about.php?action=edit&file=pvj1-12-6I6YqT.tmp&path=//home/juralptl/.cagefs/tmp HTTP/1.1" 200 561 "-" "Mozilla/5.0 (compatible; MJ12bot/v1.4.8; http://mj12bot.com/)"
2001:41d0:303:5883::1 - - [26/Apr/2025:14:57:57 -0400] "GET /about.php?action=edit&file=pvj1-12-xI2ocR.tmp&path=//home/juralptl/.cagefs/tmp HTTP/1.1" 200 560 "-" "Mozilla/5.0 (compatible; MJ12bot/v1.4.8; http://mj12bot.com/)"
66.249.68.6 - - [26/Apr/2025:14:57:57 -0400] "GET /about.php?path=//opt/alt/php82 HTTP/1.1" 200 772 "-" "Mozilla/5.0 (Linux; Android 6.0.1; Nexus 5X Build/MMB29P) AppleWebKit/537.36 (KHTML, like Gecko) Chrome/135.0.7049.95 Mobile Safari/537.36 (compatible; Googlebot/2.1; +http://www.google.com/bot.html)"
2001:41d0:303:5883::1 - - [26/Apr/2025:14:57:59 -0400] "GET /about.php?action=edit&file=pvj1-13-ueK0wk.tmp&path=//home/juralptl/.cagefs/tmp HTTP/1.1" 200 559 "-" "Mozilla/5.0 (compatible; MJ12bot/v1.4.8; http://mj12bot.com/)"
2001:41d0:303:5883::1 - - [26/Apr/2025:14:58:01 -0400] "GET /about.php?action=edit&file=pvj1-13-vXqJpK.tmp&path=//home/juralptl/.cagefs/tmp HTTP/1.1" 200 561 "-" "Mozilla/5.0 (compatible; MJ12bot/v1.4.8; http://mj12bot.com/)"
2001:41d0:303:5883::1 - - [26/Apr/2025:14:58:03 -0400] "GET /about.php?action=edit&file=pvj1-14-h2ZVyx.tmp&path=//home/juralptl/.cagefs/tmp HTTP/1.1" 200 562 "-" "Mozilla/5.0 (compatible; MJ12bot/v1.4.8; http://mj12bot.com/)"
2001:41d0:303:5883::1 - - [26/Apr/2025:14:58:04 -0400] "GET /about.php?action=edit&file=pvj1-14-s4VbKP.tmp&path=//home/juralptl/.cagefs/tmp HTTP/1.1" 200 560 "-" "Mozilla/5.0 (compatible; MJ12bot/v1.4.8; http://mj12bot.com/)"
2001:41d0:303:5883::1 - - [26/Apr/2025:14:58:07 -0400] "GET /about.php?action=edit&file=pvj1-15-LKuJmo.tmp&path=//home/juralptl/.cagefs/tmp HTTP/1.1" 200 560 "-" "Mozilla/5.0 (compatible; MJ12bot/v1.4.8; http://mj12bot.com/)"
2001:41d0:303:5883::1 - - [26/Apr/2025:14:58:09 -0400] "GET /about.php?action=edit&file=pvj1-16-64itGW.tmp&path=//home/juralptl/.cagefs/tmp HTTP/1.1" 200 560 "-" "Mozilla/5.0 (compatible; MJ12bot/v1.4.8; http://mj12bot.com/)"
2001:41d0:303:5883::1 - - [26/Apr/2025:14:58:10 -0400] "GET /about.php?action=edit&file=pvj1-17-ngBOJg.tmp&path=//home/juralptl/.cagefs/tmp HTTP/1.1" 200 561 "-" "Mozilla/5.0 (compatible; MJ12bot/v1.4.8; http://mj12bot.com/)"
2001:41d0:303:5883::1 - - [26/Apr/2025:14:58:12 -0400] "GET /about.php?action=edit&file=pvj1-18-KfCHeh.tmp&path=//home/juralptl/.cagefs/tmp HTTP/1.1" 200 560 "-" "Mozilla/5.0 (compatible; MJ12bot/v1.4.8; http://mj12bot.com/)"
2001:41d0:303:5883::1 - - [26/Apr/2025:14:58:14 -0400] "GET /about.php?action=edit&file=pvj1-2-H0o0nZ.tmp&path=//home/juralptl/.cagefs/tmp HTTP/1.1" 200 559 "-" "Mozilla/5.0 (compatible; MJ12bot/v1.4.8; http://mj12bot.com/)"
66.249.68.6 - - [26/Apr/2025:14:58:15 -0400] "GET /about.php?action=edit&file=44420befa73614342965f344927340fc715968&path=%2F%2Fproc%2Fthread-self%2Froot%2Flib%2F.build-id%2F08 HTTP/1.1" 200 574 "-" "Mozilla/5.0 (Linux; Android 6.0.1; Nexus 5X Build/MMB29P) AppleWebKit/537.36 (KHTML, like Gecko) Chrome/135.0.7049.95 Mobile Safari/537.36 (compatible; GoogleOther)"
2001:41d0:303:5883::1 - - [26/Apr/2025:14:58:15 -0400] "GET /about.php?action=edit&file=pvj1-2-W3ByEs.tmp&path=//home/juralptl/.cagefs/tmp HTTP/1.1" 200 560 "-" "Mozilla/5.0 (compatible; MJ12bot/v1.4.8; http://mj12bot.com/)"
66.249.68.6 - - [26/Apr/2025:14:58:16 -0400] "GET /about.php?path=%2F%2Fopt%2Falt%2Fphp71%2Fvar%2Fcache HTTP/1.1" 200 777 "-" "Mozilla/5.0 (Linux; Android 6.0.1; Nexus 5X Build/MMB29P) AppleWebKit/537.36 (KHTML, like Gecko) Chrome/135.0.7049.95 Mobile Safari/537.36 (compatible; Googlebot/2.1; +http://www.google.com/bot.html)"
66.249.68.6 - - [26/Apr/2025:14:58:16 -0400] "GET /about.php?action=edit&file=tuned.conf&path=%2F%2Fproc%2Fthread-self%2Froot%2Flib%2Ftuned%2Fcloudlinux-vz HTTP/1.1" 200 601 "-" "Mozilla/5.0 (Linux; Android 6.0.1; Nexus 5X Build/MMB29P) AppleWebKit/537.36 (KHTML, like Gecko) Chrome/135.0.7049.95 Mobile Safari/537.36 (compatible; GoogleOther)"
2001:41d0:303:5883::1 - - [26/Apr/2025:14:58:17 -0400] "GET /about.php?action=edit&file=pvj1-2-oz1ZNW.tmp&path=//home/juralptl/.cagefs/tmp HTTP/1.1" 200 560 "-" "Mozilla/5.0 (compatible; MJ12bot/v1.4.8; http://mj12bot.com/)"
2001:41d0:303:5883::1 - - [26/Apr/2025:14:58:19 -0400] "GET /about.php?action=edit&file=pvj1-2-qbxGLB.tmp&path=//home/juralptl/.cagefs/tmp HTTP/1.1" 200 560 "-" "Mozilla/5.0 (compatible; MJ12bot/v1.4.8; http://mj12bot.com/)"
2001:41d0:303:5883::1 - - [26/Apr/2025:14:58:21 -0400] "GET /about.php?action=edit&file=pvj1-3-6QJyQi.tmp&path=//home/juralptl/.cagefs/tmp HTTP/1.1" 200 559 "-" "Mozilla/5.0 (compatible; MJ12bot/v1.4.8; http://mj12bot.com/)"
2001:41d0:303:5883::1 - - [26/Apr/2025:14:58:22 -0400] "GET /about.php?action=edit&file=pvj1-3-XFDZXj.tmp&path=//home/juralptl/.cagefs/tmp HTTP/1.1" 200 561 "-" "Mozilla/5.0 (compatible; MJ12bot/v1.4.8; http://mj12bot.com/)"
2001:41d0:303:5883::1 - - [26/Apr/2025:14:58:24 -0400] "GET /about.php?action=edit&file=pvj1-3-rxCbDf.tmp&path=//home/juralptl/.cagefs/tmp HTTP/1.1" 200 559 "-" "Mozilla/5.0 (compatible; MJ12bot/v1.4.8; http://mj12bot.com/)"
2001:41d0:303:5883::1 - - [26/Apr/2025:14:58:26 -0400] "GET /about.php?action=edit&file=pvj1-3LpmVe.tmp&path=//home/juralptl/.cagefs/tmp HTTP/1.1" 200 557 "-" "Mozilla/5.0 (compatible; MJ12bot/v1.4.8; http://mj12bot.com/)"
66.249.68.6 - - [26/Apr/2025:14:58:26 -0400] "GET /about.php?action=edit&file=indexcontentleft.php&path=%2F%2Fhome%2Fjuralptl%2Fpvjtogel.sbs%2Fm HTTP/1.1" 200 923 "-" "Mozilla/5.0 (Linux; Android 6.0.1; Nexus 5X Build/MMB29P) AppleWebKit/537.36 (KHTML, like Gecko) Chrome/135.0.7049.95 Mobile Safari/537.36 (compatible; GoogleOther)"
2001:41d0:303:5883::1 - - [26/Apr/2025:14:58:27 -0400] "GET /about.php?action=edit&file=pvj1-3RvJ8J.tmp&path=//home/juralptl/.cagefs/tmp HTTP/1.1" 200 558 "-" "Mozilla/5.0 (compatible; MJ12bot/v1.4.8; http://mj12bot.com/)"
2001:41d0:303:5883::1 - - [26/Apr/2025:14:58:29 -0400] "GET /about.php?action=edit&file=pvj1-4-Z7G0rJ.tmp&path=//home/juralptl/.cagefs/tmp HTTP/1.1" 200 560 "-" "Mozilla/5.0 (compatible; MJ12bot/v1.4.8; http://mj12bot.com/)"
2001:41d0:303:5883::1 - - [26/Apr/2025:14:58:31 -0400] "GET /about.php?action=edit&file=pvj1-4-qCfwoL.tmp&path=//home/juralptl/.cagefs/tmp HTTP/1.1" 200 560 "-" "Mozilla/5.0 (compatible; MJ12bot/v1.4.8; http://mj12bot.com/)"
2001:41d0:303:5883::1 - - [26/Apr/2025:14:58:33 -0400] "GET /about.php?action=edit&file=pvj1-4-rVecsQ.tmp&path=//home/juralptl/.cagefs/tmp HTTP/1.1" 200 559 "-" "Mozilla/5.0 (compatible; MJ12bot/v1.4.8; http://mj12bot.com/)"
2001:41d0:303:5883::1 - - [26/Apr/2025:14:58:34 -0400] "GET /about.php?action=edit&file=pvj1-5-4vHXUb.tmp&path=//home/juralptl/.cagefs/tmp HTTP/1.1" 200 559 "-" "Mozilla/5.0 (compatible; MJ12bot/v1.4.8; http://mj12bot.com/)"
2001:41d0:303:5883::1 - - [26/Apr/2025:14:58:36 -0400] "GET /about.php?action=edit&file=pvj1-5-liwp6l.tmp&path=//home/juralptl/.cagefs/tmp HTTP/1.1" 200 558 "-" "Mozilla/5.0 (compatible; MJ12bot/v1.4.8; http://mj12bot.com/)"
2001:41d0:303:5883::1 - - [26/Apr/2025:14:58:38 -0400] "GET /about.php?action=edit&file=pvj1-5-qKxww8.tmp&path=//home/juralptl/.cagefs/tmp HTTP/1.1" 200 560 "-" "Mozilla/5.0 (compatible; MJ12bot/v1.4.8; http://mj12bot.com/)"
2001:41d0:303:5883::1 - - [26/Apr/2025:14:58:39 -0400] "GET /about.php?action=edit&file=pvj1-6-I74Dlu.tmp&path=//home/juralptl/.cagefs/tmp HTTP/1.1" 200 558 "-" "Mozilla/5.0 (compatible; MJ12bot/v1.4.8; http://mj12bot.com/)"
2001:41d0:303:5883::1 - - [26/Apr/2025:14:58:41 -0400] "GET /about.php?action=edit&file=pvj1-6-NNZM3J.tmp&path=//home/juralptl/.cagefs/tmp HTTP/1.1" 200 561 "-" "Mozilla/5.0 (compatible; MJ12bot/v1.4.8; http://mj12bot.com/)"
2001:41d0:303:5883::1 - - [26/Apr/2025:14:58:43 -0400] "GET /about.php?action=edit&file=pvj1-6-UBDeA9.tmp&path=//home/juralptl/.cagefs/tmp HTTP/1.1" 200 561 "-" "Mozilla/5.0 (compatible; MJ12bot/v1.4.8; http://mj12bot.com/)"
66.249.68.6 - - [26/Apr/2025:14:58:43 -0400] "GET /about.php?action=edit&file=GohaClassic-14.psfu.gz&path=%2F%2Fproc%2Fthread-self%2Froot%2Flib%2Fkbd%2Fconsolefonts HTTP/1.1" 200 562 "-" "Mozilla/5.0 (Linux; Android 6.0.1; Nexus 5X Build/MMB29P) AppleWebKit/537.36 (KHTML, like Gecko) Chrome/135.0.7049.95 Mobile Safari/537.36 (compatible; GoogleOther)"
2001:41d0:303:5883::1 - - [26/Apr/2025:14:58:44 -0400] "GET /about.php?action=edit&file=pvj1-7-1lp3GI.tmp&path=//home/juralptl/.cagefs/tmp HTTP/1.1" 200 558 "-" "Mozilla/5.0 (compatible; MJ12bot/v1.4.8; http://mj12bot.com/)"
2001:41d0:303:5883::1 - - [26/Apr/2025:14:58:46 -0400] "GET /about.php?action=edit&file=pvj1-7-TQ1Dn2.tmp&path=//home/juralptl/.cagefs/tmp HTTP/1.1" 200 560 "-" "Mozilla/5.0 (compatible; MJ12bot/v1.4.8; http://mj12bot.com/)"
2001:41d0:303:5883::1 - - [26/Apr/2025:14:58:48 -0400] "GET /about.php?action=edit&file=pvj1-7-aV8Jen.tmp&path=//home/juralptl/.cagefs/tmp HTTP/1.1" 200 559 "-" "Mozilla/5.0 (compatible; MJ12bot/v1.4.8; http://mj12bot.com/)"
2001:41d0:303:5883::1 - - [26/Apr/2025:14:58:50 -0400] "GET /about.php?action=edit&file=pvj1-8-3ms2XQ.tmp&path=//home/juralptl/.cagefs/tmp HTTP/1.1" 200 560 "-" "Mozilla/5.0 (compatible; MJ12bot/v1.4.8; http://mj12bot.com/)"
2001:41d0:303:5883::1 - - [26/Apr/2025:14:58:51 -0400] "GET /about.php?action=edit&file=pvj1-8-X30kap.tmp&path=//home/juralptl/.cagefs/tmp HTTP/1.1" 200 560 "-" "Mozilla/5.0 (compatible; MJ12bot/v1.4.8; http://mj12bot.com/)"
66.249.68.6 - - [26/Apr/2025:14:58:52 -0400] "GET /about.php?path=%2F%2Fopt%2Falt%2Fpython39%2Fshare%2Flicenses HTTP/1.1" 200 796 "-" "Mozilla/5.0 (Linux; Android 6.0.1; Nexus 5X Build/MMB29P) AppleWebKit/537.36 (KHTML, like Gecko) Chrome/135.0.7049.95 Mobile Safari/537.36 (compatible; Googlebot/2.1; +http://www.google.com/bot.html)"
2001:41d0:303:5883::1 - - [26/Apr/2025:14:58:53 -0400] "GET /about.php?action=edit&file=pvj1-8-fGp3RS.tmp&path=//home/juralptl/.cagefs/tmp HTTP/1.1" 200 560 "-" "Mozilla/5.0 (compatible; MJ12bot/v1.4.8; http://mj12bot.com/)"
2001:41d0:303:5883::1 - - [26/Apr/2025:14:58:55 -0400] "GET /about.php?action=edit&file=pvj1-9-YV7UgT.tmp&path=//home/juralptl/.cagefs/tmp HTTP/1.1" 200 562 "-" "Mozilla/5.0 (compatible; MJ12bot/v1.4.8; http://mj12bot.com/)"
2001:41d0:303:5883::1 - - [26/Apr/2025:14:58:56 -0400] "GET /about.php?action=edit&file=pvj1-9-lqpraC.tmp&path=//home/juralptl/.cagefs/tmp HTTP/1.1" 200 558 "-" "Mozilla/5.0 (compatible; MJ12bot/v1.4.8; http://mj12bot.com/)"
66.249.68.6 - - [26/Apr/2025:14:58:58 -0400] "GET /about.php?path=%2F%2Fproc%2Fthread-self%2Froot%2Flib%2Fnode_modules%2Fnpm%2Fnode_modules%2Ffs-minipass HTTP/1.1" 200 948 "-" "Mozilla/5.0 (Linux; Android 6.0.1; Nexus 5X Build/MMB29P) AppleWebKit/537.36 (KHTML, like Gecko) Chrome/135.0.7049.95 Mobile Safari/537.36 (compatible; GoogleOther)"
2001:41d0:303:5883::1 - - [26/Apr/2025:14:58:58 -0400] "GET /about.php?action=edit&file=pvj1-GVE6xD.tmp&path=//home/juralptl/.cagefs/tmp HTTP/1.1" 200 559 "-" "Mozilla/5.0 (compatible; MJ12bot/v1.4.8; http://mj12bot.com/)"
66.249.68.6 - - [26/Apr/2025:14:58:59 -0400] "GET /about.php?action=edit&file=iso02_to_cp1250.trans&path=%2F%2Fproc%2Fthread-self%2Froot%2Flib%2Fkbd%2Fconsoletrans HTTP/1.1" 200 1922 "-" "Mozilla/5.0 (Linux; Android 6.0.1; Nexus 5X Build/MMB29P) AppleWebKit/537.36 (KHTML, like Gecko) Chrome/135.0.7049.95 Mobile Safari/537.36 (compatible; GoogleOther)"
2001:41d0:303:5883::1 - - [26/Apr/2025:14:59:00 -0400] "GET /about.php?action=edit&file=pvj1-GoFyfm.tmp&path=//home/juralptl/.cagefs/tmp HTTP/1.1" 200 558 "-" "Mozilla/5.0 (compatible; MJ12bot/v1.4.8; http://mj12bot.com/)"
2001:41d0:303:5883::1 - - [26/Apr/2025:14:59:01 -0400] "GET /about.php?action=edit&file=pvj1-HL86Pm.tmp&path=//home/juralptl/.cagefs/tmp HTTP/1.1" 200 558 "-" "Mozilla/5.0 (compatible; MJ12bot/v1.4.8; http://mj12bot.com/)"
2001:41d0:303:5883::1 - - [26/Apr/2025:14:59:03 -0400] "GET /about.php?action=edit&file=pvj1-RYDtQv.tmp&path=//home/juralptl/.cagefs/tmp HTTP/1.1" 200 560 "-" "Mozilla/5.0 (compatible; MJ12bot/v1.4.8; http://mj12bot.com/)"
2001:41d0:303:5883::1 - - [26/Apr/2025:14:59:05 -0400] "GET /about.php?action=edit&file=pvj1-min-1-37fki8.tmp&path=//home/juralptl/.cagefs/tmp HTTP/1.1" 200 562 "-" "Mozilla/5.0 (compatible; MJ12bot/v1.4.8; http://mj12bot.com/)"
2001:41d0:303:5883::1 - - [26/Apr/2025:14:59:06 -0400] "GET /about.php?action=edit&file=pvj1-min-1-HVD3KM.tmp&path=//home/juralptl/.cagefs/tmp HTTP/1.1" 200 563 "-" "Mozilla/5.0 (compatible; MJ12bot/v1.4.8; http://mj12bot.com/)"
2001:41d0:303:5883::1 - - [26/Apr/2025:14:59:08 -0400] "GET /about.php?action=edit&file=pvj1-min-1-Vxxzgb.tmp&path=//home/juralptl/.cagefs/tmp HTTP/1.1" 200 564 "-" "Mozilla/5.0 (compatible; MJ12bot/v1.4.8; http://mj12bot.com/)"
2001:41d0:303:5883::1 - - [26/Apr/2025:14:59:10 -0400] "GET /about.php?action=edit&file=pvj1-min-1-qJXI03.tmp&path=//home/juralptl/.cagefs/tmp HTTP/1.1" 200 563 "-" "Mozilla/5.0 (compatible; MJ12bot/v1.4.8; http://mj12bot.com/)"
66.249.68.6 - - [26/Apr/2025:14:59:11 -0400] "GET /about.php?path=%2F%2Fopt%2Falt%2Ftests%2Falt-php82-pecl-amqp_2.1.2-1.el8%2Ftests HTTP/1.1" 200 1668 "-" "Mozilla/5.0 (Linux; Android 6.0.1; Nexus 5X Build/MMB29P) AppleWebKit/537.36 (KHTML, like Gecko) Chrome/135.0.7049.95 Mobile Safari/537.36 (compatible; Googlebot/2.1; +http://www.google.com/bot.html)"
2001:41d0:303:5883::1 - - [26/Apr/2025:14:59:11 -0400] "GET /about.php?action=edit&file=pvj1-min-2-1Kb25d.tmp&path=//home/juralptl/.cagefs/tmp HTTP/1.1" 200 563 "-" "Mozilla/5.0 (compatible; MJ12bot/v1.4.8; http://mj12bot.com/)"
2001:41d0:303:5883::1 - - [26/Apr/2025:14:59:13 -0400] "GET /about.php?action=edit&file=pvj1-min-2-cmQKxS.tmp&path=//home/juralptl/.cagefs/tmp HTTP/1.1" 200 563 "-" "Mozilla/5.0 (compatible; MJ12bot/v1.4.8; http://mj12bot.com/)"
2001:41d0:303:5883::1 - - [26/Apr/2025:14:59:15 -0400] "GET /about.php?action=edit&file=pvj1-min-2-dwDKyl.tmp&path=//home/juralptl/.cagefs/tmp HTTP/1.1" 200 562 "-" "Mozilla/5.0 (compatible; MJ12bot/v1.4.8; http://mj12bot.com/)"
66.249.68.6 - - [26/Apr/2025:14:59:16 -0400] "GET /about.php?action=edit&file=nrpe.xml&path=%2F%2Fproc%2Fthread-self%2Froot%2Flib%2Ffirewalld%2Fservices HTTP/1.1" 200 712 "-" "Mozilla/5.0 (Linux; Android 6.0.1; Nexus 5X Build/MMB29P) AppleWebKit/537.36 (KHTML, like Gecko) Chrome/135.0.7049.95 Mobile Safari/537.36 (compatible; GoogleOther)"
2001:41d0:303:5883::1 - - [26/Apr/2025:14:59:16 -0400] "GET /about.php?action=edit&file=pvj1-min-3-8FawIR.tmp&path=//home/juralptl/.cagefs/tmp HTTP/1.1" 200 562 "-" "Mozilla/5.0 (compatible; MJ12bot/v1.4.8; http://mj12bot.com/)"
2001:41d0:303:5883::1 - - [26/Apr/2025:14:59:18 -0400] "GET /about.php?action=edit&file=pvj1-min-3-t8dpDF.tmp&path=//home/juralptl/.cagefs/tmp HTTP/1.1" 200 563 "-" "Mozilla/5.0 (compatible; MJ12bot/v1.4.8; http://mj12bot.com/)"
2001:41d0:303:5883::1 - - [26/Apr/2025:14:59:20 -0400] "GET /about.php?action=edit&file=pvj1-min-3-tI5xHg.tmp&path=//home/juralptl/.cagefs/tmp HTTP/1.1" 200 563 "-" "Mozilla/5.0 (compatible; MJ12bot/v1.4.8; http://mj12bot.com/)"
2001:41d0:303:5883::1 - - [26/Apr/2025:14:59:22 -0400] "GET /about.php?action=edit&file=pvj1-min-4-3rv30F.tmp&path=//home/juralptl/.cagefs/tmp HTTP/1.1" 200 563 "-" "Mozilla/5.0 (compatible; MJ12bot/v1.4.8; http://mj12bot.com/)"
2001:41d0:303:5883::1 - - [26/Apr/2025:14:59:23 -0400] "GET /about.php?action=edit&file=pvj1-min-4-90cCmd.tmp&path=//home/juralptl/.cagefs/tmp HTTP/1.1" 200 563 "-" "Mozilla/5.0 (compatible; MJ12bot/v1.4.8; http://mj12bot.com/)"
2001:41d0:303:5883::1 - - [26/Apr/2025:14:59:25 -0400] "GET /about.php?action=edit&file=pvj1-min-4-URsRHk.tmp&path=//home/juralptl/.cagefs/tmp HTTP/1.1" 200 563 "-" "Mozilla/5.0 (compatible; MJ12bot/v1.4.8; http://mj12bot.com/)"
2001:41d0:303:5883::1 - - [26/Apr/2025:14:59:27 -0400] "GET /about.php?action=edit&file=pvj1-min-5-HFsDJ5.tmp&path=//home/juralptl/.cagefs/tmp HTTP/1.1" 200 563 "-" "Mozilla/5.0 (compatible; MJ12bot/v1.4.8; http://mj12bot.com/)"
2001:41d0:303:5883::1 - - [26/Apr/2025:14:59:28 -0400] "GET /about.php?action=edit&file=pvj1-min-5-keERry.tmp&path=//home/juralptl/.cagefs/tmp HTTP/1.1" 200 562 "-" "Mozilla/5.0 (compatible; MJ12bot/v1.4.8; http://mj12bot.com/)"
2001:41d0:303:5883::1 - - [26/Apr/2025:14:59:30 -0400] "GET /about.php?action=edit&file=pvj1-min-6-3iS2Tz.tmp&path=//home/juralptl/.cagefs/tmp HTTP/1.1" 200 563 "-" "Mozilla/5.0 (compatible; MJ12bot/v1.4.8; http://mj12bot.com/)"
2001:41d0:303:5883::1 - - [26/Apr/2025:14:59:32 -0400] "GET /about.php?action=edit&file=pvj1-min-6-LT0e32.tmp&path=//home/juralptl/.cagefs/tmp HTTP/1.1" 200 562 "-" "Mozilla/5.0 (compatible; MJ12bot/v1.4.8; http://mj12bot.com/)"
2001:41d0:303:5883::1 - - [26/Apr/2025:14:59:34 -0400] "GET /about.php?action=edit&file=pvj1-min-7-CRacOU.tmp&path=//home/juralptl/.cagefs/tmp HTTP/1.1" 200 564 "-" "Mozilla/5.0 (compatible; MJ12bot/v1.4.8; http://mj12bot.com/)"
2001:41d0:303:5883::1 - - [26/Apr/2025:14:59:36 -0400] "GET /about.php?action=edit&file=pvj1-min-7-PydJCG.tmp&path=//home/juralptl/.cagefs/tmp HTTP/1.1" 200 563 "-" "Mozilla/5.0 (compatible; MJ12bot/v1.4.8; http://mj12bot.com/)"
2001:41d0:303:5883::1 - - [26/Apr/2025:14:59:37 -0400] "GET /about.php?action=edit&file=pvj1-min-8-VwLS4a.tmp&path=//home/juralptl/.cagefs/tmp HTTP/1.1" 200 564 "-" "Mozilla/5.0 (compatible; MJ12bot/v1.4.8; http://mj12bot.com/)"
2001:41d0:303:5883::1 - - [26/Apr/2025:14:59:39 -0400] "GET /about.php?action=edit&file=pvj1-min-9-OY0n1C.tmp&path=//home/juralptl/.cagefs/tmp HTTP/1.1" 200 564 "-" "Mozilla/5.0 (compatible; MJ12bot/v1.4.8; http://mj12bot.com/)"
2001:41d0:303:5883::1 - - [26/Apr/2025:14:59:41 -0400] "GET /about.php?action=edit&file=pvj1-min-HQ1GTL.tmp&path=//home/juralptl/.cagefs/tmp HTTP/1.1" 200 561 "-" "Mozilla/5.0 (compatible; MJ12bot/v1.4.8; http://mj12bot.com/)"
2001:41d0:303:5883::1 - - [26/Apr/2025:14:59:42 -0400] "GET /about.php?action=edit&file=pvj1-min-PFKy4Z.tmp&path=//home/juralptl/.cagefs/tmp HTTP/1.1" 200 562 "-" "Mozilla/5.0 (compatible; MJ12bot/v1.4.8; http://mj12bot.com/)"
2001:41d0:303:5883::1 - - [26/Apr/2025:14:59:44 -0400] "GET /about.php?action=edit&file=pvj1-min-Qkt4nM.tmp&path=//home/juralptl/.cagefs/tmp HTTP/1.1" 200 561 "-" "Mozilla/5.0 (compatible; MJ12bot/v1.4.8; http://mj12bot.com/)"
4.227.36.23 - - [26/Apr/2025:14:59:44 -0400] "GET /robots.txt HTTP/1.1" 404 1251 "-" "Mozilla/5.0 AppleWebKit/537.36 (KHTML, like Gecko; compatible; GPTBot/1.2; +https://openai.com/gptbot)"
2001:41d0:303:5883::1 - - [26/Apr/2025:14:59:46 -0400] "GET /about.php?action=edit&file=pvj1-min-gbmOuz.tmp&path=//home/juralptl/.cagefs/tmp HTTP/1.1" 200 561 "-" "Mozilla/5.0 (compatible; MJ12bot/v1.4.8; http://mj12bot.com/)"
66.249.68.6 - - [26/Apr/2025:14:59:47 -0400] "GET /about.php?action=edit&file=ip_tables_targets&path=%2F%2Fproc%2Fnet HTTP/1.1" 200 479 "-" "Mozilla/5.0 (Linux; Android 6.0.1; Nexus 5X Build/MMB29P) AppleWebKit/537.36 (KHTML, like Gecko) Chrome/135.0.7049.95 Mobile Safari/537.36 (compatible; Googlebot/2.1; +http://www.google.com/bot.html)"
2001:41d0:303:5883::1 - - [26/Apr/2025:14:59:47 -0400] "GET /about.php?action=edit&file=pvj1-min-min-fjPWxQ.tmp&path=//home/juralptl/.cagefs/tmp HTTP/1.1" 200 562 "-" "Mozilla/5.0 (compatible; MJ12bot/v1.4.8; http://mj12bot.com/)"
66.249.68.6 - - [26/Apr/2025:14:59:49 -0400] "GET /about.php?action=edit&file=1df448be72e78d89c8495ec937363ab3eef900&path=%2F%2Fproc%2Fthread-self%2Froot%2Flib%2F.build-id%2F18 HTTP/1.1" 200 575 "-" "Mozilla/5.0 (Linux; Android 6.0.1; Nexus 5X Build/MMB29P) AppleWebKit/537.36 (KHTML, like Gecko) Chrome/135.0.7049.95 Mobile Safari/537.36 (compatible; GoogleOther)"
2001:41d0:303:5883::1 - - [26/Apr/2025:14:59:49 -0400] "GET /about.php?action=edit&file=pvj11-1-0IVImg.tmp&path=//home/juralptl/.cagefs/tmp HTTP/1.1" 200 560 "-" "Mozilla/5.0 (compatible; MJ12bot/v1.4.8; http://mj12bot.com/)"
66.249.68.6 - - [26/Apr/2025:14:59:50 -0400] "GET /about.php?path=//proc/thread-self/root/lib/exim/bin HTTP/1.1" 200 889 "-" "Mozilla/5.0 (Linux; Android 6.0.1; Nexus 5X Build/MMB29P) AppleWebKit/537.36 (KHTML, like Gecko) Chrome/135.0.7049.95 Mobile Safari/537.36 (compatible; GoogleOther)"
66.249.68.6 - - [26/Apr/2025:14:59:51 -0400] "GET /about.php?action=edit&file=libgearman.so.8.0.0&path=%2F%2Flib64 HTTP/1.1" 200 559 "-" "Mozilla/5.0 (Linux; Android 6.0.1; Nexus 5X Build/MMB29P) AppleWebKit/537.36 (KHTML, like Gecko) Chrome/135.0.7049.95 Mobile Safari/537.36 (compatible; GoogleOther)"
2001:41d0:303:5883::1 - - [26/Apr/2025:14:59:51 -0400] "GET /about.php?action=edit&file=pvj11-2-nggdhG.tmp&path=//home/juralptl/.cagefs/tmp HTTP/1.1" 200 561 "-" "Mozilla/5.0 (compatible; MJ12bot/v1.4.8; http://mj12bot.com/)"
2001:41d0:303:5883::1 - - [26/Apr/2025:14:59:53 -0400] "GET /about.php?action=edit&file=pvj11-3-O5v1sF.tmp&path=//home/juralptl/.cagefs/tmp HTTP/1.1" 200 561 "-" "Mozilla/5.0 (compatible; MJ12bot/v1.4.8; http://mj12bot.com/)"
2001:41d0:303:5883::1 - - [26/Apr/2025:14:59:54 -0400] "GET /about.php?action=edit&file=pvj11-BtAkOr.tmp&path=//home/juralptl/.cagefs/tmp HTTP/1.1" 200 558 "-" "Mozilla/5.0 (compatible; MJ12bot/v1.4.8; http://mj12bot.com/)"
2001:41d0:303:5883::1 - - [26/Apr/2025:14:59:56 -0400] "GET /about.php?action=edit&file=pvj11-J6hegL.tmp&path=//home/juralptl/.cagefs/tmp HTTP/1.1" 200 559 "-" "Mozilla/5.0 (compatible; MJ12bot/v1.4.8; http://mj12bot.com/)"
2001:41d0:303:5883::1 - - [26/Apr/2025:14:59:58 -0400] "GET /about.php?action=edit&file=pvj112-tuPRKY.tmp&path=//home/juralptl/.cagefs/tmp HTTP/1.1" 200 560 "-" "Mozilla/5.0 (compatible; MJ12bot/v1.4.8; http://mj12bot.com/)"
2001:41d0:303:5883::1 - - [26/Apr/2025:14:59:59 -0400] "GET /about.php?action=edit&file=pvj113-dgHfPw.tmp&path=//home/juralptl/.cagefs/tmp HTTP/1.1" 200 560 "-" "Mozilla/5.0 (compatible; MJ12bot/v1.4.8; http://mj12bot.com/)"
2001:41d0:303:5883::1 - - [26/Apr/2025:15:00:01 -0400] "GET /about.php?action=edit&file=pvj2-1-O0TjqA.tmp&path=//home/juralptl/.cagefs/tmp HTTP/1.1" 200 561 "-" "Mozilla/5.0 (compatible; MJ12bot/v1.4.8; http://mj12bot.com/)"
2001:41d0:303:5883::1 - - [26/Apr/2025:15:00:03 -0400] "GET /about.php?action=edit&file=pvj2-1-PKqYCN.tmp&path=//home/juralptl/.cagefs/tmp HTTP/1.1" 200 561 "-" "Mozilla/5.0 (compatible; MJ12bot/v1.4.8; http://mj12bot.com/)"
2001:41d0:303:5883::1 - - [26/Apr/2025:15:00:06 -0400] "GET /about.php?action=edit&file=pvj2-1-SiIjSr.tmp&path=//home/juralptl/.cagefs/tmp HTTP/1.1" 200 560 "-" "Mozilla/5.0 (compatible; MJ12bot/v1.4.8; http://mj12bot.com/)"
66.249.68.7 - - [26/Apr/2025:15:00:06 -0400] "GET /about.php?path=%2Fhome%2Fjuralptl%2F.caldav%2Fadmin%40berlinpools.us HTTP/1.1" 200 853 "-" "Mozilla/5.0 (Linux; Android 6.0.1; Nexus 5X Build/MMB29P) AppleWebKit/537.36 (KHTML, like Gecko) Chrome/135.0.7049.95 Mobile Safari/537.36 (compatible; Googlebot/2.1; +http://www.google.com/bot.html)"
2001:41d0:303:5883::1 - - [26/Apr/2025:15:00:09 -0400] "GET /about.php?action=edit&file=pvj2-1-Z4NkTN.tmp&path=//home/juralptl/.cagefs/tmp HTTP/1.1" 200 562 "-" "Mozilla/5.0 (compatible; MJ12bot/v1.4.8; http://mj12bot.com/)"
2001:41d0:303:5883::1 - - [26/Apr/2025:15:00:11 -0400] "GET /about.php?action=edit&file=pvj2-1-qu4LxW.tmp&path=//home/juralptl/.cagefs/tmp HTTP/1.1" 200 560 "-" "Mozilla/5.0 (compatible; MJ12bot/v1.4.8; http://mj12bot.com/)"
2001:41d0:303:5883::1 - - [26/Apr/2025:15:00:13 -0400] "GET /about.php?action=edit&file=pvj2-10-LVHnHZ.tmp&path=//home/juralptl/.cagefs/tmp HTTP/1.1" 200 561 "-" "Mozilla/5.0 (compatible; MJ12bot/v1.4.8; http://mj12bot.com/)"
2001:41d0:303:5883::1 - - [26/Apr/2025:15:00:15 -0400] "GET /about.php?action=edit&file=pvj2-10-qbrDjP.tmp&path=//home/juralptl/.cagefs/tmp HTTP/1.1" 200 560 "-" "Mozilla/5.0 (compatible; MJ12bot/v1.4.8; http://mj12bot.com/)"
2001:41d0:303:5883::1 - - [26/Apr/2025:15:00:17 -0400] "GET /about.php?action=edit&file=pvj2-11-mOf3BY.tmp&path=//home/juralptl/.cagefs/tmp HTTP/1.1" 200 562 "-" "Mozilla/5.0 (compatible; MJ12bot/v1.4.8; http://mj12bot.com/)"
2001:41d0:303:5883::1 - - [26/Apr/2025:15:00:19 -0400] "GET /about.php?action=edit&file=pvj2-12-VSPu8L.tmp&path=//home/juralptl/.cagefs/tmp HTTP/1.1" 200 560 "-" "Mozilla/5.0 (compatible; MJ12bot/v1.4.8; http://mj12bot.com/)"
2001:41d0:303:5883::1 - - [26/Apr/2025:15:00:21 -0400] "GET /about.php?action=edit&file=pvj2-2-JlVA7f.tmp&path=//home/juralptl/.cagefs/tmp HTTP/1.1" 200 560 "-" "Mozilla/5.0 (compatible; MJ12bot/v1.4.8; http://mj12bot.com/)"
2001:41d0:303:5883::1 - - [26/Apr/2025:15:00:23 -0400] "GET /about.php?action=edit&file=pvj2-2-QoVeij.tmp&path=//home/juralptl/.cagefs/tmp HTTP/1.1" 200 560 "-" "Mozilla/5.0 (compatible; MJ12bot/v1.4.8; http://mj12bot.com/)"
2001:41d0:303:5883::1 - - [26/Apr/2025:15:00:25 -0400] "GET /about.php?action=edit&file=pvj2-2-zczrVY.tmp&path=//home/juralptl/.cagefs/tmp HTTP/1.1" 200 559 "-" "Mozilla/5.0 (compatible; MJ12bot/v1.4.8; http://mj12bot.com/)"
66.249.68.6 - - [26/Apr/2025:15:00:25 -0400] "GET /about.php?action=edit&file=sco&path=%2F%2Fproc%2Fnet HTTP/1.1" 200 479 "-" "Mozilla/5.0 (Linux; Android 6.0.1; Nexus 5X Build/MMB29P) AppleWebKit/537.36 (KHTML, like Gecko) Chrome/135.0.7049.95 Mobile Safari/537.36 (compatible; Googlebot/2.1; +http://www.google.com/bot.html)"
2001:41d0:303:5883::1 - - [26/Apr/2025:15:00:27 -0400] "GET /about.php?action=edit&file=pvj2-3-4AW8mf.tmp&path=//home/juralptl/.cagefs/tmp HTTP/1.1" 200 561 "-" "Mozilla/5.0 (compatible; MJ12bot/v1.4.8; http://mj12bot.com/)"
2001:41d0:303:5883::1 - - [26/Apr/2025:15:00:29 -0400] "GET /about.php?action=edit&file=pvj2-3-gJPhwv.tmp&path=//home/juralptl/.cagefs/tmp HTTP/1.1" 200 560 "-" "Mozilla/5.0 (compatible; MJ12bot/v1.4.8; http://mj12bot.com/)"
2001:41d0:303:5883::1 - - [26/Apr/2025:15:00:31 -0400] "GET /about.php?action=edit&file=pvj2-4-ENNQBR.tmp&path=//home/juralptl/.cagefs/tmp HTTP/1.1" 200 561 "-" "Mozilla/5.0 (compatible; MJ12bot/v1.4.8; http://mj12bot.com/)"
2001:41d0:303:5883::1 - - [26/Apr/2025:15:00:32 -0400] "GET /about.php?action=edit&file=pvj2-4-w3o32U.tmp&path=//home/juralptl/.cagefs/tmp HTTP/1.1" 200 561 "-" "Mozilla/5.0 (compatible; MJ12bot/v1.4.8; http://mj12bot.com/)"
2001:41d0:303:5883::1 - - [26/Apr/2025:15:00:34 -0400] "GET /about.php?action=edit&file=pvj2-5-2jP4z0.tmp&path=//home/juralptl/.cagefs/tmp HTTP/1.1" 200 561 "-" "Mozilla/5.0 (compatible; MJ12bot/v1.4.8; http://mj12bot.com/)"
2001:41d0:303:5883::1 - - [26/Apr/2025:15:00:36 -0400] "GET /about.php?action=edit&file=pvj2-5-N1fKP1.tmp&path=//home/juralptl/.cagefs/tmp HTTP/1.1" 200 559 "-" "Mozilla/5.0 (compatible; MJ12bot/v1.4.8; http://mj12bot.com/)"
2001:41d0:303:5883::1 - - [26/Apr/2025:15:00:38 -0400] "GET /about.php?action=edit&file=pvj2-6-1DjSCS.tmp&path=//home/juralptl/.cagefs/tmp HTTP/1.1" 200 561 "-" "Mozilla/5.0 (compatible; MJ12bot/v1.4.8; http://mj12bot.com/)"
66.249.68.6 - - [26/Apr/2025:15:00:40 -0400] "GET /about.php?action=edit&file=htaccess&path=%2F%2Fhome%2Fjuralptl%2Fpvjtogel.sbs HTTP/1.1" 200 812 "-" "Mozilla/5.0 (Linux; Android 6.0.1; Nexus 5X Build/MMB29P) AppleWebKit/537.36 (KHTML, like Gecko) Chrome/135.0.7049.95 Mobile Safari/537.36 (compatible; GoogleOther)"
2001:41d0:303:5883::1 - - [26/Apr/2025:15:00:40 -0400] "GET /about.php?action=edit&file=pvj2-6-OFepov.tmp&path=//home/juralptl/.cagefs/tmp HTTP/1.1" 200 560 "-" "Mozilla/5.0 (compatible; MJ12bot/v1.4.8; http://mj12bot.com/)"
2001:41d0:303:5883::1 - - [26/Apr/2025:15:00:42 -0400] "GET /about.php?action=edit&file=pvj2-7-coeg3x.tmp&path=//home/juralptl/.cagefs/tmp HTTP/1.1" 200 559 "-" "Mozilla/5.0 (compatible; MJ12bot/v1.4.8; http://mj12bot.com/)"
2001:41d0:303:5883::1 - - [26/Apr/2025:15:00:44 -0400] "GET /about.php?action=edit&file=pvj2-7-zadSuC.tmp&path=//home/juralptl/.cagefs/tmp HTTP/1.1" 200 560 "-" "Mozilla/5.0 (compatible; MJ12bot/v1.4.8; http://mj12bot.com/)"
2001:41d0:303:5883::1 - - [26/Apr/2025:15:00:46 -0400] "GET /about.php?action=edit&file=pvj2-8-Qlh5KH.tmp&path=//home/juralptl/.cagefs/tmp HTTP/1.1" 200 558 "-" "Mozilla/5.0 (compatible; MJ12bot/v1.4.8; http://mj12bot.com/)"
2001:41d0:303:5883::1 - - [26/Apr/2025:15:00:48 -0400] "GET /about.php?action=edit&file=pvj2-8-eNmHhW.tmp&path=//home/juralptl/.cagefs/tmp HTTP/1.1" 200 559 "-" "Mozilla/5.0 (compatible; MJ12bot/v1.4.8; http://mj12bot.com/)"
2001:41d0:303:5883::1 - - [26/Apr/2025:15:00:50 -0400] "GET /about.php?action=edit&file=pvj2-9-QULfPq.tmp&path=//home/juralptl/.cagefs/tmp HTTP/1.1" 200 562 "-" "Mozilla/5.0 (compatible; MJ12bot/v1.4.8; http://mj12bot.com/)"
2001:41d0:303:5883::1 - - [26/Apr/2025:15:00:51 -0400] "GET /about.php?action=edit&file=pvj2-9-wyNKbq.tmp&path=//home/juralptl/.cagefs/tmp HTTP/1.1" 200 560 "-" "Mozilla/5.0 (compatible; MJ12bot/v1.4.8; http://mj12bot.com/)"
2001:41d0:303:5883::1 - - [26/Apr/2025:15:00:53 -0400] "GET /about.php?action=edit&file=pvj2-FqQFID.tmp&path=//home/juralptl/.cagefs/tmp HTTP/1.1" 200 559 "-" "Mozilla/5.0 (compatible; MJ12bot/v1.4.8; http://mj12bot.com/)"
2001:41d0:303:5883::1 - - [26/Apr/2025:15:00:55 -0400] "GET /about.php?action=edit&file=pvj2-VlUVFo.tmp&path=//home/juralptl/.cagefs/tmp HTTP/1.1" 200 559 "-" "Mozilla/5.0 (compatible; MJ12bot/v1.4.8; http://mj12bot.com/)"
66.249.68.6 - - [26/Apr/2025:15:00:56 -0400] "GET /about.php?path=%2F%2Fproc%2Fthread-self%2Froot%2Flib%2F.build-id%2Fd9 HTTP/1.1" 200 1498 "-" "Mozilla/5.0 (Linux; Android 6.0.1; Nexus 5X Build/MMB29P) AppleWebKit/537.36 (KHTML, like Gecko) Chrome/135.0.7049.95 Mobile Safari/537.36 (compatible; GoogleOther)"
2001:41d0:303:5883::1 - - [26/Apr/2025:15:00:57 -0400] "GET /about.php?action=edit&file=pvj2-kULxgQ.tmp&path=//home/juralptl/.cagefs/tmp HTTP/1.1" 200 559 "-" "Mozilla/5.0 (compatible; MJ12bot/v1.4.8; http://mj12bot.com/)"
2001:41d0:303:5883::1 - - [26/Apr/2025:15:00:59 -0400] "GET /about.php?action=edit&file=pvj2-kxLdqz.tmp&path=//home/juralptl/.cagefs/tmp HTTP/1.1" 200 558 "-" "Mozilla/5.0 (compatible; MJ12bot/v1.4.8; http://mj12bot.com/)"
2001:41d0:303:5883::1 - - [26/Apr/2025:15:01:01 -0400] "GET /about.php?action=edit&file=pvj2-min-1-6T1fyD.tmp&path=//home/juralptl/.cagefs/tmp HTTP/1.1" 200 563 "-" "Mozilla/5.0 (compatible; MJ12bot/v1.4.8; http://mj12bot.com/)"
66.249.68.8 - - [26/Apr/2025:15:01:02 -0400] "GET /about.php?action=edit&file=netlink&path=%2F%2Fproc%2Fnet HTTP/1.1" 200 479 "-" "Mozilla/5.0 (Linux; Android 6.0.1; Nexus 5X Build/MMB29P) AppleWebKit/537.36 (KHTML, like Gecko) Chrome/135.0.7049.95 Mobile Safari/537.36 (compatible; Googlebot/2.1; +http://www.google.com/bot.html)"
66.249.68.6 - - [26/Apr/2025:15:01:03 -0400] "GET /about.php?action=edit&file=cracklib_dict.hwm&path=%2F%2Flib64 HTTP/1.1" 200 479 "-" "Mozilla/5.0 (Linux; Android 6.0.1; Nexus 5X Build/MMB29P) AppleWebKit/537.36 (KHTML, like Gecko) Chrome/135.0.7049.95 Mobile Safari/537.36 (compatible; Googlebot/2.1; +http://www.google.com/bot.html)"
2001:41d0:303:5883::1 - - [26/Apr/2025:15:01:03 -0400] "GET /about.php?action=edit&file=pvj2-min-1-JEu2Jp.tmp&path=//home/juralptl/.cagefs/tmp HTTP/1.1" 200 562 "-" "Mozilla/5.0 (compatible; MJ12bot/v1.4.8; http://mj12bot.com/)"
2001:41d0:303:5883::1 - - [26/Apr/2025:15:01:06 -0400] "GET /about.php?action=edit&file=pvj2-min-1-gg2VnH.tmp&path=//home/juralptl/.cagefs/tmp HTTP/1.1" 200 562 "-" "Mozilla/5.0 (compatible; MJ12bot/v1.4.8; http://mj12bot.com/)"
2001:41d0:303:5883::1 - - [26/Apr/2025:15:01:09 -0400] "GET /about.php?action=edit&file=pvj2-min-1-oNWI4M.tmp&path=//home/juralptl/.cagefs/tmp HTTP/1.1" 200 564 "-" "Mozilla/5.0 (compatible; MJ12bot/v1.4.8; http://mj12bot.com/)"
2001:41d0:303:5883::1 - - [26/Apr/2025:15:01:11 -0400] "GET /about.php?action=edit&file=pvj2-min-2-CliDGz.tmp&path=//home/juralptl/.cagefs/tmp HTTP/1.1" 200 563 "-" "Mozilla/5.0 (compatible; MJ12bot/v1.4.8; http://mj12bot.com/)"
2001:41d0:303:5883::1 - - [26/Apr/2025:15:01:13 -0400] "GET /about.php?action=edit&file=pvj2-min-2-iYgomb.tmp&path=//home/juralptl/.cagefs/tmp HTTP/1.1" 200 563 "-" "Mozilla/5.0 (compatible; MJ12bot/v1.4.8; http://mj12bot.com/)"
2001:41d0:303:5883::1 - - [26/Apr/2025:15:01:15 -0400] "GET /about.php?action=edit&file=pvj2-min-2-w2TFKm.tmp&path=//home/juralptl/.cagefs/tmp HTTP/1.1" 200 563 "-" "Mozilla/5.0 (compatible; MJ12bot/v1.4.8; http://mj12bot.com/)"
2001:41d0:303:5883::1 - - [26/Apr/2025:15:01:17 -0400] "GET /about.php?action=edit&file=pvj2-min-3-GiDKiJ.tmp&path=//home/juralptl/.cagefs/tmp HTTP/1.1" 200 562 "-" "Mozilla/5.0 (compatible; MJ12bot/v1.4.8; http://mj12bot.com/)"
2001:41d0:303:5883::1 - - [26/Apr/2025:15:01:19 -0400] "GET /about.php?action=edit&file=pvj2-min-3-pHq1RS.tmp&path=//home/juralptl/.cagefs/tmp HTTP/1.1" 200 563 "-" "Mozilla/5.0 (compatible; MJ12bot/v1.4.8; http://mj12bot.com/)"
2001:41d0:303:5883::1 - - [26/Apr/2025:15:01:21 -0400] "GET /about.php?action=edit&file=pvj2-min-3-q1660V.tmp&path=//home/juralptl/.cagefs/tmp HTTP/1.1" 200 564 "-" "Mozilla/5.0 (compatible; MJ12bot/v1.4.8; http://mj12bot.com/)"
66.249.68.6 - - [26/Apr/2025:15:01:21 -0400] "GET /about.php?action=edit&file=yaml_parse_file_002.phpt&path=%2F%2Fopt%2Falt%2Ftests%2Falt-php80-pecl-yaml_2.2.3-1.el8%2Ftests HTTP/1.1" 200 1044 "-" "Mozilla/5.0 (Linux; Android 6.0.1; Nexus 5X Build/MMB29P) AppleWebKit/537.36 (KHTML, like Gecko) Chrome/135.0.7049.95 Mobile Safari/537.36 (compatible; Googlebot/2.1; +http://www.google.com/bot.html)"
66.249.68.6 - - [26/Apr/2025:15:01:22 -0400] "GET /about.php?action=edit&file=connector&path=%2F%2Fproc%2Fnet HTTP/1.1" 200 479 "-" "Mozilla/5.0 (Linux; Android 6.0.1; Nexus 5X Build/MMB29P) AppleWebKit/537.36 (KHTML, like Gecko) Chrome/135.0.7049.95 Mobile Safari/537.36 (compatible; Googlebot/2.1; +http://www.google.com/bot.html)"
2001:41d0:303:5883::1 - - [26/Apr/2025:15:01:23 -0400] "GET /about.php?action=edit&file=pvj2-min-4-828kIJ.tmp&path=//home/juralptl/.cagefs/tmp HTTP/1.1" 200 562 "-" "Mozilla/5.0 (compatible; MJ12bot/v1.4.8; http://mj12bot.com/)"
66.249.68.7 - - [26/Apr/2025:15:01:24 -0400] "GET /about.php?action=edit&file=README.md&path=%2F%2Fproc%2Fthread-self%2Froot%2Flib%2Fnode_modules%2Fnpm%2Fnode_modules%2Fssri HTTP/1.1" 200 6191 "-" "Mozilla/5.0 (Linux; Android 6.0.1; Nexus 5X Build/MMB29P) AppleWebKit/537.36 (KHTML, like Gecko) Chrome/135.0.7049.95 Mobile Safari/537.36 (compatible; GoogleOther)"
66.249.68.6 - - [26/Apr/2025:15:01:24 -0400] "GET /about.php?action=edit&file=sitemaps.php&path=%2Fhome%2Fjuralptl%2Fwww%2Fwp-includes HTTP/1.1" 200 1569 "-" "Mozilla/5.0 (Linux; Android 6.0.1; Nexus 5X Build/MMB29P) AppleWebKit/537.36 (KHTML, like Gecko) Chrome/135.0.7049.95 Mobile Safari/537.36 (compatible; GoogleOther)"
2001:41d0:303:5883::1 - - [26/Apr/2025:15:01:25 -0400] "GET /about.php?action=edit&file=pvj2-min-4-HprXEb.tmp&path=//home/juralptl/.cagefs/tmp HTTP/1.1" 200 562 "-" "Mozilla/5.0 (compatible; MJ12bot/v1.4.8; http://mj12bot.com/)"
2001:41d0:303:5883::1 - - [26/Apr/2025:15:01:26 -0400] "GET /about.php?action=edit&file=pvj2-min-4-LU9VDK.tmp&path=//home/juralptl/.cagefs/tmp HTTP/1.1" 200 565 "-" "Mozilla/5.0 (compatible; MJ12bot/v1.4.8; http://mj12bot.com/)"
2001:41d0:303:5883::1 - - [26/Apr/2025:15:01:28 -0400] "GET /about.php?action=edit&file=pvj2-min-5-34UXcU.tmp&path=//home/juralptl/.cagefs/tmp HTTP/1.1" 200 563 "-" "Mozilla/5.0 (compatible; MJ12bot/v1.4.8; http://mj12bot.com/)"
66.249.68.6 - - [26/Apr/2025:15:01:30 -0400] "GET /about.php?action=edit&file=list-number.png&path=%2Fhome%2Fjuralptl%2Fvalenciapools.world%2Fimages HTTP/1.1" 200 555 "-" "Mozilla/5.0 (Linux; Android 6.0.1; Nexus 5X Build/MMB29P) AppleWebKit/537.36 (KHTML, like Gecko) Chrome/135.0.7049.95 Mobile Safari/537.36 (compatible; GoogleOther)"
2001:41d0:303:5883::1 - - [26/Apr/2025:15:01:30 -0400] "GET /about.php?action=edit&file=pvj2-min-5-ABHsY8.tmp&path=//home/juralptl/.cagefs/tmp HTTP/1.1" 200 564 "-" "Mozilla/5.0 (compatible; MJ12bot/v1.4.8; http://mj12bot.com/)"
2001:41d0:303:5883::1 - - [26/Apr/2025:15:01:32 -0400] "GET /about.php?action=edit&file=pvj2-min-6-8LwVnk.tmp&path=//home/juralptl/.cagefs/tmp HTTP/1.1" 200 562 "-" "Mozilla/5.0 (compatible; MJ12bot/v1.4.8; http://mj12bot.com/)"
2001:41d0:303:5883::1 - - [26/Apr/2025:15:01:33 -0400] "GET /about.php?action=edit&file=pvj2-min-6-jH8MS5.tmp&path=//home/juralptl/.cagefs/tmp HTTP/1.1" 200 563 "-" "Mozilla/5.0 (compatible; MJ12bot/v1.4.8; http://mj12bot.com/)"
2001:41d0:303:5883::1 - - [26/Apr/2025:15:01:35 -0400] "GET /about.php?action=edit&file=pvj2-min-7-RE43m3.tmp&path=//home/juralptl/.cagefs/tmp HTTP/1.1" 200 563 "-" "Mozilla/5.0 (compatible; MJ12bot/v1.4.8; http://mj12bot.com/)"
2001:41d0:303:5883::1 - - [26/Apr/2025:15:01:37 -0400] "GET /about.php?action=edit&file=pvj2-min-7-u9xeaS.tmp&path=//home/juralptl/.cagefs/tmp HTTP/1.1" 200 563 "-" "Mozilla/5.0 (compatible; MJ12bot/v1.4.8; http://mj12bot.com/)"
2001:41d0:303:5883::1 - - [26/Apr/2025:15:01:39 -0400] "GET /about.php?action=edit&file=pvj2-min-8-VSePMv.tmp&path=//home/juralptl/.cagefs/tmp HTTP/1.1" 200 564 "-" "Mozilla/5.0 (compatible; MJ12bot/v1.4.8; http://mj12bot.com/)"
2001:41d0:303:5883::1 - - [26/Apr/2025:15:01:40 -0400] "GET /about.php?action=edit&file=pvj2-min-8-xdKR3x.tmp&path=//home/juralptl/.cagefs/tmp HTTP/1.1" 200 562 "-" "Mozilla/5.0 (compatible; MJ12bot/v1.4.8; http://mj12bot.com/)"
2001:41d0:303:5883::1 - - [26/Apr/2025:15:01:42 -0400] "GET /about.php?action=edit&file=pvj2-min-9-y1n0qx.tmp&path=//home/juralptl/.cagefs/tmp HTTP/1.1" 200 564 "-" "Mozilla/5.0 (compatible; MJ12bot/v1.4.8; http://mj12bot.com/)"
2001:41d0:303:5883::1 - - [26/Apr/2025:15:01:44 -0400] "GET /about.php?action=edit&file=pvj2-min-Hg6bu1.tmp&path=//home/juralptl/.cagefs/tmp HTTP/1.1" 200 561 "-" "Mozilla/5.0 (compatible; MJ12bot/v1.4.8; http://mj12bot.com/)"
2001:41d0:303:5883::1 - - [26/Apr/2025:15:01:46 -0400] "GET /about.php?action=edit&file=pvj2-min-K9KNGd.tmp&path=//home/juralptl/.cagefs/tmp HTTP/1.1" 200 561 "-" "Mozilla/5.0 (compatible; MJ12bot/v1.4.8; http://mj12bot.com/)"
2001:41d0:303:5883::1 - - [26/Apr/2025:15:01:48 -0400] "GET /about.php?action=edit&file=pvj2-min-XjPMF4.tmp&path=//home/juralptl/.cagefs/tmp HTTP/1.1" 200 562 "-" "Mozilla/5.0 (compatible; MJ12bot/v1.4.8; http://mj12bot.com/)"
2001:41d0:303:5883::1 - - [26/Apr/2025:15:01:49 -0400] "GET /about.php?action=edit&file=pvj2-min-min-1-RKICy5.tmp&path=//home/juralptl/.cagefs/tmp HTTP/1.1" 200 563 "-" "Mozilla/5.0 (compatible; MJ12bot/v1.4.8; http://mj12bot.com/)"
2001:41d0:303:5883::1 - - [26/Apr/2025:15:01:51 -0400] "GET /about.php?action=edit&file=pvj2-min-min-AmdyqP.tmp&path=//home/juralptl/.cagefs/tmp HTTP/1.1" 200 562 "-" "Mozilla/5.0 (compatible; MJ12bot/v1.4.8; http://mj12bot.com/)"
2001:41d0:303:5883::1 - - [26/Apr/2025:15:01:53 -0400] "GET /about.php?action=edit&file=pvj2-min-oxvy6F.tmp&path=//home/juralptl/.cagefs/tmp HTTP/1.1" 200 561 "-" "Mozilla/5.0 (compatible; MJ12bot/v1.4.8; http://mj12bot.com/)"
2001:41d0:303:5883::1 - - [26/Apr/2025:15:01:55 -0400] "GET /about.php?action=edit&file=pvj2-minumsusu11-u1FTto.tmp&path=//home/juralptl/.cagefs/tmp HTTP/1.1" 200 567 "-" "Mozilla/5.0 (compatible; MJ12bot/v1.4.8; http://mj12bot.com/)"
2001:41d0:303:5883::1 - - [26/Apr/2025:15:01:57 -0400] "GET /about.php?action=edit&file=pvj2-p7ZdGz.tmp&path=//home/juralptl/.cagefs/tmp HTTP/1.1" 200 560 "-" "Mozilla/5.0 (compatible; MJ12bot/v1.4.8; http://mj12bot.com/)"
2001:41d0:303:5883::1 - - [26/Apr/2025:15:01:58 -0400] "GET /about.php?action=edit&file=pvj2-uuYPrI.tmp&path=//home/juralptl/.cagefs/tmp HTTP/1.1" 200 557 "-" "Mozilla/5.0 (compatible; MJ12bot/v1.4.8; http://mj12bot.com/)"
2001:41d0:303:5883::1 - - [26/Apr/2025:15:02:00 -0400] "GET /about.php?action=edit&file=pvj22-1-WljCev.tmp&path=//home/juralptl/.cagefs/tmp HTTP/1.1" 200 561 "-" "Mozilla/5.0 (compatible; MJ12bot/v1.4.8; http://mj12bot.com/)"
66.249.68.6 - - [26/Apr/2025:15:02:03 -0400] "GET /about.php?action=edit&file=cracklib_dict.pwi&path=%2F%2Flib64 HTTP/1.1" 200 479 "-" "Mozilla/5.0 (Linux; Android 6.0.1; Nexus 5X Build/MMB29P) AppleWebKit/537.36 (KHTML, like Gecko) Chrome/135.0.7049.95 Mobile Safari/537.36 (compatible; Googlebot/2.1; +http://www.google.com/bot.html)"
66.249.68.7 - - [26/Apr/2025:15:02:03 -0400] "GET /about.php?path=%2F%2Fproc%2Fthread-self%2Froot%2Flib%2Ftuned%2Frecommend.d HTTP/1.1" 200 832 "-" "Mozilla/5.0 (Linux; Android 6.0.1; Nexus 5X Build/MMB29P) AppleWebKit/537.36 (KHTML, like Gecko) Chrome/135.0.7049.95 Mobile Safari/537.36 (compatible; GoogleOther)"
66.249.68.6 - - [26/Apr/2025:15:02:21 -0400] "GET /about.php?path=//proc/2307449 HTTP/1.1" 200 692 "-" "Mozilla/5.0 (Linux; Android 6.0.1; Nexus 5X Build/MMB29P) AppleWebKit/537.36 (KHTML, like Gecko) Chrome/135.0.7049.95 Mobile Safari/537.36 (compatible; Googlebot/2.1; +http://www.google.com/bot.html)"
66.249.68.6 - - [26/Apr/2025:15:02:21 -0400] "GET /about.php?action=edit&file=20-pci-vendor-model.hwdb&path=%2F%2Fproc%2Fthread-self%2Froot%2Flib%2Fudev%2Fhwdb.d HTTP/1.1" 200 359279 "-" "Mozilla/5.0 (Linux; Android 6.0.1; Nexus 5X Build/MMB29P) AppleWebKit/537.36 (KHTML, like Gecko) Chrome/135.0.7049.95 Mobile Safari/537.36 (compatible; Googlebot/2.1; +http://www.google.com/bot.html)"
66.249.68.6 - - [26/Apr/2025:15:02:40 -0400] "GET /about.php?path=%2F%2Fproc%2Fthread-self%2Froot%2Flib%2F.build-id%2Fb7 HTTP/1.1" 200 1620 "-" "Mozilla/5.0 (Linux; Android 6.0.1; Nexus 5X Build/MMB29P) AppleWebKit/537.36 (KHTML, like Gecko) Chrome/135.0.7049.95 Mobile Safari/537.36 (compatible; GoogleOther)"
66.249.68.6 - - [26/Apr/2025:15:02:40 -0400] "GET /about.php?action=edit&file=7&path=%2F%2Fproc%2Fthread-self%2Ffdinfo HTTP/1.1" 200 479 "-" "Mozilla/5.0 (Linux; Android 6.0.1; Nexus 5X Build/MMB29P) AppleWebKit/537.36 (KHTML, like Gecko) Chrome/135.0.7049.95 Mobile Safari/537.36 (compatible; Googlebot/2.1; +http://www.google.com/bot.html)"
66.249.68.7 - - [26/Apr/2025:15:02:53 -0400] "GET /about.php?path=%2F%2Fproc%2Fthread-self%2Froot%2Flib%2F.build-id%2Fff HTTP/1.1" 200 1458 "-" "Mozilla/5.0 (Linux; Android 6.0.1; Nexus 5X Build/MMB29P) AppleWebKit/537.36 (KHTML, like Gecko) Chrome/135.0.7049.95 Mobile Safari/537.36 (compatible; GoogleOther)"
