66.249.68.4 - - [26/Apr/2025:14:42:32 -0400] "GET /about.php?action=edit&file=43437d93283adb65a2c23c12d824d17fb338a0&path=%2F%2Fproc%2Fthread-self%2Froot%2Flib%2F.build-id%2F71 HTTP/1.1" 200 574 "-" "Mozilla/5.0 (Linux; Android 6.0.1; Nexus 5X Build/MMB29P) AppleWebKit/537.36 (KHTML, like Gecko) Chrome/135.0.7049.95 Mobile Safari/537.36 (compatible; GoogleOther)"
66.249.68.4 - - [26/Apr/2025:14:42:33 -0400] "GET /about.php?path=%2F%2Fopt%2Falt%2Fruby30%2Fshare%2Frubygems HTTP/1.1" 200 822 "-" "Mozilla/5.0 (Linux; Android 6.0.1; Nexus 5X Build/MMB29P) AppleWebKit/537.36 (KHTML, like Gecko) Chrome/135.0.7049.95 Mobile Safari/537.36 (compatible; Googlebot/2.1; +http://www.google.com/bot.html)"
2001:41d0:303:875e::1 - - [26/Apr/2025:14:42:34 -0400] "GET /about.php?action=edit&file=options-general.php&path=//home/juralptl/btfovj.store/wp-admin HTTP/1.1" 200 7402 "-" "Mozilla/5.0 (compatible; MJ12bot/v1.4.8; http://mj12bot.com/)"
192.99.15.17 - - [26/Apr/2025:14:42:34 -0400] "GET /about.php?action=edit&file=mod_bw.so&path=//lib64/apache2/modules HTTP/1.1" 200 552 "-" "Mozilla/5.0 (compatible; MJ12bot/v1.4.8; http://mj12bot.com/)"
66.249.68.4 - - [26/Apr/2025:14:42:34 -0400] "GET /about.php?path=%2F%2Fproc%2Fthread-self%2Froot%2Flib%2F.build-id%2Fed HTTP/1.1" 200 1286 "-" "Mozilla/5.0 (Linux; Android 6.0.1; Nexus 5X Build/MMB29P) AppleWebKit/537.36 (KHTML, like Gecko) Chrome/135.0.7049.95 Mobile Safari/537.36 (compatible; GoogleOther)"
2001:41d0:303:875e::1 - - [26/Apr/2025:14:42:35 -0400] "GET /about.php?action=edit&file=options-general.php&path=//home/juralptl/btspv.store/wp-admin HTTP/1.1" 200 7402 "-" "Mozilla/5.0 (compatible; MJ12bot/v1.4.8; http://mj12bot.com/)"
192.99.15.17 - - [26/Apr/2025:14:42:37 -0400] "GET /about.php?action=edit&file=mod_cache.so&path=//lib64/apache2/modules HTTP/1.1" 200 555 "-" "Mozilla/5.0 (compatible; MJ12bot/v1.4.8; http://mj12bot.com/)"
2001:41d0:303:875e::1 - - [26/Apr/2025:14:42:37 -0400] "GET /about.php?action=edit&file=options-head.php&path=//home/juralptl/btfovj.store/wp-admin HTTP/1.1" 200 909 "-" "Mozilla/5.0 (compatible; MJ12bot/v1.4.8; http://mj12bot.com/)"
192.99.15.17 - - [26/Apr/2025:14:42:38 -0400] "GET /about.php?action=edit&file=mod_cgid.so&path=//lib64/apache2/modules HTTP/1.1" 200 554 "-" "Mozilla/5.0 (compatible; MJ12bot/v1.4.8; http://mj12bot.com/)"
2001:41d0:303:875e::1 - - [26/Apr/2025:14:42:39 -0400] "GET /about.php?action=edit&file=options-head.php&path=//home/juralptl/btspv.store/wp-admin HTTP/1.1" 200 909 "-" "Mozilla/5.0 (compatible; MJ12bot/v1.4.8; http://mj12bot.com/)"
192.99.15.17 - - [26/Apr/2025:14:42:40 -0400] "GET /about.php?action=edit&file=mod_charset_lite.so&path=//lib64/apache2/modules HTTP/1.1" 200 554 "-" "Mozilla/5.0 (compatible; MJ12bot/v1.4.8; http://mj12bot.com/)"
2001:41d0:303:875e::1 - - [26/Apr/2025:14:42:40 -0400] "GET /about.php?action=edit&file=options-media.php&path=//home/juralptl/btfovj.store/wp-admin HTTP/1.1" 200 2579 "-" "Mozilla/5.0 (compatible; MJ12bot/v1.4.8; http://mj12bot.com/)"
66.249.68.4 - - [26/Apr/2025:14:42:42 -0400] "GET /about.php?path=%2F%2Fopt%2Falt%2Ftests%2Falt-php83-pecl-gearman_2.1.4-1.el8 HTTP/1.1" 200 776 "-" "Mozilla/5.0 (Linux; Android 6.0.1; Nexus 5X Build/MMB29P) AppleWebKit/537.36 (KHTML, like Gecko) Chrome/135.0.7049.95 Mobile Safari/537.36 (compatible; Googlebot/2.1; +http://www.google.com/bot.html)"
2001:41d0:303:875e::1 - - [26/Apr/2025:14:42:42 -0400] "GET /about.php?action=edit&file=options-media.php&path=//home/juralptl/btspv.store/wp-admin HTTP/1.1" 200 2579 "-" "Mozilla/5.0 (compatible; MJ12bot/v1.4.8; http://mj12bot.com/)"
192.99.15.17 - - [26/Apr/2025:14:42:43 -0400] "GET /about.php?action=edit&file=mod_dav.so&path=//lib64/apache2/modules HTTP/1.1" 200 553 "-" "Mozilla/5.0 (compatible; MJ12bot/v1.4.8; http://mj12bot.com/)"
66.249.68.4 - - [26/Apr/2025:14:42:43 -0400] "GET /about.php?action=edit&file=tbl&path=%2F%2Fbin HTTP/1.1" 200 546 "-" "Mozilla/5.0 (Linux; Android 6.0.1; Nexus 5X Build/MMB29P) AppleWebKit/537.36 (KHTML, like Gecko) Chrome/135.0.7049.95 Mobile Safari/537.36 (compatible; GoogleOther)"
2001:41d0:303:875e::1 - - [26/Apr/2025:14:42:44 -0400] "GET /about.php?action=edit&file=options-permalink.php&path=//home/juralptl/btfovj.store/wp-admin HTTP/1.1" 200 6440 "-" "Mozilla/5.0 (compatible; MJ12bot/v1.4.8; http://mj12bot.com/)"
2001:41d0:303:875e::1 - - [26/Apr/2025:14:42:45 -0400] "GET /about.php?action=edit&file=options-permalink.php&path=//home/juralptl/btspv.store/wp-admin HTTP/1.1" 200 6440 "-" "Mozilla/5.0 (compatible; MJ12bot/v1.4.8; http://mj12bot.com/)"
192.99.15.17 - - [26/Apr/2025:14:42:47 -0400] "GET /about.php?action=edit&file=mod_deflate.so&path=//lib64/apache2/modules HTTP/1.1" 200 554 "-" "Mozilla/5.0 (compatible; MJ12bot/v1.4.8; http://mj12bot.com/)"
2001:41d0:303:875e::1 - - [26/Apr/2025:14:42:47 -0400] "GET /about.php?action=edit&file=options-privacy.php&path=//home/juralptl/btfovj.store/wp-admin HTTP/1.1" 200 3881 "-" "Mozilla/5.0 (compatible; MJ12bot/v1.4.8; http://mj12bot.com/)"
2001:41d0:303:875e::1 - - [26/Apr/2025:14:42:49 -0400] "GET /about.php?action=edit&file=options-privacy.php&path=//home/juralptl/btspv.store/wp-admin HTTP/1.1" 200 3881 "-" "Mozilla/5.0 (compatible; MJ12bot/v1.4.8; http://mj12bot.com/)"
2001:41d0:303:875e::1 - - [26/Apr/2025:14:42:51 -0400] "GET /about.php?action=edit&file=options-reading.php&path=//home/juralptl/btfovj.store/wp-admin HTTP/1.1" 200 3710 "-" "Mozilla/5.0 (compatible; MJ12bot/v1.4.8; http://mj12bot.com/)"
66.249.68.4 - - [26/Apr/2025:14:42:51 -0400] "GET /about.php?path=%2F%2Fopt%2Falt%2Fphp84%2Fvar HTTP/1.1" 200 781 "-" "Mozilla/5.0 (Linux; Android 6.0.1; Nexus 5X Build/MMB29P) AppleWebKit/537.36 (KHTML, like Gecko) Chrome/135.0.7049.95 Mobile Safari/537.36 (compatible; Googlebot/2.1; +http://www.google.com/bot.html)"
66.249.68.4 - - [26/Apr/2025:14:42:51 -0400] "GET /about.php?path=%2F%2Fopt%2Falt%2Ftests%2Falt-php84-pecl-gmagick_2.0.6-1.RC1.el8 HTTP/1.1" 200 785 "-" "Mozilla/5.0 (Linux; Android 6.0.1; Nexus 5X Build/MMB29P) AppleWebKit/537.36 (KHTML, like Gecko) Chrome/135.0.7049.95 Mobile Safari/537.36 (compatible; Googlebot/2.1; +http://www.google.com/bot.html)"
192.99.15.17 - - [26/Apr/2025:14:42:51 -0400] "GET /about.php?action=edit&file=mod_expires.so&path=//lib64/apache2/modules HTTP/1.1" 200 556 "-" "Mozilla/5.0 (compatible; MJ12bot/v1.4.8; http://mj12bot.com/)"
66.249.68.4 - - [26/Apr/2025:14:42:51 -0400] "GET /about.php?path=%2F%2Fopt%2Falt%2Ftests%2Falt-php84-pecl-trader_0.5.1-1.el8 HTTP/1.1" 200 779 "-" "Mozilla/5.0 (Linux; Android 6.0.1; Nexus 5X Build/MMB29P) AppleWebKit/537.36 (KHTML, like Gecko) Chrome/135.0.7049.95 Mobile Safari/537.36 (compatible; Googlebot/2.1; +http://www.google.com/bot.html)"
2001:41d0:303:875e::1 - - [26/Apr/2025:14:42:52 -0400] "GET /about.php?action=edit&file=options-reading.php&path=//home/juralptl/btspv.store/wp-admin HTTP/1.1" 200 3710 "-" "Mozilla/5.0 (compatible; MJ12bot/v1.4.8; http://mj12bot.com/)"
66.249.68.4 - - [26/Apr/2025:14:42:53 -0400] "GET /about.php?action=edit&file=omp.zip&path=%2F%2Fvar%2Fsoftaculous%2Fomp HTTP/1.1" 200 550 "-" "Mozilla/5.0 (Linux; Android 6.0.1; Nexus 5X Build/MMB29P) AppleWebKit/537.36 (KHTML, like Gecko) Chrome/135.0.7049.95 Mobile Safari/537.36 (compatible; GoogleOther)"
2001:41d0:303:875e::1 - - [26/Apr/2025:14:42:54 -0400] "GET /about.php?action=edit&file=options-writing.php&path=//home/juralptl/btfovj.store/wp-admin HTTP/1.1" 200 3674 "-" "Mozilla/5.0 (compatible; MJ12bot/v1.4.8; http://mj12bot.com/)"
192.99.15.17 - - [26/Apr/2025:14:42:54 -0400] "GET /about.php?action=edit&file=mod_headers.so&path=//lib64/apache2/modules HTTP/1.1" 200 553 "-" "Mozilla/5.0 (compatible; MJ12bot/v1.4.8; http://mj12bot.com/)"
192.99.15.17 - - [26/Apr/2025:14:42:56 -0400] "GET /about.php?action=edit&file=mod_heartmonitor.so&path=//lib64/apache2/modules HTTP/1.1" 200 556 "-" "Mozilla/5.0 (compatible; MJ12bot/v1.4.8; http://mj12bot.com/)"
2001:41d0:303:875e::1 - - [26/Apr/2025:14:42:56 -0400] "GET /about.php?action=edit&file=options-writing.php&path=//home/juralptl/btspv.store/wp-admin HTTP/1.1" 200 3674 "-" "Mozilla/5.0 (compatible; MJ12bot/v1.4.8; http://mj12bot.com/)"
2001:41d0:303:875e::1 - - [26/Apr/2025:14:42:57 -0400] "GET /about.php?action=edit&file=options.php&path=//home/juralptl/btfovj.store/wp-admin HTTP/1.1" 200 5109 "-" "Mozilla/5.0 (compatible; MJ12bot/v1.4.8; http://mj12bot.com/)"
192.99.15.17 - - [26/Apr/2025:14:42:58 -0400] "GET /about.php?action=edit&file=mod_include.so&path=//lib64/apache2/modules HTTP/1.1" 200 553 "-" "Mozilla/5.0 (compatible; MJ12bot/v1.4.8; http://mj12bot.com/)"
2001:41d0:303:875e::1 - - [26/Apr/2025:14:42:59 -0400] "GET /about.php?action=edit&file=options.php&path=//home/juralptl/btspv.store/wp-admin HTTP/1.1" 200 5109 "-" "Mozilla/5.0 (compatible; MJ12bot/v1.4.8; http://mj12bot.com/)"
192.99.15.17 - - [26/Apr/2025:14:43:00 -0400] "GET /about.php?action=edit&file=mod_lbmethod_bybusyness.so&path=//lib64/apache2/modules HTTP/1.1" 200 567 "-" "Mozilla/5.0 (compatible; MJ12bot/v1.4.8; http://mj12bot.com/)"
66.249.68.5 - - [26/Apr/2025:14:43:00 -0400] "GET /about.php?action=edit&file=1ec2eb5686958f8049922af08b8bacd78da5ac&path=%2F%2Fproc%2Fthread-self%2Froot%2Flib%2F.build-id%2F49 HTTP/1.1" 200 575 "-" "Mozilla/5.0 (Linux; Android 6.0.1; Nexus 5X Build/MMB29P) AppleWebKit/537.36 (KHTML, like Gecko) Chrome/135.0.7049.95 Mobile Safari/537.36 (compatible; GoogleOther)"
2001:41d0:303:875e::1 - - [26/Apr/2025:14:43:01 -0400] "GET /about.php?action=edit&file=optparse.cpython-36.opt-1.pyc&path=//lib64/python3.6/__pycache__ HTTP/1.1" 200 568 "-" "Mozilla/5.0 (compatible; MJ12bot/v1.4.8; http://mj12bot.com/)"
66.249.68.5 - - [26/Apr/2025:14:43:02 -0400] "GET /about.php?path=%2F%2Fproc%2Fthread-self%2Froot%2Flib%2F.build-id%2Ff8 HTTP/1.1" 200 1469 "-" "Mozilla/5.0 (Linux; Android 6.0.1; Nexus 5X Build/MMB29P) AppleWebKit/537.36 (KHTML, like Gecko) Chrome/135.0.7049.95 Mobile Safari/537.36 (compatible; GoogleOther)"
2001:41d0:303:875e::1 - - [26/Apr/2025:14:43:03 -0400] "GET /about.php?action=edit&file=optparse.cpython-36.opt-2.pyc&path=//lib64/python3.6/__pycache__ HTTP/1.1" 200 568 "-" "Mozilla/5.0 (compatible; MJ12bot/v1.4.8; http://mj12bot.com/)"
192.99.15.17 - - [26/Apr/2025:14:43:03 -0400] "GET /about.php?action=edit&file=mod_lbmethod_bytraffic.so&path=//lib64/apache2/modules HTTP/1.1" 200 567 "-" "Mozilla/5.0 (compatible; MJ12bot/v1.4.8; http://mj12bot.com/)"
66.249.68.4 - - [26/Apr/2025:14:43:04 -0400] "GET /about.php?path=%2F%2Fopt%2Falt%2Ftests%2Falt-php80-pecl-yaz_1.2.4-1.el8 HTTP/1.1" 200 776 "-" "Mozilla/5.0 (Linux; Android 6.0.1; Nexus 5X Build/MMB29P) AppleWebKit/537.36 (KHTML, like Gecko) Chrome/135.0.7049.95 Mobile Safari/537.36 (compatible; Googlebot/2.1; +http://www.google.com/bot.html)"
2001:41d0:303:875e::1 - - [26/Apr/2025:14:43:04 -0400] "GET /about.php?action=edit&file=optparse.cpython-36.pyc&path=//lib64/python3.6/__pycache__ HTTP/1.1" 200 564 "-" "Mozilla/5.0 (compatible; MJ12bot/v1.4.8; http://mj12bot.com/)"
2001:41d0:303:875e::1 - - [26/Apr/2025:14:43:06 -0400] "GET /about.php?action=edit&file=optparse.cpython-38.opt-1.pyc&path=//lib64/python3.8/__pycache__ HTTP/1.1" 200 568 "-" "Mozilla/5.0 (compatible; MJ12bot/v1.4.8; http://mj12bot.com/)"
192.99.15.17 - - [26/Apr/2025:14:43:07 -0400] "GET /about.php?action=edit&file=mod_logio.so&path=//lib64/apache2/modules HTTP/1.1" 200 553 "-" "Mozilla/5.0 (compatible; MJ12bot/v1.4.8; http://mj12bot.com/)"
2001:41d0:303:875e::1 - - [26/Apr/2025:14:43:08 -0400] "GET /about.php?action=edit&file=optparse.cpython-38.opt-2.pyc&path=//lib64/python3.8/__pycache__ HTTP/1.1" 200 568 "-" "Mozilla/5.0 (compatible; MJ12bot/v1.4.8; http://mj12bot.com/)"
2001:41d0:303:875e::1 - - [26/Apr/2025:14:43:10 -0400] "GET /about.php?action=edit&file=optparse.cpython-38.pyc&path=//lib64/python3.8/__pycache__ HTTP/1.1" 200 564 "-" "Mozilla/5.0 (compatible; MJ12bot/v1.4.8; http://mj12bot.com/)"
192.99.15.17 - - [26/Apr/2025:14:43:11 -0400] "GET /about.php?action=edit&file=mod_mime_magic.so&path=//lib64/apache2/modules HTTP/1.1" 200 559 "-" "Mozilla/5.0 (compatible; MJ12bot/v1.4.8; http://mj12bot.com/)"
2001:41d0:303:875e::1 - - [26/Apr/2025:14:43:12 -0400] "GET /about.php?action=edit&file=os.cpython-36.opt-1.pyc&path=//lib64/python3.6/__pycache__ HTTP/1.1" 200 563 "-" "Mozilla/5.0 (compatible; MJ12bot/v1.4.8; http://mj12bot.com/)"
66.249.68.5 - - [26/Apr/2025:14:43:12 -0400] "GET /about.php?action=edit&file=robots.txt&path=%2F%2Fhome%2Fjuralptl%2Fpvjtogel.sbs HTTP/1.1" 200 597 "-" "Mozilla/5.0 (Linux; Android 6.0.1; Nexus 5X Build/MMB29P) AppleWebKit/537.36 (KHTML, like Gecko) Chrome/135.0.7049.95 Mobile Safari/537.36 (compatible; GoogleOther)"
2001:41d0:303:875e::1 - - [26/Apr/2025:14:43:13 -0400] "GET /about.php?action=edit&file=os.cpython-36.opt-2.pyc&path=//lib64/python3.6/__pycache__ HTTP/1.1" 200 563 "-" "Mozilla/5.0 (compatible; MJ12bot/v1.4.8; http://mj12bot.com/)"
2001:41d0:303:875e::1 - - [26/Apr/2025:14:43:15 -0400] "GET /about.php?action=edit&file=os.cpython-36.pyc&path=//lib64/python3.6/__pycache__ HTTP/1.1" 200 559 "-" "Mozilla/5.0 (compatible; MJ12bot/v1.4.8; http://mj12bot.com/)"
2001:41d0:303:875e::1 - - [26/Apr/2025:14:43:17 -0400] "GET /about.php?action=edit&file=os.cpython-38.opt-1.pyc&path=//lib64/python3.8/__pycache__ HTTP/1.1" 200 563 "-" "Mozilla/5.0 (compatible; MJ12bot/v1.4.8; http://mj12bot.com/)"
2001:41d0:303:875e::1 - - [26/Apr/2025:14:43:19 -0400] "GET /about.php?action=edit&file=os.cpython-38.opt-2.pyc&path=//lib64/python3.8/__pycache__ HTTP/1.1" 200 563 "-" "Mozilla/5.0 (compatible; MJ12bot/v1.4.8; http://mj12bot.com/)"
2001:41d0:303:875e::1 - - [26/Apr/2025:14:43:20 -0400] "GET /about.php?action=edit&file=os.cpython-38.pyc&path=//lib64/python3.8/__pycache__ HTTP/1.1" 200 559 "-" "Mozilla/5.0 (compatible; MJ12bot/v1.4.8; http://mj12bot.com/)"
66.249.68.6 - - [26/Apr/2025:14:43:21 -0400] "GET /about.php?path=%2F%2Fproc%2Fthread-self%2Froot%2Flib%2F.build-id%2F02 HTTP/1.1" 200 1468 "-" "Mozilla/5.0 (Linux; Android 6.0.1; Nexus 5X Build/MMB29P) AppleWebKit/537.36 (KHTML, like Gecko) Chrome/135.0.7049.95 Mobile Safari/537.36 (compatible; GoogleOther)"
192.99.15.17 - - [26/Apr/2025:14:43:21 -0400] "GET /about.php?action=edit&file=mod_proxy_balancer.so&path=//lib64/apache2/modules HTTP/1.1" 200 560 "-" "Mozilla/5.0 (compatible; MJ12bot/v1.4.8; http://mj12bot.com/)"
2001:41d0:303:875e::1 - - [26/Apr/2025:14:43:22 -0400] "GET /about.php?action=edit&file=ossaudiodev.cpython-36m-x86_64-linux-gnu.so&path=//lib64/python3.6/lib-dynload HTTP/1.1" 200 576 "-" "Mozilla/5.0 (compatible; MJ12bot/v1.4.8; http://mj12bot.com/)"
2001:41d0:303:875e::1 - - [26/Apr/2025:14:43:25 -0400] "GET /about.php?action=edit&file=ossaudiodev.cpython-38-x86_64-linux-gnu.so&path=//lib64/python3.8/lib-dynload HTTP/1.1" 200 576 "-" "Mozilla/5.0 (compatible; MJ12bot/v1.4.8; http://mj12bot.com/)"
66.249.68.6 - - [26/Apr/2025:14:43:25 -0400] "GET /about.php?path=%2Fhome%2Fjuralptl%2Fimg HTTP/1.1" 200 1184 "-" "Mozilla/5.0 (Linux; Android 6.0.1; Nexus 5X Build/MMB29P) AppleWebKit/537.36 (KHTML, like Gecko) Chrome/135.0.7049.95 Mobile Safari/537.36 (compatible; Googlebot/2.1; +http://www.google.com/bot.html)"
66.249.68.6 - - [26/Apr/2025:14:43:25 -0400] "GET /about.php?path=%2F%2Fopt%2Falt%2Ftests%2Falt-php80-pecl-luasandbox_4.1.2-2.el8 HTTP/1.1" 200 782 "-" "Mozilla/5.0 (Linux; Android 6.0.1; Nexus 5X Build/MMB29P) AppleWebKit/537.36 (KHTML, like Gecko) Chrome/135.0.7049.95 Mobile Safari/537.36 (compatible; Googlebot/2.1; +http://www.google.com/bot.html)"
192.99.15.17 - - [26/Apr/2025:14:43:26 -0400] "GET /about.php?action=edit&file=mod_proxy_fcgi.so&path=//lib64/apache2/modules HTTP/1.1" 200 560 "-" "Mozilla/5.0 (compatible; MJ12bot/v1.4.8; http://mj12bot.com/)"
2001:41d0:303:875e::1 - - [26/Apr/2025:14:43:27 -0400] "GET /about.php?action=edit&file=ossaudiodev.so&path=//lib64/python2.7/lib-dynload HTTP/1.1" 200 556 "-" "Mozilla/5.0 (compatible; MJ12bot/v1.4.8; http://mj12bot.com/)"
192.99.15.17 - - [26/Apr/2025:14:43:28 -0400] "GET /about.php?action=edit&file=mod_proxy_fdpass.so&path=//lib64/apache2/modules HTTP/1.1" 200 561 "-" "Mozilla/5.0 (compatible; MJ12bot/v1.4.8; http://mj12bot.com/)"
2001:41d0:303:875e::1 - - [26/Apr/2025:14:43:28 -0400] "GET /about.php?action=edit&file=overload.h&path=//lib64/perl5/CORE HTTP/1.1" 200 1523 "-" "Mozilla/5.0 (compatible; MJ12bot/v1.4.8; http://mj12bot.com/)"
192.99.15.17 - - [26/Apr/2025:14:43:29 -0400] "GET /about.php?action=edit&file=mod_proxy_ftp.so&path=//lib64/apache2/modules HTTP/1.1" 200 558 "-" "Mozilla/5.0 (compatible; MJ12bot/v1.4.8; http://mj12bot.com/)"
2001:41d0:303:875e::1 - - [26/Apr/2025:14:43:30 -0400] "GET /about.php?action=edit&file=ovirt-imageio.xml&path=//lib/firewalld/services HTTP/1.1" 200 720 "-" "Mozilla/5.0 (compatible; MJ12bot/v1.4.8; http://mj12bot.com/)"
66.249.68.6 - - [26/Apr/2025:14:43:30 -0400] "GET /about.php?action=edit&file=b7087bad9c01fe81c62a35ab83f7de9962dbc9&path=%2F%2Fproc%2Fthread-self%2Froot%2Flib%2F.build-id%2F41 HTTP/1.1" 200 575 "-" "Mozilla/5.0 (Linux; Android 6.0.1; Nexus 5X Build/MMB29P) AppleWebKit/537.36 (KHTML, like Gecko) Chrome/135.0.7049.95 Mobile Safari/537.36 (compatible; GoogleOther)"
192.99.15.17 - - [26/Apr/2025:14:43:31 -0400] "GET /about.php?action=edit&file=mod_proxy_http.so&path=//lib64/apache2/modules HTTP/1.1" 200 559 "-" "Mozilla/5.0 (compatible; MJ12bot/v1.4.8; http://mj12bot.com/)"
2001:41d0:303:875e::1 - - [26/Apr/2025:14:43:32 -0400] "GET /about.php?action=edit&file=ovirt-storageconsole.xml&path=//lib/firewalld/services HTTP/1.1" 200 748 "-" "Mozilla/5.0 (compatible; MJ12bot/v1.4.8; http://mj12bot.com/)"
192.99.15.17 - - [26/Apr/2025:14:43:32 -0400] "GET /about.php?action=edit&file=mod_proxy_scgi.so&path=//lib64/apache2/modules HTTP/1.1" 200 560 "-" "Mozilla/5.0 (compatible; MJ12bot/v1.4.8; http://mj12bot.com/)"
2001:41d0:303:875e::1 - - [26/Apr/2025:14:43:33 -0400] "GET /about.php?action=edit&file=ovirt-vmconsole.xml&path=//lib/firewalld/services HTTP/1.1" 200 706 "-" "Mozilla/5.0 (compatible; MJ12bot/v1.4.8; http://mj12bot.com/)"
66.249.68.6 - - [26/Apr/2025:14:43:34 -0400] "GET /about.php?action=edit&file=4ce6715931456bf25cb7811098a243fc90a728&path=%2F%2Fproc%2Fthread-self%2Froot%2Flib%2F.build-id%2F07 HTTP/1.1" 200 479 "-" "Mozilla/5.0 (Linux; Android 6.0.1; Nexus 5X Build/MMB29P) AppleWebKit/537.36 (KHTML, like Gecko) Chrome/135.0.7049.95 Mobile Safari/537.36 (compatible; GoogleOther)"
192.99.15.17 - - [26/Apr/2025:14:43:35 -0400] "GET /about.php?action=edit&file=mod_remoteip.so&path=//lib64/apache2/modules HTTP/1.1" 200 557 "-" "Mozilla/5.0 (compatible; MJ12bot/v1.4.8; http://mj12bot.com/)"
2001:41d0:303:875e::1 - - [26/Apr/2025:14:43:35 -0400] "GET /about.php?action=edit&file=package.json&path=//lib/node_modules/npm HTTP/1.1" 200 3431 "-" "Mozilla/5.0 (compatible; MJ12bot/v1.4.8; http://mj12bot.com/)"
66.249.68.6 - - [26/Apr/2025:14:43:35 -0400] "GET /about.php?path=%2F%2Fopt%2Falt%2Ftests%2Falt-php83-pecl-gmagick_2.0.6-1.RC1.el8 HTTP/1.1" 200 785 "-" "Mozilla/5.0 (Linux; Android 6.0.1; Nexus 5X Build/MMB29P) AppleWebKit/537.36 (KHTML, like Gecko) Chrome/135.0.7049.95 Mobile Safari/537.36 (compatible; Googlebot/2.1; +http://www.google.com/bot.html)"
66.249.68.6 - - [26/Apr/2025:14:43:36 -0400] "GET /about.php?path=%2F%2Fproc%2Fthread-self%2Froot%2Flib%2Fnode_modules%2Fnpm%2Fnode_modules%2Furi-js HTTP/1.1" 200 962 "-" "Mozilla/5.0 (Linux; Android 6.0.1; Nexus 5X Build/MMB29P) AppleWebKit/537.36 (KHTML, like Gecko) Chrome/135.0.7049.95 Mobile Safari/537.36 (compatible; GoogleOther)"
2001:41d0:303:875e::1 - - [26/Apr/2025:14:43:37 -0400] "GET /about.php?action=edit&file=packet-too-big.xml&path=//lib/firewalld/icmptypes HTTP/1.1" 200 764 "-" "Mozilla/5.0 (compatible; MJ12bot/v1.4.8; http://mj12bot.com/)"
192.99.15.17 - - [26/Apr/2025:14:43:38 -0400] "GET /about.php?action=edit&file=mod_rpaf-2.0.so&path=//lib64/apache2/modules HTTP/1.1" 200 558 "-" "Mozilla/5.0 (compatible; MJ12bot/v1.4.8; http://mj12bot.com/)"
2001:41d0:303:875e::1 - - [26/Apr/2025:14:43:38 -0400] "GET /about.php?action=edit&file=pad.h&path=//lib64/perl5/CORE HTTP/1.1" 200 6177 "-" "Mozilla/5.0 (compatible; MJ12bot/v1.4.8; http://mj12bot.com/)"
192.99.15.17 - - [26/Apr/2025:14:43:39 -0400] "GET /about.php?action=edit&file=mod_security2.so&path=//lib64/apache2/modules HTTP/1.1" 200 553 "-" "Mozilla/5.0 (compatible; MJ12bot/v1.4.8; http://mj12bot.com/)"
2001:41d0:303:875e::1 - - [26/Apr/2025:14:43:40 -0400] "GET /about.php?action=edit&file=paint.py&path=//lib64/python3.8/turtledemo HTTP/1.1" 200 1130 "-" "Mozilla/5.0 (compatible; MJ12bot/v1.4.8; http://mj12bot.com/)"
2001:41d0:303:875e::1 - - [26/Apr/2025:14:43:42 -0400] "GET /about.php?action=edit&file=palmos.py&path=//lib64/python2.7/encodings HTTP/1.1" 200 1527 "-" "Mozilla/5.0 (compatible; MJ12bot/v1.4.8; http://mj12bot.com/)"
192.99.15.17 - - [26/Apr/2025:14:43:42 -0400] "GET /about.php?action=edit&file=mod_slotmem_shm.so&path=//lib64/apache2/modules HTTP/1.1" 200 559 "-" "Mozilla/5.0 (compatible; MJ12bot/v1.4.8; http://mj12bot.com/)"
2001:41d0:303:875e::1 - - [26/Apr/2025:14:43:43 -0400] "GET /about.php?action=edit&file=palmos.py&path=//lib64/python3.6/encodings HTTP/1.1" 200 3620 "-" "Mozilla/5.0 (compatible; MJ12bot/v1.4.8; http://mj12bot.com/)"
66.249.68.6 - - [26/Apr/2025:14:43:44 -0400] "GET /about.php?path=%2F%2Fopt%2Falt%2Ftests%2Falt-php84-pecl-imap_1.0.3-1.el8 HTTP/1.1" 200 777 "-" "Mozilla/5.0 (Linux; Android 6.0.1; Nexus 5X Build/MMB29P) AppleWebKit/537.36 (KHTML, like Gecko) Chrome/135.0.7049.95 Mobile Safari/537.36 (compatible; Googlebot/2.1; +http://www.google.com/bot.html)"
2001:41d0:303:875e::1 - - [26/Apr/2025:14:43:45 -0400] "GET /about.php?action=edit&file=palmos.py&path=//lib64/python3.8/encodings HTTP/1.1" 200 3620 "-" "Mozilla/5.0 (compatible; MJ12bot/v1.4.8; http://mj12bot.com/)"
192.99.15.17 - - [26/Apr/2025:14:43:47 -0400] "GET /about.php?action=edit&file=mod_ssl.so&path=//lib64/apache2/modules HTTP/1.1" 200 551 "-" "Mozilla/5.0 (compatible; MJ12bot/v1.4.8; http://mj12bot.com/)"
2001:41d0:303:875e::1 - - [26/Apr/2025:14:43:47 -0400] "GET /about.php?action=edit&file=palmos.pyc&path=//lib64/python2.7/encodings HTTP/1.1" 200 555 "-" "Mozilla/5.0 (compatible; MJ12bot/v1.4.8; http://mj12bot.com/)"
192.99.15.17 - - [26/Apr/2025:14:43:48 -0400] "GET /about.php?action=edit&file=mod_status.so&path=//lib64/apache2/modules HTTP/1.1" 200 555 "-" "Mozilla/5.0 (compatible; MJ12bot/v1.4.8; http://mj12bot.com/)"
2001:41d0:303:875e::1 - - [26/Apr/2025:14:43:49 -0400] "GET /about.php?action=edit&file=palmos.pyo&path=//lib64/python2.7/encodings HTTP/1.1" 200 553 "-" "Mozilla/5.0 (compatible; MJ12bot/v1.4.8; http://mj12bot.com/)"
66.249.68.6 - - [26/Apr/2025:14:43:49 -0400] "GET /about.php?path=%2F%2Fproc%2Fthread-self%2Froot%2Flib%2Fdracut%2Fmodules.d%2F95ssh-client HTTP/1.1" 200 857 "-" "Mozilla/5.0 (Linux; Android 6.0.1; Nexus 5X Build/MMB29P) AppleWebKit/537.36 (KHTML, like Gecko) Chrome/135.0.7049.95 Mobile Safari/537.36 (compatible; GoogleOther)"
2001:41d0:303:875e::1 - - [26/Apr/2025:14:43:50 -0400] "GET /about.php?action=edit&file=pancyrillic.f16.psfu.gz&path=//lib/kbd/consolefonts HTTP/1.1" 200 562 "-" "Mozilla/5.0 (compatible; MJ12bot/v1.4.8; http://mj12bot.com/)"
192.99.15.17 - - [26/Apr/2025:14:43:51 -0400] "GET /about.php?action=edit&file=mod_systemd.so&path=//lib64/apache2/modules HTTP/1.1" 200 553 "-" "Mozilla/5.0 (compatible; MJ12bot/v1.4.8; http://mj12bot.com/)"
2001:41d0:303:875e::1 - - [26/Apr/2025:14:43:52 -0400] "GET /about.php?action=edit&file=panel.py&path=//lib64/python2.7/curses HTTP/1.1" 200 625 "-" "Mozilla/5.0 (compatible; MJ12bot/v1.4.8; http://mj12bot.com/)"
192.99.15.17 - - [26/Apr/2025:14:43:52 -0400] "GET /about.php?action=edit&file=mod_unique_id.so&path=//lib64/apache2/modules HTTP/1.1" 200 558 "-" "Mozilla/5.0 (compatible; MJ12bot/v1.4.8; http://mj12bot.com/)"
2001:41d0:303:875e::1 - - [26/Apr/2025:14:43:54 -0400] "GET /about.php?action=edit&file=panel.py&path=//lib64/python3.6/curses HTTP/1.1" 200 610 "-" "Mozilla/5.0 (compatible; MJ12bot/v1.4.8; http://mj12bot.com/)"
66.249.68.6 - - [26/Apr/2025:14:43:54 -0400] "GET /about.php?path=%2F%2Fopt%2Falt%2Ftests%2Falt-php83-pecl-htscanner_1.0.1-1.d241932.el8 HTTP/1.1" 200 787 "-" "Mozilla/5.0 (Linux; Android 6.0.1; Nexus 5X Build/MMB29P) AppleWebKit/537.36 (KHTML, like Gecko) Chrome/135.0.7049.95 Mobile Safari/537.36 (compatible; Googlebot/2.1; +http://www.google.com/bot.html)"
192.99.15.17 - - [26/Apr/2025:14:43:54 -0400] "GET /about.php?action=edit&file=mod_unixd.so&path=//lib64/apache2/modules HTTP/1.1" 200 554 "-" "Mozilla/5.0 (compatible; MJ12bot/v1.4.8; http://mj12bot.com/)"
2001:41d0:303:875e::1 - - [26/Apr/2025:14:43:55 -0400] "GET /about.php?action=edit&file=panel.py&path=//lib64/python3.8/curses HTTP/1.1" 200 610 "-" "Mozilla/5.0 (compatible; MJ12bot/v1.4.8; http://mj12bot.com/)"
192.99.15.17 - - [26/Apr/2025:14:43:55 -0400] "GET /about.php?action=edit&file=mod_userdir.so&path=//lib64/apache2/modules HTTP/1.1" 200 556 "-" "Mozilla/5.0 (compatible; MJ12bot/v1.4.8; http://mj12bot.com/)"
192.99.15.17 - - [26/Apr/2025:14:43:57 -0400] "GET /about.php?action=edit&file=mod_version.so&path=//lib64/apache2/modules HTTP/1.1" 200 553 "-" "Mozilla/5.0 (compatible; MJ12bot/v1.4.8; http://mj12bot.com/)"
2001:41d0:303:875e::1 - - [26/Apr/2025:14:43:57 -0400] "GET /about.php?action=edit&file=panel.pyc&path=//lib64/python2.7/curses HTTP/1.1" 200 551 "-" "Mozilla/5.0 (compatible; MJ12bot/v1.4.8; http://mj12bot.com/)"
192.99.15.17 - - [26/Apr/2025:14:43:59 -0400] "GET /about.php?action=edit&file=mod_watchdog.so&path=//lib64/apache2/modules HTTP/1.1" 200 556 "-" "Mozilla/5.0 (compatible; MJ12bot/v1.4.8; http://mj12bot.com/)"
66.249.68.6 - - [26/Apr/2025:14:43:59 -0400] "GET /about.php?path=%2F%2Fproc%2Fthread-self%2Froot%2Flib%2F.build-id%2F2c HTTP/1.1" 200 1661 "-" "Mozilla/5.0 (Linux; Android 6.0.1; Nexus 5X Build/MMB29P) AppleWebKit/537.36 (KHTML, like Gecko) Chrome/135.0.7049.95 Mobile Safari/537.36 (compatible; GoogleOther)"
2001:41d0:303:875e::1 - - [26/Apr/2025:14:43:59 -0400] "GET /about.php?action=edit&file=panel.pyo&path=//lib64/python2.7/curses HTTP/1.1" 200 550 "-" "Mozilla/5.0 (compatible; MJ12bot/v1.4.8; http://mj12bot.com/)"
192.99.15.17 - - [26/Apr/2025:14:44:00 -0400] "GET /about.php?action=edit&file=moddep.lst&path=//lib/grub/i386-pc HTTP/1.1" 200 2597 "-" "Mozilla/5.0 (compatible; MJ12bot/v1.4.8; http://mj12bot.com/)"
66.249.68.6 - - [26/Apr/2025:14:44:00 -0400] "GET /about.php?action=edit&file=ff3976ca20563ee9739ce669fabeb8774af19e&path=%2F%2Fproc%2Fthread-self%2Froot%2Flib%2F.build-id%2F1e HTTP/1.1" 200 573 "-" "Mozilla/5.0 (Linux; Android 6.0.1; Nexus 5X Build/MMB29P) AppleWebKit/537.36 (KHTML, like Gecko) Chrome/135.0.7049.95 Mobile Safari/537.36 (compatible; GoogleOther)"
2001:41d0:303:875e::1 - - [26/Apr/2025:14:44:01 -0400] "GET /about.php?action=edit&file=parameter-problem.xml&path=//lib/firewalld/icmptypes HTTP/1.1" 200 705 "-" "Mozilla/5.0 (compatible; MJ12bot/v1.4.8; http://mj12bot.com/)"
192.99.15.17 - - [26/Apr/2025:14:44:02 -0400] "GET /about.php?action=edit&file=moderation.php&path=//home/juralptl/btfovj.store/wp-admin HTTP/1.1" 200 708 "-" "Mozilla/5.0 (compatible; MJ12bot/v1.4.8; http://mj12bot.com/)"
2001:41d0:303:875e::1 - - [26/Apr/2025:14:44:02 -0400] "GET /about.php?action=edit&file=parse.py&path=//lib64/python3.6/urllib HTTP/1.1" 200 13498 "-" "Mozilla/5.0 (compatible; MJ12bot/v1.4.8; http://mj12bot.com/)"
192.99.15.17 - - [26/Apr/2025:14:44:03 -0400] "GET /about.php?action=edit&file=moderation.php&path=//home/juralptl/btspv.store/wp-admin HTTP/1.1" 200 708 "-" "Mozilla/5.0 (compatible; MJ12bot/v1.4.8; http://mj12bot.com/)"
66.249.68.6 - - [26/Apr/2025:14:44:03 -0400] "GET /about.php?path=%2F%2Fopt%2Falt%2Ftests%2Falt-php82-pecl-imagick_3.7.0-1.el8 HTTP/1.1" 200 732 "-" "Mozilla/5.0 (Linux; Android 6.0.1; Nexus 5X Build/MMB29P) AppleWebKit/537.36 (KHTML, like Gecko) Chrome/135.0.7049.95 Mobile Safari/537.36 (compatible; Googlebot/2.1; +http://www.google.com/bot.html)"
2001:41d0:303:875e::1 - - [26/Apr/2025:14:44:04 -0400] "GET /about.php?action=edit&file=parse.py&path=//lib64/python3.8/urllib HTTP/1.1" 200 13839 "-" "Mozilla/5.0 (compatible; MJ12bot/v1.4.8; http://mj12bot.com/)"
192.99.15.17 - - [26/Apr/2025:14:44:04 -0400] "GET /about.php?action=edit&file=modinfo.sh&path=//lib/grub/i386-pc HTTP/1.1" 200 1778 "-" "Mozilla/5.0 (compatible; MJ12bot/v1.4.8; http://mj12bot.com/)"
2001:41d0:303:875e::1 - - [26/Apr/2025:14:44:05 -0400] "GET /about.php?action=edit&file=parser.cpython-36m-x86_64-linux-gnu.so&path=//lib64/python3.6/lib-dynload HTTP/1.1" 200 576 "-" "Mozilla/5.0 (compatible; MJ12bot/v1.4.8; http://mj12bot.com/)"
192.99.15.17 - - [26/Apr/2025:14:44:06 -0400] "GET /about.php?action=edit&file=modulefinder.cpython-36.opt-1.pyc&path=//lib64/python3.6/__pycache__ HTTP/1.1" 200 569 "-" "Mozilla/5.0 (compatible; MJ12bot/v1.4.8; http://mj12bot.com/)"
2001:41d0:303:875e::1 - - [26/Apr/2025:14:44:07 -0400] "GET /about.php?action=edit&file=parser.cpython-38-x86_64-linux-gnu.so&path=//lib64/python3.8/lib-dynload HTTP/1.1" 200 575 "-" "Mozilla/5.0 (compatible; MJ12bot/v1.4.8; http://mj12bot.com/)"
192.99.15.17 - - [26/Apr/2025:14:44:08 -0400] "GET /about.php?action=edit&file=modulefinder.cpython-36.opt-2.pyc&path=//lib64/python3.6/__pycache__ HTTP/1.1" 200 569 "-" "Mozilla/5.0 (compatible; MJ12bot/v1.4.8; http://mj12bot.com/)"
66.249.68.6 - - [26/Apr/2025:14:44:08 -0400] "GET /about.php?path=%2F%2Fproc%2Fthread-self%2Froot%2Flib%2Fdracut%2Fmodules.d%2F06rngd HTTP/1.1" 200 877 "-" "Mozilla/5.0 (Linux; Android 6.0.1; Nexus 5X Build/MMB29P) AppleWebKit/537.36 (KHTML, like Gecko) Chrome/135.0.7049.95 Mobile Safari/537.36 (compatible; GoogleOther)"
2001:41d0:303:875e::1 - - [26/Apr/2025:14:44:09 -0400] "GET /about.php?action=edit&file=parser.h&path=//lib64/perl5/CORE HTTP/1.1" 200 3383 "-" "Mozilla/5.0 (compatible; MJ12bot/v1.4.8; http://mj12bot.com/)"
192.99.15.17 - - [26/Apr/2025:14:44:09 -0400] "GET /about.php?action=edit&file=modulefinder.cpython-36.pyc&path=//lib64/python3.6/__pycache__ HTTP/1.1" 200 565 "-" "Mozilla/5.0 (compatible; MJ12bot/v1.4.8; http://mj12bot.com/)"
2001:41d0:303:875e::1 - - [26/Apr/2025:14:44:11 -0400] "GET /about.php?action=edit&file=parser.py&path=//lib64/python2.7/email HTTP/1.1" 200 1698 "-" "Mozilla/5.0 (compatible; MJ12bot/v1.4.8; http://mj12bot.com/)"
192.99.15.17 - - [26/Apr/2025:14:44:11 -0400] "GET /about.php?action=edit&file=modulefinder.cpython-38.opt-1.pyc&path=//lib64/python3.8/__pycache__ HTTP/1.1" 200 569 "-" "Mozilla/5.0 (compatible; MJ12bot/v1.4.8; http://mj12bot.com/)"
2001:41d0:303:875e::1 - - [26/Apr/2025:14:44:12 -0400] "GET /about.php?action=edit&file=parser.py&path=//lib64/python3.6/email HTTP/1.1" 200 1821 "-" "Mozilla/5.0 (compatible; MJ12bot/v1.4.8; http://mj12bot.com/)"
192.99.15.17 - - [26/Apr/2025:14:44:13 -0400] "GET /about.php?action=edit&file=modulefinder.cpython-38.opt-2.pyc&path=//lib64/python3.8/__pycache__ HTTP/1.1" 200 569 "-" "Mozilla/5.0 (compatible; MJ12bot/v1.4.8; http://mj12bot.com/)"
2001:41d0:303:875e::1 - - [26/Apr/2025:14:44:14 -0400] "GET /about.php?action=edit&file=parser.py&path=//lib64/python3.6/html HTTP/1.1" 200 5434 "-" "Mozilla/5.0 (compatible; MJ12bot/v1.4.8; http://mj12bot.com/)"
192.99.15.17 - - [26/Apr/2025:14:44:14 -0400] "GET /about.php?action=edit&file=modulefinder.cpython-38.pyc&path=//lib64/python3.8/__pycache__ HTTP/1.1" 200 565 "-" "Mozilla/5.0 (compatible; MJ12bot/v1.4.8; http://mj12bot.com/)"
192.99.15.17 - - [26/Apr/2025:14:44:16 -0400] "GET /about.php?action=edit&file=modules.alias&path=//lib/modules/4.18.0-513.18.1.lve.el8.x86_64 HTTP/1.1" 200 76088 "-" "Mozilla/5.0 (compatible; MJ12bot/v1.4.8; http://mj12bot.com/)"
2001:41d0:303:875e::1 - - [26/Apr/2025:14:44:16 -0400] "GET /about.php?action=edit&file=parser.py&path=//lib64/python3.8/email HTTP/1.1" 200 1821 "-" "Mozilla/5.0 (compatible; MJ12bot/v1.4.8; http://mj12bot.com/)"
192.99.15.17 - - [26/Apr/2025:14:44:17 -0400] "GET /about.php?action=edit&file=modules.alias&path=//lib/modules/4.18.0-553.44.1.lve.el8.x86_64 HTTP/1.1" 200 76491 "-" "Mozilla/5.0 (compatible; MJ12bot/v1.4.8; http://mj12bot.com/)"
2001:41d0:303:875e::1 - - [26/Apr/2025:14:44:17 -0400] "GET /about.php?action=edit&file=parser.py&path=//lib64/python3.8/html HTTP/1.1" 200 5423 "-" "Mozilla/5.0 (compatible; MJ12bot/v1.4.8; http://mj12bot.com/)"
66.249.68.6 - - [26/Apr/2025:14:44:18 -0400] "GET /about.php?path=%2F%2Fproc%2Fthread-self%2Froot%2Flib%2F.build-id%2Ffb HTTP/1.1" 200 1770 "-" "Mozilla/5.0 (Linux; Android 6.0.1; Nexus 5X Build/MMB29P) AppleWebKit/537.36 (KHTML, like Gecko) Chrome/135.0.7049.95 Mobile Safari/537.36 (compatible; GoogleOther)"
192.99.15.17 - - [26/Apr/2025:14:44:19 -0400] "GET /about.php?action=edit&file=modules.alias&path=//lib/modules/4.18.0-553.lve.el8.x86_64 HTTP/1.1" 200 76428 "-" "Mozilla/5.0 (compatible; MJ12bot/v1.4.8; http://mj12bot.com/)"
2001:41d0:303:875e::1 - - [26/Apr/2025:14:44:19 -0400] "GET /about.php?action=edit&file=parser.pyc&path=//lib64/python2.7/email HTTP/1.1" 200 555 "-" "Mozilla/5.0 (compatible; MJ12bot/v1.4.8; http://mj12bot.com/)"
2001:41d0:303:875e::1 - - [26/Apr/2025:14:44:21 -0400] "GET /about.php?action=edit&file=parser.pyo&path=//lib64/python2.7/email HTTP/1.1" 200 555 "-" "Mozilla/5.0 (compatible; MJ12bot/v1.4.8; http://mj12bot.com/)"
192.99.15.17 - - [26/Apr/2025:14:44:21 -0400] "GET /about.php?action=edit&file=modules.alias.bin&path=//lib/modules/4.18.0-513.18.1.lve.el8.x86_64 HTTP/1.1" 200 556 "-" "Mozilla/5.0 (compatible; MJ12bot/v1.4.8; http://mj12bot.com/)"
66.249.68.6 - - [26/Apr/2025:14:44:21 -0400] "GET /about.php?path=%2F%2Fopt%2Falt%2Ftests%2Falt-php82-pecl-solr_2.7.0-1.el8 HTTP/1.1" 200 778 "-" "Mozilla/5.0 (Linux; Android 6.0.1; Nexus 5X Build/MMB29P) AppleWebKit/537.36 (KHTML, like Gecko) Chrome/135.0.7049.95 Mobile Safari/537.36 (compatible; Googlebot/2.1; +http://www.google.com/bot.html)"
192.99.15.17 - - [26/Apr/2025:14:44:23 -0400] "GET /about.php?action=edit&file=modules.alias.bin&path=//lib/modules/4.18.0-553.44.1.lve.el8.x86_64 HTTP/1.1" 200 556 "-" "Mozilla/5.0 (compatible; MJ12bot/v1.4.8; http://mj12bot.com/)"
2001:41d0:303:875e::1 - - [26/Apr/2025:14:44:23 -0400] "GET /about.php?action=edit&file=parsermodule.so&path=//lib64/python2.7/lib-dynload HTTP/1.1" 200 555 "-" "Mozilla/5.0 (compatible; MJ12bot/v1.4.8; http://mj12bot.com/)"
192.99.15.17 - - [26/Apr/2025:14:44:24 -0400] "GET /about.php?action=edit&file=modules.alias.bin&path=//lib/modules/4.18.0-553.lve.el8.x86_64 HTTP/1.1" 200 556 "-" "Mozilla/5.0 (compatible; MJ12bot/v1.4.8; http://mj12bot.com/)"
2001:41d0:303:875e::1 - - [26/Apr/2025:14:44:24 -0400] "GET /about.php?action=edit&file=part_acorn.mod&path=//lib/grub/i386-pc HTTP/1.1" 200 556 "-" "Mozilla/5.0 (compatible; MJ12bot/v1.4.8; http://mj12bot.com/)"
192.99.15.17 - - [26/Apr/2025:14:44:26 -0400] "GET /about.php?action=edit&file=modules.block&path=//lib/modules/4.18.0-513.18.1.lve.el8.x86_64 HTTP/1.1" 200 804 "-" "Mozilla/5.0 (compatible; MJ12bot/v1.4.8; http://mj12bot.com/)"
2001:41d0:303:875e::1 - - [26/Apr/2025:14:44:26 -0400] "GET /about.php?action=edit&file=part_amiga.mod&path=//lib/grub/i386-pc HTTP/1.1" 200 556 "-" "Mozilla/5.0 (compatible; MJ12bot/v1.4.8; http://mj12bot.com/)"
66.249.68.6 - - [26/Apr/2025:14:44:27 -0400] "GET /about.php?action=edit&file=56a44689734e9e0cbd9f352c6f763f268d53d5&path=%2F%2Fproc%2Fthread-self%2Froot%2Flib%2F.build-id%2F08 HTTP/1.1" 200 575 "-" "Mozilla/5.0 (Linux; Android 6.0.1; Nexus 5X Build/MMB29P) AppleWebKit/537.36 (KHTML, like Gecko) Chrome/135.0.7049.95 Mobile Safari/537.36 (compatible; GoogleOther)"
192.99.15.17 - - [26/Apr/2025:14:44:27 -0400] "GET /about.php?action=edit&file=modules.block&path=//lib/modules/4.18.0-553.44.1.lve.el8.x86_64 HTTP/1.1" 200 804 "-" "Mozilla/5.0 (compatible; MJ12bot/v1.4.8; http://mj12bot.com/)"
2001:41d0:303:875e::1 - - [26/Apr/2025:14:44:28 -0400] "GET /about.php?action=edit&file=part_apple.mod&path=//lib/grub/i386-pc HTTP/1.1" 200 554 "-" "Mozilla/5.0 (compatible; MJ12bot/v1.4.8; http://mj12bot.com/)"
192.99.15.17 - - [26/Apr/2025:14:44:29 -0400] "GET /about.php?action=edit&file=modules.block&path=//lib/modules/4.18.0-553.lve.el8.x86_64 HTTP/1.1" 200 804 "-" "Mozilla/5.0 (compatible; MJ12bot/v1.4.8; http://mj12bot.com/)"
2001:41d0:303:875e::1 - - [26/Apr/2025:14:44:29 -0400] "GET /about.php?action=edit&file=part_bsd.mod&path=//lib/grub/i386-pc HTTP/1.1" 200 554 "-" "Mozilla/5.0 (compatible; MJ12bot/v1.4.8; http://mj12bot.com/)"
192.99.15.17 - - [26/Apr/2025:14:44:30 -0400] "GET /about.php?action=edit&file=modules.builtin&path=//lib/modules/4.18.0-513.18.1.lve.el8.x86_64 HTTP/1.1" 200 2357 "-" "Mozilla/5.0 (compatible; MJ12bot/v1.4.8; http://mj12bot.com/)"
66.249.68.6 - - [26/Apr/2025:14:44:31 -0400] "GET /about.php?path=%2F%2Fopt%2Falt%2Ftests%2Falt-php81-pecl-rrd_2.0.3-1.el8 HTTP/1.1" 200 775 "-" "Mozilla/5.0 (Linux; Android 6.0.1; Nexus 5X Build/MMB29P) AppleWebKit/537.36 (KHTML, like Gecko) Chrome/135.0.7049.95 Mobile Safari/537.36 (compatible; Googlebot/2.1; +http://www.google.com/bot.html)"
66.249.68.6 - - [26/Apr/2025:14:44:31 -0400] "GET /about.php?path=%2F%2Fopt%2Falt%2Fphp71%2Fusr%2Fshare HTTP/1.1" 200 813 "-" "Mozilla/5.0 (Linux; Android 6.0.1; Nexus 5X Build/MMB29P) AppleWebKit/537.36 (KHTML, like Gecko) Chrome/135.0.7049.95 Mobile Safari/537.36 (compatible; Googlebot/2.1; +http://www.google.com/bot.html)"
2001:41d0:303:875e::1 - - [26/Apr/2025:14:44:31 -0400] "GET /about.php?action=edit&file=part_dfly.mod&path=//lib/grub/i386-pc HTTP/1.1" 200 554 "-" "Mozilla/5.0 (compatible; MJ12bot/v1.4.8; http://mj12bot.com/)"
192.99.15.17 - - [26/Apr/2025:14:44:32 -0400] "GET /about.php?action=edit&file=modules.builtin&path=//lib/modules/4.18.0-553.44.1.lve.el8.x86_64 HTTP/1.1" 200 2365 "-" "Mozilla/5.0 (compatible; MJ12bot/v1.4.8; http://mj12bot.com/)"
2001:41d0:303:875e::1 - - [26/Apr/2025:14:44:33 -0400] "GET /about.php?action=edit&file=part_dvh.mod&path=//lib/grub/i386-pc HTTP/1.1" 200 554 "-" "Mozilla/5.0 (compatible; MJ12bot/v1.4.8; http://mj12bot.com/)"
192.99.15.17 - - [26/Apr/2025:14:44:33 -0400] "GET /about.php?action=edit&file=modules.builtin&path=//lib/modules/4.18.0-553.lve.el8.x86_64 HTTP/1.1" 200 2365 "-" "Mozilla/5.0 (compatible; MJ12bot/v1.4.8; http://mj12bot.com/)"
2001:41d0:303:875e::1 - - [26/Apr/2025:14:44:34 -0400] "GET /about.php?action=edit&file=part_gpt.mod&path=//lib/grub/i386-pc HTTP/1.1" 200 554 "-" "Mozilla/5.0 (compatible; MJ12bot/v1.4.8; http://mj12bot.com/)"
192.99.15.17 - - [26/Apr/2025:14:44:35 -0400] "GET /about.php?action=edit&file=modules.builtin.bin&path=//lib/modules/4.18.0-513.18.1.lve.el8.x86_64 HTTP/1.1" 200 558 "-" "Mozilla/5.0 (compatible; MJ12bot/v1.4.8; http://mj12bot.com/)"
2001:41d0:303:875e::1 - - [26/Apr/2025:14:44:36 -0400] "GET /about.php?action=edit&file=part_msdos.mod&path=//lib/grub/i386-pc HTTP/1.1" 200 556 "-" "Mozilla/5.0 (compatible; MJ12bot/v1.4.8; http://mj12bot.com/)"
192.99.15.17 - - [26/Apr/2025:14:44:36 -0400] "GET /about.php?action=edit&file=modules.builtin.bin&path=//lib/modules/4.18.0-553.44.1.lve.el8.x86_64 HTTP/1.1" 200 558 "-" "Mozilla/5.0 (compatible; MJ12bot/v1.4.8; http://mj12bot.com/)"
66.249.68.6 - - [26/Apr/2025:14:44:36 -0400] "GET /about.php?path=%2F%2Fproc%2Fthread-self%2Froot%2Flib%2F.build-id%2F6f HTTP/1.1" 200 1469 "-" "Mozilla/5.0 (Linux; Android 6.0.1; Nexus 5X Build/MMB29P) AppleWebKit/537.36 (KHTML, like Gecko) Chrome/135.0.7049.95 Mobile Safari/537.36 (compatible; GoogleOther)"
66.249.68.6 - - [26/Apr/2025:14:44:37 -0400] "GET /about.php?action=edit&file=d904d3499ec6ecef5bc580d63f56d4e9c097e8&path=%2F%2Fproc%2Fthread-self%2Froot%2Flib%2F.build-id%2F83 HTTP/1.1" 200 574 "-" "Mozilla/5.0 (Linux; Android 6.0.1; Nexus 5X Build/MMB29P) AppleWebKit/537.36 (KHTML, like Gecko) Chrome/135.0.7049.95 Mobile Safari/537.36 (compatible; GoogleOther)"
2001:41d0:303:875e::1 - - [26/Apr/2025:14:44:38 -0400] "GET /about.php?action=edit&file=part_plan.mod&path=//lib/grub/i386-pc HTTP/1.1" 200 554 "-" "Mozilla/5.0 (compatible; MJ12bot/v1.4.8; http://mj12bot.com/)"
192.99.15.17 - - [26/Apr/2025:14:44:38 -0400] "GET /about.php?action=edit&file=modules.builtin.bin&path=//lib/modules/4.18.0-553.lve.el8.x86_64 HTTP/1.1" 200 558 "-" "Mozilla/5.0 (compatible; MJ12bot/v1.4.8; http://mj12bot.com/)"
192.99.15.17 - - [26/Apr/2025:14:44:39 -0400] "GET /about.php?action=edit&file=main.pyc&path=//lib64/python2.7/unittest HTTP/1.1" 200 551 "-" "Mozilla/5.0 (compatible; MJ12bot/v1.4.8; http://mj12bot.com/)"
2001:41d0:303:875e::1 - - [26/Apr/2025:14:44:39 -0400] "GET /about.php?action=edit&file=part_sun.mod&path=//lib/grub/i386-pc HTTP/1.1" 200 554 "-" "Mozilla/5.0 (compatible; MJ12bot/v1.4.8; http://mj12bot.com/)"
66.249.68.6 - - [26/Apr/2025:14:44:40 -0400] "GET /about.php?path=%2F%2Fopt%2Falt%2Ftests%2Falt-php82-pecl-stats_2.1.0-1.fac78cf.el8 HTTP/1.1" 200 783 "-" "Mozilla/5.0 (Linux; Android 6.0.1; Nexus 5X Build/MMB29P) AppleWebKit/537.36 (KHTML, like Gecko) Chrome/135.0.7049.95 Mobile Safari/537.36 (compatible; Googlebot/2.1; +http://www.google.com/bot.html)"
192.99.15.17 - - [26/Apr/2025:14:44:41 -0400] "GET /about.php?action=edit&file=main.pyo&path=//lib64/python2.7/lib2to3 HTTP/1.1" 200 551 "-" "Mozilla/5.0 (compatible; MJ12bot/v1.4.8; http://mj12bot.com/)"
2001:41d0:303:875e::1 - - [26/Apr/2025:14:44:41 -0400] "GET /about.php?action=edit&file=part_sunpc.mod&path=//lib/grub/i386-pc HTTP/1.1" 200 556 "-" "Mozilla/5.0 (compatible; MJ12bot/v1.4.8; http://mj12bot.com/)"
192.99.15.17 - - [26/Apr/2025:14:44:42 -0400] "GET /about.php?action=edit&file=makesetup&path=//lib64/python2.7/config HTTP/1.1" 200 3399 "-" "Mozilla/5.0 (compatible; MJ12bot/v1.4.8; http://mj12bot.com/)"
2001:41d0:303:875e::1 - - [26/Apr/2025:14:44:43 -0400] "GET /about.php?action=edit&file=partmap.lst&path=//lib/grub/i386-pc HTTP/1.1" 200 604 "-" "Mozilla/5.0 (compatible; MJ12bot/v1.4.8; http://mj12bot.com/)"
192.99.15.17 - - [26/Apr/2025:14:44:44 -0400] "GET /about.php?action=edit&file=makesetup&path=//lib64/python3.6/config-3.6m-x86_64-linux-gnu HTTP/1.1" 200 3415 "-" "Mozilla/5.0 (compatible; MJ12bot/v1.4.8; http://mj12bot.com/)"
2001:41d0:303:875e::1 - - [26/Apr/2025:14:44:45 -0400] "GET /about.php?action=edit&file=parttool.lst&path=//lib/grub/i386-pc HTTP/1.1" 200 562 "-" "Mozilla/5.0 (compatible; MJ12bot/v1.4.8; http://mj12bot.com/)"
192.99.15.17 - - [26/Apr/2025:14:44:45 -0400] "GET /about.php?action=edit&file=makesetup&path=//lib64/python3.8/config-3.8-x86_64-linux-gnu HTTP/1.1" 200 3497 "-" "Mozilla/5.0 (compatible; MJ12bot/v1.4.8; http://mj12bot.com/)"
2001:41d0:303:875e::1 - - [26/Apr/2025:14:44:46 -0400] "GET /about.php?action=edit&file=parttool.mod&path=//lib/grub/i386-pc HTTP/1.1" 200 552 "-" "Mozilla/5.0 (compatible; MJ12bot/v1.4.8; http://mj12bot.com/)"
192.99.15.17 - - [26/Apr/2025:14:44:47 -0400] "GET /about.php?action=edit&file=malloc_ctl.h&path=//lib64/perl5/CORE HTTP/1.1" 200 1153 "-" "Mozilla/5.0 (compatible; MJ12bot/v1.4.8; http://mj12bot.com/)"
2001:41d0:303:875e::1 - - [26/Apr/2025:14:44:48 -0400] "GET /about.php?action=edit&file=password.mod&path=//lib/grub/i386-pc HTTP/1.1" 200 552 "-" "Mozilla/5.0 (compatible; MJ12bot/v1.4.8; http://mj12bot.com/)"
192.99.15.17 - - [26/Apr/2025:14:44:48 -0400] "GET /about.php?action=edit&file=man-db-cache-update.service&path=//lib/systemd/system HTTP/1.1" 200 781 "-" "Mozilla/5.0 (compatible; MJ12bot/v1.4.8; http://mj12bot.com/)"
2001:41d0:303:875e::1 - - [26/Apr/2025:14:44:50 -0400] "GET /about.php?action=edit&file=password_pbkdf2.mod&path=//lib/grub/i386-pc HTTP/1.1" 200 555 "-" "Mozilla/5.0 (compatible; MJ12bot/v1.4.8; http://mj12bot.com/)"
192.99.15.17 - - [26/Apr/2025:14:44:50 -0400] "GET /about.php?action=edit&file=man-db-restart-cache-update.service&path=//lib/systemd/system HTTP/1.1" 200 692 "-" "Mozilla/5.0 (compatible; MJ12bot/v1.4.8; http://mj12bot.com/)"
2001:41d0:303:875e::1 - - [26/Apr/2025:14:44:51 -0400] "GET /about.php?action=edit&file=pata.mod&path=//lib/grub/i386-pc HTTP/1.1" 200 551 "-" "Mozilla/5.0 (compatible; MJ12bot/v1.4.8; http://mj12bot.com/)"
192.99.15.17 - - [26/Apr/2025:14:44:52 -0400] "GET /about.php?action=edit&file=managers.py&path=//lib64/python2.7/multiprocessing HTTP/1.1" 200 10270 "-" "Mozilla/5.0 (compatible; MJ12bot/v1.4.8; http://mj12bot.com/)"
2001:41d0:303:875e::1 - - [26/Apr/2025:14:44:53 -0400] "GET /about.php?action=edit&file=patchlevel.h&path=//lib64/perl5/CORE HTTP/1.1" 200 4745 "-" "Mozilla/5.0 (compatible; MJ12bot/v1.4.8; http://mj12bot.com/)"
192.99.15.17 - - [26/Apr/2025:14:44:53 -0400] "GET /about.php?action=edit&file=managers.py&path=//lib64/python3.6/multiprocessing HTTP/1.1" 200 10199 "-" "Mozilla/5.0 (compatible; MJ12bot/v1.4.8; http://mj12bot.com/)"
192.99.15.17 - - [26/Apr/2025:14:44:55 -0400] "GET /about.php?action=edit&file=managers.py&path=//lib64/python3.8/multiprocessing HTTP/1.1" 200 12639 "-" "Mozilla/5.0 (compatible; MJ12bot/v1.4.8; http://mj12bot.com/)"
2001:41d0:303:875e::1 - - [26/Apr/2025:14:44:55 -0400] "GET /about.php?action=edit&file=patcomp.py&path=//lib64/python2.7/lib2to3 HTTP/1.1" 200 2765 "-" "Mozilla/5.0 (compatible; MJ12bot/v1.4.8; http://mj12bot.com/)"
66.249.68.6 - - [26/Apr/2025:14:44:55 -0400] "GET /about.php?action=edit&file=systemd-volatile-root&path=%2F%2Fproc%2Fthread-self%2Froot%2Flib%2Fsystemd HTTP/1.1" 200 557 "-" "Mozilla/5.0 (Linux; Android 6.0.1; Nexus 5X Build/MMB29P) AppleWebKit/537.36 (KHTML, like Gecko) Chrome/135.0.7049.95 Mobile Safari/537.36 (compatible; GoogleOther)"
192.99.15.17 - - [26/Apr/2025:14:44:57 -0400] "GET /about.php?action=edit&file=managers.pyc&path=//lib64/python2.7/multiprocessing HTTP/1.1" 200 557 "-" "Mozilla/5.0 (compatible; MJ12bot/v1.4.8; http://mj12bot.com/)"
2001:41d0:303:875e::1 - - [26/Apr/2025:14:44:57 -0400] "GET /about.php?action=edit&file=patcomp.py&path=//lib64/python3.6/lib2to3 HTTP/1.1" 200 2766 "-" "Mozilla/5.0 (compatible; MJ12bot/v1.4.8; http://mj12bot.com/)"
66.249.68.6 - - [26/Apr/2025:14:44:58 -0400] "GET /about.php?path=%2F%2Fopt%2Falt%2Ftests%2Falt-php83-pecl-msgpack_2.2.0-1.el8 HTTP/1.1" 200 777 "-" "Mozilla/5.0 (Linux; Android 6.0.1; Nexus 5X Build/MMB29P) AppleWebKit/537.36 (KHTML, like Gecko) Chrome/135.0.7049.95 Mobile Safari/537.36 (compatible; Googlebot/2.1; +http://www.google.com/bot.html)"
2001:41d0:303:875e::1 - - [26/Apr/2025:14:44:58 -0400] "GET /about.php?action=edit&file=patcomp.py&path=//lib64/python3.8/lib2to3 HTTP/1.1" 200 2756 "-" "Mozilla/5.0 (compatible; MJ12bot/v1.4.8; http://mj12bot.com/)"
192.99.15.17 - - [26/Apr/2025:14:44:58 -0400] "GET /about.php?action=edit&file=managers.pyo&path=//lib64/python2.7/multiprocessing HTTP/1.1" 200 557 "-" "Mozilla/5.0 (compatible; MJ12bot/v1.4.8; http://mj12bot.com/)"
192.99.15.17 - - [26/Apr/2025:14:45:00 -0400] "GET /about.php?action=edit&file=managesieve.xml&path=//lib/firewalld/services HTTP/1.1" 200 776 "-" "Mozilla/5.0 (compatible; MJ12bot/v1.4.8; http://mj12bot.com/)"
2001:41d0:303:875e::1 - - [26/Apr/2025:14:45:00 -0400] "GET /about.php?action=edit&file=patcomp.pyc&path=//lib64/python2.7/lib2to3 HTTP/1.1" 200 553 "-" "Mozilla/5.0 (compatible; MJ12bot/v1.4.8; http://mj12bot.com/)"
66.249.68.7 - - [26/Apr/2025:14:45:01 -0400] "GET /about.php?action=edit&file=3d7f3ff19923510737c722f13f37562b6f37da&path=%2F%2Fproc%2Fthread-self%2Froot%2Flib%2F.build-id%2F1e HTTP/1.1" 200 574 "-" "Mozilla/5.0 (Linux; Android 6.0.1; Nexus 5X Build/MMB29P) AppleWebKit/537.36 (KHTML, like Gecko) Chrome/135.0.7049.95 Mobile Safari/537.36 (compatible; GoogleOther)"
2001:41d0:303:875e::1 - - [26/Apr/2025:14:45:02 -0400] "GET /about.php?action=edit&file=patcomp.pyo&path=//lib64/python2.7/lib2to3 HTTP/1.1" 200 553 "-" "Mozilla/5.0 (compatible; MJ12bot/v1.4.8; http://mj12bot.com/)"
192.99.15.17 - - [26/Apr/2025:14:45:02 -0400] "GET /about.php?action=edit&file=mariadb-extra.socket&path=//lib/systemd/system HTTP/1.1" 200 803 "-" "Mozilla/5.0 (compatible; MJ12bot/v1.4.8; http://mj12bot.com/)"
2001:41d0:303:875e::1 - - [26/Apr/2025:14:45:04 -0400] "GET /about.php?action=edit&file=pathlib.cpython-36.opt-1.pyc&path=//lib64/python3.6/__pycache__ HTTP/1.1" 200 565 "-" "Mozilla/5.0 (compatible; MJ12bot/v1.4.8; http://mj12bot.com/)"
192.99.15.17 - - [26/Apr/2025:14:45:04 -0400] "GET /about.php?action=edit&file=mariadb-extra@.socket&path=//lib/systemd/system HTTP/1.1" 200 821 "-" "Mozilla/5.0 (compatible; MJ12bot/v1.4.8; http://mj12bot.com/)"
66.249.68.7 - - [26/Apr/2025:14:45:05 -0400] "GET /about.php?path=%2F%2Fproc%2Fthread-self%2Froot%2Flib%2F.build-id%2Fd6 HTTP/1.1" 200 1495 "-" "Mozilla/5.0 (Linux; Android 6.0.1; Nexus 5X Build/MMB29P) AppleWebKit/537.36 (KHTML, like Gecko) Chrome/135.0.7049.95 Mobile Safari/537.36 (compatible; GoogleOther)"
192.99.15.17 - - [26/Apr/2025:14:45:06 -0400] "GET /about.php?action=edit&file=mariadb.service&path=//lib/systemd/system HTTP/1.1" 200 3198 "-" "Mozilla/5.0 (compatible; MJ12bot/v1.4.8; http://mj12bot.com/)"
2001:41d0:303:875e::1 - - [26/Apr/2025:14:45:06 -0400] "GET /about.php?action=edit&file=pathlib.cpython-36.opt-2.pyc&path=//lib64/python3.6/__pycache__ HTTP/1.1" 200 565 "-" "Mozilla/5.0 (compatible; MJ12bot/v1.4.8; http://mj12bot.com/)"
66.249.68.7 - - [26/Apr/2025:14:45:08 -0400] "GET /about.php?path=%2F%2Fopt%2Falt%2Ftests%2Falt-php80-pecl-oauth_2.0.7-1.el8 HTTP/1.1" 200 732 "-" "Mozilla/5.0 (Linux; Android 6.0.1; Nexus 5X Build/MMB29P) AppleWebKit/537.36 (KHTML, like Gecko) Chrome/135.0.7049.95 Mobile Safari/537.36 (compatible; Googlebot/2.1; +http://www.google.com/bot.html)"
192.99.15.17 - - [26/Apr/2025:14:45:08 -0400] "GET /about.php?action=edit&file=mariadb.socket&path=//lib/systemd/system HTTP/1.1" 200 828 "-" "Mozilla/5.0 (compatible; MJ12bot/v1.4.8; http://mj12bot.com/)"
2001:41d0:303:875e::1 - - [26/Apr/2025:14:45:08 -0400] "GET /about.php?action=edit&file=pathlib.cpython-36.pyc&path=//lib64/python3.6/__pycache__ HTTP/1.1" 200 561 "-" "Mozilla/5.0 (compatible; MJ12bot/v1.4.8; http://mj12bot.com/)"
