192.99.15.17 - - [26/Apr/2025:14:45:10 -0400] "GET /about.php?action=edit&file=mariadb@.service&path=//lib/systemd/system HTTP/1.1" 200 4641 "-" "Mozilla/5.0 (compatible; MJ12bot/v1.4.8; http://mj12bot.com/)"
2001:41d0:303:875e::1 - - [26/Apr/2025:14:45:10 -0400] "GET /about.php?action=edit&file=pathlib.cpython-38.opt-1.pyc&path=//lib64/python3.8/__pycache__ HTTP/1.1" 200 565 "-" "Mozilla/5.0 (compatible; MJ12bot/v1.4.8; http://mj12bot.com/)"
192.99.15.17 - - [26/Apr/2025:14:45:12 -0400] "GET /about.php?action=edit&file=mariadb@.socket&path=//lib/systemd/system HTTP/1.1" 200 844 "-" "Mozilla/5.0 (compatible; MJ12bot/v1.4.8; http://mj12bot.com/)"
2001:41d0:303:875e::1 - - [26/Apr/2025:14:45:12 -0400] "GET /about.php?action=edit&file=pathlib.cpython-38.opt-2.pyc&path=//lib64/python3.8/__pycache__ HTTP/1.1" 200 565 "-" "Mozilla/5.0 (compatible; MJ12bot/v1.4.8; http://mj12bot.com/)"
66.249.68.6 - - [26/Apr/2025:14:45:13 -0400] "GET /about.php?path=%2F%2Fproc%2Fthread-self%2Froot%2Flib%2Fnode_modules%2Fnpm%2Fnode_modules%2Fumask HTTP/1.1" 200 960 "-" "Mozilla/5.0 (Linux; Android 6.0.1; Nexus 5X Build/MMB29P) AppleWebKit/537.36 (KHTML, like Gecko) Chrome/135.0.7049.95 Mobile Safari/537.36 (compatible; GoogleOther)"
192.99.15.17 - - [26/Apr/2025:14:45:13 -0400] "GET /about.php?action=edit&file=math.cpython-36m-x86_64-linux-gnu.so&path=//lib64/python3.6/lib-dynload HTTP/1.1" 200 573 "-" "Mozilla/5.0 (compatible; MJ12bot/v1.4.8; http://mj12bot.com/)"
2001:41d0:303:875e::1 - - [26/Apr/2025:14:45:13 -0400] "GET /about.php?action=edit&file=pathlib.cpython-38.pyc&path=//lib64/python3.8/__pycache__ HTTP/1.1" 200 561 "-" "Mozilla/5.0 (compatible; MJ12bot/v1.4.8; http://mj12bot.com/)"
66.249.68.6 - - [26/Apr/2025:14:45:14 -0400] "GET /about.php?action=edit&file=assets.zip&path=%2F%2Fhome%2Fjuralptl%2Fpvjtogel.sbs HTTP/1.1" 200 553 "-" "Mozilla/5.0 (Linux; Android 6.0.1; Nexus 5X Build/MMB29P) AppleWebKit/537.36 (KHTML, like Gecko) Chrome/135.0.7049.95 Mobile Safari/537.36 (compatible; GoogleOther)"
192.99.15.17 - - [26/Apr/2025:14:45:15 -0400] "GET /about.php?action=edit&file=math.cpython-38-x86_64-linux-gnu.so&path=//lib64/python3.8/lib-dynload HTTP/1.1" 200 572 "-" "Mozilla/5.0 (compatible; MJ12bot/v1.4.8; http://mj12bot.com/)"
2001:41d0:303:875e::1 - - [26/Apr/2025:14:45:15 -0400] "GET /about.php?action=edit&file=paths.target&path=//lib/systemd/system HTTP/1.1" 200 766 "-" "Mozilla/5.0 (compatible; MJ12bot/v1.4.8; http://mj12bot.com/)"
192.99.15.17 - - [26/Apr/2025:14:45:17 -0400] "GET /about.php?action=edit&file=math.so&path=//lib64/python2.7/lib-dynload HTTP/1.1" 200 552 "-" "Mozilla/5.0 (compatible; MJ12bot/v1.4.8; http://mj12bot.com/)"
2001:41d0:303:875e::1 - - [26/Apr/2025:14:45:17 -0400] "GET /about.php?action=edit&file=paths.target&path=//lib/systemd/user HTTP/1.1" 200 766 "-" "Mozilla/5.0 (compatible; MJ12bot/v1.4.8; http://mj12bot.com/)"
66.249.68.6 - - [26/Apr/2025:14:45:17 -0400] "GET /about.php?path=%2F%2Fopt%2Falt%2Ftests%2Falt-php81-pecl-solr_2.7.0-1.el8 HTTP/1.1" 200 777 "-" "Mozilla/5.0 (Linux; Android 6.0.1; Nexus 5X Build/MMB29P) AppleWebKit/537.36 (KHTML, like Gecko) Chrome/135.0.7049.95 Mobile Safari/537.36 (compatible; Googlebot/2.1; +http://www.google.com/bot.html)"
192.99.15.17 - - [26/Apr/2025:14:45:18 -0400] "GET /about.php?action=edit&file=mbcs.py&path=//lib64/python2.7/encodings HTTP/1.1" 200 1073 "-" "Mozilla/5.0 (compatible; MJ12bot/v1.4.8; http://mj12bot.com/)"
2001:41d0:303:875e::1 - - [26/Apr/2025:14:45:19 -0400] "GET /about.php?action=edit&file=pbkdf2.mod&path=//lib/grub/i386-pc HTTP/1.1" 200 552 "-" "Mozilla/5.0 (compatible; MJ12bot/v1.4.8; http://mj12bot.com/)"
192.99.15.17 - - [26/Apr/2025:14:45:20 -0400] "GET /about.php?action=edit&file=mbcs.py&path=//lib64/python3.6/encodings HTTP/1.1" 200 1073 "-" "Mozilla/5.0 (compatible; MJ12bot/v1.4.8; http://mj12bot.com/)"
2001:41d0:303:875e::1 - - [26/Apr/2025:14:45:20 -0400] "GET /about.php?action=edit&file=pbkdf2_test.mod&path=//lib/grub/i386-pc HTTP/1.1" 200 555 "-" "Mozilla/5.0 (compatible; MJ12bot/v1.4.8; http://mj12bot.com/)"
192.99.15.17 - - [26/Apr/2025:14:45:21 -0400] "GET /about.php?action=edit&file=mbcs.py&path=//lib64/python3.8/encodings HTTP/1.1" 200 1073 "-" "Mozilla/5.0 (compatible; MJ12bot/v1.4.8; http://mj12bot.com/)"
2001:41d0:303:875e::1 - - [26/Apr/2025:14:45:22 -0400] "GET /about.php?action=edit&file=pci.mod&path=//lib/grub/i386-pc HTTP/1.1" 200 551 "-" "Mozilla/5.0 (compatible; MJ12bot/v1.4.8; http://mj12bot.com/)"
192.99.15.17 - - [26/Apr/2025:14:45:23 -0400] "GET /about.php?action=edit&file=mbcs.pyc&path=//lib64/python2.7/encodings HTTP/1.1" 200 553 "-" "Mozilla/5.0 (compatible; MJ12bot/v1.4.8; http://mj12bot.com/)"
66.249.68.6 - - [26/Apr/2025:14:45:23 -0400] "GET /about.php?path=%2F%2Fproc%2Fthread-self%2Froot%2Flib%2Fdracut%2Fmodules.d%2F99uefi-lib HTTP/1.1" 200 874 "-" "Mozilla/5.0 (Linux; Android 6.0.1; Nexus 5X Build/MMB29P) AppleWebKit/537.36 (KHTML, like Gecko) Chrome/135.0.7049.95 Mobile Safari/537.36 (compatible; GoogleOther)"
2001:41d0:303:875e::1 - - [26/Apr/2025:14:45:24 -0400] "GET /about.php?action=edit&file=pcidump.mod&path=//lib/grub/i386-pc HTTP/1.1" 200 553 "-" "Mozilla/5.0 (compatible; MJ12bot/v1.4.8; http://mj12bot.com/)"
192.99.15.17 - - [26/Apr/2025:14:45:24 -0400] "GET /about.php?action=edit&file=mbcs.pyo&path=//lib64/python2.7/encodings HTTP/1.1" 200 552 "-" "Mozilla/5.0 (compatible; MJ12bot/v1.4.8; http://mj12bot.com/)"
2001:41d0:303:875e::1 - - [26/Apr/2025:14:45:26 -0400] "GET /about.php?action=edit&file=pcie8897_uapsta.bin&path=//lib/firmware/mrvl HTTP/1.1" 200 560 "-" "Mozilla/5.0 (compatible; MJ12bot/v1.4.8; http://mj12bot.com/)"
192.99.15.17 - - [26/Apr/2025:14:45:26 -0400] "GET /about.php?action=edit&file=mcode.bin&path=//lib/firmware/advansys HTTP/1.1" 200 552 "-" "Mozilla/5.0 (compatible; MJ12bot/v1.4.8; http://mj12bot.com/)"
66.249.68.6 - - [26/Apr/2025:14:45:27 -0400] "GET /about.php?action=edit&file=neighbour-solicitation.xml&path=%2F%2Fproc%2Fthread-self%2Froot%2Flib%2Ffirewalld%2Ficmptypes HTTP/1.1" 200 804 "-" "Mozilla/5.0 (Linux; Android 6.0.1; Nexus 5X Build/MMB29P) AppleWebKit/537.36 (KHTML, like Gecko) Chrome/135.0.7049.95 Mobile Safari/537.36 (compatible; Googlebot/2.1; +http://www.google.com/bot.html)"
66.249.68.6 - - [26/Apr/2025:14:45:27 -0400] "GET /about.php?path=%2F%2Fopt%2Falt%2Ftests%2Falt-php83-pecl-http_4.2.4-1.el8 HTTP/1.1" 200 777 "-" "Mozilla/5.0 (Linux; Android 6.0.1; Nexus 5X Build/MMB29P) AppleWebKit/537.36 (KHTML, like Gecko) Chrome/135.0.7049.95 Mobile Safari/537.36 (compatible; Googlebot/2.1; +http://www.google.com/bot.html)"
66.249.68.6 - - [26/Apr/2025:14:45:27 -0400] "GET /about.php?action=edit&file=3cef28d6c4d8fee8060a8c96e7fe6b8a62785c&path=%2F%2Fproc%2Fthread-self%2Froot%2Flib%2F.build-id%2F63 HTTP/1.1" 200 479 "-" "Mozilla/5.0 (Linux; Android 6.0.1; Nexus 5X Build/MMB29P) AppleWebKit/537.36 (KHTML, like Gecko) Chrome/135.0.7049.95 Mobile Safari/537.36 (compatible; Googlebot/2.1; +http://www.google.com/bot.html)"
66.249.68.6 - - [26/Apr/2025:14:45:27 -0400] "GET /about.php?path=%2F%2Fproc%2Fthread-self%2Froot%2Flib%2Fmodules%2F4.18.0-553.44.1.lve.el8.x86_64%2Fupdates HTTP/1.1" 200 780 "-" "Mozilla/5.0 (Linux; Android 6.0.1; Nexus 5X Build/MMB29P) AppleWebKit/537.36 (KHTML, like Gecko) Chrome/135.0.7049.95 Mobile Safari/537.36 (compatible; Googlebot/2.1; +http://www.google.com/bot.html)"
2001:41d0:303:875e::1 - - [26/Apr/2025:14:45:27 -0400] "GET /about.php?action=edit&file=pcie8997_wlan_v4.bin&path=//lib/firmware/mrvl HTTP/1.1" 200 560 "-" "Mozilla/5.0 (compatible; MJ12bot/v1.4.8; http://mj12bot.com/)"
192.99.15.17 - - [26/Apr/2025:14:45:27 -0400] "GET /about.php?action=edit&file=md5.so&path=//lib64/ruby/digest HTTP/1.1" 200 552 "-" "Mozilla/5.0 (compatible; MJ12bot/v1.4.8; http://mj12bot.com/)"
2001:41d0:303:875e::1 - - [26/Apr/2025:14:45:29 -0400] "GET /about.php?action=edit&file=pcieuart8997_combo_v4.bin&path=//lib/firmware/mrvl HTTP/1.1" 200 564 "-" "Mozilla/5.0 (compatible; MJ12bot/v1.4.8; http://mj12bot.com/)"
192.99.15.17 - - [26/Apr/2025:14:45:29 -0400] "GET /about.php?action=edit&file=mda_text.mod&path=//lib/grub/i386-pc HTTP/1.1" 200 553 "-" "Mozilla/5.0 (compatible; MJ12bot/v1.4.8; http://mj12bot.com/)"
192.99.15.17 - - [26/Apr/2025:14:45:31 -0400] "GET /about.php?action=edit&file=mdns.xml&path=//lib/firewalld/services HTTP/1.1" 200 831 "-" "Mozilla/5.0 (compatible; MJ12bot/v1.4.8; http://mj12bot.com/)"
2001:41d0:303:875e::1 - - [26/Apr/2025:14:45:31 -0400] "GET /about.php?action=edit&file=pcieusb8997_combo_v4.bin&path=//lib/firmware/mrvl HTTP/1.1" 200 564 "-" "Mozilla/5.0 (compatible; MJ12bot/v1.4.8; http://mj12bot.com/)"
192.99.15.17 - - [26/Apr/2025:14:45:32 -0400] "GET /about.php?action=edit&file=mdraid09.mod&path=//lib/grub/i386-pc HTTP/1.1" 200 555 "-" "Mozilla/5.0 (compatible; MJ12bot/v1.4.8; http://mj12bot.com/)"
2001:41d0:303:875e::1 - - [26/Apr/2025:14:45:32 -0400] "GET /about.php?action=edit&file=pdb.cpython-36.opt-1.pyc&path=//lib64/python3.6/__pycache__ HTTP/1.1" 200 564 "-" "Mozilla/5.0 (compatible; MJ12bot/v1.4.8; http://mj12bot.com/)"
66.249.68.6 - - [26/Apr/2025:14:45:33 -0400] "GET /about.php?path=//opt/alt/python37/share/licenses HTTP/1.1" 200 810 "-" "Mozilla/5.0 (Linux; Android 6.0.1; Nexus 5X Build/MMB29P) AppleWebKit/537.36 (KHTML, like Gecko) Chrome/135.0.7049.95 Mobile Safari/537.36 (compatible; GoogleOther)"
192.99.15.17 - - [26/Apr/2025:14:45:34 -0400] "GET /about.php?action=edit&file=mdraid09_be.mod&path=//lib/grub/i386-pc HTTP/1.1" 200 558 "-" "Mozilla/5.0 (compatible; MJ12bot/v1.4.8; http://mj12bot.com/)"
2001:41d0:303:875e::1 - - [26/Apr/2025:14:45:34 -0400] "GET /about.php?action=edit&file=pdb.cpython-36.opt-2.pyc&path=//lib64/python3.6/__pycache__ HTTP/1.1" 200 564 "-" "Mozilla/5.0 (compatible; MJ12bot/v1.4.8; http://mj12bot.com/)"
192.99.15.17 - - [26/Apr/2025:14:45:35 -0400] "GET /about.php?action=edit&file=media-new.php&path=//home/juralptl/btfovj.store/wp-admin HTTP/1.1" 200 2064 "-" "Mozilla/5.0 (compatible; MJ12bot/v1.4.8; http://mj12bot.com/)"
2001:41d0:303:875e::1 - - [26/Apr/2025:14:45:36 -0400] "GET /about.php?action=edit&file=pdb.cpython-36.pyc&path=//lib64/python3.6/__pycache__ HTTP/1.1" 200 561 "-" "Mozilla/5.0 (compatible; MJ12bot/v1.4.8; http://mj12bot.com/)"
192.99.15.17 - - [26/Apr/2025:14:45:37 -0400] "GET /about.php?action=edit&file=media-new.php&path=//home/juralptl/btspv.store/wp-admin HTTP/1.1" 200 2064 "-" "Mozilla/5.0 (compatible; MJ12bot/v1.4.8; http://mj12bot.com/)"
66.249.68.6 - - [26/Apr/2025:14:45:37 -0400] "GET /about.php?path=%2F%2Fopt%2Falt%2Falt-nodejs16%2Froot HTTP/1.1" 200 913 "-" "Mozilla/5.0 (Linux; Android 6.0.1; Nexus 5X Build/MMB29P) AppleWebKit/537.36 (KHTML, like Gecko) Chrome/135.0.7049.95 Mobile Safari/537.36 (compatible; Googlebot/2.1; +http://www.google.com/bot.html)"
2001:41d0:303:875e::1 - - [26/Apr/2025:14:45:37 -0400] "GET /about.php?action=edit&file=pdb.cpython-38.opt-1.pyc&path=//lib64/python3.8/__pycache__ HTTP/1.1" 200 564 "-" "Mozilla/5.0 (compatible; MJ12bot/v1.4.8; http://mj12bot.com/)"
192.99.15.17 - - [26/Apr/2025:14:45:38 -0400] "GET /about.php?action=edit&file=media-template.php&path=//home/juralptl/btspv.store/wp-includes HTTP/1.1" 200 13649 "-" "Mozilla/5.0 (compatible; MJ12bot/v1.4.8; http://mj12bot.com/)"
2001:41d0:303:875e::1 - - [26/Apr/2025:14:45:39 -0400] "GET /about.php?action=edit&file=pdb.cpython-38.opt-2.pyc&path=//lib64/python3.8/__pycache__ HTTP/1.1" 200 564 "-" "Mozilla/5.0 (compatible; MJ12bot/v1.4.8; http://mj12bot.com/)"
192.99.15.17 - - [26/Apr/2025:14:45:40 -0400] "GET /about.php?action=edit&file=media-upload.php&path=//home/juralptl/btspv.store/wp-admin HTTP/1.1" 200 1972 "-" "Mozilla/5.0 (compatible; MJ12bot/v1.4.8; http://mj12bot.com/)"
66.249.68.6 - - [26/Apr/2025:14:45:40 -0400] "GET /about.php?action=edit&file=153e2a73d29fa627cdda919ea6b7302271e9c0&path=%2F%2Fproc%2Fthread-self%2Froot%2Flib%2F.build-id%2Fc1 HTTP/1.1" 200 574 "-" "Mozilla/5.0 (Linux; Android 6.0.1; Nexus 5X Build/MMB29P) AppleWebKit/537.36 (KHTML, like Gecko) Chrome/135.0.7049.95 Mobile Safari/537.36 (compatible; GoogleOther)"
2001:41d0:303:875e::1 - - [26/Apr/2025:14:45:41 -0400] "GET /about.php?action=edit&file=pdb.cpython-38.pyc&path=//lib64/python3.8/__pycache__ HTTP/1.1" 200 561 "-" "Mozilla/5.0 (compatible; MJ12bot/v1.4.8; http://mj12bot.com/)"
66.249.68.6 - - [26/Apr/2025:14:45:41 -0400] "GET /about.php?action=edit&file=b485c9caf6176111bc4e02f02acc4d218e8d6b&path=%2F%2Fproc%2Fthread-self%2Froot%2Flib%2F.build-id%2Fdb HTTP/1.1" 200 479 "-" "Mozilla/5.0 (Linux; Android 6.0.1; Nexus 5X Build/MMB29P) AppleWebKit/537.36 (KHTML, like Gecko) Chrome/135.0.7049.95 Mobile Safari/537.36 (compatible; Googlebot/2.1; +http://www.google.com/bot.html)"
192.99.15.17 - - [26/Apr/2025:14:45:41 -0400] "GET /about.php?action=edit&file=media.php&path=//home/juralptl/btfovj.store/wp-admin HTTP/1.1" 200 934 "-" "Mozilla/5.0 (compatible; MJ12bot/v1.4.8; http://mj12bot.com/)"
66.249.68.6 - - [26/Apr/2025:14:45:42 -0400] "GET /about.php?path=//proc/thread-self/root/lib/kbd HTTP/1.1" 200 827 "-" "Mozilla/5.0 (Linux; Android 6.0.1; Nexus 5X Build/MMB29P) AppleWebKit/537.36 (KHTML, like Gecko) Chrome/135.0.7049.95 Mobile Safari/537.36 (compatible; GoogleOther)"
2001:41d0:303:875e::1 - - [26/Apr/2025:14:45:43 -0400] "GET /about.php?action=edit&file=peace.py&path=//lib64/python3.8/turtledemo HTTP/1.1" 200 1028 "-" "Mozilla/5.0 (compatible; MJ12bot/v1.4.8; http://mj12bot.com/)"
192.99.15.17 - - [26/Apr/2025:14:45:43 -0400] "GET /about.php?action=edit&file=media.php&path=//home/juralptl/btfovj.store/wp-includes HTTP/1.1" 200 53196 "-" "Mozilla/5.0 (compatible; MJ12bot/v1.4.8; http://mj12bot.com/)"
2001:41d0:303:875e::1 - - [26/Apr/2025:14:45:44 -0400] "GET /about.php?action=edit&file=penguinspirit.com.juragankeripik.online&path=//home/juralptl/access-logs HTTP/1.1" 200 573 "-" "Mozilla/5.0 (compatible; MJ12bot/v1.4.8; http://mj12bot.com/)"
192.99.15.17 - - [26/Apr/2025:14:45:45 -0400] "GET /about.php?action=edit&file=media.php&path=//home/juralptl/btspv.store/wp-admin HTTP/1.1" 200 934 "-" "Mozilla/5.0 (compatible; MJ12bot/v1.4.8; http://mj12bot.com/)"
192.99.15.17 - - [26/Apr/2025:14:45:46 -0400] "GET /about.php?action=edit&file=media.php&path=//home/juralptl/btspv.store/wp-includes HTTP/1.1" 200 53196 "-" "Mozilla/5.0 (compatible; MJ12bot/v1.4.8; http://mj12bot.com/)"
2001:41d0:303:875e::1 - - [26/Apr/2025:14:45:46 -0400] "GET /about.php?action=edit&file=penguinspirit.com.juragankeripik.online-Dec-2024.gz&path=//home/juralptl/logs HTTP/1.1" 200 581 "-" "Mozilla/5.0 (compatible; MJ12bot/v1.4.8; http://mj12bot.com/)"
192.99.15.17 - - [26/Apr/2025:14:45:48 -0400] "GET /about.php?action=edit&file=meeverlaofek.com.juragankeripik.online&path=//home/juralptl/access-logs HTTP/1.1" 200 1570 "-" "Mozilla/5.0 (compatible; MJ12bot/v1.4.8; http://mj12bot.com/)"
2001:41d0:303:875e::1 - - [26/Apr/2025:14:45:48 -0400] "GET /about.php?action=edit&file=penguinspirit.com.juragankeripik.online-Nov-2024.gz&path=//home/juralptl/logs HTTP/1.1" 200 582 "-" "Mozilla/5.0 (compatible; MJ12bot/v1.4.8; http://mj12bot.com/)"
66.249.68.6 - - [26/Apr/2025:14:45:49 -0400] "GET /about.php?path=%2F%2Fopt%2Falt%2Fphp73%2Fusr HTTP/1.1" 200 798 "-" "Mozilla/5.0 (Linux; Android 6.0.1; Nexus 5X Build/MMB29P) AppleWebKit/537.36 (KHTML, like Gecko) Chrome/135.0.7049.95 Mobile Safari/537.36 (compatible; Googlebot/2.1; +http://www.google.com/bot.html)"
192.99.15.17 - - [26/Apr/2025:14:45:49 -0400] "GET /about.php?action=edit&file=meeverlaofek.com.juragankeripik.online-Apr-2025.gz&path=//home/juralptl/logs HTTP/1.1" 200 581 "-" "Mozilla/5.0 (compatible; MJ12bot/v1.4.8; http://mj12bot.com/)"
2001:41d0:303:875e::1 - - [26/Apr/2025:14:45:50 -0400] "GET /about.php?action=edit&file=penguinspirit.com.juragankeripik.online-ssl_log-Apr-2025.gz&path=//home/juralptl/logs HTTP/1.1" 200 588 "-" "Mozilla/5.0 (compatible; MJ12bot/v1.4.8; http://mj12bot.com/)"
192.99.15.17 - - [26/Apr/2025:14:45:51 -0400] "GET /about.php?action=edit&file=meeverlaofek.com.juragankeripik.online-ssl_log&path=//home/juralptl/access-logs HTTP/1.1" 200 1721 "-" "Mozilla/5.0 (compatible; MJ12bot/v1.4.8; http://mj12bot.com/)"
2001:41d0:303:875e::1 - - [26/Apr/2025:14:45:51 -0400] "GET /about.php?action=edit&file=penguinspirit.com.juragankeripik.online-ssl_log-Mar-2025.gz&path=//home/juralptl/logs HTTP/1.1" 200 588 "-" "Mozilla/5.0 (compatible; MJ12bot/v1.4.8; http://mj12bot.com/)"
66.249.68.6 - - [26/Apr/2025:14:45:52 -0400] "GET /about.php?path=%2F%2Fproc%2Fthread-self%2Froot%2Flib%2F.build-id%2F4d HTTP/1.1" 200 1620 "-" "Mozilla/5.0 (Linux; Android 6.0.1; Nexus 5X Build/MMB29P) AppleWebKit/537.36 (KHTML, like Gecko) Chrome/135.0.7049.95 Mobile Safari/537.36 (compatible; GoogleOther)"
192.99.15.17 - - [26/Apr/2025:14:45:52 -0400] "GET /about.php?action=edit&file=meeverlaofek.com.juragankeripik.online-ssl_log-Apr-2025.gz&path=//home/juralptl/logs HTTP/1.1" 200 588 "-" "Mozilla/5.0 (compatible; MJ12bot/v1.4.8; http://mj12bot.com/)"
2001:41d0:303:875e::1 - - [26/Apr/2025:14:45:53 -0400] "GET /about.php?action=edit&file=penguinspirit.com.juragankeripik.online-ssl_log-Sep-2024.gz&path=//home/juralptl/logs HTTP/1.1" 200 588 "-" "Mozilla/5.0 (compatible; MJ12bot/v1.4.8; http://mj12bot.com/)"
192.99.15.17 - - [26/Apr/2025:14:45:54 -0400] "GET /about.php?action=edit&file=memcache.xml&path=//lib/firewalld/services HTTP/1.1" 200 693 "-" "Mozilla/5.0 (compatible; MJ12bot/v1.4.8; http://mj12bot.com/)"
2001:41d0:303:875e::1 - - [26/Apr/2025:14:45:55 -0400] "GET /about.php?action=edit&file=perl.h&path=//lib64/perl5/CORE HTTP/1.1" 200 68746 "-" "Mozilla/5.0 (compatible; MJ12bot/v1.4.8; http://mj12bot.com/)"
192.99.15.17 - - [26/Apr/2025:14:45:55 -0400] "GET /about.php?action=edit&file=memdisk.mod&path=//lib/grub/i386-pc HTTP/1.1" 200 552 "-" "Mozilla/5.0 (compatible; MJ12bot/v1.4.8; http://mj12bot.com/)"
192.99.15.17 - - [26/Apr/2025:14:45:57 -0400] "GET /about.php?action=edit&file=memrw.mod&path=//lib/grub/i386-pc HTTP/1.1" 200 552 "-" "Mozilla/5.0 (compatible; MJ12bot/v1.4.8; http://mj12bot.com/)"
2001:41d0:303:875e::1 - - [26/Apr/2025:14:45:57 -0400] "GET /about.php?action=edit&file=perlapi.h&path=//lib64/perl5/CORE HTTP/1.1" 200 2272 "-" "Mozilla/5.0 (compatible; MJ12bot/v1.4.8; http://mj12bot.com/)"
192.99.15.17 - - [26/Apr/2025:14:45:58 -0400] "GET /about.php?action=edit&file=menu-bg.png&path=//home/juralptl/MOBILE/img HTTP/1.1" 200 553 "-" "Mozilla/5.0 (compatible; MJ12bot/v1.4.8; http://mj12bot.com/)"
2001:41d0:303:875e::1 - - [26/Apr/2025:14:45:59 -0400] "GET /about.php?action=edit&file=perldtrace.h&path=//lib64/perl5/CORE HTTP/1.1" 200 1154 "-" "Mozilla/5.0 (compatible; MJ12bot/v1.4.8; http://mj12bot.com/)"
66.249.68.6 - - [26/Apr/2025:14:45:59 -0400] "GET /about.php?path=%2F%2Fproc%2Fthread-self%2Froot%2Flib%2Fpython3.6%2Fsite-packages%2Fhtml2text HTTP/1.1" 200 957 "-" "Mozilla/5.0 (Linux; Android 6.0.1; Nexus 5X Build/MMB29P) AppleWebKit/537.36 (KHTML, like Gecko) Chrome/135.0.7049.95 Mobile Safari/537.36 (compatible; Googlebot/2.1; +http://www.google.com/bot.html)"
192.99.15.17 - - [26/Apr/2025:14:46:00 -0400] "GET /about.php?action=edit&file=menu-bg.png&path=//home/juralptl/img HTTP/1.1" 200 553 "-" "Mozilla/5.0 (compatible; MJ12bot/v1.4.8; http://mj12bot.com/)"
66.249.68.6 - - [26/Apr/2025:14:46:00 -0400] "GET /about.php?action=edit&file=a7b66727f2dfc7da2eaa270f41c30a0f956b95&path=%2F%2Fproc%2Fthread-self%2Froot%2Flib%2F.build-id%2Fb0 HTTP/1.1" 200 575 "-" "Mozilla/5.0 (Linux; Android 6.0.1; Nexus 5X Build/MMB29P) AppleWebKit/537.36 (KHTML, like Gecko) Chrome/135.0.7049.95 Mobile Safari/537.36 (compatible; Googlebot/2.1; +http://www.google.com/bot.html)"
66.249.68.6 - - [26/Apr/2025:14:46:00 -0400] "GET /about.php?action=edit&file=8d010ad08e09fc9f3aa1cc6e11da632f0c5935&path=%2F%2Fproc%2Fthread-self%2Froot%2Flib%2F.build-id%2F4c HTTP/1.1" 200 573 "-" "Mozilla/5.0 (Linux; Android 6.0.1; Nexus 5X Build/MMB29P) AppleWebKit/537.36 (KHTML, like Gecko) Chrome/135.0.7049.95 Mobile Safari/537.36 (compatible; GoogleOther)"
2001:41d0:303:875e::1 - - [26/Apr/2025:14:46:00 -0400] "GET /about.php?action=edit&file=perlio.h&path=//lib64/perl5/CORE HTTP/1.1" 200 3249 "-" "Mozilla/5.0 (compatible; MJ12bot/v1.4.8; http://mj12bot.com/)"
192.99.15.17 - - [26/Apr/2025:14:46:01 -0400] "GET /about.php?action=edit&file=menu-header.php&path=//home/juralptl/btfovj.store/wp-admin HTTP/1.1" 200 3553 "-" "Mozilla/5.0 (compatible; MJ12bot/v1.4.8; http://mj12bot.com/)"
66.249.68.6 - - [26/Apr/2025:14:46:01 -0400] "GET /about.php?path=//lib64/cmake/Qt5PrintSupport HTTP/1.1" 200 795 "-" "Mozilla/5.0 (Linux; Android 6.0.1; Nexus 5X Build/MMB29P) AppleWebKit/537.36 (KHTML, like Gecko) Chrome/135.0.7049.95 Mobile Safari/537.36 (compatible; Googlebot/2.1; +http://www.google.com/bot.html)"
66.249.68.6 - - [26/Apr/2025:14:46:01 -0400] "GET /about.php?action=edit&file=dracut-functions.sh&path=%2F%2Fproc%2Fthread-self%2Froot%2Flib%2Fdracut HTTP/1.1" 200 6816 "-" "Mozilla/5.0 (Linux; Android 6.0.1; Nexus 5X Build/MMB29P) AppleWebKit/537.36 (KHTML, like Gecko) Chrome/135.0.7049.95 Mobile Safari/537.36 (compatible; GoogleOther)"
2001:41d0:303:875e::1 - - [26/Apr/2025:14:46:02 -0400] "GET /about.php?action=edit&file=process.py&path=//lib64/python3.6/multiprocessing HTTP/1.1" 200 3449 "-" "Mozilla/5.0 (compatible; MJ12bot/v1.4.8; http://mj12bot.com/)"
192.99.15.17 - - [26/Apr/2025:14:46:03 -0400] "GET /about.php?action=edit&file=menu-header.php&path=//home/juralptl/btspv.store/wp-admin HTTP/1.1" 200 3553 "-" "Mozilla/5.0 (compatible; MJ12bot/v1.4.8; http://mj12bot.com/)"
2001:41d0:303:875e::1 - - [26/Apr/2025:14:46:04 -0400] "GET /about.php?action=edit&file=process.py&path=//lib64/python3.8/multiprocessing HTTP/1.1" 200 4037 "-" "Mozilla/5.0 (compatible; MJ12bot/v1.4.8; http://mj12bot.com/)"
192.99.15.17 - - [26/Apr/2025:14:46:04 -0400] "GET /about.php?action=edit&file=menu-hover-bg.png&path=//home/juralptl/MOBILE/img HTTP/1.1" 200 557 "-" "Mozilla/5.0 (compatible; MJ12bot/v1.4.8; http://mj12bot.com/)"
2001:41d0:303:875e::1 - - [26/Apr/2025:14:46:06 -0400] "GET /about.php?action=edit&file=process.pyc&path=//lib64/python2.7/multiprocessing HTTP/1.1" 200 552 "-" "Mozilla/5.0 (compatible; MJ12bot/v1.4.8; http://mj12bot.com/)"
192.99.15.17 - - [26/Apr/2025:14:46:06 -0400] "GET /about.php?action=edit&file=menu.php&path=//home/juralptl/berlinpools.us/ADM HTTP/1.1" 200 806 "-" "Mozilla/5.0 (compatible; MJ12bot/v1.4.8; http://mj12bot.com/)"
2001:41d0:303:875e::1 - - [26/Apr/2025:14:46:07 -0400] "GET /about.php?action=edit&file=process.pyo&path=//lib64/python2.7/multiprocessing HTTP/1.1" 200 552 "-" "Mozilla/5.0 (compatible; MJ12bot/v1.4.8; http://mj12bot.com/)"
192.99.15.17 - - [26/Apr/2025:14:46:07 -0400] "GET /about.php?action=edit&file=menu.php&path=//home/juralptl/btspv.store/wp-admin HTTP/1.1" 200 5243 "-" "Mozilla/5.0 (compatible; MJ12bot/v1.4.8; http://mj12bot.com/)"
2001:41d0:303:875e::1 - - [26/Apr/2025:14:46:09 -0400] "GET /about.php?action=edit&file=procfs.mod&path=//lib/grub/i386-pc HTTP/1.1" 200 553 "-" "Mozilla/5.0 (compatible; MJ12bot/v1.4.8; http://mj12bot.com/)"
192.99.15.17 - - [26/Apr/2025:14:46:09 -0400] "GET /about.php?action=edit&file=menu.php&path=//home/juralptl/hkpoolsidn.com HTTP/1.1" 200 902 "-" "Mozilla/5.0 (compatible; MJ12bot/v1.4.8; http://mj12bot.com/)"
66.249.68.6 - - [26/Apr/2025:14:46:11 -0400] "GET /about.php?action=edit&file=info.xml&path=%2F%2Fvar%2Fsoftaculous%2Fkoken HTTP/1.1" 200 1882 "-" "Mozilla/5.0 (Linux; Android 6.0.1; Nexus 5X Build/MMB29P) AppleWebKit/537.36 (KHTML, like Gecko) Chrome/135.0.7049.95 Mobile Safari/537.36 (compatible; GoogleOther)"
2001:41d0:303:875e::1 - - [26/Apr/2025:14:46:11 -0400] "GET /about.php?action=edit&file=profil.php&path=//home/juralptl/pvjtogel.sbs HTTP/1.1" 200 2531 "-" "Mozilla/5.0 (compatible; MJ12bot/v1.4.8; http://mj12bot.com/)"
192.99.15.17 - - [26/Apr/2025:14:46:11 -0400] "GET /about.php?action=edit&file=menu.php&path=//home/juralptl/hkpoolsidn.com/ADM HTTP/1.1" 200 806 "-" "Mozilla/5.0 (compatible; MJ12bot/v1.4.8; http://mj12bot.com/)"
192.99.15.17 - - [26/Apr/2025:14:46:12 -0400] "GET /about.php?action=edit&file=menu.php&path=//home/juralptl/public_html HTTP/1.1" 200 716 "-" "Mozilla/5.0 (compatible; MJ12bot/v1.4.8; http://mj12bot.com/)"
192.99.15.17 - - [26/Apr/2025:14:46:14 -0400] "GET /about.php?action=edit&file=menu.php&path=//home/juralptl/pulsaku.online HTTP/1.1" 200 716 "-" "Mozilla/5.0 (compatible; MJ12bot/v1.4.8; http://mj12bot.com/)"
192.99.15.17 - - [26/Apr/2025:14:46:15 -0400] "GET /about.php?action=edit&file=menu.php&path=//home/juralptl/valenciapools.world HTTP/1.1" 200 1316 "-" "Mozilla/5.0 (compatible; MJ12bot/v1.4.8; http://mj12bot.com/)"
192.99.15.17 - - [26/Apr/2025:14:46:16 -0400] "GET /about.php?action=edit&file=menu.php&path=//proc/self/cwd HTTP/1.1" 200 1316 "-" "Mozilla/5.0 (compatible; MJ12bot/v1.4.8; http://mj12bot.com/)"
66.249.68.6 - - [26/Apr/2025:14:46:17 -0400] "GET /about.php?path=%2F%2Fopt%2Falt%2Fphp80%2Fetc HTTP/1.1" 200 1044 "-" "Mozilla/5.0 (Linux; Android 6.0.1; Nexus 5X Build/MMB29P) AppleWebKit/537.36 (KHTML, like Gecko) Chrome/135.0.7049.95 Mobile Safari/537.36 (compatible; Googlebot/2.1; +http://www.google.com/bot.html)"
192.99.15.17 - - [26/Apr/2025:14:46:18 -0400] "GET /about.php?action=edit&file=menu2.css&path=//home/juralptl/MOBILE/css HTTP/1.1" 200 1005 "-" "Mozilla/5.0 (compatible; MJ12bot/v1.4.8; http://mj12bot.com/)"
192.99.15.17 - - [26/Apr/2025:14:46:20 -0400] "GET /about.php?action=edit&file=menu2.css&path=//home/juralptl/css HTTP/1.1" 200 1005 "-" "Mozilla/5.0 (compatible; MJ12bot/v1.4.8; http://mj12bot.com/)"
66.249.68.6 - - [26/Apr/2025:14:46:20 -0400] "GET /about.php?action=edit&file=pmproxy.xml&path=%2F%2Fproc%2Fthread-self%2Froot%2Flib%2Ffirewalld%2Fservices HTTP/1.1" 200 824 "-" "Mozilla/5.0 (Linux; Android 6.0.1; Nexus 5X Build/MMB29P) AppleWebKit/537.36 (KHTML, like Gecko) Chrome/135.0.7049.95 Mobile Safari/537.36 (compatible; GoogleOther)"
192.99.15.17 - - [26/Apr/2025:14:46:21 -0400] "GET /about.php?action=edit&file=message.py&path=//lib64/python3.6/email HTTP/1.1" 200 12824 "-" "Mozilla/5.0 (compatible; MJ12bot/v1.4.8; http://mj12bot.com/)"
192.99.15.17 - - [26/Apr/2025:14:46:23 -0400] "GET /about.php?action=edit&file=message.py&path=//lib64/python3.8/email HTTP/1.1" 200 12934 "-" "Mozilla/5.0 (compatible; MJ12bot/v1.4.8; http://mj12bot.com/)"
192.99.15.17 - - [26/Apr/2025:14:46:24 -0400] "GET /about.php?action=edit&file=message.pyc&path=//lib64/python2.7/email HTTP/1.1" 200 551 "-" "Mozilla/5.0 (compatible; MJ12bot/v1.4.8; http://mj12bot.com/)"
192.99.15.17 - - [26/Apr/2025:14:46:26 -0400] "GET /about.php?action=edit&file=message.pyo&path=//lib64/python2.7/email HTTP/1.1" 200 551 "-" "Mozilla/5.0 (compatible; MJ12bot/v1.4.8; http://mj12bot.com/)"
66.249.68.6 - - [26/Apr/2025:14:46:26 -0400] "GET /about.php?path=%2F%2Fopt%2Falt%2Fphp80%2Flink HTTP/1.1" 200 761 "-" "Mozilla/5.0 (Linux; Android 6.0.1; Nexus 5X Build/MMB29P) AppleWebKit/537.36 (KHTML, like Gecko) Chrome/135.0.7049.95 Mobile Safari/537.36 (compatible; Googlebot/2.1; +http://www.google.com/bot.html)"
192.99.15.17 - - [26/Apr/2025:14:46:27 -0400] "GET /about.php?action=edit&file=messagebox.py&path=//lib64/python3.8/tkinter HTTP/1.1" 200 1787 "-" "Mozilla/5.0 (compatible; MJ12bot/v1.4.8; http://mj12bot.com/)"
192.99.15.17 - - [26/Apr/2025:14:46:29 -0400] "GET /about.php?action=edit&file=messagebus.service&path=//lib/systemd/system HTTP/1.1" 200 766 "-" "Mozilla/5.0 (compatible; MJ12bot/v1.4.8; http://mj12bot.com/)"
66.249.68.6 - - [26/Apr/2025:14:46:29 -0400] "GET /about.php?path=%2F%2Fproc%2Fthread-self%2Froot%2Flib%2F.build-id%2F7b HTTP/1.1" 200 1550 "-" "Mozilla/5.0 (Linux; Android 6.0.1; Nexus 5X Build/MMB29P) AppleWebKit/537.36 (KHTML, like Gecko) Chrome/135.0.7049.95 Mobile Safari/537.36 (compatible; GoogleOther)"
192.99.15.17 - - [26/Apr/2025:14:46:30 -0400] "GET /about.php?action=edit&file=meta.php&path=//home/juralptl/btspv.store/wp-includes HTTP/1.1" 200 12009 "-" "Mozilla/5.0 (compatible; MJ12bot/v1.4.8; http://mj12bot.com/)"
192.99.15.17 - - [26/Apr/2025:14:46:32 -0400] "GET /about.php?action=edit&file=metadata.py&path=//lib64/python3.8/importlib HTTP/1.1" 200 5916 "-" "Mozilla/5.0 (compatible; MJ12bot/v1.4.8; http://mj12bot.com/)"
192.99.15.17 - - [26/Apr/2025:14:46:33 -0400] "GET /about.php?action=edit&file=metadata_lock_info.so&path=//lib64/mysql/plugin HTTP/1.1" 200 561 "-" "Mozilla/5.0 (compatible; MJ12bot/v1.4.8; http://mj12bot.com/)"
192.99.15.17 - - [26/Apr/2025:14:46:35 -0400] "GET /about.php?action=edit&file=meteoriteimpact.com.juragankeripik.online&path=//home/juralptl/access-logs HTTP/1.1" 200 573 "-" "Mozilla/5.0 (compatible; MJ12bot/v1.4.8; http://mj12bot.com/)"
192.99.15.17 - - [26/Apr/2025:14:46:36 -0400] "GET /about.php?action=edit&file=meteoriteimpact.com.juragankeripik.online-ssl_log&path=//home/juralptl/access-logs HTTP/1.1" 200 580 "-" "Mozilla/5.0 (compatible; MJ12bot/v1.4.8; http://mj12bot.com/)"
66.249.68.6 - - [26/Apr/2025:14:46:38 -0400] "GET /about.php?path=//opt/alt/krb5 HTTP/1.1" 200 746 "-" "Mozilla/5.0 (Linux; Android 6.0.1; Nexus 5X Build/MMB29P) AppleWebKit/537.36 (KHTML, like Gecko) Chrome/135.0.7049.95 Mobile Safari/537.36 (compatible; Googlebot/2.1; +http://www.google.com/bot.html)"
192.99.15.17 - - [26/Apr/2025:14:46:38 -0400] "GET /about.php?action=edit&file=meteoriteimpact.com.juragankeripik.online-ssl_log-Apr-2025.gz&path=//home/juralptl/logs HTTP/1.1" 200 589 "-" "Mozilla/5.0 (compatible; MJ12bot/v1.4.8; http://mj12bot.com/)"
66.249.68.6 - - [26/Apr/2025:14:46:39 -0400] "GET /about.php?action=edit&file=vn-fr.map.gz&path=%2F%2Fproc%2Fthread-self%2Froot%2Flib%2Fkbd%2Fkeymaps%2Fxkb HTTP/1.1" 200 555 "-" "Mozilla/5.0 (Linux; Android 6.0.1; Nexus 5X Build/MMB29P) AppleWebKit/537.36 (KHTML, like Gecko) Chrome/135.0.7049.95 Mobile Safari/537.36 (compatible; GoogleOther)"
192.99.15.17 - - [26/Apr/2025:14:46:39 -0400] "GET /about.php?action=edit&file=mg_data.h&path=//lib64/perl5/CORE HTTP/1.1" 200 1637 "-" "Mozilla/5.0 (compatible; MJ12bot/v1.4.8; http://mj12bot.com/)"
192.99.15.17 - - [26/Apr/2025:14:46:41 -0400] "GET /about.php?action=edit&file=mg_raw.h&path=//lib64/perl5/CORE HTTP/1.1" 200 1825 "-" "Mozilla/5.0 (compatible; MJ12bot/v1.4.8; http://mj12bot.com/)"
192.99.15.17 - - [26/Apr/2025:14:46:42 -0400] "GET /about.php?action=edit&file=mg_vtable.h&path=//lib64/perl5/CORE HTTP/1.1" 200 2973 "-" "Mozilla/5.0 (compatible; MJ12bot/v1.4.8; http://mj12bot.com/)"
66.249.68.6 - - [26/Apr/2025:14:46:43 -0400] "GET /about.php?action=edit&file=2fc18c0afc01eeb33f9b3324edaac2ba58dfd3&path=%2F%2Fproc%2Fthread-self%2Froot%2Flib%2F.build-id%2Fad HTTP/1.1" 200 479 "-" "Mozilla/5.0 (Linux; Android 6.0.1; Nexus 5X Build/MMB29P) AppleWebKit/537.36 (KHTML, like Gecko) Chrome/135.0.7049.95 Mobile Safari/537.36 (compatible; GoogleOther)"
192.99.15.17 - - [26/Apr/2025:14:46:44 -0400] "GET /about.php?action=edit&file=mhdp8546.bin&path=//lib/firmware/cadence HTTP/1.1" 200 556 "-" "Mozilla/5.0 (compatible; MJ12bot/v1.4.8; http://mj12bot.com/)"
192.99.15.17 - - [26/Apr/2025:14:46:45 -0400] "GET /about.php?action=edit&file=microcode_amd_fam15h.bin&path=//lib/firmware/amd-ucode HTTP/1.1" 200 564 "-" "Mozilla/5.0 (compatible; MJ12bot/v1.4.8; http://mj12bot.com/)"
192.99.15.17 - - [26/Apr/2025:14:46:47 -0400] "GET /about.php?action=edit&file=microcode_amd_fam16h.bin&path=//lib/firmware/amd-ucode HTTP/1.1" 200 564 "-" "Mozilla/5.0 (compatible; MJ12bot/v1.4.8; http://mj12bot.com/)"
192.99.15.17 - - [26/Apr/2025:14:46:48 -0400] "GET /about.php?action=edit&file=microcode_amd_fam17h.bin&path=//lib/firmware/amd-ucode HTTP/1.1" 200 564 "-" "Mozilla/5.0 (compatible; MJ12bot/v1.4.8; http://mj12bot.com/)"
192.99.15.17 - - [26/Apr/2025:14:46:50 -0400] "GET /about.php?action=edit&file=microcode_amd_fam19h.bin&path=//lib/firmware/amd-ucode HTTP/1.1" 200 564 "-" "Mozilla/5.0 (compatible; MJ12bot/v1.4.8; http://mj12bot.com/)"
66.249.68.6 - - [26/Apr/2025:14:46:50 -0400] "GET /about.php?path=%2F%2Fproc%2Fthread-self%2Froot%2Flib%2Fnode_modules%2Fnpm%2Fnode_modules%2Fabbrev HTTP/1.1" 200 920 "-" "Mozilla/5.0 (Linux; Android 6.0.1; Nexus 5X Build/MMB29P) AppleWebKit/537.36 (KHTML, like Gecko) Chrome/135.0.7049.95 Mobile Safari/537.36 (compatible; GoogleOther)"
192.99.15.17 - - [26/Apr/2025:14:46:51 -0400] "GET /about.php?action=edit&file=midi.fw&path=//lib/firmware/emi62 HTTP/1.1" 200 551 "-" "Mozilla/5.0 (compatible; MJ12bot/v1.4.8; http://mj12bot.com/)"
192.99.15.17 - - [26/Apr/2025:14:46:53 -0400] "GET /about.php?action=edit&file=mimetypes.cpython-36.opt-1.pyc&path=//lib64/python3.6/__pycache__ HTTP/1.1" 200 567 "-" "Mozilla/5.0 (compatible; MJ12bot/v1.4.8; http://mj12bot.com/)"
192.99.15.17 - - [26/Apr/2025:14:46:54 -0400] "GET /about.php?action=edit&file=mimetypes.cpython-36.opt-2.pyc&path=//lib64/python3.6/__pycache__ HTTP/1.1" 200 567 "-" "Mozilla/5.0 (compatible; MJ12bot/v1.4.8; http://mj12bot.com/)"
192.99.15.17 - - [26/Apr/2025:14:46:56 -0400] "GET /about.php?action=edit&file=mimetypes.cpython-36.pyc&path=//lib64/python3.6/__pycache__ HTTP/1.1" 200 562 "-" "Mozilla/5.0 (compatible; MJ12bot/v1.4.8; http://mj12bot.com/)"
66.249.68.6 - - [26/Apr/2025:14:46:56 -0400] "GET /about.php?path=//opt/alt/alt-nodejs14 HTTP/1.1" 200 788 "-" "Mozilla/5.0 (Linux; Android 6.0.1; Nexus 5X Build/MMB29P) AppleWebKit/537.36 (KHTML, like Gecko) Chrome/135.0.7049.95 Mobile Safari/537.36 (compatible; Googlebot/2.1; +http://www.google.com/bot.html)"
192.99.15.17 - - [26/Apr/2025:14:46:57 -0400] "GET /about.php?action=edit&file=mimetypes.cpython-38.pyc&path=//lib64/python3.8/__pycache__ HTTP/1.1" 200 562 "-" "Mozilla/5.0 (compatible; MJ12bot/v1.4.8; http://mj12bot.com/)"
66.249.68.6 - - [26/Apr/2025:14:46:58 -0400] "GET /about.php?action=edit&file=cp874_to_uni.trans&path=%2F%2Fproc%2Fthread-self%2Froot%2Flib%2Fkbd%2Fconsoletrans HTTP/1.1" 200 2803 "-" "Mozilla/5.0 (Linux; Android 6.0.1; Nexus 5X Build/MMB29P) AppleWebKit/537.36 (KHTML, like Gecko) Chrome/135.0.7049.95 Mobile Safari/537.36 (compatible; GoogleOther)"
192.99.15.17 - - [26/Apr/2025:14:46:59 -0400] "GET /about.php?action=edit&file=minicmd.mod&path=//lib/grub/i386-pc HTTP/1.1" 200 554 "-" "Mozilla/5.0 (compatible; MJ12bot/v1.4.8; http://mj12bot.com/)"
192.99.15.17 - - [26/Apr/2025:14:47:00 -0400] "GET /about.php?action=edit&file=minidlna.xml&path=//lib/firewalld/services HTTP/1.1" 200 767 "-" "Mozilla/5.0 (compatible; MJ12bot/v1.4.8; http://mj12bot.com/)"
66.249.68.8 - - [26/Apr/2025:14:47:00 -0400] "GET /about.php?action=edit&file=f289ea1c4fa9267a1fbcead1317bf9caf2dc21&path=%2F%2Fproc%2Fthread-self%2Froot%2Flib%2F.build-id%2F1e HTTP/1.1" 200 479 "-" "Mozilla/5.0 (Linux; Android 6.0.1; Nexus 5X Build/MMB29P) AppleWebKit/537.36 (KHTML, like Gecko) Chrome/135.0.7049.95 Mobile Safari/537.36 (compatible; GoogleOther)"
192.99.15.17 - - [26/Apr/2025:14:47:02 -0400] "GET /about.php?action=edit&file=minix.mod&path=//lib/grub/i386-pc HTTP/1.1" 200 551 "-" "Mozilla/5.0 (compatible; MJ12bot/v1.4.8; http://mj12bot.com/)"
192.99.15.17 - - [26/Apr/2025:14:47:03 -0400] "GET /about.php?action=edit&file=minix2_be.mod&path=//lib/grub/i386-pc HTTP/1.1" 200 555 "-" "Mozilla/5.0 (compatible; MJ12bot/v1.4.8; http://mj12bot.com/)"
192.99.15.17 - - [26/Apr/2025:14:47:05 -0400] "GET /about.php?action=edit&file=minix3.mod&path=//lib/grub/i386-pc HTTP/1.1" 200 552 "-" "Mozilla/5.0 (compatible; MJ12bot/v1.4.8; http://mj12bot.com/)"
66.249.68.7 - - [26/Apr/2025:14:47:05 -0400] "GET /about.php?path=%2F%2Fopt%2Falt%2Fphp51%2Fetc HTTP/1.1" 200 962 "-" "Mozilla/5.0 (Linux; Android 6.0.1; Nexus 5X Build/MMB29P) AppleWebKit/537.36 (KHTML, like Gecko) Chrome/135.0.7049.95 Mobile Safari/537.36 (compatible; Googlebot/2.1; +http://www.google.com/bot.html)"
192.99.15.17 - - [26/Apr/2025:14:47:07 -0400] "GET /about.php?action=edit&file=minix3_be.mod&path=//lib/grub/i386-pc HTTP/1.1" 200 555 "-" "Mozilla/5.0 (compatible; MJ12bot/v1.4.8; http://mj12bot.com/)"
66.249.68.6 - - [26/Apr/2025:14:47:07 -0400] "GET /about.php?path=%2F%2Fproc%2Fthread-self%2Froot%2Flib%2Ffirmware%2Fdsp56k HTTP/1.1" 200 831 "-" "Mozilla/5.0 (Linux; Android 6.0.1; Nexus 5X Build/MMB29P) AppleWebKit/537.36 (KHTML, like Gecko) Chrome/135.0.7049.95 Mobile Safari/537.36 (compatible; GoogleOther)"
192.99.15.17 - - [26/Apr/2025:14:47:09 -0400] "GET /about.php?action=edit&file=minix_be.mod&path=//lib/grub/i386-pc HTTP/1.1" 200 554 "-" "Mozilla/5.0 (compatible; MJ12bot/v1.4.8; http://mj12bot.com/)"
192.99.15.17 - - [26/Apr/2025:14:47:10 -0400] "GET /about.php?action=edit&file=misc.py&path=//lib64/python2.7/compiler HTTP/1.1" 200 1198 "-" "Mozilla/5.0 (compatible; MJ12bot/v1.4.8; http://mj12bot.com/)"
192.99.15.17 - - [26/Apr/2025:14:47:12 -0400] "GET /about.php?action=edit&file=misc.pyo&path=//lib64/python2.7/compiler HTTP/1.1" 200 551 "-" "Mozilla/5.0 (compatible; MJ12bot/v1.4.8; http://mj12bot.com/)"
192.99.15.17 - - [26/Apr/2025:14:47:13 -0400] "GET /about.php?action=edit&file=mkdir.sh&path=//lib64/apache2/build HTTP/1.1" 200 1394 "-" "Mozilla/5.0 (compatible; MJ12bot/v1.4.8; http://mj12bot.com/)"
66.249.68.6 - - [26/Apr/2025:14:47:14 -0400] "GET /about.php?path=%2F%2Fhome%2Fjuralptl%2Femangbedah.store%2FChaucibai%2Fberlin%2Ffont HTTP/1.1" 200 1034 "-" "Mozilla/5.0 (Linux; Android 6.0.1; Nexus 5X Build/MMB29P) AppleWebKit/537.36 (KHTML, like Gecko) Chrome/135.0.7049.95 Mobile Safari/537.36 (compatible; Googlebot/2.1; +http://www.google.com/bot.html)"
192.99.15.17 - - [26/Apr/2025:14:47:15 -0400] "GET /about.php?action=edit&file=mld-listener-done.xml&path=//lib/firewalld/icmptypes HTTP/1.1" 200 777 "-" "Mozilla/5.0 (compatible; MJ12bot/v1.4.8; http://mj12bot.com/)"
192.99.15.17 - - [26/Apr/2025:14:47:17 -0400] "GET /about.php?action=edit&file=mld-listener-query.xml&path=//lib/firewalld/icmptypes HTTP/1.1" 200 761 "-" "Mozilla/5.0 (compatible; MJ12bot/v1.4.8; http://mj12bot.com/)"
66.249.68.6 - - [26/Apr/2025:14:47:17 -0400] "GET /about.php?path=%2F%2Fproc%2Fthread-self%2Froot%2Flib%2F.build-id%2Fbc HTTP/1.1" 200 1647 "-" "Mozilla/5.0 (Linux; Android 6.0.1; Nexus 5X Build/MMB29P) AppleWebKit/537.36 (KHTML, like Gecko) Chrome/135.0.7049.95 Mobile Safari/537.36 (compatible; GoogleOther)"
192.99.15.17 - - [26/Apr/2025:14:47:18 -0400] "GET /about.php?action=edit&file=mld2-listener-report.xml&path=//lib/firewalld/icmptypes HTTP/1.1" 200 762 "-" "Mozilla/5.0 (compatible; MJ12bot/v1.4.8; http://mj12bot.com/)"
192.99.15.17 - - [26/Apr/2025:14:47:20 -0400] "GET /about.php?action=edit&file=mlxsw_spectrum-13.1620.192.mfa2&path=//lib/firmware/mellanox HTTP/1.1" 200 570 "-" "Mozilla/5.0 (compatible; MJ12bot/v1.4.8; http://mj12bot.com/)"
192.99.15.17 - - [26/Apr/2025:14:47:21 -0400] "GET /about.php?action=edit&file=mlxsw_spectrum-13.1702.6.mfa2&path=//lib/firmware/mellanox HTTP/1.1" 200 568 "-" "Mozilla/5.0 (compatible; MJ12bot/v1.4.8; http://mj12bot.com/)"
192.99.15.17 - - [26/Apr/2025:14:47:23 -0400] "GET /about.php?action=edit&file=mlxsw_spectrum-13.2000.1122.mfa2&path=//lib/firmware/mellanox HTTP/1.1" 200 570 "-" "Mozilla/5.0 (compatible; MJ12bot/v1.4.8; http://mj12bot.com/)"
66.249.68.6 - - [26/Apr/2025:14:47:24 -0400] "GET /about.php?action=edit&file=1a454fb24bb87f4a680a9e44e4210f7aff9b30&path=%2F%2Fproc%2Fthread-self%2Froot%2Flib%2F.build-id%2F04 HTTP/1.1" 200 479 "-" "Mozilla/5.0 (Linux; Android 6.0.1; Nexus 5X Build/MMB29P) AppleWebKit/537.36 (KHTML, like Gecko) Chrome/135.0.7049.95 Mobile Safari/537.36 (compatible; Googlebot/2.1; +http://www.google.com/bot.html)"
192.99.15.17 - - [26/Apr/2025:14:47:24 -0400] "GET /about.php?action=edit&file=mlxsw_spectrum-13.2000.2714.mfa2&path=//lib/firmware/mellanox HTTP/1.1" 200 570 "-" "Mozilla/5.0 (compatible; MJ12bot/v1.4.8; http://mj12bot.com/)"
66.249.68.6 - - [26/Apr/2025:14:47:26 -0400] "GET /about.php?path=%2F%2Fproc%2Fthread-self%2Froot%2Flib%2Fdracut%2Fmodules.d%2F90multipath HTTP/1.1" 200 960 "-" "Mozilla/5.0 (Linux; Android 6.0.1; Nexus 5X Build/MMB29P) AppleWebKit/537.36 (KHTML, like Gecko) Chrome/135.0.7049.95 Mobile Safari/537.36 (compatible; GoogleOther)"
192.99.15.17 - - [26/Apr/2025:14:47:26 -0400] "GET /about.php?action=edit&file=mlxsw_spectrum-13.2007.1168.mfa2&path=//lib/firmware/mellanox HTTP/1.1" 200 570 "-" "Mozilla/5.0 (compatible; MJ12bot/v1.4.8; http://mj12bot.com/)"
192.99.15.17 - - [26/Apr/2025:14:47:28 -0400] "GET /about.php?action=edit&file=mlxsw_spectrum-13.2008.2438.mfa2&path=//lib/firmware/mellanox HTTP/1.1" 200 570 "-" "Mozilla/5.0 (compatible; MJ12bot/v1.4.8; http://mj12bot.com/)"
192.99.15.17 - - [26/Apr/2025:14:47:29 -0400] "GET /about.php?action=edit&file=mlxsw_spectrum-13.2008.2946.mfa2&path=//lib/firmware/mellanox HTTP/1.1" 200 571 "-" "Mozilla/5.0 (compatible; MJ12bot/v1.4.8; http://mj12bot.com/)"
192.99.15.17 - - [26/Apr/2025:14:47:31 -0400] "GET /about.php?action=edit&file=mlxsw_spectrum-13.2010.3020.mfa2&path=//lib/firmware/mellanox HTTP/1.1" 200 570 "-" "Mozilla/5.0 (compatible; MJ12bot/v1.4.8; http://mj12bot.com/)"
192.99.15.17 - - [26/Apr/2025:14:47:32 -0400] "GET /about.php?action=edit&file=mlxsw_spectrum-13.2012.1012.mfa2&path=//lib/firmware/mellanox HTTP/1.1" 200 570 "-" "Mozilla/5.0 (compatible; MJ12bot/v1.4.8; http://mj12bot.com/)"
66.249.68.6 - - [26/Apr/2025:14:47:33 -0400] "GET /about.php?path=//opt/alt/python311/include HTTP/1.1" 200 760 "-" "Mozilla/5.0 (Linux; Android 6.0.1; Nexus 5X Build/MMB29P) AppleWebKit/537.36 (KHTML, like Gecko) Chrome/135.0.7049.95 Mobile Safari/537.36 (compatible; Googlebot/2.1; +http://www.google.com/bot.html)"
66.249.68.6 - - [26/Apr/2025:14:47:33 -0400] "GET /about.php?action=edit&file=9be54a54de6e7716b4a6a857a898d9d406ded4&path=%2F%2Fproc%2Fthread-self%2Froot%2Flib%2F.build-id%2Fc8 HTTP/1.1" 200 574 "-" "Mozilla/5.0 (Linux; Android 6.0.1; Nexus 5X Build/MMB29P) AppleWebKit/537.36 (KHTML, like Gecko) Chrome/135.0.7049.95 Mobile Safari/537.36 (compatible; Googlebot/2.1; +http://www.google.com/bot.html)"
192.99.15.17 - - [26/Apr/2025:14:47:34 -0400] "GET /about.php?action=edit&file=mlxsw_spectrum2-29.2000.2714.mfa2&path=//lib/firmware/mellanox HTTP/1.1" 200 571 "-" "Mozilla/5.0 (compatible; MJ12bot/v1.4.8; http://mj12bot.com/)"
192.99.15.17 - - [26/Apr/2025:14:47:35 -0400] "GET /about.php?action=edit&file=mlxsw_spectrum2-29.2007.1168.mfa2&path=//lib/firmware/mellanox HTTP/1.1" 200 571 "-" "Mozilla/5.0 (compatible; MJ12bot/v1.4.8; http://mj12bot.com/)"
66.249.68.6 - - [26/Apr/2025:14:47:35 -0400] "GET /about.php?action=edit&file=gr928b-8x16.psfu.gz&path=%2F%2Fproc%2Fthread-self%2Froot%2Flib%2Fkbd%2Fconsolefonts HTTP/1.1" 200 561 "-" "Mozilla/5.0 (Linux; Android 6.0.1; Nexus 5X Build/MMB29P) AppleWebKit/537.36 (KHTML, like Gecko) Chrome/135.0.7049.95 Mobile Safari/537.36 (compatible; GoogleOther)"
192.99.15.17 - - [26/Apr/2025:14:47:37 -0400] "GET /about.php?action=edit&file=mlxsw_spectrum2-29.2008.1036.mfa2&path=//lib/firmware/mellanox HTTP/1.1" 200 571 "-" "Mozilla/5.0 (compatible; MJ12bot/v1.4.8; http://mj12bot.com/)"
192.99.15.17 - - [26/Apr/2025:14:47:38 -0400] "GET /about.php?action=edit&file=mlxsw_spectrum2-29.2008.1310.mfa2&path=//lib/firmware/mellanox HTTP/1.1" 200 571 "-" "Mozilla/5.0 (compatible; MJ12bot/v1.4.8; http://mj12bot.com/)"
66.249.68.6 - - [26/Apr/2025:14:47:39 -0400] "GET /about.php?path=%2F%2Fopt%2Falt%2Fpython311%2Finclude%2Fpython3.11 HTTP/1.1" 200 1860 "-" "Mozilla/5.0 (Linux; Android 6.0.1; Nexus 5X Build/MMB29P) AppleWebKit/537.36 (KHTML, like Gecko) Chrome/135.0.7049.95 Mobile Safari/537.36 (compatible; Googlebot/2.1; +http://www.google.com/bot.html)"
192.99.15.17 - - [26/Apr/2025:14:47:40 -0400] "GET /about.php?action=edit&file=mlxsw_spectrum2-29.2008.2304.mfa2&path=//lib/firmware/mellanox HTTP/1.1" 200 571 "-" "Mozilla/5.0 (compatible; MJ12bot/v1.4.8; http://mj12bot.com/)"
192.99.15.17 - - [26/Apr/2025:14:47:41 -0400] "GET /about.php?action=edit&file=mlxsw_spectrum2-29.2008.2438.mfa2&path=//lib/firmware/mellanox HTTP/1.1" 200 571 "-" "Mozilla/5.0 (compatible; MJ12bot/v1.4.8; http://mj12bot.com/)"
192.99.15.17 - - [26/Apr/2025:14:47:43 -0400] "GET /about.php?action=edit&file=mlxsw_spectrum2-29.2008.3326.mfa2&path=//lib/firmware/mellanox HTTP/1.1" 200 571 "-" "Mozilla/5.0 (compatible; MJ12bot/v1.4.8; http://mj12bot.com/)"
192.99.15.17 - - [26/Apr/2025:14:47:45 -0400] "GET /about.php?action=edit&file=mlxsw_spectrum2-29.2010.1006.mfa2&path=//lib/firmware/mellanox HTTP/1.1" 200 570 "-" "Mozilla/5.0 (compatible; MJ12bot/v1.4.8; http://mj12bot.com/)"
66.249.68.6 - - [26/Apr/2025:14:47:45 -0400] "GET /about.php?action=edit&file=resultcontent.php&path=%2F%2Fhome%2Fjuralptl%2Fpvjtogel.sbs%2Fm HTTP/1.1" 200 2168 "-" "Mozilla/5.0 (Linux; Android 6.0.1; Nexus 5X Build/MMB29P) AppleWebKit/537.36 (KHTML, like Gecko) Chrome/135.0.7049.95 Mobile Safari/537.36 (compatible; GoogleOther)"
192.99.15.17 - - [26/Apr/2025:14:47:46 -0400] "GET /about.php?action=edit&file=mlxsw_spectrum2-29.2010.1406.mfa2&path=//lib/firmware/mellanox HTTP/1.1" 200 571 "-" "Mozilla/5.0 (compatible; MJ12bot/v1.4.8; http://mj12bot.com/)"
66.249.68.6 - - [26/Apr/2025:14:47:47 -0400] "GET /about.php?action=edit&file=2fc1cfbb2443c8035d426a29e534059127bc63&path=%2F%2Fproc%2Fthread-self%2Froot%2Flib%2F.build-id%2Fa6 HTTP/1.1" 200 575 "-" "Mozilla/5.0 (Linux; Android 6.0.1; Nexus 5X Build/MMB29P) AppleWebKit/537.36 (KHTML, like Gecko) Chrome/135.0.7049.95 Mobile Safari/537.36 (compatible; GoogleOther)"
192.99.15.17 - - [26/Apr/2025:14:47:48 -0400] "GET /about.php?action=edit&file=mlxsw_spectrum2-29.2010.3020.mfa2&path=//lib/firmware/mellanox HTTP/1.1" 200 571 "-" "Mozilla/5.0 (compatible; MJ12bot/v1.4.8; http://mj12bot.com/)"
66.249.68.6 - - [26/Apr/2025:14:47:48 -0400] "GET /about.php?path=%2F%2Fopt%2Fcpanel%2Flibtidy%2Fbin HTTP/1.1" 200 785 "-" "Mozilla/5.0 (Linux; Android 6.0.1; Nexus 5X Build/MMB29P) AppleWebKit/537.36 (KHTML, like Gecko) Chrome/135.0.7049.95 Mobile Safari/537.36 (compatible; Googlebot/2.1; +http://www.google.com/bot.html)"
192.99.15.17 - - [26/Apr/2025:14:47:49 -0400] "GET /about.php?action=edit&file=mlxsw_spectrum2-29.2012.1012.mfa2&path=//lib/firmware/mellanox HTTP/1.1" 200 570 "-" "Mozilla/5.0 (compatible; MJ12bot/v1.4.8; http://mj12bot.com/)"
192.99.15.17 - - [26/Apr/2025:14:47:51 -0400] "GET /about.php?action=edit&file=mlxsw_spectrum3-30.2007.1168.mfa2&path=//lib/firmware/mellanox HTTP/1.1" 200 571 "-" "Mozilla/5.0 (compatible; MJ12bot/v1.4.8; http://mj12bot.com/)"
192.99.15.17 - - [26/Apr/2025:14:47:52 -0400] "GET /about.php?action=edit&file=mlxsw_spectrum3-30.2008.1310.mfa2&path=//lib/firmware/mellanox HTTP/1.1" 200 571 "-" "Mozilla/5.0 (compatible; MJ12bot/v1.4.8; http://mj12bot.com/)"
192.99.15.17 - - [26/Apr/2025:14:47:54 -0400] "GET /about.php?action=edit&file=mlxsw_spectrum3-30.2008.1312.mfa2&path=//lib/firmware/mellanox HTTP/1.1" 200 571 "-" "Mozilla/5.0 (compatible; MJ12bot/v1.4.8; http://mj12bot.com/)"
66.249.68.6 - - [26/Apr/2025:14:47:54 -0400] "GET /about.php?path=%2F%2Fproc%2Fthread-self%2Froot%2Flib%2F.build-id%2Fa3 HTTP/1.1" 200 1536 "-" "Mozilla/5.0 (Linux; Android 6.0.1; Nexus 5X Build/MMB29P) AppleWebKit/537.36 (KHTML, like Gecko) Chrome/135.0.7049.95 Mobile Safari/537.36 (compatible; GoogleOther)"
192.99.15.17 - - [26/Apr/2025:14:47:55 -0400] "GET /about.php?action=edit&file=mlxsw_spectrum3-30.2010.1406.mfa2&path=//lib/firmware/mellanox HTTP/1.1" 200 571 "-" "Mozilla/5.0 (compatible; MJ12bot/v1.4.8; http://mj12bot.com/)"
192.99.15.17 - - [26/Apr/2025:14:47:57 -0400] "GET /about.php?action=edit&file=mlxsw_spectrum3-30.2010.3020.mfa2&path=//lib/firmware/mellanox HTTP/1.1" 200 571 "-" "Mozilla/5.0 (compatible; MJ12bot/v1.4.8; http://mj12bot.com/)"
192.99.15.17 - - [26/Apr/2025:14:47:58 -0400] "GET /about.php?action=edit&file=mlxsw_spectrum3-30.2012.1012.mfa2&path=//lib/firmware/mellanox HTTP/1.1" 200 571 "-" "Mozilla/5.0 (compatible; MJ12bot/v1.4.8; http://mj12bot.com/)"
192.99.15.17 - - [26/Apr/2025:14:48:00 -0400] "GET /about.php?action=edit&file=mmap.cpython-36m-x86_64-linux-gnu.so&path=//lib64/python3.6/lib-dynload HTTP/1.1" 200 573 "-" "Mozilla/5.0 (compatible; MJ12bot/v1.4.8; http://mj12bot.com/)"
66.249.68.7 - - [26/Apr/2025:14:48:01 -0400] "GET /about.php?action=edit&file=libImath-2_2.so.12.0.0&path=%2F%2Flib64 HTTP/1.1" 200 561 "-" "Mozilla/5.0 (Linux; Android 6.0.1; Nexus 5X Build/MMB29P) AppleWebKit/537.36 (KHTML, like Gecko) Chrome/135.0.7049.95 Mobile Safari/537.36 (compatible; GoogleOther)"
66.249.68.8 - - [26/Apr/2025:14:48:01 -0400] "GET /about.php?path=%2F%2Fopt%2Fcpanel%2Fea-apr16%2Flib64 HTTP/1.1" 200 916 "-" "Mozilla/5.0 (Linux; Android 6.0.1; Nexus 5X Build/MMB29P) AppleWebKit/537.36 (KHTML, like Gecko) Chrome/135.0.7049.95 Mobile Safari/537.36 (compatible; Googlebot/2.1; +http://www.google.com/bot.html)"
192.99.15.17 - - [26/Apr/2025:14:48:02 -0400] "GET /about.php?action=edit&file=mmap.mod&path=//lib/grub/i386-pc HTTP/1.1" 200 551 "-" "Mozilla/5.0 (compatible; MJ12bot/v1.4.8; http://mj12bot.com/)"
192.99.15.17 - - [26/Apr/2025:14:48:03 -0400] "GET /about.php?action=edit&file=mmap.pm&path=//lib64/perl5/PerlIO HTTP/1.1" 200 920 "-" "Mozilla/5.0 (compatible; MJ12bot/v1.4.8; http://mj12bot.com/)"
66.249.68.8 - - [26/Apr/2025:14:48:04 -0400] "GET /about.php?action=edit&file=lat0-sun16.psfu.gz&path=%2F%2Fproc%2Fthread-self%2Froot%2Flib%2Fkbd%2Fconsolefonts HTTP/1.1" 200 559 "-" "Mozilla/5.0 (Linux; Android 6.0.1; Nexus 5X Build/MMB29P) AppleWebKit/537.36 (KHTML, like Gecko) Chrome/135.0.7049.95 Mobile Safari/537.36 (compatible; GoogleOther)"
192.99.15.17 - - [26/Apr/2025:14:48:05 -0400] "GET /about.php?action=edit&file=mock.py&path=//lib64/python3.6/unittest HTTP/1.1" 200 21276 "-" "Mozilla/5.0 (compatible; MJ12bot/v1.4.8; http://mj12bot.com/)"
192.99.15.17 - - [26/Apr/2025:14:48:06 -0400] "GET /about.php?action=edit&file=mock.py&path=//lib64/python3.8/unittest HTTP/1.1" 200 25155 "-" "Mozilla/5.0 (compatible; MJ12bot/v1.4.8; http://mj12bot.com/)"
