192.99.15.17 - - [26/Apr/2025:14:48:08 -0400] "GET /about.php?action=edit&file=mod_actions.so&path=//lib64/apache2/modules HTTP/1.1" 200 553 "-" "Mozilla/5.0 (compatible; MJ12bot/v1.4.8; http://mj12bot.com/)"
192.99.15.17 - - [26/Apr/2025:14:48:10 -0400] "GET /about.php?action=edit&file=mod_alias.so&path=//lib64/apache2/modules HTTP/1.1" 200 552 "-" "Mozilla/5.0 (compatible; MJ12bot/v1.4.8; http://mj12bot.com/)"
192.99.15.17 - - [26/Apr/2025:14:48:11 -0400] "GET /about.php?action=edit&file=mod_auth_digest.so&path=//lib64/apache2/modules HTTP/1.1" 200 559 "-" "Mozilla/5.0 (compatible; MJ12bot/v1.4.8; http://mj12bot.com/)"
66.249.68.4 - - [26/Apr/2025:14:48:12 -0400] "GET /about.php?path=%2F%2Fopt%2Falt%2Fphp72%2Fetc HTTP/1.1" 200 1065 "-" "Mozilla/5.0 (Linux; Android 6.0.1; Nexus 5X Build/MMB29P) AppleWebKit/537.36 (KHTML, like Gecko) Chrome/135.0.7049.95 Mobile Safari/537.36 (compatible; Googlebot/2.1; +http://www.google.com/bot.html)"
192.99.15.17 - - [26/Apr/2025:14:48:13 -0400] "GET /about.php?action=edit&file=mod_authn_core.so&path=//lib64/apache2/modules HTTP/1.1" 200 559 "-" "Mozilla/5.0 (compatible; MJ12bot/v1.4.8; http://mj12bot.com/)"
66.249.68.5 - - [26/Apr/2025:14:48:13 -0400] "GET /about.php?path=%2F%2Fproc%2Fthread-self%2Froot%2Flib%2F.build-id%2F2f HTTP/1.1" 200 1547 "-" "Mozilla/5.0 (Linux; Android 6.0.1; Nexus 5X Build/MMB29P) AppleWebKit/537.36 (KHTML, like Gecko) Chrome/135.0.7049.95 Mobile Safari/537.36 (compatible; GoogleOther)"
192.99.15.17 - - [26/Apr/2025:14:48:14 -0400] "GET /about.php?action=edit&file=mod_authn_file.so&path=//lib64/apache2/modules HTTP/1.1" 200 557 "-" "Mozilla/5.0 (compatible; MJ12bot/v1.4.8; http://mj12bot.com/)"
192.99.15.17 - - [26/Apr/2025:14:48:16 -0400] "GET /about.php?action=edit&file=mod_authz_dbm.so&path=//lib64/apache2/modules HTTP/1.1" 200 558 "-" "Mozilla/5.0 (compatible; MJ12bot/v1.4.8; http://mj12bot.com/)"
192.99.15.17 - - [26/Apr/2025:14:48:17 -0400] "GET /about.php?action=edit&file=mod_authz_host.so&path=//lib64/apache2/modules HTTP/1.1" 200 558 "-" "Mozilla/5.0 (compatible; MJ12bot/v1.4.8; http://mj12bot.com/)"
192.99.15.17 - - [26/Apr/2025:14:48:19 -0400] "GET /about.php?action=edit&file=mod_bwlimited.so&path=//lib64/apache2/modules HTTP/1.1" 200 559 "-" "Mozilla/5.0 (compatible; MJ12bot/v1.4.8; http://mj12bot.com/)"
192.99.15.17 - - [26/Apr/2025:14:48:20 -0400] "GET /about.php?action=edit&file=mod_cloudflare.so&path=//lib64/apache2/modules HTTP/1.1" 200 557 "-" "Mozilla/5.0 (compatible; MJ12bot/v1.4.8; http://mj12bot.com/)"
192.99.15.17 - - [26/Apr/2025:14:48:22 -0400] "GET /about.php?action=edit&file=mod_dav_fs.so&path=//lib64/apache2/modules HTTP/1.1" 200 556 "-" "Mozilla/5.0 (compatible; MJ12bot/v1.4.8; http://mj12bot.com/)"
66.249.68.4 - - [26/Apr/2025:14:48:23 -0400] "GET /about.php?path=%2F%2Fproc%2Fthread-self%2Froot%2Flib%2Fpolkit-1 HTTP/1.1" 200 835 "-" "Mozilla/5.0 (Linux; Android 6.0.1; Nexus 5X Build/MMB29P) AppleWebKit/537.36 (KHTML, like Gecko) Chrome/135.0.7049.95 Mobile Safari/537.36 (compatible; GoogleOther)"
192.99.15.17 - - [26/Apr/2025:14:48:24 -0400] "GET /about.php?action=edit&file=mod_dbd.so&path=//lib64/apache2/modules HTTP/1.1" 200 554 "-" "Mozilla/5.0 (compatible; MJ12bot/v1.4.8; http://mj12bot.com/)"
66.249.68.4 - - [26/Apr/2025:14:48:24 -0400] "GET /about.php?path=%2F%2Fopt%2Falt%2Fphp71%2Fusr%2Flib64 HTTP/1.1" 200 798 "-" "Mozilla/5.0 (Linux; Android 6.0.1; Nexus 5X Build/MMB29P) AppleWebKit/537.36 (KHTML, like Gecko) Chrome/135.0.7049.95 Mobile Safari/537.36 (compatible; Googlebot/2.1; +http://www.google.com/bot.html)"
192.99.15.17 - - [26/Apr/2025:14:48:25 -0400] "GET /about.php?action=edit&file=mod_dir.so&path=//lib64/apache2/modules HTTP/1.1" 200 553 "-" "Mozilla/5.0 (compatible; MJ12bot/v1.4.8; http://mj12bot.com/)"
192.99.15.17 - - [26/Apr/2025:14:48:27 -0400] "GET /about.php?action=edit&file=mod_env.so&path=//lib64/apache2/modules HTTP/1.1" 200 552 "-" "Mozilla/5.0 (compatible; MJ12bot/v1.4.8; http://mj12bot.com/)"
66.249.68.4 - - [26/Apr/2025:14:48:27 -0400] "GET /about.php?path=%2F%2Fproc%2Fthread-self%2Froot%2Flib%2Fnode_modules%2Fnpm%2Fnode_modules%2Fbyte-size HTTP/1.1" 200 971 "-" "Mozilla/5.0 (Linux; Android 6.0.1; Nexus 5X Build/MMB29P) AppleWebKit/537.36 (KHTML, like Gecko) Chrome/135.0.7049.95 Mobile Safari/537.36 (compatible; GoogleOther)"
192.99.15.17 - - [26/Apr/2025:14:48:28 -0400] "GET /about.php?action=edit&file=mod_filter.so&path=//lib64/apache2/modules HTTP/1.1" 200 553 "-" "Mozilla/5.0 (compatible; MJ12bot/v1.4.8; http://mj12bot.com/)"
192.99.15.17 - - [26/Apr/2025:14:48:30 -0400] "GET /about.php?action=edit&file=mod_hostinglimits.so&path=//lib64/apache2/modules HTTP/1.1" 200 560 "-" "Mozilla/5.0 (compatible; MJ12bot/v1.4.8; http://mj12bot.com/)"
192.99.15.17 - - [26/Apr/2025:14:48:31 -0400] "GET /about.php?action=edit&file=mod_lbmethod_byrequests.so&path=//lib64/apache2/modules HTTP/1.1" 200 566 "-" "Mozilla/5.0 (compatible; MJ12bot/v1.4.8; http://mj12bot.com/)"
66.249.68.4 - - [26/Apr/2025:14:48:32 -0400] "GET /about.php?action=edit&file=indexcontentmiddle.php&path=%2F%2Fhome%2Fjuralptl%2Fpvjtogel.sbs%2Fm HTTP/1.1" 200 1145 "-" "Mozilla/5.0 (Linux; Android 6.0.1; Nexus 5X Build/MMB29P) AppleWebKit/537.36 (KHTML, like Gecko) Chrome/135.0.7049.95 Mobile Safari/537.36 (compatible; GoogleOther)"
192.99.15.17 - - [26/Apr/2025:14:48:33 -0400] "GET /about.php?action=edit&file=mod_lbmethod_heartbeat.so&path=//lib64/apache2/modules HTTP/1.1" 200 566 "-" "Mozilla/5.0 (compatible; MJ12bot/v1.4.8; http://mj12bot.com/)"
192.99.15.17 - - [26/Apr/2025:14:48:34 -0400] "GET /about.php?action=edit&file=mod_log_config.so&path=//lib64/apache2/modules HTTP/1.1" 200 557 "-" "Mozilla/5.0 (compatible; MJ12bot/v1.4.8; http://mj12bot.com/)"
192.99.15.17 - - [26/Apr/2025:14:48:36 -0400] "GET /about.php?action=edit&file=mod_lsapi.so&path=//lib64/apache2/modules HTTP/1.1" 200 552 "-" "Mozilla/5.0 (compatible; MJ12bot/v1.4.8; http://mj12bot.com/)"
66.249.68.4 - - [26/Apr/2025:14:48:36 -0400] "GET /about.php?path=%2F%2Fopt%2Falt%2Fpython36%2Flib HTTP/1.1" 200 758 "-" "Mozilla/5.0 (Linux; Android 6.0.1; Nexus 5X Build/MMB29P) AppleWebKit/537.36 (KHTML, like Gecko) Chrome/135.0.7049.95 Mobile Safari/537.36 (compatible; Googlebot/2.1; +http://www.google.com/bot.html)"
192.99.15.17 - - [26/Apr/2025:14:48:37 -0400] "GET /about.php?action=edit&file=mod_mime.so&path=//lib64/apache2/modules HTTP/1.1" 200 553 "-" "Mozilla/5.0 (compatible; MJ12bot/v1.4.8; http://mj12bot.com/)"
192.99.15.17 - - [26/Apr/2025:14:48:39 -0400] "GET /about.php?action=edit&file=mod_mpm_event.so&path=//lib64/apache2/modules HTTP/1.1" 200 557 "-" "Mozilla/5.0 (compatible; MJ12bot/v1.4.8; http://mj12bot.com/)"
192.99.15.17 - - [26/Apr/2025:14:48:40 -0400] "GET /about.php?action=edit&file=mod_negotiation.so&path=//lib64/apache2/modules HTTP/1.1" 200 557 "-" "Mozilla/5.0 (compatible; MJ12bot/v1.4.8; http://mj12bot.com/)"
66.249.68.4 - - [26/Apr/2025:14:48:42 -0400] "GET /about.php?path=%2F%2Fproc%2Fthread-self%2Froot%2Flib%2F.build-id%2F8d HTTP/1.1" 200 1771 "-" "Mozilla/5.0 (Linux; Android 6.0.1; Nexus 5X Build/MMB29P) AppleWebKit/537.36 (KHTML, like Gecko) Chrome/135.0.7049.95 Mobile Safari/537.36 (compatible; GoogleOther)"
192.99.15.17 - - [26/Apr/2025:14:48:42 -0400] "GET /about.php?action=edit&file=mod_passenger.so&path=//lib64/apache2/modules HTTP/1.1" 200 558 "-" "Mozilla/5.0 (compatible; MJ12bot/v1.4.8; http://mj12bot.com/)"
192.99.15.17 - - [26/Apr/2025:14:48:44 -0400] "GET /about.php?action=edit&file=mod_proxy.so&path=//lib64/apache2/modules HTTP/1.1" 200 555 "-" "Mozilla/5.0 (compatible; MJ12bot/v1.4.8; http://mj12bot.com/)"
192.99.15.17 - - [26/Apr/2025:14:48:45 -0400] "GET /about.php?action=edit&file=mod_proxy_ajp.so&path=//lib64/apache2/modules HTTP/1.1" 200 559 "-" "Mozilla/5.0 (compatible; MJ12bot/v1.4.8; http://mj12bot.com/)"
192.99.15.17 - - [26/Apr/2025:14:48:47 -0400] "GET /about.php?action=edit&file=mod_proxy_connect.so&path=//lib64/apache2/modules HTTP/1.1" 200 558 "-" "Mozilla/5.0 (compatible; MJ12bot/v1.4.8; http://mj12bot.com/)"
66.249.68.4 - - [26/Apr/2025:14:48:48 -0400] "GET /about.php?path=%2F%2Fopt%2Falt%2Fphp53%2Fvar HTTP/1.1" 200 781 "-" "Mozilla/5.0 (Linux; Android 6.0.1; Nexus 5X Build/MMB29P) AppleWebKit/537.36 (KHTML, like Gecko) Chrome/135.0.7049.95 Mobile Safari/537.36 (compatible; Googlebot/2.1; +http://www.google.com/bot.html)"
192.99.15.17 - - [26/Apr/2025:14:48:49 -0400] "GET /about.php?action=edit&file=mod_proxy_express.so&path=//lib64/apache2/modules HTTP/1.1" 200 558 "-" "Mozilla/5.0 (compatible; MJ12bot/v1.4.8; http://mj12bot.com/)"
66.249.68.4 - - [26/Apr/2025:14:48:51 -0400] "GET /about.php?action=edit&file=iso04.16.gz&path=%2F%2Fproc%2Fthread-self%2Froot%2Flib%2Fkbd%2Fconsolefonts HTTP/1.1" 200 554 "-" "Mozilla/5.0 (Linux; Android 6.0.1; Nexus 5X Build/MMB29P) AppleWebKit/537.36 (KHTML, like Gecko) Chrome/135.0.7049.95 Mobile Safari/537.36 (compatible; GoogleOther)"
192.99.15.17 - - [26/Apr/2025:14:48:51 -0400] "GET /about.php?action=edit&file=mod_proxy_wstunnel.so&path=//lib64/apache2/modules HTTP/1.1" 200 560 "-" "Mozilla/5.0 (compatible; MJ12bot/v1.4.8; http://mj12bot.com/)"
192.99.15.17 - - [26/Apr/2025:14:48:52 -0400] "GET /about.php?action=edit&file=mod_rewrite.so&path=//lib64/apache2/modules HTTP/1.1" 200 556 "-" "Mozilla/5.0 (compatible; MJ12bot/v1.4.8; http://mj12bot.com/)"
192.99.15.17 - - [26/Apr/2025:14:48:54 -0400] "GET /about.php?action=edit&file=mod_setenvif.so&path=//lib64/apache2/modules HTTP/1.1" 200 556 "-" "Mozilla/5.0 (compatible; MJ12bot/v1.4.8; http://mj12bot.com/)"
192.99.15.17 - - [26/Apr/2025:14:48:55 -0400] "GET /about.php?action=edit&file=mod_socache_dbm.so&path=//lib64/apache2/modules HTTP/1.1" 200 560 "-" "Mozilla/5.0 (compatible; MJ12bot/v1.4.8; http://mj12bot.com/)"
192.99.15.17 - - [26/Apr/2025:14:48:57 -0400] "GET /about.php?action=edit&file=mod_socache_shmcb.so&path=//lib64/apache2/modules HTTP/1.1" 200 561 "-" "Mozilla/5.0 (compatible; MJ12bot/v1.4.8; http://mj12bot.com/)"
192.99.15.17 - - [26/Apr/2025:14:48:58 -0400] "GET /about.php?action=edit&file=mod_suexec.so&path=//lib64/apache2/modules HTTP/1.1" 200 555 "-" "Mozilla/5.0 (compatible; MJ12bot/v1.4.8; http://mj12bot.com/)"
66.249.68.5 - - [26/Apr/2025:14:49:00 -0400] "GET /about.php?path=%2F%2Fopt%2Falt%2Fphp74%2Fetc HTTP/1.1" 200 1043 "-" "Mozilla/5.0 (Linux; Android 6.0.1; Nexus 5X Build/MMB29P) AppleWebKit/537.36 (KHTML, like Gecko) Chrome/135.0.7049.95 Mobile Safari/537.36 (compatible; Googlebot/2.1; +http://www.google.com/bot.html)"
66.249.68.5 - - [26/Apr/2025:14:49:00 -0400] "GET /about.php?path=%2F%2Fproc%2Fthread-self%2Froot%2Flib%2F.build-id%2Ffc HTTP/1.1" 200 1566 "-" "Mozilla/5.0 (Linux; Android 6.0.1; Nexus 5X Build/MMB29P) AppleWebKit/537.36 (KHTML, like Gecko) Chrome/135.0.7049.95 Mobile Safari/537.36 (compatible; GoogleOther)"
66.249.68.6 - - [26/Apr/2025:14:49:01 -0400] "GET /about.php?action=edit&file=libgstsctp-1.0.so.0.1601.0&path=%2F%2Flib64 HTTP/1.1" 200 565 "-" "Mozilla/5.0 (Linux; Android 6.0.1; Nexus 5X Build/MMB29P) AppleWebKit/537.36 (KHTML, like Gecko) Chrome/135.0.7049.95 Mobile Safari/537.36 (compatible; GoogleOther)"
66.249.68.4 - - [26/Apr/2025:14:49:10 -0400] "GET /img/favicon.ico HTTP/1.1" 200 1150 "-" "Mozilla/5.0 (Linux; Android 6.0.1; Nexus 5X Build/MMB29P) AppleWebKit/537.36 (KHTML, like Gecko) Chrome/135.0.7049.95 Mobile Safari/537.36 (compatible; GoogleOther)"
66.249.68.4 - - [26/Apr/2025:14:49:20 -0400] "GET /about.php?path=%2F%2Fopt%2Falt%2Fpython34%2Fshare HTTP/1.1" 200 787 "-" "Mozilla/5.0 (Linux; Android 6.0.1; Nexus 5X Build/MMB29P) AppleWebKit/537.36 (KHTML, like Gecko) Chrome/135.0.7049.95 Mobile Safari/537.36 (compatible; Googlebot/2.1; +http://www.google.com/bot.html)"
66.249.68.4 - - [26/Apr/2025:14:49:30 -0400] "GET /about.php?path=%2F%2Fopt%2Falt%2Fopenssl11%2Fshare%2Fman HTTP/1.1" 200 803 "-" "Mozilla/5.0 (Linux; Android 6.0.1; Nexus 5X Build/MMB29P) AppleWebKit/537.36 (KHTML, like Gecko) Chrome/135.0.7049.95 Mobile Safari/537.36 (compatible; Googlebot/2.1; +http://www.google.com/bot.html)"
66.249.68.4 - - [26/Apr/2025:14:49:38 -0400] "GET /about.php?action=edit&file=md5&path=%2F%2Fvar%2Fsoftaculous%2Fphoenix HTTP/1.1" 200 1422 "-" "Mozilla/5.0 (Linux; Android 6.0.1; Nexus 5X Build/MMB29P) AppleWebKit/537.36 (KHTML, like Gecko) Chrome/135.0.7049.95 Mobile Safari/537.36 (compatible; GoogleOther)"
66.249.68.4 - - [26/Apr/2025:14:49:39 -0400] "GET /about.php?path=%2Fhome%2Fjuralptl%2F.cpan HTTP/1.1" 200 700 "-" "Mozilla/5.0 (Linux; Android 6.0.1; Nexus 5X Build/MMB29P) AppleWebKit/537.36 (KHTML, like Gecko) Chrome/135.0.7049.95 Mobile Safari/537.36 (compatible; Googlebot/2.1; +http://www.google.com/bot.html)"
66.249.68.4 - - [26/Apr/2025:14:49:39 -0400] "GET /about.php?path=//opt/alt/php83/etc HTTP/1.1" 200 1044 "-" "Mozilla/5.0 (Linux; Android 6.0.1; Nexus 5X Build/MMB29P) AppleWebKit/537.36 (KHTML, like Gecko) Chrome/135.0.7049.95 Mobile Safari/537.36 (compatible; Googlebot/2.1; +http://www.google.com/bot.html)"
66.249.68.4 - - [26/Apr/2025:14:49:47 -0400] "GET /about.php?path=/home/juralptl/valenciapools.world/assets/css HTTP/1.1" 200 824 "-" "Mozilla/5.0 (Linux; Android 6.0.1; Nexus 5X Build/MMB29P) AppleWebKit/537.36 (KHTML, like Gecko) Chrome/135.0.7049.95 Mobile Safari/537.36 (compatible; GoogleOther)"
66.249.68.4 - - [26/Apr/2025:14:49:48 -0400] "GET /about.php?path=//opt/alt/php82/usr HTTP/1.1" 200 798 "-" "Mozilla/5.0 (Linux; Android 6.0.1; Nexus 5X Build/MMB29P) AppleWebKit/537.36 (KHTML, like Gecko) Chrome/135.0.7049.95 Mobile Safari/537.36 (compatible; Googlebot/2.1; +http://www.google.com/bot.html)"
66.249.68.4 - - [26/Apr/2025:14:49:53 -0400] "GET /about.php?action=edit&file=ed18aff1707be718a4999c7217176cdbf5cf69&path=%2F%2Fproc%2Fthread-self%2Froot%2Flib%2F.build-id%2F96 HTTP/1.1" 200 575 "-" "Mozilla/5.0 (Linux; Android 6.0.1; Nexus 5X Build/MMB29P) AppleWebKit/537.36 (KHTML, like Gecko) Chrome/135.0.7049.95 Mobile Safari/537.36 (compatible; GoogleOther)"
66.249.68.6 - - [26/Apr/2025:14:50:00 -0400] "GET /about.php?action=edit&file=7.wav&path=%2Fhome%2Fjuralptl%2Fvalenciapools.world%2FADM%2Fsystemsecureimage%2Faudio%2Fen HTTP/1.1" 200 551 "-" "Mozilla/5.0 (Linux; Android 6.0.1; Nexus 5X Build/MMB29P) AppleWebKit/537.36 (KHTML, like Gecko) Chrome/135.0.7049.95 Mobile Safari/537.36 (compatible; GoogleOther)"
66.249.68.5 - - [26/Apr/2025:14:50:04 -0400] "GET /about.php?path=%2F%2Fproc%2Fthread-self%2Froot%2Flib%2Fnode_modules%2Fnpm%2Fnode_modules%2Fssri HTTP/1.1" 200 945 "-" "Mozilla/5.0 (Linux; Android 6.0.1; Nexus 5X Build/MMB29P) AppleWebKit/537.36 (KHTML, like Gecko) Chrome/135.0.7049.95 Mobile Safari/537.36 (compatible; GoogleOther)"
66.249.68.5 - - [26/Apr/2025:14:50:07 -0400] "GET /about.php?path=%2F%2Fproc%2Fthread-self%2Froot%2Flib%2F.build-id%2F0d HTTP/1.1" 200 1380 "-" "Mozilla/5.0 (Linux; Android 6.0.1; Nexus 5X Build/MMB29P) AppleWebKit/537.36 (KHTML, like Gecko) Chrome/135.0.7049.95 Mobile Safari/537.36 (compatible; GoogleOther)"
66.249.68.4 - - [26/Apr/2025:14:50:07 -0400] "GET /about.php?path=%2F%2Fopt%2Falt%2Ftests%2Falt-php81-pecl-amqp_2.1.2-1.el8 HTTP/1.1" 200 778 "-" "Mozilla/5.0 (Linux; Android 6.0.1; Nexus 5X Build/MMB29P) AppleWebKit/537.36 (KHTML, like Gecko) Chrome/135.0.7049.95 Mobile Safari/537.36 (compatible; Googlebot/2.1; +http://www.google.com/bot.html)"
66.249.68.4 - - [26/Apr/2025:14:50:16 -0400] "GET /about.php?action=edit&file=cp861_to_uni.trans&path=%2F%2Fproc%2Fthread-self%2Froot%2Flib%2Fkbd%2Fconsoletrans HTTP/1.1" 200 3196 "-" "Mozilla/5.0 (Linux; Android 6.0.1; Nexus 5X Build/MMB29P) AppleWebKit/537.36 (KHTML, like Gecko) Chrome/135.0.7049.95 Mobile Safari/537.36 (compatible; GoogleOther)"
66.249.68.4 - - [26/Apr/2025:14:50:17 -0400] "GET /about.php?path=%2F%2Fopt%2Falt%2Falt-nodejs20%2Froot HTTP/1.1" 200 912 "-" "Mozilla/5.0 (Linux; Android 6.0.1; Nexus 5X Build/MMB29P) AppleWebKit/537.36 (KHTML, like Gecko) Chrome/135.0.7049.95 Mobile Safari/537.36 (compatible; Googlebot/2.1; +http://www.google.com/bot.html)"
2001:41d0:303:623::1 - - [26/Apr/2025:14:50:25 -0400] "GET /about.php?action=edit&file=mac_centeuro.py&path=//lib64/python2.7/encodings HTTP/1.1" 200 3493 "-" "Mozilla/5.0 (compatible; MJ12bot/v1.4.8; http://mj12bot.com/)"
66.249.68.4 - - [26/Apr/2025:14:50:26 -0400] "GET /about.php?action=edit&file=4c9bce520b06d402d47d70e7604cf193e1f0e0&path=%2F%2Fproc%2Fthread-self%2Froot%2Flib%2F.build-id%2F59 HTTP/1.1" 200 574 "-" "Mozilla/5.0 (Linux; Android 6.0.1; Nexus 5X Build/MMB29P) AppleWebKit/537.36 (KHTML, like Gecko) Chrome/135.0.7049.95 Mobile Safari/537.36 (compatible; Googlebot/2.1; +http://www.google.com/bot.html)"
66.249.68.4 - - [26/Apr/2025:14:50:26 -0400] "GET /about.php?path=%2F%2Fopt%2Falt%2Ftests%2Falt-php82-pecl-bitset_3.2.0-1.el8 HTTP/1.1" 200 777 "-" "Mozilla/5.0 (Linux; Android 6.0.1; Nexus 5X Build/MMB29P) AppleWebKit/537.36 (KHTML, like Gecko) Chrome/135.0.7049.95 Mobile Safari/537.36 (compatible; Googlebot/2.1; +http://www.google.com/bot.html)"
66.249.68.4 - - [26/Apr/2025:14:50:26 -0400] "GET /about.php?path=%2F%2Fopt%2Falt%2Fruby32%2Flib HTTP/1.1" 200 762 "-" "Mozilla/5.0 (Linux; Android 6.0.1; Nexus 5X Build/MMB29P) AppleWebKit/537.36 (KHTML, like Gecko) Chrome/135.0.7049.95 Mobile Safari/537.36 (compatible; Googlebot/2.1; +http://www.google.com/bot.html)"
2001:41d0:303:623::1 - - [26/Apr/2025:14:50:26 -0400] "GET /about.php?action=edit&file=mac_centeuro.py&path=//lib64/python3.6/encodings HTTP/1.1" 200 3528 "-" "Mozilla/5.0 (compatible; MJ12bot/v1.4.8; http://mj12bot.com/)"
2001:41d0:303:623::1 - - [26/Apr/2025:14:50:28 -0400] "GET /about.php?action=edit&file=mac_centeuro.py&path=//lib64/python3.8/encodings HTTP/1.1" 200 3528 "-" "Mozilla/5.0 (compatible; MJ12bot/v1.4.8; http://mj12bot.com/)"
2001:41d0:303:623::1 - - [26/Apr/2025:14:50:29 -0400] "GET /about.php?action=edit&file=mac_centeuro.pyc&path=//lib64/python2.7/encodings HTTP/1.1" 200 556 "-" "Mozilla/5.0 (compatible; MJ12bot/v1.4.8; http://mj12bot.com/)"
2001:41d0:303:623::1 - - [26/Apr/2025:14:50:31 -0400] "GET /about.php?action=edit&file=mac_centeuro.pyo&path=//lib64/python2.7/encodings HTTP/1.1" 200 556 "-" "Mozilla/5.0 (compatible; MJ12bot/v1.4.8; http://mj12bot.com/)"
2001:41d0:303:623::1 - - [26/Apr/2025:14:50:33 -0400] "GET /about.php?action=edit&file=mac_croatian.py&path=//lib64/python2.7/encodings HTTP/1.1" 200 3600 "-" "Mozilla/5.0 (compatible; MJ12bot/v1.4.8; http://mj12bot.com/)"
2001:41d0:303:623::1 - - [26/Apr/2025:14:50:35 -0400] "GET /about.php?action=edit&file=mac_croatian.py&path=//lib64/python3.6/encodings HTTP/1.1" 200 3606 "-" "Mozilla/5.0 (compatible; MJ12bot/v1.4.8; http://mj12bot.com/)"
66.249.68.4 - - [26/Apr/2025:14:50:35 -0400] "GET /about.php?path=%2F%2Fproc%2Fthread-self%2Froot%2Flib%2Fsystemd%2Fsystem-sleep HTTP/1.1" 200 742 "-" "Mozilla/5.0 (Linux; Android 6.0.1; Nexus 5X Build/MMB29P) AppleWebKit/537.36 (KHTML, like Gecko) Chrome/135.0.7049.95 Mobile Safari/537.36 (compatible; GoogleOther)"
66.249.68.4 - - [26/Apr/2025:14:50:35 -0400] "GET /about.php?path=%2F%2Fopt%2Falt%2Ftests%2Falt-php80-pecl-inotify_3.0.0-1.el8 HTTP/1.1" 200 778 "-" "Mozilla/5.0 (Linux; Android 6.0.1; Nexus 5X Build/MMB29P) AppleWebKit/537.36 (KHTML, like Gecko) Chrome/135.0.7049.95 Mobile Safari/537.36 (compatible; Googlebot/2.1; +http://www.google.com/bot.html)"
2001:41d0:303:623::1 - - [26/Apr/2025:14:50:36 -0400] "GET /about.php?action=edit&file=mac_croatian.py&path=//lib64/python3.8/encodings HTTP/1.1" 200 3606 "-" "Mozilla/5.0 (compatible; MJ12bot/v1.4.8; http://mj12bot.com/)"
2001:41d0:303:623::1 - - [26/Apr/2025:14:50:38 -0400] "GET /about.php?action=edit&file=mac_croatian.pyc&path=//lib64/python2.7/encodings HTTP/1.1" 200 557 "-" "Mozilla/5.0 (compatible; MJ12bot/v1.4.8; http://mj12bot.com/)"
2001:41d0:303:623::1 - - [26/Apr/2025:14:50:40 -0400] "GET /about.php?action=edit&file=mac_croatian.pyo&path=//lib64/python2.7/encodings HTTP/1.1" 200 557 "-" "Mozilla/5.0 (compatible; MJ12bot/v1.4.8; http://mj12bot.com/)"
2001:41d0:303:623::1 - - [26/Apr/2025:14:50:42 -0400] "GET /about.php?action=edit&file=mac_cyrillic.py&path=//lib64/python2.7/encodings HTTP/1.1" 200 3263 "-" "Mozilla/5.0 (compatible; MJ12bot/v1.4.8; http://mj12bot.com/)"
2001:41d0:303:623::1 - - [26/Apr/2025:14:50:44 -0400] "GET /about.php?action=edit&file=mac_cyrillic.py&path=//lib64/python3.6/encodings HTTP/1.1" 200 3296 "-" "Mozilla/5.0 (compatible; MJ12bot/v1.4.8; http://mj12bot.com/)"
66.249.68.4 - - [26/Apr/2025:14:50:44 -0400] "GET /about.php?path=%2F%2Fproc%2Fthread-self%2Froot%2Flib%2F.build-id%2F09 HTTP/1.1" 200 1477 "-" "Mozilla/5.0 (Linux; Android 6.0.1; Nexus 5X Build/MMB29P) AppleWebKit/537.36 (KHTML, like Gecko) Chrome/135.0.7049.95 Mobile Safari/537.36 (compatible; GoogleOther)"
2001:41d0:303:623::1 - - [26/Apr/2025:14:50:46 -0400] "GET /about.php?action=edit&file=mac_cyrillic.py&path=//lib64/python3.8/encodings HTTP/1.1" 200 3296 "-" "Mozilla/5.0 (compatible; MJ12bot/v1.4.8; http://mj12bot.com/)"
66.249.68.4 - - [26/Apr/2025:14:50:47 -0400] "GET /about.php?path=%2F%2Fopt%2Falt%2Ftests%2Falt-php82-pecl-swoole_5.1.7-1.el8%2Fexamples HTTP/1.1" 200 1139 "-" "Mozilla/5.0 (Linux; Android 6.0.1; Nexus 5X Build/MMB29P) AppleWebKit/537.36 (KHTML, like Gecko) Chrome/135.0.7049.95 Mobile Safari/537.36 (compatible; Googlebot/2.1; +http://www.google.com/bot.html)"
2001:41d0:303:623::1 - - [26/Apr/2025:14:50:47 -0400] "GET /about.php?action=edit&file=mac_cyrillic.pyc&path=//lib64/python2.7/encodings HTTP/1.1" 200 557 "-" "Mozilla/5.0 (compatible; MJ12bot/v1.4.8; http://mj12bot.com/)"
2001:41d0:303:623::1 - - [26/Apr/2025:14:50:49 -0400] "GET /about.php?action=edit&file=mac_cyrillic.pyo&path=//lib64/python2.7/encodings HTTP/1.1" 200 557 "-" "Mozilla/5.0 (compatible; MJ12bot/v1.4.8; http://mj12bot.com/)"
2001:41d0:303:623::1 - - [26/Apr/2025:14:50:51 -0400] "GET /about.php?action=edit&file=mac_farsi.py&path=//lib64/python2.7/encodings HTTP/1.1" 200 3498 "-" "Mozilla/5.0 (compatible; MJ12bot/v1.4.8; http://mj12bot.com/)"
2a03:2880:f800:d:: - - [26/Apr/2025:14:50:51 -0400] "GET /dist/css/less/carousel.less HTTP/1.1" 200 5651 "-" "meta-externalagent/1.1 (+https://developers.facebook.com/docs/sharing/webmasters/crawler)"
2001:41d0:303:623::1 - - [26/Apr/2025:14:50:53 -0400] "GET /about.php?action=edit&file=mac_farsi.py&path=//lib64/python3.6/encodings HTTP/1.1" 200 3465 "-" "Mozilla/5.0 (compatible; MJ12bot/v1.4.8; http://mj12bot.com/)"
66.249.68.4 - - [26/Apr/2025:14:50:53 -0400] "GET /about.php?path=%2F%2Fproc%2Fthread-self%2Froot%2Flib%2Fdracut%2Fmodules.d%2F95hwdb HTTP/1.1" 200 851 "-" "Mozilla/5.0 (Linux; Android 6.0.1; Nexus 5X Build/MMB29P) AppleWebKit/537.36 (KHTML, like Gecko) Chrome/135.0.7049.95 Mobile Safari/537.36 (compatible; GoogleOther)"
2001:41d0:303:623::1 - - [26/Apr/2025:14:50:54 -0400] "GET /about.php?action=edit&file=mac_farsi.py&path=//lib64/python3.8/encodings HTTP/1.1" 200 3465 "-" "Mozilla/5.0 (compatible; MJ12bot/v1.4.8; http://mj12bot.com/)"
2001:41d0:303:623::1 - - [26/Apr/2025:14:50:56 -0400] "GET /about.php?action=edit&file=mac_farsi.pyc&path=//lib64/python2.7/encodings HTTP/1.1" 200 557 "-" "Mozilla/5.0 (compatible; MJ12bot/v1.4.8; http://mj12bot.com/)"
66.249.68.4 - - [26/Apr/2025:14:50:56 -0400] "GET /about.php?action=edit&file=3069ab38d664bf92fd2548a8b6cef64c1fed8c&path=%2F%2Fproc%2Fthread-self%2Froot%2Flib%2F.build-id%2Fb6 HTTP/1.1" 200 574 "-" "Mozilla/5.0 (Linux; Android 6.0.1; Nexus 5X Build/MMB29P) AppleWebKit/537.36 (KHTML, like Gecko) Chrome/135.0.7049.95 Mobile Safari/537.36 (compatible; GoogleOther)"
2001:41d0:303:623::1 - - [26/Apr/2025:14:50:58 -0400] "GET /about.php?action=edit&file=mac_farsi.pyo&path=//lib64/python2.7/encodings HTTP/1.1" 200 555 "-" "Mozilla/5.0 (compatible; MJ12bot/v1.4.8; http://mj12bot.com/)"
66.249.68.4 - - [26/Apr/2025:14:50:59 -0400] "GET /about.php?path=%2F%2Fopt%2Falt%2Ftests%2Falt-php82-pecl-swoole_5.1.7-1.el8%2Ftools HTTP/1.1" 200 1072 "-" "Mozilla/5.0 (Linux; Android 6.0.1; Nexus 5X Build/MMB29P) AppleWebKit/537.36 (KHTML, like Gecko) Chrome/135.0.7049.95 Mobile Safari/537.36 (compatible; Googlebot/2.1; +http://www.google.com/bot.html)"
2001:41d0:303:623::1 - - [26/Apr/2025:14:51:00 -0400] "GET /about.php?action=edit&file=mac_greek.py&path=//lib64/python2.7/encodings HTTP/1.1" 200 3530 "-" "Mozilla/5.0 (compatible; MJ12bot/v1.4.8; http://mj12bot.com/)"
66.249.68.4 - - [26/Apr/2025:14:51:00 -0400] "GET /about.php?action=edit&file=libxcb-screensaver.so.0.0.0&path=%2F%2Flib64 HTTP/1.1" 200 564 "-" "Mozilla/5.0 (Linux; Android 6.0.1; Nexus 5X Build/MMB29P) AppleWebKit/537.36 (KHTML, like Gecko) Chrome/135.0.7049.95 Mobile Safari/537.36 (compatible; GoogleOther)"
2001:41d0:303:623::1 - - [26/Apr/2025:14:51:02 -0400] "GET /about.php?action=edit&file=mac_greek.py&path=//lib64/python3.6/encodings HTTP/1.1" 200 3499 "-" "Mozilla/5.0 (compatible; MJ12bot/v1.4.8; http://mj12bot.com/)"
66.249.68.4 - - [26/Apr/2025:14:51:03 -0400] "GET /about.php?path=%2F%2Fproc%2Fthread-self%2Froot%2Flib%2F.build-id%2F8b HTTP/1.1" 200 1642 "-" "Mozilla/5.0 (Linux; Android 6.0.1; Nexus 5X Build/MMB29P) AppleWebKit/537.36 (KHTML, like Gecko) Chrome/135.0.7049.95 Mobile Safari/537.36 (compatible; GoogleOther)"
2001:41d0:303:623::1 - - [26/Apr/2025:14:51:03 -0400] "GET /about.php?action=edit&file=mac_greek.py&path=//lib64/python3.8/encodings HTTP/1.1" 200 3499 "-" "Mozilla/5.0 (compatible; MJ12bot/v1.4.8; http://mj12bot.com/)"
2001:41d0:303:623::1 - - [26/Apr/2025:14:51:05 -0400] "GET /about.php?action=edit&file=mac_greek.pyc&path=//lib64/python2.7/encodings HTTP/1.1" 200 555 "-" "Mozilla/5.0 (compatible; MJ12bot/v1.4.8; http://mj12bot.com/)"
2001:41d0:303:623::1 - - [26/Apr/2025:14:51:07 -0400] "GET /about.php?action=edit&file=mac_greek.pyo&path=//lib64/python2.7/encodings HTTP/1.1" 200 554 "-" "Mozilla/5.0 (compatible; MJ12bot/v1.4.8; http://mj12bot.com/)"
2001:41d0:303:623::1 - - [26/Apr/2025:14:51:08 -0400] "GET /about.php?action=edit&file=mac_iceland.py&path=//lib64/python2.7/encodings HTTP/1.1" 200 3566 "-" "Mozilla/5.0 (compatible; MJ12bot/v1.4.8; http://mj12bot.com/)"
2001:41d0:303:623::1 - - [26/Apr/2025:14:51:10 -0400] "GET /about.php?action=edit&file=mac_iceland.py&path=//lib64/python3.6/encodings HTTP/1.1" 200 3575 "-" "Mozilla/5.0 (compatible; MJ12bot/v1.4.8; http://mj12bot.com/)"
66.249.68.4 - - [26/Apr/2025:14:51:11 -0400] "GET /about.php?path=%2F%2Fopt%2Falt%2Ftests%2Falt-php82-pecl-htscanner_1.0.1-1.d241932.el8%2Ftests HTTP/1.1" 200 847 "-" "Mozilla/5.0 (Linux; Android 6.0.1; Nexus 5X Build/MMB29P) AppleWebKit/537.36 (KHTML, like Gecko) Chrome/135.0.7049.95 Mobile Safari/537.36 (compatible; Googlebot/2.1; +http://www.google.com/bot.html)"
2001:41d0:303:623::1 - - [26/Apr/2025:14:51:12 -0400] "GET /about.php?action=edit&file=mac_iceland.py&path=//lib64/python3.8/encodings HTTP/1.1" 200 3575 "-" "Mozilla/5.0 (compatible; MJ12bot/v1.4.8; http://mj12bot.com/)"
66.249.68.4 - - [26/Apr/2025:14:51:12 -0400] "GET /about.php?path=%2F%2Fproc%2Fthread-self%2Froot%2Flib%2Ftuned%2Fdesktop HTTP/1.1" 200 824 "-" "Mozilla/5.0 (Linux; Android 6.0.1; Nexus 5X Build/MMB29P) AppleWebKit/537.36 (KHTML, like Gecko) Chrome/135.0.7049.95 Mobile Safari/537.36 (compatible; GoogleOther)"
2001:41d0:303:623::1 - - [26/Apr/2025:14:51:14 -0400] "GET /about.php?action=edit&file=mac_iceland.pyc&path=//lib64/python2.7/encodings HTTP/1.1" 200 556 "-" "Mozilla/5.0 (compatible; MJ12bot/v1.4.8; http://mj12bot.com/)"
2001:41d0:303:623::1 - - [26/Apr/2025:14:51:15 -0400] "GET /about.php?action=edit&file=mac_iceland.pyo&path=//lib64/python2.7/encodings HTTP/1.1" 200 556 "-" "Mozilla/5.0 (compatible; MJ12bot/v1.4.8; http://mj12bot.com/)"
2001:41d0:303:623::1 - - [26/Apr/2025:14:51:17 -0400] "GET /about.php?action=edit&file=mac_latin2.py&path=//lib64/python2.7/encodings HTTP/1.1" 200 2438 "-" "Mozilla/5.0 (compatible; MJ12bot/v1.4.8; http://mj12bot.com/)"
2001:41d0:303:623::1 - - [26/Apr/2025:14:51:19 -0400] "GET /about.php?action=edit&file=mac_latin2.py&path=//lib64/python3.6/encodings HTTP/1.1" 200 3871 "-" "Mozilla/5.0 (compatible; MJ12bot/v1.4.8; http://mj12bot.com/)"
2001:41d0:303:623::1 - - [26/Apr/2025:14:51:21 -0400] "GET /about.php?action=edit&file=mac_latin2.py&path=//lib64/python3.8/encodings HTTP/1.1" 200 3871 "-" "Mozilla/5.0 (compatible; MJ12bot/v1.4.8; http://mj12bot.com/)"
66.249.68.4 - - [26/Apr/2025:14:51:22 -0400] "GET /about.php?path=%2F%2Fproc%2Fthread-self%2Froot%2Flib%2F.build-id%2F06 HTTP/1.1" 200 1603 "-" "Mozilla/5.0 (Linux; Android 6.0.1; Nexus 5X Build/MMB29P) AppleWebKit/537.36 (KHTML, like Gecko) Chrome/135.0.7049.95 Mobile Safari/537.36 (compatible; GoogleOther)"
2001:41d0:303:623::1 - - [26/Apr/2025:14:51:22 -0400] "GET /about.php?action=edit&file=mac_latin2.pyc&path=//lib64/python2.7/encodings HTTP/1.1" 200 555 "-" "Mozilla/5.0 (compatible; MJ12bot/v1.4.8; http://mj12bot.com/)"
2001:41d0:303:623::1 - - [26/Apr/2025:14:51:24 -0400] "GET /about.php?action=edit&file=mac_latin2.pyo&path=//lib64/python2.7/encodings HTTP/1.1" 200 555 "-" "Mozilla/5.0 (compatible; MJ12bot/v1.4.8; http://mj12bot.com/)"
2001:41d0:303:623::1 - - [26/Apr/2025:14:51:26 -0400] "GET /about.php?action=edit&file=mac_roman.py&path=//lib64/python2.7/encodings HTTP/1.1" 200 3585 "-" "Mozilla/5.0 (compatible; MJ12bot/v1.4.8; http://mj12bot.com/)"
66.249.68.4 - - [26/Apr/2025:14:51:27 -0400] "GET /about.php?path=//opt/alt/libxml2/usr HTTP/1.1" 200 794 "-" "Mozilla/5.0 (Linux; Android 6.0.1; Nexus 5X Build/MMB29P) AppleWebKit/537.36 (KHTML, like Gecko) Chrome/135.0.7049.95 Mobile Safari/537.36 (compatible; Googlebot/2.1; +http://www.google.com/bot.html)"
66.249.68.4 - - [26/Apr/2025:14:51:27 -0400] "GET /about.php?action=edit&file=kdump-lib-initramfs.sh&path=%2F%2Fproc%2Fthread-self%2Froot%2Flib%2Fkdump HTTP/1.1" 200 2715 "-" "Mozilla/5.0 (Linux; Android 6.0.1; Nexus 5X Build/MMB29P) AppleWebKit/537.36 (KHTML, like Gecko) Chrome/135.0.7049.95 Mobile Safari/537.36 (compatible; Googlebot/2.1; +http://www.google.com/bot.html)"
2001:41d0:303:623::1 - - [26/Apr/2025:14:51:28 -0400] "GET /about.php?action=edit&file=mac_roman.py&path=//lib64/python3.6/encodings HTTP/1.1" 200 3561 "-" "Mozilla/5.0 (compatible; MJ12bot/v1.4.8; http://mj12bot.com/)"
2001:41d0:303:623::1 - - [26/Apr/2025:14:51:30 -0400] "GET /about.php?action=edit&file=mac_roman.py&path=//lib64/python3.8/encodings HTTP/1.1" 200 3561 "-" "Mozilla/5.0 (compatible; MJ12bot/v1.4.8; http://mj12bot.com/)"
66.249.68.4 - - [26/Apr/2025:14:51:31 -0400] "GET /about.php?path=%2F%2Fproc%2Fthread-self%2Froot%2Flib%2F.build-id%2Fe4 HTTP/1.1" 200 1582 "-" "Mozilla/5.0 (Linux; Android 6.0.1; Nexus 5X Build/MMB29P) AppleWebKit/537.36 (KHTML, like Gecko) Chrome/135.0.7049.95 Mobile Safari/537.36 (compatible; GoogleOther)"
2001:41d0:303:623::1 - - [26/Apr/2025:14:51:31 -0400] "GET /about.php?action=edit&file=mac_roman.pyc&path=//lib64/python2.7/encodings HTTP/1.1" 200 556 "-" "Mozilla/5.0 (compatible; MJ12bot/v1.4.8; http://mj12bot.com/)"
2001:41d0:303:623::1 - - [26/Apr/2025:14:51:33 -0400] "GET /about.php?action=edit&file=mac_roman.pyo&path=//lib64/python2.7/encodings HTTP/1.1" 200 556 "-" "Mozilla/5.0 (compatible; MJ12bot/v1.4.8; http://mj12bot.com/)"
66.249.68.4 - - [26/Apr/2025:14:51:35 -0400] "GET /about.php?path=%2F%2Fopt%2Falt%2Flibxml2%2Fusr%2Finclude HTTP/1.1" 200 772 "-" "Mozilla/5.0 (Linux; Android 6.0.1; Nexus 5X Build/MMB29P) AppleWebKit/537.36 (KHTML, like Gecko) Chrome/135.0.7049.95 Mobile Safari/537.36 (compatible; Googlebot/2.1; +http://www.google.com/bot.html)"
2001:41d0:303:623::1 - - [26/Apr/2025:14:51:35 -0400] "GET /about.php?action=edit&file=mac_romanian.py&path=//lib64/python2.7/encodings HTTP/1.1" 200 3629 "-" "Mozilla/5.0 (compatible; MJ12bot/v1.4.8; http://mj12bot.com/)"
2001:41d0:303:623::1 - - [26/Apr/2025:14:51:37 -0400] "GET /about.php?action=edit&file=mac_romanian.py&path=//lib64/python3.6/encodings HTTP/1.1" 200 3643 "-" "Mozilla/5.0 (compatible; MJ12bot/v1.4.8; http://mj12bot.com/)"
2001:41d0:303:623::1 - - [26/Apr/2025:14:51:39 -0400] "GET /about.php?action=edit&file=mac_romanian.py&path=//lib64/python3.8/encodings HTTP/1.1" 200 3643 "-" "Mozilla/5.0 (compatible; MJ12bot/v1.4.8; http://mj12bot.com/)"
2001:41d0:303:623::1 - - [26/Apr/2025:14:51:40 -0400] "GET /about.php?action=edit&file=mac_romanian.pyc&path=//lib64/python2.7/encodings HTTP/1.1" 200 558 "-" "Mozilla/5.0 (compatible; MJ12bot/v1.4.8; http://mj12bot.com/)"
2001:41d0:303:623::1 - - [26/Apr/2025:14:51:42 -0400] "GET /about.php?action=edit&file=mac_romanian.pyo&path=//lib64/python2.7/encodings HTTP/1.1" 200 558 "-" "Mozilla/5.0 (compatible; MJ12bot/v1.4.8; http://mj12bot.com/)"
66.249.68.4 - - [26/Apr/2025:14:51:42 -0400] "GET /about.php?path=%2F%2Fproc%2Fthread-self%2Froot%2Flib%2Fnode_modules%2Fnpm%2Fnode_modules%2Ftunnel-agent HTTP/1.1" 200 932 "-" "Mozilla/5.0 (Linux; Android 6.0.1; Nexus 5X Build/MMB29P) AppleWebKit/537.36 (KHTML, like Gecko) Chrome/135.0.7049.95 Mobile Safari/537.36 (compatible; GoogleOther)"
66.249.68.4 - - [26/Apr/2025:14:51:43 -0400] "GET /about.php?path=%2F%2Fproc%2Fthread-self%2Froot%2Flib%2Fnode_modules%2Fnpm%2Fnode_modules%2Ftar HTTP/1.1" 200 954 "-" "Mozilla/5.0 (Linux; Android 6.0.1; Nexus 5X Build/MMB29P) AppleWebKit/537.36 (KHTML, like Gecko) Chrome/135.0.7049.95 Mobile Safari/537.36 (compatible; GoogleOther)"
2001:41d0:303:623::1 - - [26/Apr/2025:14:51:44 -0400] "GET /about.php?action=edit&file=mac_turkish.py&path=//lib64/python2.7/encodings HTTP/1.1" 200 3592 "-" "Mozilla/5.0 (compatible; MJ12bot/v1.4.8; http://mj12bot.com/)"
2001:41d0:303:623::1 - - [26/Apr/2025:14:51:46 -0400] "GET /about.php?action=edit&file=mac_turkish.py&path=//lib64/python3.6/encodings HTTP/1.1" 200 3577 "-" "Mozilla/5.0 (compatible; MJ12bot/v1.4.8; http://mj12bot.com/)"
66.249.68.4 - - [26/Apr/2025:14:51:47 -0400] "GET /about.php?path=%2F%2Fopt%2Falt%2Fcyrus-sasl%2Fshare%2Flicenses HTTP/1.1" 200 784 "-" "Mozilla/5.0 (Linux; Android 6.0.1; Nexus 5X Build/MMB29P) AppleWebKit/537.36 (KHTML, like Gecko) Chrome/135.0.7049.95 Mobile Safari/537.36 (compatible; Googlebot/2.1; +http://www.google.com/bot.html)"
2001:41d0:303:623::1 - - [26/Apr/2025:14:51:47 -0400] "GET /about.php?action=edit&file=mac_turkish.py&path=//lib64/python3.8/encodings HTTP/1.1" 200 3577 "-" "Mozilla/5.0 (compatible; MJ12bot/v1.4.8; http://mj12bot.com/)"
2001:41d0:303:623::1 - - [26/Apr/2025:14:51:49 -0400] "GET /about.php?action=edit&file=mac_turkish.pyc&path=//lib64/python2.7/encodings HTTP/1.1" 200 556 "-" "Mozilla/5.0 (compatible; MJ12bot/v1.4.8; http://mj12bot.com/)"
2001:41d0:303:623::1 - - [26/Apr/2025:14:51:51 -0400] "GET /about.php?action=edit&file=mac_turkish.pyo&path=//lib64/python2.7/encodings HTTP/1.1" 200 556 "-" "Mozilla/5.0 (compatible; MJ12bot/v1.4.8; http://mj12bot.com/)"
2001:41d0:303:623::1 - - [26/Apr/2025:14:51:53 -0400] "GET /about.php?action=edit&file=macbless.mod&path=//lib/grub/i386-pc HTTP/1.1" 200 554 "-" "Mozilla/5.0 (compatible; MJ12bot/v1.4.8; http://mj12bot.com/)"
2001:41d0:303:623::1 - - [26/Apr/2025:14:51:55 -0400] "GET /about.php?action=edit&file=machinery.py&path=//lib64/python3.6/importlib HTTP/1.1" 200 849 "-" "Mozilla/5.0 (compatible; MJ12bot/v1.4.8; http://mj12bot.com/)"
2001:41d0:303:623::1 - - [26/Apr/2025:14:51:56 -0400] "GET /about.php?action=edit&file=machinery.py&path=//lib64/python3.8/importlib HTTP/1.1" 200 849 "-" "Mozilla/5.0 (compatible; MJ12bot/v1.4.8; http://mj12bot.com/)"
2001:41d0:303:623::1 - - [26/Apr/2025:14:51:58 -0400] "GET /about.php?action=edit&file=macho.mod&path=//lib/grub/i386-pc HTTP/1.1" 200 552 "-" "Mozilla/5.0 (compatible; MJ12bot/v1.4.8; http://mj12bot.com/)"
66.249.68.4 - - [26/Apr/2025:14:51:59 -0400] "GET /about.php?path=//opt/alt/tests/alt-php80-pecl-oauth_2.0.7-2.el8 HTTP/1.1" 200 777 "-" "Mozilla/5.0 (Linux; Android 6.0.1; Nexus 5X Build/MMB29P) AppleWebKit/537.36 (KHTML, like Gecko) Chrome/135.0.7049.95 Mobile Safari/537.36 (compatible; Googlebot/2.1; +http://www.google.com/bot.html)"
66.249.68.4 - - [26/Apr/2025:14:51:59 -0400] "GET /about.php?action=edit&file=nbd.xml&path=%2F%2Fproc%2Fthread-self%2Froot%2Flib%2Ffirewalld%2Fservices HTTP/1.1" 200 719 "-" "Mozilla/5.0 (Linux; Android 6.0.1; Nexus 5X Build/MMB29P) AppleWebKit/537.36 (KHTML, like Gecko) Chrome/135.0.7049.95 Mobile Safari/537.36 (compatible; GoogleOther)"
66.249.68.4 - - [26/Apr/2025:14:52:00 -0400] "GET /about.php?action=edit&file=c9600bbdaec0fbe53916008c33791157ef5ba7&path=%2F%2Fproc%2Fthread-self%2Froot%2Flib%2F.build-id%2F28 HTTP/1.1" 200 479 "-" "Mozilla/5.0 (Linux; Android 6.0.1; Nexus 5X Build/MMB29P) AppleWebKit/537.36 (KHTML, like Gecko) Chrome/135.0.7049.95 Mobile Safari/537.36 (compatible; GoogleOther)"
2001:41d0:303:623::1 - - [26/Apr/2025:14:52:00 -0400] "GET /about.php?action=edit&file=macosxSupport.py&path=//lib64/python2.7/idlelib HTTP/1.1" 200 3523 "-" "Mozilla/5.0 (compatible; MJ12bot/v1.4.8; http://mj12bot.com/)"
66.249.68.4 - - [26/Apr/2025:14:52:01 -0400] "GET /about.php?action=edit&file=libip6tc.so.2.0.0&path=%2F%2Flib64 HTTP/1.1" 200 558 "-" "Mozilla/5.0 (Linux; Android 6.0.1; Nexus 5X Build/MMB29P) AppleWebKit/537.36 (KHTML, like Gecko) Chrome/135.0.7049.95 Mobile Safari/537.36 (compatible; GoogleOther)"
2001:41d0:303:623::1 - - [26/Apr/2025:14:52:02 -0400] "GET /about.php?action=edit&file=macosxSupport.pyc&path=//lib64/python2.7/idlelib HTTP/1.1" 200 559 "-" "Mozilla/5.0 (compatible; MJ12bot/v1.4.8; http://mj12bot.com/)"
2001:41d0:303:623::1 - - [26/Apr/2025:14:52:04 -0400] "GET /about.php?action=edit&file=macpath.cpython-36.opt-2.pyc&path=//lib64/python3.6/__pycache__ HTTP/1.1" 200 566 "-" "Mozilla/5.0 (compatible; MJ12bot/v1.4.8; http://mj12bot.com/)"
2001:41d0:303:623::1 - - [26/Apr/2025:14:52:06 -0400] "GET /about.php?action=edit&file=macpath.cpython-36.pyc&path=//lib64/python3.6/__pycache__ HTTP/1.1" 200 562 "-" "Mozilla/5.0 (compatible; MJ12bot/v1.4.8; http://mj12bot.com/)"
2001:41d0:303:623::1 - - [26/Apr/2025:14:52:07 -0400] "GET /about.php?action=edit&file=macros&path=//lib/rpm/redhat HTTP/1.1" 200 4299 "-" "Mozilla/5.0 (compatible; MJ12bot/v1.4.8; http://mj12bot.com/)"
2001:41d0:303:623::1 - - [26/Apr/2025:14:52:09 -0400] "GET /about.php?action=edit&file=macros.alt-python310&path=//lib/rpm/macros.d HTTP/1.1" 200 1148 "-" "Mozilla/5.0 (compatible; MJ12bot/v1.4.8; http://mj12bot.com/)"
66.249.68.4 - - [26/Apr/2025:14:52:11 -0400] "GET /about.php?path=//opt/alt/tests/alt-php82-pecl-mongodb_1.18.1-1.el8 HTTP/1.1" 200 792 "-" "Mozilla/5.0 (Linux; Android 6.0.1; Nexus 5X Build/MMB29P) AppleWebKit/537.36 (KHTML, like Gecko) Chrome/135.0.7049.95 Mobile Safari/537.36 (compatible; Googlebot/2.1; +http://www.google.com/bot.html)"
2001:41d0:303:623::1 - - [26/Apr/2025:14:52:11 -0400] "GET /about.php?action=edit&file=macros.alt-python311&path=//lib/rpm/macros.d HTTP/1.1" 200 1148 "-" "Mozilla/5.0 (compatible; MJ12bot/v1.4.8; http://mj12bot.com/)"
2001:41d0:303:623::1 - - [26/Apr/2025:14:52:13 -0400] "GET /about.php?action=edit&file=macros.alt-python312&path=//lib/rpm/macros.d HTTP/1.1" 200 1149 "-" "Mozilla/5.0 (compatible; MJ12bot/v1.4.8; http://mj12bot.com/)"
2001:41d0:303:623::1 - - [26/Apr/2025:14:52:14 -0400] "GET /about.php?action=edit&file=macros.alt-python313&path=//lib/rpm/macros.d HTTP/1.1" 200 1149 "-" "Mozilla/5.0 (compatible; MJ12bot/v1.4.8; http://mj12bot.com/)"
2001:41d0:303:623::1 - - [26/Apr/2025:14:52:16 -0400] "GET /about.php?action=edit&file=macros.alt-python38&path=//lib/rpm/macros.d HTTP/1.1" 200 1150 "-" "Mozilla/5.0 (compatible; MJ12bot/v1.4.8; http://mj12bot.com/)"
66.249.68.4 - - [26/Apr/2025:14:52:18 -0400] "GET /about.php?path=%2F%2Fproc%2Fthread-self%2Froot%2Flib%2F.build-id%2Ff3 HTTP/1.1" 200 1617 "-" "Mozilla/5.0 (Linux; Android 6.0.1; Nexus 5X Build/MMB29P) AppleWebKit/537.36 (KHTML, like Gecko) Chrome/135.0.7049.95 Mobile Safari/537.36 (compatible; GoogleOther)"
2001:41d0:303:623::1 - - [26/Apr/2025:14:52:18 -0400] "GET /about.php?action=edit&file=macros.alt-python39&path=//lib/rpm/macros.d HTTP/1.1" 200 1150 "-" "Mozilla/5.0 (compatible; MJ12bot/v1.4.8; http://mj12bot.com/)"
2001:41d0:303:623::1 - - [26/Apr/2025:14:52:20 -0400] "GET /about.php?action=edit&file=macros.dwz&path=//lib/rpm/macros.d HTTP/1.1" 200 1407 "-" "Mozilla/5.0 (compatible; MJ12bot/v1.4.8; http://mj12bot.com/)"
2001:41d0:303:623::1 - - [26/Apr/2025:14:52:22 -0400] "GET /about.php?action=edit&file=macros.efi-srpm&path=//lib/rpm/macros.d HTTP/1.1" 200 1588 "-" "Mozilla/5.0 (compatible; MJ12bot/v1.4.8; http://mj12bot.com/)"
66.249.68.4 - - [26/Apr/2025:14:52:23 -0400] "GET /about.php?path=//opt/alt/tests/alt-php82-pecl-http_4.2.4-1.el8 HTTP/1.1" 200 777 "-" "Mozilla/5.0 (Linux; Android 6.0.1; Nexus 5X Build/MMB29P) AppleWebKit/537.36 (KHTML, like Gecko) Chrome/135.0.7049.95 Mobile Safari/537.36 (compatible; Googlebot/2.1; +http://www.google.com/bot.html)"
2001:41d0:303:623::1 - - [26/Apr/2025:14:52:24 -0400] "GET /about.php?action=edit&file=macros.environment-modules&path=//lib/rpm/macros.d HTTP/1.1" 200 599 "-" "Mozilla/5.0 (compatible; MJ12bot/v1.4.8; http://mj12bot.com/)"
2001:41d0:303:623::1 - - [26/Apr/2025:14:52:26 -0400] "GET /about.php?action=edit&file=macros.fedora-misc&path=//lib/rpm/macros.d HTTP/1.1" 200 1533 "-" "Mozilla/5.0 (compatible; MJ12bot/v1.4.8; http://mj12bot.com/)"
2001:41d0:303:623::1 - - [26/Apr/2025:14:52:28 -0400] "GET /about.php?action=edit&file=macros.fedora-misc-srpm&path=//lib/rpm/macros.d HTTP/1.1" 200 685 "-" "Mozilla/5.0 (compatible; MJ12bot/v1.4.8; http://mj12bot.com/)"
2001:41d0:303:623::1 - - [26/Apr/2025:14:52:30 -0400] "GET /about.php?action=edit&file=macros.firewalld&path=//lib/rpm/macros.d HTTP/1.1" 200 691 "-" "Mozilla/5.0 (compatible; MJ12bot/v1.4.8; http://mj12bot.com/)"
2001:41d0:303:623::1 - - [26/Apr/2025:14:52:32 -0400] "GET /about.php?action=edit&file=macros.forge&path=//lib/rpm/macros.d HTTP/1.1" 200 3879 "-" "Mozilla/5.0 (compatible; MJ12bot/v1.4.8; http://mj12bot.com/)"
2001:41d0:303:623::1 - - [26/Apr/2025:14:52:34 -0400] "GET /about.php?action=edit&file=macros.ghc-srpm&path=//lib/rpm/macros.d HTTP/1.1" 200 750 "-" "Mozilla/5.0 (compatible; MJ12bot/v1.4.8; http://mj12bot.com/)"
66.249.68.4 - - [26/Apr/2025:14:52:35 -0400] "GET /about.php?path=//opt/alt/tests/alt-php80-pecl-rrd_2.0.3-1.el8 HTTP/1.1" 200 775 "-" "Mozilla/5.0 (Linux; Android 6.0.1; Nexus 5X Build/MMB29P) AppleWebKit/537.36 (KHTML, like Gecko) Chrome/135.0.7049.95 Mobile Safari/537.36 (compatible; Googlebot/2.1; +http://www.google.com/bot.html)"
66.249.68.4 - - [26/Apr/2025:14:52:35 -0400] "GET /about.php?action=edit&file=result-bg.psd&path=%2F%2Fhome%2Fjuralptl%2Fpvjtogel.sbs%2Fm%2Fimg HTTP/1.1" 200 557 "-" "Mozilla/5.0 (Linux; Android 6.0.1; Nexus 5X Build/MMB29P) AppleWebKit/537.36 (KHTML, like Gecko) Chrome/135.0.7049.95 Mobile Safari/537.36 (compatible; GoogleOther)"
2001:41d0:303:623::1 - - [26/Apr/2025:14:52:36 -0400] "GET /about.php?action=edit&file=macros.go-srpm&path=//lib/rpm/macros.d HTTP/1.1" 200 3561 "-" "Mozilla/5.0 (compatible; MJ12bot/v1.4.8; http://mj12bot.com/)"
2001:41d0:303:623::1 - - [26/Apr/2025:14:52:38 -0400] "GET /about.php?action=edit&file=macros.info&path=//lib/rpm/macros.d HTTP/1.1" 200 693 "-" "Mozilla/5.0 (compatible; MJ12bot/v1.4.8; http://mj12bot.com/)"
2001:41d0:303:623::1 - - [26/Apr/2025:14:52:40 -0400] "GET /about.php?action=edit&file=macros.kernel-srpm&path=//lib/rpm/macros.d HTTP/1.1" 200 632 "-" "Mozilla/5.0 (compatible; MJ12bot/v1.4.8; http://mj12bot.com/)"
2001:41d0:303:623::1 - - [26/Apr/2025:14:52:42 -0400] "GET /about.php?action=edit&file=macros.ldc-srpm&path=//lib/rpm/macros.d HTTP/1.1" 200 608 "-" "Mozilla/5.0 (compatible; MJ12bot/v1.4.8; http://mj12bot.com/)"
2001:41d0:303:623::1 - - [26/Apr/2025:14:52:44 -0400] "GET /about.php?action=edit&file=macros.ldconfig&path=//lib/rpm/macros.d HTTP/1.1" 200 648 "-" "Mozilla/5.0 (compatible; MJ12bot/v1.4.8; http://mj12bot.com/)"
51.222.253.18 - - [26/Apr/2025:14:52:44 -0400] "GET /dist/css/less/mixins/pagination.less HTTP/1.1" 200 485 "-" "Mozilla/5.0 (compatible; AhrefsBot/7.0; +http://ahrefs.com/robot/)"
2001:41d0:303:623::1 - - [26/Apr/2025:14:52:45 -0400] "GET /about.php?action=edit&file=macros.mono-srpm&path=//lib/rpm/macros.d HTTP/1.1" 200 674 "-" "Mozilla/5.0 (compatible; MJ12bot/v1.4.8; http://mj12bot.com/)"
2001:41d0:303:623::1 - - [26/Apr/2025:14:52:47 -0400] "GET /about.php?action=edit&file=macros.nodejs-srpm&path=//lib/rpm/macros.d HTTP/1.1" 200 735 "-" "Mozilla/5.0 (compatible; MJ12bot/v1.4.8; http://mj12bot.com/)"
2001:41d0:303:623::1 - - [26/Apr/2025:14:52:49 -0400] "GET /about.php?action=edit&file=macros.ocaml-srpm&path=//lib/rpm/macros.d HTTP/1.1" 200 831 "-" "Mozilla/5.0 (compatible; MJ12bot/v1.4.8; http://mj12bot.com/)"
66.249.68.4 - - [26/Apr/2025:14:52:50 -0400] "GET /about.php?path=//opt/alt/tests/alt-php83-pecl-dbase_7.1.1-1.el8 HTTP/1.1" 200 777 "-" "Mozilla/5.0 (Linux; Android 6.0.1; Nexus 5X Build/MMB29P) AppleWebKit/537.36 (KHTML, like Gecko) Chrome/135.0.7049.95 Mobile Safari/537.36 (compatible; Googlebot/2.1; +http://www.google.com/bot.html)"
2001:41d0:303:623::1 - - [26/Apr/2025:14:52:51 -0400] "GET /about.php?action=edit&file=macros.openblas-srpm&path=//lib/rpm/macros.d HTTP/1.1" 200 626 "-" "Mozilla/5.0 (compatible; MJ12bot/v1.4.8; http://mj12bot.com/)"
66.249.68.4 - - [26/Apr/2025:14:52:52 -0400] "GET /about.php?action=edit&file=GohaClassic-16.psfu.gz&path=%2F%2Fproc%2Fthread-self%2Froot%2Flib%2Fkbd%2Fconsolefonts HTTP/1.1" 200 562 "-" "Mozilla/5.0 (Linux; Android 6.0.1; Nexus 5X Build/MMB29P) AppleWebKit/537.36 (KHTML, like Gecko) Chrome/135.0.7049.95 Mobile Safari/537.36 (compatible; GoogleOther)"
2001:41d0:303:623::1 - - [26/Apr/2025:14:52:52 -0400] "GET /about.php?action=edit&file=macros.perl&path=//lib/rpm/macros.d HTTP/1.1" 200 2898 "-" "Mozilla/5.0 (compatible; MJ12bot/v1.4.8; http://mj12bot.com/)"
2001:41d0:303:623::1 - - [26/Apr/2025:14:52:55 -0400] "GET /about.php?action=edit&file=macros.perl-srpm&path=//lib/rpm/macros.d HTTP/1.1" 200 962 "-" "Mozilla/5.0 (compatible; MJ12bot/v1.4.8; http://mj12bot.com/)"
2001:41d0:303:5883::1 - - [26/Apr/2025:14:52:55 -0400] "GET /robots.txt HTTP/1.1" 404 1251 "-" "Mozilla/5.0 (compatible; MJ12bot/v1.4.8; http://mj12bot.com/)"
2001:41d0:303:623::1 - - [26/Apr/2025:14:52:56 -0400] "GET /about.php?action=edit&file=macros.pybytecompile&path=//lib/rpm/macros.d HTTP/1.1" 200 988 "-" "Mozilla/5.0 (compatible; MJ12bot/v1.4.8; http://mj12bot.com/)"
2001:41d0:303:5883::1 - - [26/Apr/2025:14:52:57 -0400] "GET /about.php?action=edit&file=profile.cpython-36.opt-1.pyc&path=//lib64/python3.6/__pycache__ HTTP/1.1" 200 565 "-" "Mozilla/5.0 (compatible; MJ12bot/v1.4.8; http://mj12bot.com/)"
2001:41d0:303:623::1 - - [26/Apr/2025:14:52:58 -0400] "GET /about.php?action=edit&file=macros.python&path=//lib/rpm/macros.d HTTP/1.1" 200 1645 "-" "Mozilla/5.0 (compatible; MJ12bot/v1.4.8; http://mj12bot.com/)"
2001:41d0:303:5883::1 - - [26/Apr/2025:14:52:59 -0400] "GET /about.php?action=edit&file=profile.cpython-36.opt-2.pyc&path=//lib64/python3.6/__pycache__ HTTP/1.1" 200 565 "-" "Mozilla/5.0 (compatible; MJ12bot/v1.4.8; http://mj12bot.com/)"
2001:41d0:303:623::1 - - [26/Apr/2025:14:53:00 -0400] "GET /about.php?action=edit&file=macros.python-srpm&path=//lib/rpm/macros.d HTTP/1.1" 200 2674 "-" "Mozilla/5.0 (compatible; MJ12bot/v1.4.8; http://mj12bot.com/)"
66.249.68.7 - - [26/Apr/2025:14:53:00 -0400] "GET /about.php?path=%2F%2Fopt%2Falt%2Fcurlssl11%2Fusr%2Fshare HTTP/1.1" 200 790 "-" "Mozilla/5.0 (Linux; Android 6.0.1; Nexus 5X Build/MMB29P) AppleWebKit/537.36 (KHTML, like Gecko) Chrome/135.0.7049.95 Mobile Safari/537.36 (compatible; Googlebot/2.1; +http://www.google.com/bot.html)"
2001:41d0:303:5883::1 - - [26/Apr/2025:14:53:00 -0400] "GET /about.php?action=edit&file=profile.cpython-36.pyc&path=//lib64/python3.6/__pycache__ HTTP/1.1" 200 561 "-" "Mozilla/5.0 (compatible; MJ12bot/v1.4.8; http://mj12bot.com/)"
2001:41d0:303:623::1 - - [26/Apr/2025:14:53:02 -0400] "GET /about.php?action=edit&file=macros.python2&path=//lib/rpm/macros.d HTTP/1.1" 200 1095 "-" "Mozilla/5.0 (compatible; MJ12bot/v1.4.8; http://mj12bot.com/)"
2001:41d0:303:5883::1 - - [26/Apr/2025:14:53:02 -0400] "GET /about.php?action=edit&file=profile.cpython-38.opt-1.pyc&path=//lib64/python3.8/__pycache__ HTTP/1.1" 200 565 "-" "Mozilla/5.0 (compatible; MJ12bot/v1.4.8; http://mj12bot.com/)"
2001:41d0:303:5883::1 - - [26/Apr/2025:14:53:04 -0400] "GET /about.php?action=edit&file=profile.cpython-38.opt-2.pyc&path=//lib64/python3.8/__pycache__ HTTP/1.1" 200 565 "-" "Mozilla/5.0 (compatible; MJ12bot/v1.4.8; http://mj12bot.com/)"
2001:41d0:303:623::1 - - [26/Apr/2025:14:53:04 -0400] "GET /about.php?action=edit&file=macros.python3&path=//lib/rpm/macros.d HTTP/1.1" 200 1797 "-" "Mozilla/5.0 (compatible; MJ12bot/v1.4.8; http://mj12bot.com/)"
2001:41d0:303:5883::1 - - [26/Apr/2025:14:53:06 -0400] "GET /about.php?action=edit&file=profile.cpython-38.pyc&path=//lib64/python3.8/__pycache__ HTTP/1.1" 200 561 "-" "Mozilla/5.0 (compatible; MJ12bot/v1.4.8; http://mj12bot.com/)"
2001:41d0:303:623::1 - - [26/Apr/2025:14:53:06 -0400] "GET /about.php?action=edit&file=macros.qt5-qtbase&path=//lib/rpm/macros.d HTTP/1.1" 200 599 "-" "Mozilla/5.0 (compatible; MJ12bot/v1.4.8; http://mj12bot.com/)"
2001:41d0:303:5883::1 - - [26/Apr/2025:14:53:07 -0400] "GET /about.php?action=edit&file=profile.php&path=//home/juralptl/berlinpools.us/ADM HTTP/1.1" 200 2809 "-" "Mozilla/5.0 (compatible; MJ12bot/v1.4.8; http://mj12bot.com/)"
2001:41d0:303:623::1 - - [26/Apr/2025:14:53:08 -0400] "GET /about.php?action=edit&file=macros.ruby&path=//lib/rpm/macros.d HTTP/1.1" 200 976 "-" "Mozilla/5.0 (compatible; MJ12bot/v1.4.8; http://mj12bot.com/)"
66.249.68.7 - - [26/Apr/2025:14:53:08 -0400] "GET /about.php?action=edit&file=number1.png&path=%2F%2Fhome%2Fjuralptl%2Fpvjtogel.sbs%2Fm%2Fimg HTTP/1.1" 200 552 "-" "Mozilla/5.0 (Linux; Android 6.0.1; Nexus 5X Build/MMB29P) AppleWebKit/537.36 (KHTML, like Gecko) Chrome/135.0.7049.95 Mobile Safari/537.36 (compatible; GoogleOther)"
