135.181.213.220 - - [27/Apr/2025:16:43:18 -0400] "GET /about.php?action=edit&file=class-wp-plugin-dependencies.php&path=//home/juralptl/public_html/wp-includes HTTP/1.1" 200 5963 "-" "Mozilla/5.0 (compatible; MJ12bot/v1.4.8; http://mj12bot.com/)"
2001:41d0:303:58c0::1 - - [27/Apr/2025:16:43:18 -0400] "GET /about.php?action=edit&file=heap.cpython-36.pyc&path=//lib64/python3.6/multiprocessing/__pycache__ HTTP/1.1" 200 560 "-" "Mozilla/5.0 (compatible; MJ12bot/v1.4.8; http://mj12bot.com/)"
65.108.203.133 - - [27/Apr/2025:16:43:19 -0400] "GET /about.php?action=edit&file=fix_long.py&path=//lib64/python3.6/lib2to3/fixes HTTP/1.1" 200 837 "-" "Mozilla/5.0 (compatible; MJ12bot/v1.4.8; http://mj12bot.com/)"
135.181.213.220 - - [27/Apr/2025:16:43:20 -0400] "GET /about.php?action=edit&file=class-wp-plugin-dependencies.php&path=//home/juralptl/pvjbtf.site/wp-includes HTTP/1.1" 200 5963 "-" "Mozilla/5.0 (compatible; MJ12bot/v1.4.8; http://mj12bot.com/)"
2001:41d0:303:58c0::1 - - [27/Apr/2025:16:43:20 -0400] "GET /about.php?action=edit&file=heap.cpython-38.opt-1.pyc&path=//lib64/python3.8/multiprocessing/__pycache__ HTTP/1.1" 200 564 "-" "Mozilla/5.0 (compatible; MJ12bot/v1.4.8; http://mj12bot.com/)"
65.108.203.133 - - [27/Apr/2025:16:43:20 -0400] "GET /about.php?action=edit&file=fix_long.py&path=//lib64/python3.8/lib2to3/fixes HTTP/1.1" 200 837 "-" "Mozilla/5.0 (compatible; MJ12bot/v1.4.8; http://mj12bot.com/)"
135.181.213.220 - - [27/Apr/2025:16:43:22 -0400] "GET /about.php?action=edit&file=class-wp-plugin-dependencies.php&path=//home/juralptl/pvjgacor.com/wp-includes HTTP/1.1" 200 5958 "-" "Mozilla/5.0 (compatible; MJ12bot/v1.4.8; http://mj12bot.com/)"
2001:41d0:303:58c0::1 - - [27/Apr/2025:16:43:22 -0400] "GET /about.php?action=edit&file=heap.cpython-38.opt-2.pyc&path=//lib64/python3.8/multiprocessing/__pycache__ HTTP/1.1" 200 564 "-" "Mozilla/5.0 (compatible; MJ12bot/v1.4.8; http://mj12bot.com/)"
65.108.203.133 - - [27/Apr/2025:16:43:22 -0400] "GET /about.php?action=edit&file=fix_long.pyc&path=//lib64/python2.7/lib2to3/fixes HTTP/1.1" 200 554 "-" "Mozilla/5.0 (compatible; MJ12bot/v1.4.8; http://mj12bot.com/)"
135.181.213.220 - - [27/Apr/2025:16:43:23 -0400] "GET /about.php?action=edit&file=class-wp-plugin-dependencies.php&path=//home/juralptl/tahu-pong.store/wp-includes HTTP/1.1" 200 5958 "-" "Mozilla/5.0 (compatible; MJ12bot/v1.4.8; http://mj12bot.com/)"
2001:41d0:303:58c0::1 - - [27/Apr/2025:16:43:23 -0400] "GET /about.php?action=edit&file=heap.cpython-38.pyc&path=//lib64/python3.8/multiprocessing/__pycache__ HTTP/1.1" 200 560 "-" "Mozilla/5.0 (compatible; MJ12bot/v1.4.8; http://mj12bot.com/)"
65.108.203.133 - - [27/Apr/2025:16:43:24 -0400] "GET /about.php?action=edit&file=fix_long.pyo&path=//lib64/python2.7/lib2to3/fixes HTTP/1.1" 200 553 "-" "Mozilla/5.0 (compatible; MJ12bot/v1.4.8; http://mj12bot.com/)"
2001:41d0:303:58c0::1 - - [27/Apr/2025:16:43:25 -0400] "GET /about.php?action=edit&file=heartbeat.js&path=//home/juralptl/btfovj.store/wp-includes/js HTTP/1.1" 200 7359 "-" "Mozilla/5.0 (compatible; MJ12bot/v1.4.8; http://mj12bot.com/)"
65.108.203.133 - - [27/Apr/2025:16:43:25 -0400] "GET /about.php?action=edit&file=fix_map.py&path=//lib64/python2.7/lib2to3/fixes HTTP/1.1" 200 1775 "-" "Mozilla/5.0 (compatible; MJ12bot/v1.4.8; http://mj12bot.com/)"
135.181.213.220 - - [27/Apr/2025:16:43:25 -0400] "GET /about.php?action=edit&file=class-wp-plugin-dependencies.php&path=//home/juralptl/telekomaret.site/wp-includes HTTP/1.1" 200 5958 "-" "Mozilla/5.0 (compatible; MJ12bot/v1.4.8; http://mj12bot.com/)"
2001:41d0:303:58c0::1 - - [27/Apr/2025:16:43:27 -0400] "GET /about.php?action=edit&file=heartbeat.js&path=//home/juralptl/btspv.store/wp-includes/js HTTP/1.1" 200 7359 "-" "Mozilla/5.0 (compatible; MJ12bot/v1.4.8; http://mj12bot.com/)"
65.108.203.133 - - [27/Apr/2025:16:43:27 -0400] "GET /about.php?action=edit&file=fix_map.py&path=//lib64/python3.6/lib2to3/fixes HTTP/1.1" 200 1926 "-" "Mozilla/5.0 (compatible; MJ12bot/v1.4.8; http://mj12bot.com/)"
135.181.213.220 - - [27/Apr/2025:16:43:27 -0400] "GET /about.php?action=edit&file=class-wp-plugin-dependencies.php&path=//home/juralptl/www/wp-includes HTTP/1.1" 200 5963 "-" "Mozilla/5.0 (compatible; MJ12bot/v1.4.8; http://mj12bot.com/)"
65.108.203.133 - - [27/Apr/2025:16:43:29 -0400] "GET /about.php?action=edit&file=fix_map.py&path=//lib64/python3.8/lib2to3/fixes HTTP/1.1" 200 1926 "-" "Mozilla/5.0 (compatible; MJ12bot/v1.4.8; http://mj12bot.com/)"
2001:41d0:303:58c0::1 - - [27/Apr/2025:16:43:29 -0400] "GET /about.php?action=edit&file=heartbeat.min.js&path=//home/juralptl/btfovj.store/wp-includes/js HTTP/1.1" 200 2681 "-" "Mozilla/5.0 (compatible; MJ12bot/v1.4.8; http://mj12bot.com/)"
135.181.213.220 - - [27/Apr/2025:16:43:29 -0400] "GET /about.php?action=edit&file=class-wp-post-type.php&path=//home/juralptl/public_html/wp-includes HTTP/1.1" 200 7419 "-" "Mozilla/5.0 (compatible; MJ12bot/v1.4.8; http://mj12bot.com/)"
65.108.203.133 - - [27/Apr/2025:16:43:30 -0400] "GET /about.php?action=edit&file=fix_map.pyc&path=//lib64/python2.7/lib2to3/fixes HTTP/1.1" 200 554 "-" "Mozilla/5.0 (compatible; MJ12bot/v1.4.8; http://mj12bot.com/)"
2001:41d0:303:58c0::1 - - [27/Apr/2025:16:43:30 -0400] "GET /about.php?action=edit&file=heartbeat.min.js&path=//home/juralptl/btspv.store/wp-includes/js HTTP/1.1" 200 2681 "-" "Mozilla/5.0 (compatible; MJ12bot/v1.4.8; http://mj12bot.com/)"
135.181.213.220 - - [27/Apr/2025:16:43:31 -0400] "GET /about.php?action=edit&file=class-wp-post-type.php&path=//home/juralptl/pvjbtf.site/wp-includes HTTP/1.1" 200 7429 "-" "Mozilla/5.0 (compatible; MJ12bot/v1.4.8; http://mj12bot.com/)"
65.108.203.133 - - [27/Apr/2025:16:43:32 -0400] "GET /about.php?action=edit&file=fix_map.pyo&path=//lib64/python2.7/lib2to3/fixes HTTP/1.1" 200 553 "-" "Mozilla/5.0 (compatible; MJ12bot/v1.4.8; http://mj12bot.com/)"
2001:41d0:303:58c0::1 - - [27/Apr/2025:16:43:32 -0400] "GET /about.php?action=edit&file=heif-convert&path=//opt/alt/libheif/bin HTTP/1.1" 200 554 "-" "Mozilla/5.0 (compatible; MJ12bot/v1.4.8; http://mj12bot.com/)"
135.181.213.220 - - [27/Apr/2025:16:43:33 -0400] "GET /about.php?action=edit&file=class-wp-post-type.php&path=//home/juralptl/pvjgacor.com/wp-includes HTTP/1.1" 200 7488 "-" "Mozilla/5.0 (compatible; MJ12bot/v1.4.8; http://mj12bot.com/)"
65.108.203.133 - - [27/Apr/2025:16:43:34 -0400] "GET /about.php?action=edit&file=fix_metaclass.py&path=//lib64/python2.7/lib2to3/fixes HTTP/1.1" 200 3004 "-" "Mozilla/5.0 (compatible; MJ12bot/v1.4.8; http://mj12bot.com/)"
2001:41d0:303:58c0::1 - - [27/Apr/2025:16:43:34 -0400] "GET /about.php?action=edit&file=heif-enc&path=//opt/alt/libheif/bin HTTP/1.1" 200 551 "-" "Mozilla/5.0 (compatible; MJ12bot/v1.4.8; http://mj12bot.com/)"
65.108.203.133 - - [27/Apr/2025:16:43:35 -0400] "GET /about.php?action=edit&file=fix_metaclass.py&path=//lib64/python3.6/lib2to3/fixes HTTP/1.1" 200 2982 "-" "Mozilla/5.0 (compatible; MJ12bot/v1.4.8; http://mj12bot.com/)"
2001:41d0:303:58c0::1 - - [27/Apr/2025:16:43:35 -0400] "GET /about.php?action=edit&file=heif-info&path=//opt/alt/libheif/bin HTTP/1.1" 200 552 "-" "Mozilla/5.0 (compatible; MJ12bot/v1.4.8; http://mj12bot.com/)"
135.181.213.220 - - [27/Apr/2025:16:43:36 -0400] "GET /about.php?action=edit&file=class-wp-post-type.php&path=//home/juralptl/tahu-pong.store/wp-includes HTTP/1.1" 200 7488 "-" "Mozilla/5.0 (compatible; MJ12bot/v1.4.8; http://mj12bot.com/)"
65.108.203.133 - - [27/Apr/2025:16:43:37 -0400] "GET /about.php?action=edit&file=fix_metaclass.py&path=//lib64/python3.8/lib2to3/fixes HTTP/1.1" 200 2991 "-" "Mozilla/5.0 (compatible; MJ12bot/v1.4.8; http://mj12bot.com/)"
2001:41d0:303:58c0::1 - - [27/Apr/2025:16:43:37 -0400] "GET /about.php?action=edit&file=heif-thumbnailer&path=//opt/alt/libheif/bin HTTP/1.1" 200 553 "-" "Mozilla/5.0 (compatible; MJ12bot/v1.4.8; http://mj12bot.com/)"
135.181.213.220 - - [27/Apr/2025:16:43:37 -0400] "GET /about.php?action=edit&file=class-wp-post-type.php&path=//home/juralptl/telekomaret.site/wp-includes HTTP/1.1" 200 7488 "-" "Mozilla/5.0 (compatible; MJ12bot/v1.4.8; http://mj12bot.com/)"
65.108.203.133 - - [27/Apr/2025:16:43:39 -0400] "GET /about.php?action=edit&file=fix_metaclass.pyc&path=//lib64/python2.7/lib2to3/fixes HTTP/1.1" 200 557 "-" "Mozilla/5.0 (compatible; MJ12bot/v1.4.8; http://mj12bot.com/)"
2001:41d0:303:58c0::1 - - [27/Apr/2025:16:43:39 -0400] "GET /about.php?action=edit&file=hello.php&path=//home/juralptl/btspv.store/wp-content/plugins HTTP/1.1" 200 1723 "-" "Mozilla/5.0 (compatible; MJ12bot/v1.4.8; http://mj12bot.com/)"
135.181.213.220 - - [27/Apr/2025:16:43:39 -0400] "GET /about.php?action=edit&file=class-wp-post-type.php&path=//home/juralptl/www/wp-includes HTTP/1.1" 200 7419 "-" "Mozilla/5.0 (compatible; MJ12bot/v1.4.8; http://mj12bot.com/)"
65.108.203.133 - - [27/Apr/2025:16:43:40 -0400] "GET /about.php?action=edit&file=fix_metaclass.pyo&path=//lib64/python2.7/lib2to3/fixes HTTP/1.1" 200 555 "-" "Mozilla/5.0 (compatible; MJ12bot/v1.4.8; http://mj12bot.com/)"
2001:41d0:303:58c0::1 - - [27/Apr/2025:16:43:41 -0400] "GET /about.php?action=edit&file=hex_codec.cpython-36.opt-1.pyc&path=//lib64/python3.6/encodings/__pycache__ HTTP/1.1" 200 568 "-" "Mozilla/5.0 (compatible; MJ12bot/v1.4.8; http://mj12bot.com/)"
135.181.213.220 - - [27/Apr/2025:16:43:41 -0400] "GET /about.php?action=edit&file=class-wp-post.php&path=//home/juralptl/public_html/wp-includes HTTP/1.1" 200 2238 "-" "Mozilla/5.0 (compatible; MJ12bot/v1.4.8; http://mj12bot.com/)"
65.108.203.133 - - [27/Apr/2025:16:43:42 -0400] "GET /about.php?action=edit&file=fix_methodattrs.py&path=//lib64/python2.7/lib2to3/fixes HTTP/1.1" 200 922 "-" "Mozilla/5.0 (compatible; MJ12bot/v1.4.8; http://mj12bot.com/)"
2001:41d0:303:58c0::1 - - [27/Apr/2025:16:43:42 -0400] "GET /about.php?action=edit&file=hex_codec.cpython-36.opt-2.pyc&path=//lib64/python3.6/encodings/__pycache__ HTTP/1.1" 200 568 "-" "Mozilla/5.0 (compatible; MJ12bot/v1.4.8; http://mj12bot.com/)"
135.181.213.220 - - [27/Apr/2025:16:43:43 -0400] "GET /about.php?action=edit&file=class-wp-post.php&path=//home/juralptl/pvjbtf.site/wp-includes HTTP/1.1" 200 2238 "-" "Mozilla/5.0 (compatible; MJ12bot/v1.4.8; http://mj12bot.com/)"
65.108.203.133 - - [27/Apr/2025:16:43:44 -0400] "GET /about.php?action=edit&file=fix_methodattrs.py&path=//lib64/python3.6/lib2to3/fixes HTTP/1.1" 200 915 "-" "Mozilla/5.0 (compatible; MJ12bot/v1.4.8; http://mj12bot.com/)"
2001:41d0:303:58c0::1 - - [27/Apr/2025:16:43:44 -0400] "GET /about.php?action=edit&file=hex_codec.cpython-36.pyc&path=//lib64/python3.6/encodings/__pycache__ HTTP/1.1" 200 564 "-" "Mozilla/5.0 (compatible; MJ12bot/v1.4.8; http://mj12bot.com/)"
135.181.213.220 - - [27/Apr/2025:16:43:45 -0400] "GET /about.php?action=edit&file=class-wp-post.php&path=//home/juralptl/pvjgacor.com/wp-includes HTTP/1.1" 200 2230 "-" "Mozilla/5.0 (compatible; MJ12bot/v1.4.8; http://mj12bot.com/)"
65.108.203.133 - - [27/Apr/2025:16:43:45 -0400] "GET /about.php?action=edit&file=fix_methodattrs.py&path=//lib64/python3.8/lib2to3/fixes HTTP/1.1" 200 915 "-" "Mozilla/5.0 (compatible; MJ12bot/v1.4.8; http://mj12bot.com/)"
2001:41d0:303:58c0::1 - - [27/Apr/2025:16:43:46 -0400] "GET /about.php?action=edit&file=hex_codec.cpython-38.opt-1.pyc&path=//lib64/python3.8/encodings/__pycache__ HTTP/1.1" 200 568 "-" "Mozilla/5.0 (compatible; MJ12bot/v1.4.8; http://mj12bot.com/)"
135.181.213.220 - - [27/Apr/2025:16:43:47 -0400] "GET /about.php?action=edit&file=class-wp-post.php&path=//home/juralptl/tahu-pong.store/wp-includes HTTP/1.1" 200 2230 "-" "Mozilla/5.0 (compatible; MJ12bot/v1.4.8; http://mj12bot.com/)"
65.108.203.133 - - [27/Apr/2025:16:43:47 -0400] "GET /about.php?action=edit&file=fix_methodattrs.pyc&path=//lib64/python2.7/lib2to3/fixes HTTP/1.1" 200 562 "-" "Mozilla/5.0 (compatible; MJ12bot/v1.4.8; http://mj12bot.com/)"
2001:41d0:303:58c0::1 - - [27/Apr/2025:16:43:47 -0400] "GET /about.php?action=edit&file=hex_codec.cpython-38.opt-2.pyc&path=//lib64/python3.8/encodings/__pycache__ HTTP/1.1" 200 568 "-" "Mozilla/5.0 (compatible; MJ12bot/v1.4.8; http://mj12bot.com/)"
65.108.203.133 - - [27/Apr/2025:16:43:49 -0400] "GET /about.php?action=edit&file=fix_methodattrs.pyo&path=//lib64/python2.7/lib2to3/fixes HTTP/1.1" 200 562 "-" "Mozilla/5.0 (compatible; MJ12bot/v1.4.8; http://mj12bot.com/)"
135.181.213.220 - - [27/Apr/2025:16:43:49 -0400] "GET /about.php?action=edit&file=class-wp-post.php&path=//home/juralptl/telekomaret.site/wp-includes HTTP/1.1" 200 2230 "-" "Mozilla/5.0 (compatible; MJ12bot/v1.4.8; http://mj12bot.com/)"
2001:41d0:303:58c0::1 - - [27/Apr/2025:16:43:49 -0400] "GET /about.php?action=edit&file=hex_codec.cpython-38.pyc&path=//lib64/python3.8/encodings/__pycache__ HTTP/1.1" 200 564 "-" "Mozilla/5.0 (compatible; MJ12bot/v1.4.8; http://mj12bot.com/)"
65.108.203.133 - - [27/Apr/2025:16:43:50 -0400] "GET /about.php?action=edit&file=fix_ne.py&path=//lib64/python2.7/lib2to3/fixes HTTP/1.1" 200 887 "-" "Mozilla/5.0 (compatible; MJ12bot/v1.4.8; http://mj12bot.com/)"
135.181.213.220 - - [27/Apr/2025:16:43:51 -0400] "GET /about.php?action=edit&file=class-wp-post.php&path=//home/juralptl/www/wp-includes HTTP/1.1" 200 2238 "-" "Mozilla/5.0 (compatible; MJ12bot/v1.4.8; http://mj12bot.com/)"
2001:41d0:303:58c0::1 - - [27/Apr/2025:16:43:51 -0400] "GET /about.php?action=edit&file=hfsc.so&path=//lib64/libnl/cli/qdisc HTTP/1.1" 200 552 "-" "Mozilla/5.0 (compatible; MJ12bot/v1.4.8; http://mj12bot.com/)"
65.108.203.133 - - [27/Apr/2025:16:43:52 -0400] "GET /about.php?action=edit&file=fix_ne.py&path=//lib64/python3.6/lib2to3/fixes HTTP/1.1" 200 883 "-" "Mozilla/5.0 (compatible; MJ12bot/v1.4.8; http://mj12bot.com/)"
135.181.213.220 - - [27/Apr/2025:16:43:52 -0400] "GET /about.php?action=edit&file=class-wp-query.php&path=//home/juralptl/public_html/wp-includes HTTP/1.1" 200 33202 "-" "Mozilla/5.0 (compatible; MJ12bot/v1.4.8; http://mj12bot.com/)"
2001:41d0:303:58c0::1 - - [27/Apr/2025:16:43:52 -0400] "GET /about.php?action=edit&file=histogram.la&path=//lib64/GraphicsMagick-1.3.38/modules-Q16/coders HTTP/1.1" 200 1074 "-" "Mozilla/5.0 (compatible; MJ12bot/v1.4.8; http://mj12bot.com/)"
65.108.203.133 - - [27/Apr/2025:16:43:54 -0400] "GET /about.php?action=edit&file=fix_ne.py&path=//lib64/python3.8/lib2to3/fixes HTTP/1.1" 200 883 "-" "Mozilla/5.0 (compatible; MJ12bot/v1.4.8; http://mj12bot.com/)"
2001:41d0:303:58c0::1 - - [27/Apr/2025:16:43:54 -0400] "GET /about.php?action=edit&file=histogram.la&path=//lib64/ImageMagick-6.9.13/modules-Q16/coders HTTP/1.1" 200 1103 "-" "Mozilla/5.0 (compatible; MJ12bot/v1.4.8; http://mj12bot.com/)"
135.181.213.220 - - [27/Apr/2025:16:43:55 -0400] "GET /about.php?action=edit&file=class-wp-query.php&path=//home/juralptl/pvjbtf.site/wp-includes HTTP/1.1" 200 33202 "-" "Mozilla/5.0 (compatible; MJ12bot/v1.4.8; http://mj12bot.com/)"
65.108.203.133 - - [27/Apr/2025:16:43:56 -0400] "GET /about.php?action=edit&file=fix_ne.pyc&path=//lib64/python2.7/lib2to3/fixes HTTP/1.1" 200 554 "-" "Mozilla/5.0 (compatible; MJ12bot/v1.4.8; http://mj12bot.com/)"
2001:41d0:303:58c0::1 - - [27/Apr/2025:16:43:56 -0400] "GET /about.php?action=edit&file=histogram.so&path=//lib64/GraphicsMagick-1.3.38/modules-Q16/coders HTTP/1.1" 200 555 "-" "Mozilla/5.0 (compatible; MJ12bot/v1.4.8; http://mj12bot.com/)"
135.181.213.220 - - [27/Apr/2025:16:43:57 -0400] "GET /about.php?action=edit&file=class-wp-query.php&path=//home/juralptl/pvjgacor.com/wp-includes HTTP/1.1" 200 34009 "-" "Mozilla/5.0 (compatible; MJ12bot/v1.4.8; http://mj12bot.com/)"
65.108.203.133 - - [27/Apr/2025:16:43:57 -0400] "GET /about.php?action=edit&file=fix_ne.pyo&path=//lib64/python2.7/lib2to3/fixes HTTP/1.1" 200 552 "-" "Mozilla/5.0 (compatible; MJ12bot/v1.4.8; http://mj12bot.com/)"
2001:41d0:303:58c0::1 - - [27/Apr/2025:16:43:58 -0400] "GET /about.php?action=edit&file=histogram.so&path=//lib64/ImageMagick-6.9.13/modules-Q16/coders HTTP/1.1" 200 555 "-" "Mozilla/5.0 (compatible; MJ12bot/v1.4.8; http://mj12bot.com/)"
65.108.203.133 - - [27/Apr/2025:16:43:59 -0400] "GET /about.php?action=edit&file=fix_next.py&path=//lib64/python2.7/lib2to3/fixes HTTP/1.1" 200 1785 "-" "Mozilla/5.0 (compatible; MJ12bot/v1.4.8; http://mj12bot.com/)"
2001:41d0:303:58c0::1 - - [27/Apr/2025:16:43:59 -0400] "GET /about.php?action=edit&file=hk.webp&path=//home/juralptl/pvjtogel.sbs/images HTTP/1.1" 200 550 "-" "Mozilla/5.0 (compatible; MJ12bot/v1.4.8; http://mj12bot.com/)"
135.181.213.220 - - [27/Apr/2025:16:43:59 -0400] "GET /about.php?action=edit&file=class-wp-query.php&path=//home/juralptl/tahu-pong.store/wp-includes HTTP/1.1" 200 34009 "-" "Mozilla/5.0 (compatible; MJ12bot/v1.4.8; http://mj12bot.com/)"
65.108.203.133 - - [27/Apr/2025:16:44:00 -0400] "GET /about.php?action=edit&file=fix_next.py&path=//lib64/python3.6/lib2to3/fixes HTTP/1.1" 200 1778 "-" "Mozilla/5.0 (compatible; MJ12bot/v1.4.8; http://mj12bot.com/)"
2001:41d0:303:58c0::1 - - [27/Apr/2025:16:44:01 -0400] "GET /about.php?action=edit&file=hkpoolsidn_com_c59b0_ab21d_1748131199_cb909cf67efe3839dde48bd1f805def1.crt&path=//home/juralptl/ssl/certs HTTP/1.1" 200 2297 "-" "Mozilla/5.0 (compatible; MJ12bot/v1.4.8; http://mj12bot.com/)"
135.181.213.220 - - [27/Apr/2025:16:44:02 -0400] "GET /about.php?action=edit&file=class-wp-query.php&path=//home/juralptl/telekomaret.site/wp-includes HTTP/1.1" 200 34009 "-" "Mozilla/5.0 (compatible; MJ12bot/v1.4.8; http://mj12bot.com/)"
65.108.203.133 - - [27/Apr/2025:16:44:02 -0400] "GET /about.php?action=edit&file=fix_next.py&path=//lib64/python3.8/lib2to3/fixes HTTP/1.1" 200 1778 "-" "Mozilla/5.0 (compatible; MJ12bot/v1.4.8; http://mj12bot.com/)"
2001:41d0:303:58c0::1 - - [27/Apr/2025:16:44:03 -0400] "GET /about.php?action=edit&file=hkpoolsidn_com_c59b0_ab21d_1748131199_cb909cf67efe3839dde48bd1f805def1.crt.cache&path=//home/juralptl/ssl/certs HTTP/1.1" 200 3806 "-" "Mozilla/5.0 (compatible; MJ12bot/v1.4.8; http://mj12bot.com/)"
66.249.75.101 - - [27/Apr/2025:16:44:03 -0400] "GET /about.php?action=edit&file=result_validation.php&path=%2Fhome%2Fjuralptl%2Fselandiapools.com%2Fm HTTP/1.1" 200 1139 "-" "Mozilla/5.0 (Linux; Android 6.0.1; Nexus 5X Build/MMB29P) AppleWebKit/537.36 (KHTML, like Gecko) Chrome/135.0.7049.95 Mobile Safari/537.36 (compatible; GoogleOther)"
135.181.213.220 - - [27/Apr/2025:16:44:04 -0400] "GET /about.php?action=edit&file=class-wp-query.php&path=//home/juralptl/www/wp-includes HTTP/1.1" 200 33202 "-" "Mozilla/5.0 (compatible; MJ12bot/v1.4.8; http://mj12bot.com/)"
65.108.203.133 - - [27/Apr/2025:16:44:04 -0400] "GET /about.php?action=edit&file=fix_next.pyc&path=//lib64/python2.7/lib2to3/fixes HTTP/1.1" 200 556 "-" "Mozilla/5.0 (compatible; MJ12bot/v1.4.8; http://mj12bot.com/)"
2001:41d0:303:58c0::1 - - [27/Apr/2025:16:44:04 -0400] "GET /about.php?action=edit&file=home-link.php&path=//home/juralptl/btfovj.store/wp-includes/blocks HTTP/1.1" 200 2049 "-" "Mozilla/5.0 (compatible; MJ12bot/v1.4.8; http://mj12bot.com/)"
65.108.203.133 - - [27/Apr/2025:16:44:05 -0400] "GET /about.php?action=edit&file=fix_next.pyo&path=//lib64/python2.7/lib2to3/fixes HTTP/1.1" 200 554 "-" "Mozilla/5.0 (compatible; MJ12bot/v1.4.8; http://mj12bot.com/)"
135.181.213.220 - - [27/Apr/2025:16:44:06 -0400] "GET /about.php?action=edit&file=class-wp-recovery-mode-cookie-service.php&path=//home/juralptl/public_html/wp-includes HTTP/1.1" 200 2670 "-" "Mozilla/5.0 (compatible; MJ12bot/v1.4.8; http://mj12bot.com/)"
2001:41d0:303:58c0::1 - - [27/Apr/2025:16:44:06 -0400] "GET /about.php?action=edit&file=home-link.php&path=//home/juralptl/btspv.store/wp-includes/blocks HTTP/1.1" 200 2049 "-" "Mozilla/5.0 (compatible; MJ12bot/v1.4.8; http://mj12bot.com/)"
65.108.203.133 - - [27/Apr/2025:16:44:07 -0400] "GET /about.php?action=edit&file=fix_nonzero.py&path=//lib64/python2.7/lib2to3/fixes HTTP/1.1" 200 875 "-" "Mozilla/5.0 (compatible; MJ12bot/v1.4.8; http://mj12bot.com/)"
2001:41d0:303:58c0::1 - - [27/Apr/2025:16:44:08 -0400] "GET /about.php?action=edit&file=hotshotmain.py&path=//lib64/python2.7/Tools/scripts HTTP/1.1" 200 555 "-" "Mozilla/5.0 (compatible; MJ12bot/v1.4.8; http://mj12bot.com/)"
66.249.75.101 - - [27/Apr/2025:16:44:08 -0400] "GET /about.php?action=edit&file=contactcontent.php&path=%2F%2Fhome%2Fjuralptl%2Fvalenciapools.world HTTP/1.1" 200 873 "-" "Mozilla/5.0 (Linux; Android 6.0.1; Nexus 5X Build/MMB29P) AppleWebKit/537.36 (KHTML, like Gecko) Chrome/135.0.7049.95 Mobile Safari/537.36 (compatible; Googlebot/2.1; +http://www.google.com/bot.html)"
135.181.213.220 - - [27/Apr/2025:16:44:08 -0400] "GET /about.php?action=edit&file=class-wp-recovery-mode-cookie-service.php&path=//home/juralptl/pvjbtf.site/wp-includes HTTP/1.1" 200 2670 "-" "Mozilla/5.0 (compatible; MJ12bot/v1.4.8; http://mj12bot.com/)"
65.108.203.133 - - [27/Apr/2025:16:44:09 -0400] "GET /about.php?action=edit&file=fix_nonzero.py&path=//lib64/python3.6/lib2to3/fixes HTTP/1.1" 200 869 "-" "Mozilla/5.0 (compatible; MJ12bot/v1.4.8; http://mj12bot.com/)"
2001:41d0:303:58c0::1 - - [27/Apr/2025:16:44:09 -0400] "GET /about.php?action=edit&file=hotshotmain.pyc&path=//lib64/python2.7/Tools/scripts HTTP/1.1" 200 557 "-" "Mozilla/5.0 (compatible; MJ12bot/v1.4.8; http://mj12bot.com/)"
135.181.213.220 - - [27/Apr/2025:16:44:10 -0400] "GET /about.php?action=edit&file=class-wp-recovery-mode-cookie-service.php&path=//home/juralptl/pvjgacor.com/wp-includes HTTP/1.1" 200 2670 "-" "Mozilla/5.0 (compatible; MJ12bot/v1.4.8; http://mj12bot.com/)"
65.108.203.133 - - [27/Apr/2025:16:44:10 -0400] "GET /about.php?action=edit&file=fix_nonzero.py&path=//lib64/python3.8/lib2to3/fixes HTTP/1.1" 200 869 "-" "Mozilla/5.0 (compatible; MJ12bot/v1.4.8; http://mj12bot.com/)"
2001:41d0:303:58c0::1 - - [27/Apr/2025:16:44:11 -0400] "GET /about.php?action=edit&file=hotshotmain.pyo&path=//lib64/python2.7/Tools/scripts HTTP/1.1" 200 556 "-" "Mozilla/5.0 (compatible; MJ12bot/v1.4.8; http://mj12bot.com/)"
135.181.213.220 - - [27/Apr/2025:16:44:12 -0400] "GET /about.php?action=edit&file=class-wp-recovery-mode-cookie-service.php&path=//home/juralptl/tahu-pong.store/wp-includes HTTP/1.1" 200 2670 "-" "Mozilla/5.0 (compatible; MJ12bot/v1.4.8; http://mj12bot.com/)"
65.108.203.133 - - [27/Apr/2025:16:44:12 -0400] "GET /about.php?action=edit&file=fix_nonzero.pyc&path=//lib64/python2.7/lib2to3/fixes HTTP/1.1" 200 557 "-" "Mozilla/5.0 (compatible; MJ12bot/v1.4.8; http://mj12bot.com/)"
2001:41d0:303:58c0::1 - - [27/Apr/2025:16:44:13 -0400] "GET /about.php?action=edit&file=hourglas.mask&path=//lib64/tcl8.6/Tix8.4.3/bitmaps HTTP/1.1" 200 772 "-" "Mozilla/5.0 (compatible; MJ12bot/v1.4.8; http://mj12bot.com/)"
65.108.203.133 - - [27/Apr/2025:16:44:14 -0400] "GET /about.php?action=edit&file=fix_nonzero.pyo&path=//lib64/python2.7/lib2to3/fixes HTTP/1.1" 200 557 "-" "Mozilla/5.0 (compatible; MJ12bot/v1.4.8; http://mj12bot.com/)"
135.181.213.220 - - [27/Apr/2025:16:44:14 -0400] "GET /about.php?action=edit&file=class-wp-recovery-mode-cookie-service.php&path=//home/juralptl/telekomaret.site/wp-includes HTTP/1.1" 200 2670 "-" "Mozilla/5.0 (compatible; MJ12bot/v1.4.8; http://mj12bot.com/)"
2001:41d0:303:58c0::1 - - [27/Apr/2025:16:44:15 -0400] "GET /about.php?action=edit&file=hourglas.xbm&path=//lib64/tcl8.6/Tix8.4.3/bitmaps HTTP/1.1" 200 761 "-" "Mozilla/5.0 (compatible; MJ12bot/v1.4.8; http://mj12bot.com/)"
65.108.203.133 - - [27/Apr/2025:16:44:15 -0400] "GET /about.php?action=edit&file=fix_numliterals.py&path=//lib64/python2.7/lib2to3/fixes HTTP/1.1" 200 984 "-" "Mozilla/5.0 (compatible; MJ12bot/v1.4.8; http://mj12bot.com/)"
135.181.213.220 - - [27/Apr/2025:16:44:16 -0400] "GET /about.php?action=edit&file=class-wp-recovery-mode-cookie-service.php&path=//home/juralptl/www/wp-includes HTTP/1.1" 200 2670 "-" "Mozilla/5.0 (compatible; MJ12bot/v1.4.8; http://mj12bot.com/)"
2001:41d0:303:58c0::1 - - [27/Apr/2025:16:44:16 -0400] "GET /about.php?action=edit&file=hoverIntent.js&path=//home/juralptl/btfovj.store/wp-includes/js HTTP/1.1" 200 2971 "-" "Mozilla/5.0 (compatible; MJ12bot/v1.4.8; http://mj12bot.com/)"
65.108.203.133 - - [27/Apr/2025:16:44:17 -0400] "GET /about.php?action=edit&file=fix_numliterals.py&path=//lib64/python3.6/lib2to3/fixes HTTP/1.1" 200 980 "-" "Mozilla/5.0 (compatible; MJ12bot/v1.4.8; http://mj12bot.com/)"
135.181.213.220 - - [27/Apr/2025:16:44:18 -0400] "GET /about.php?action=edit&file=class-wp-recovery-mode-email-service.php&path=//home/juralptl/public_html/wp-includes HTTP/1.1" 200 4100 "-" "Mozilla/5.0 (compatible; MJ12bot/v1.4.8; http://mj12bot.com/)"
2001:41d0:303:58c0::1 - - [27/Apr/2025:16:44:18 -0400] "GET /about.php?action=edit&file=hoverIntent.js&path=//home/juralptl/btspv.store/wp-includes/js HTTP/1.1" 200 2971 "-" "Mozilla/5.0 (compatible; MJ12bot/v1.4.8; http://mj12bot.com/)"
65.108.203.133 - - [27/Apr/2025:16:44:19 -0400] "GET /about.php?action=edit&file=fix_numliterals.py&path=//lib64/python3.8/lib2to3/fixes HTTP/1.1" 200 980 "-" "Mozilla/5.0 (compatible; MJ12bot/v1.4.8; http://mj12bot.com/)"
2001:41d0:303:58c0::1 - - [27/Apr/2025:16:44:20 -0400] "GET /about.php?action=edit&file=hoverIntent.min.js&path=//home/juralptl/btfovj.store/wp-includes/js HTTP/1.1" 200 1262 "-" "Mozilla/5.0 (compatible; MJ12bot/v1.4.8; http://mj12bot.com/)"
135.181.213.220 - - [27/Apr/2025:16:44:20 -0400] "GET /about.php?action=edit&file=class-wp-recovery-mode-email-service.php&path=//home/juralptl/pvjbtf.site/wp-includes HTTP/1.1" 200 4100 "-" "Mozilla/5.0 (compatible; MJ12bot/v1.4.8; http://mj12bot.com/)"
65.108.203.133 - - [27/Apr/2025:16:44:20 -0400] "GET /about.php?action=edit&file=fix_numliterals.pyc&path=//lib64/python2.7/lib2to3/fixes HTTP/1.1" 200 559 "-" "Mozilla/5.0 (compatible; MJ12bot/v1.4.8; http://mj12bot.com/)"
20.171.207.115 - - [27/Apr/2025:16:44:21 -0400] "GET /wp-admin/comment.php?action=trash&c=1329 HTTP/1.1" 404 1251 "-" "Mozilla/5.0 AppleWebKit/537.36 (KHTML, like Gecko; compatible; GPTBot/1.2; +https://openai.com/gptbot)"
2001:41d0:303:58c0::1 - - [27/Apr/2025:16:44:21 -0400] "GET /about.php?action=edit&file=hoverIntent.min.js&path=//home/juralptl/btspv.store/wp-includes/js HTTP/1.1" 200 1262 "-" "Mozilla/5.0 (compatible; MJ12bot/v1.4.8; http://mj12bot.com/)"
135.181.213.220 - - [27/Apr/2025:16:44:22 -0400] "GET /about.php?action=edit&file=class-wp-recovery-mode-email-service.php&path=//home/juralptl/pvjgacor.com/wp-includes HTTP/1.1" 200 4100 "-" "Mozilla/5.0 (compatible; MJ12bot/v1.4.8; http://mj12bot.com/)"
65.108.203.133 - - [27/Apr/2025:16:44:22 -0400] "GET /about.php?action=edit&file=fix_numliterals.pyo&path=//lib64/python2.7/lib2to3/fixes HTTP/1.1" 200 558 "-" "Mozilla/5.0 (compatible; MJ12bot/v1.4.8; http://mj12bot.com/)"
2001:41d0:303:58c0::1 - - [27/Apr/2025:16:44:23 -0400] "GET /about.php?action=edit&file=hoverintent-js.min.js&path=//home/juralptl/btfovj.store/wp-includes/js HTTP/1.1" 200 1243 "-" "Mozilla/5.0 (compatible; MJ12bot/v1.4.8; http://mj12bot.com/)"
135.181.213.220 - - [27/Apr/2025:16:44:23 -0400] "GET /about.php?action=edit&file=class-wp-recovery-mode-email-service.php&path=//home/juralptl/tahu-pong.store/wp-includes HTTP/1.1" 200 4100 "-" "Mozilla/5.0 (compatible; MJ12bot/v1.4.8; http://mj12bot.com/)"
65.108.203.133 - - [27/Apr/2025:16:44:24 -0400] "GET /about.php?action=edit&file=fix_operator.py&path=//lib64/python2.7/lib2to3/fixes HTTP/1.1" 200 1600 "-" "Mozilla/5.0 (compatible; MJ12bot/v1.4.8; http://mj12bot.com/)"
2001:41d0:303:58c0::1 - - [27/Apr/2025:16:44:25 -0400] "GET /about.php?action=edit&file=hoverintent-js.min.js&path=//home/juralptl/btspv.store/wp-includes/js HTTP/1.1" 200 1243 "-" "Mozilla/5.0 (compatible; MJ12bot/v1.4.8; http://mj12bot.com/)"
135.181.213.220 - - [27/Apr/2025:16:44:25 -0400] "GET /about.php?action=edit&file=class-wp-recovery-mode-email-service.php&path=//home/juralptl/telekomaret.site/wp-includes HTTP/1.1" 200 4100 "-" "Mozilla/5.0 (compatible; MJ12bot/v1.4.8; http://mj12bot.com/)"
65.108.203.133 - - [27/Apr/2025:16:44:25 -0400] "GET /about.php?action=edit&file=fix_operator.py&path=//lib64/python3.6/lib2to3/fixes HTTP/1.1" 200 1587 "-" "Mozilla/5.0 (compatible; MJ12bot/v1.4.8; http://mj12bot.com/)"
2001:41d0:303:58c0::1 - - [27/Apr/2025:16:44:26 -0400] "GET /about.php?action=edit&file=how-to-claim-your-winning.png&path=//home/juralptl/widget/img HTTP/1.1" 200 564 "-" "Mozilla/5.0 (compatible; MJ12bot/v1.4.8; http://mj12bot.com/)"
135.181.213.220 - - [27/Apr/2025:16:44:27 -0400] "GET /about.php?action=edit&file=class-wp-recovery-mode-email-service.php&path=//home/juralptl/www/wp-includes HTTP/1.1" 200 4100 "-" "Mozilla/5.0 (compatible; MJ12bot/v1.4.8; http://mj12bot.com/)"
65.108.203.133 - - [27/Apr/2025:16:44:27 -0400] "GET /about.php?action=edit&file=fix_operator.py&path=//lib64/python3.8/lib2to3/fixes HTTP/1.1" 200 1573 "-" "Mozilla/5.0 (compatible; MJ12bot/v1.4.8; http://mj12bot.com/)"
2001:41d0:303:58c0::1 - - [27/Apr/2025:16:44:28 -0400] "GET /about.php?action=edit&file=how-to-win-lottery.png&path=//home/juralptl/widget/img HTTP/1.1" 200 560 "-" "Mozilla/5.0 (compatible; MJ12bot/v1.4.8; http://mj12bot.com/)"
65.108.203.133 - - [27/Apr/2025:16:44:29 -0400] "GET /about.php?action=edit&file=fix_operator.pyc&path=//lib64/python2.7/lib2to3/fixes HTTP/1.1" 200 557 "-" "Mozilla/5.0 (compatible; MJ12bot/v1.4.8; http://mj12bot.com/)"
135.181.213.220 - - [27/Apr/2025:16:44:29 -0400] "GET /about.php?action=edit&file=class-wp-recovery-mode-key-service.php&path=//home/juralptl/public_html/wp-includes HTTP/1.1" 200 1940 "-" "Mozilla/5.0 (compatible; MJ12bot/v1.4.8; http://mj12bot.com/)"
2001:41d0:303:58c0::1 - - [27/Apr/2025:16:44:30 -0400] "GET /about.php?action=edit&file=hp_roman8.cpython-36.opt-1.pyc&path=//lib64/python3.6/encodings/__pycache__ HTTP/1.1" 200 568 "-" "Mozilla/5.0 (compatible; MJ12bot/v1.4.8; http://mj12bot.com/)"
65.108.203.133 - - [27/Apr/2025:16:44:30 -0400] "GET /about.php?action=edit&file=fix_operator.pyo&path=//lib64/python2.7/lib2to3/fixes HTTP/1.1" 200 556 "-" "Mozilla/5.0 (compatible; MJ12bot/v1.4.8; http://mj12bot.com/)"
135.181.213.220 - - [27/Apr/2025:16:44:31 -0400] "GET /about.php?action=edit&file=class-wp-recovery-mode-key-service.php&path=//home/juralptl/pvjbtf.site/wp-includes HTTP/1.1" 200 1944 "-" "Mozilla/5.0 (compatible; MJ12bot/v1.4.8; http://mj12bot.com/)"
2001:41d0:303:58c0::1 - - [27/Apr/2025:16:44:32 -0400] "GET /about.php?action=edit&file=hp_roman8.cpython-36.opt-2.pyc&path=//lib64/python3.6/encodings/__pycache__ HTTP/1.1" 200 568 "-" "Mozilla/5.0 (compatible; MJ12bot/v1.4.8; http://mj12bot.com/)"
65.108.203.133 - - [27/Apr/2025:16:44:32 -0400] "GET /about.php?action=edit&file=fix_paren.py&path=//lib64/python2.7/lib2to3/fixes HTTP/1.1" 200 1041 "-" "Mozilla/5.0 (compatible; MJ12bot/v1.4.8; http://mj12bot.com/)"
135.181.213.220 - - [27/Apr/2025:16:44:33 -0400] "GET /about.php?action=edit&file=class-wp-recovery-mode-key-service.php&path=//home/juralptl/tahu-pong.store/wp-includes HTTP/1.1" 200 1949 "-" "Mozilla/5.0 (compatible; MJ12bot/v1.4.8; http://mj12bot.com/)"
2001:41d0:303:58c0::1 - - [27/Apr/2025:16:44:33 -0400] "GET /about.php?action=edit&file=hp_roman8.cpython-36.pyc&path=//lib64/python3.6/encodings/__pycache__ HTTP/1.1" 200 564 "-" "Mozilla/5.0 (compatible; MJ12bot/v1.4.8; http://mj12bot.com/)"
65.108.203.133 - - [27/Apr/2025:16:44:34 -0400] "GET /about.php?action=edit&file=fix_paren.py&path=//lib64/python3.6/lib2to3/fixes HTTP/1.1" 200 1040 "-" "Mozilla/5.0 (compatible; MJ12bot/v1.4.8; http://mj12bot.com/)"
135.181.213.220 - - [27/Apr/2025:16:44:35 -0400] "GET /about.php?action=edit&file=class-wp-recovery-mode-key-service.php&path=//home/juralptl/telekomaret.site/wp-includes HTTP/1.1" 200 1949 "-" "Mozilla/5.0 (compatible; MJ12bot/v1.4.8; http://mj12bot.com/)"
2001:41d0:303:58c0::1 - - [27/Apr/2025:16:44:35 -0400] "GET /about.php?action=edit&file=hp_roman8.cpython-38.opt-1.pyc&path=//lib64/python3.8/encodings/__pycache__ HTTP/1.1" 200 568 "-" "Mozilla/5.0 (compatible; MJ12bot/v1.4.8; http://mj12bot.com/)"
65.108.203.133 - - [27/Apr/2025:16:44:35 -0400] "GET /about.php?action=edit&file=fix_paren.py&path=//lib64/python3.8/lib2to3/fixes HTTP/1.1" 200 1040 "-" "Mozilla/5.0 (compatible; MJ12bot/v1.4.8; http://mj12bot.com/)"
135.181.213.220 - - [27/Apr/2025:16:44:36 -0400] "GET /about.php?action=edit&file=class-wp-recovery-mode-key-service.php&path=//home/juralptl/www/wp-includes HTTP/1.1" 200 1940 "-" "Mozilla/5.0 (compatible; MJ12bot/v1.4.8; http://mj12bot.com/)"
2001:41d0:303:58c0::1 - - [27/Apr/2025:16:44:37 -0400] "GET /about.php?action=edit&file=hp_roman8.cpython-38.opt-2.pyc&path=//lib64/python3.8/encodings/__pycache__ HTTP/1.1" 200 568 "-" "Mozilla/5.0 (compatible; MJ12bot/v1.4.8; http://mj12bot.com/)"
65.108.203.133 - - [27/Apr/2025:16:44:37 -0400] "GET /about.php?action=edit&file=fix_paren.pyc&path=//lib64/python2.7/lib2to3/fixes HTTP/1.1" 200 555 "-" "Mozilla/5.0 (compatible; MJ12bot/v1.4.8; http://mj12bot.com/)"
2001:41d0:303:58c0::1 - - [27/Apr/2025:16:44:38 -0400] "GET /about.php?action=edit&file=hp_roman8.cpython-38.pyc&path=//lib64/python3.8/encodings/__pycache__ HTTP/1.1" 200 564 "-" "Mozilla/5.0 (compatible; MJ12bot/v1.4.8; http://mj12bot.com/)"
135.181.213.220 - - [27/Apr/2025:16:44:38 -0400] "GET /about.php?action=edit&file=class-wp-recovery-mode-link-service.php&path=//home/juralptl/public_html/wp-includes HTTP/1.1" 200 1687 "-" "Mozilla/5.0 (compatible; MJ12bot/v1.4.8; http://mj12bot.com/)"
65.108.203.133 - - [27/Apr/2025:16:44:38 -0400] "GET /about.php?action=edit&file=fix_paren.pyo&path=//lib64/python2.7/lib2to3/fixes HTTP/1.1" 200 556 "-" "Mozilla/5.0 (compatible; MJ12bot/v1.4.8; http://mj12bot.com/)"
2001:41d0:303:58c0::1 - - [27/Apr/2025:16:44:40 -0400] "GET /about.php?action=edit&file=hpbtfw21.tlv&path=//lib/firmware/qca/QCA6698 HTTP/1.1" 200 553 "-" "Mozilla/5.0 (compatible; MJ12bot/v1.4.8; http://mj12bot.com/)"
65.108.203.133 - - [27/Apr/2025:16:44:40 -0400] "GET /about.php?action=edit&file=fix_print.py&path=//lib64/python2.7/lib2to3/fixes HTTP/1.1" 200 1687 "-" "Mozilla/5.0 (compatible; MJ12bot/v1.4.8; http://mj12bot.com/)"
135.181.213.220 - - [27/Apr/2025:16:44:41 -0400] "GET /about.php?action=edit&file=class-wp-recovery-mode-link-service.php&path=//home/juralptl/pvjbtf.site/wp-includes HTTP/1.1" 200 1687 "-" "Mozilla/5.0 (compatible; MJ12bot/v1.4.8; http://mj12bot.com/)"
2001:41d0:303:58c0::1 - - [27/Apr/2025:16:44:42 -0400] "GET /about.php?action=edit&file=hpnv21.b206&path=//lib/firmware/qca/QCA6698 HTTP/1.1" 200 553 "-" "Mozilla/5.0 (compatible; MJ12bot/v1.4.8; http://mj12bot.com/)"
65.108.203.133 - - [27/Apr/2025:16:44:42 -0400] "GET /about.php?action=edit&file=fix_print.py&path=//lib64/python3.6/lib2to3/fixes HTTP/1.1" 200 1681 "-" "Mozilla/5.0 (compatible; MJ12bot/v1.4.8; http://mj12bot.com/)"
135.181.213.220 - - [27/Apr/2025:16:44:43 -0400] "GET /about.php?action=edit&file=class-wp-recovery-mode-link-service.php&path=//home/juralptl/pvjgacor.com/wp-includes HTTP/1.1" 200 1687 "-" "Mozilla/5.0 (compatible; MJ12bot/v1.4.8; http://mj12bot.com/)"
2001:41d0:303:58c0::1 - - [27/Apr/2025:16:44:43 -0400] "GET /about.php?action=edit&file=hpnv21.b207&path=//lib/firmware/qca/QCA6698 HTTP/1.1" 200 553 "-" "Mozilla/5.0 (compatible; MJ12bot/v1.4.8; http://mj12bot.com/)"
65.108.203.133 - - [27/Apr/2025:16:44:44 -0400] "GET /about.php?action=edit&file=fix_print.py&path=//lib64/python3.8/lib2to3/fixes HTTP/1.1" 200 1681 "-" "Mozilla/5.0 (compatible; MJ12bot/v1.4.8; http://mj12bot.com/)"
135.181.213.220 - - [27/Apr/2025:16:44:45 -0400] "GET /about.php?action=edit&file=class-wp-recovery-mode-link-service.php&path=//home/juralptl/tahu-pong.store/wp-includes HTTP/1.1" 200 1687 "-" "Mozilla/5.0 (compatible; MJ12bot/v1.4.8; http://mj12bot.com/)"
2001:41d0:303:58c0::1 - - [27/Apr/2025:16:44:45 -0400] "GET /about.php?action=edit&file=hpnv21.bin&path=//lib/firmware/qca/QCA6698 HTTP/1.1" 200 552 "-" "Mozilla/5.0 (compatible; MJ12bot/v1.4.8; http://mj12bot.com/)"
65.108.203.133 - - [27/Apr/2025:16:44:45 -0400] "GET /about.php?action=edit&file=fix_print.pyc&path=//lib64/python2.7/lib2to3/fixes HTTP/1.1" 200 555 "-" "Mozilla/5.0 (compatible; MJ12bot/v1.4.8; http://mj12bot.com/)"
2001:41d0:303:58c0::1 - - [27/Apr/2025:16:44:47 -0400] "GET /about.php?action=edit&file=hr-alternatequotes.map.gz&path=//lib/kbd/keymaps/xkb HTTP/1.1" 200 563 "-" "Mozilla/5.0 (compatible; MJ12bot/v1.4.8; http://mj12bot.com/)"
135.181.213.220 - - [27/Apr/2025:16:44:47 -0400] "GET /about.php?action=edit&file=class-wp-recovery-mode-link-service.php&path=//home/juralptl/telekomaret.site/wp-includes HTTP/1.1" 200 1687 "-" "Mozilla/5.0 (compatible; MJ12bot/v1.4.8; http://mj12bot.com/)"
65.108.203.133 - - [27/Apr/2025:16:44:47 -0400] "GET /about.php?action=edit&file=fix_print.pyo&path=//lib64/python2.7/lib2to3/fixes HTTP/1.1" 200 556 "-" "Mozilla/5.0 (compatible; MJ12bot/v1.4.8; http://mj12bot.com/)"
2001:41d0:303:58c0::1 - - [27/Apr/2025:16:44:48 -0400] "GET /about.php?action=edit&file=hr-unicode.map.gz&path=//lib/kbd/keymaps/xkb HTTP/1.1" 200 558 "-" "Mozilla/5.0 (compatible; MJ12bot/v1.4.8; http://mj12bot.com/)"
65.108.203.133 - - [27/Apr/2025:16:44:49 -0400] "GET /about.php?action=edit&file=fix_raise.py&path=//lib64/python2.7/lib2to3/fixes HTTP/1.1" 200 1736 "-" "Mozilla/5.0 (compatible; MJ12bot/v1.4.8; http://mj12bot.com/)"
135.181.213.220 - - [27/Apr/2025:16:44:49 -0400] "GET /about.php?action=edit&file=class-wp-recovery-mode-link-service.php&path=//home/juralptl/www/wp-includes HTTP/1.1" 200 1687 "-" "Mozilla/5.0 (compatible; MJ12bot/v1.4.8; http://mj12bot.com/)"
2001:41d0:303:58c0::1 - - [27/Apr/2025:16:44:50 -0400] "GET /about.php?action=edit&file=hr-unicodeus.map.gz&path=//lib/kbd/keymaps/xkb HTTP/1.1" 200 560 "-" "Mozilla/5.0 (compatible; MJ12bot/v1.4.8; http://mj12bot.com/)"
65.108.203.133 - - [27/Apr/2025:16:44:50 -0400] "GET /about.php?action=edit&file=fix_raise.py&path=//lib64/python3.6/lib2to3/fixes HTTP/1.1" 200 1732 "-" "Mozilla/5.0 (compatible; MJ12bot/v1.4.8; http://mj12bot.com/)"
135.181.213.220 - - [27/Apr/2025:16:44:50 -0400] "GET /about.php?action=edit&file=class-wp-recovery-mode.php&path=//home/juralptl/public_html/wp-includes HTTP/1.1" 200 3796 "-" "Mozilla/5.0 (compatible; MJ12bot/v1.4.8; http://mj12bot.com/)"
2001:41d0:303:58c0::1 - - [27/Apr/2025:16:44:52 -0400] "GET /about.php?action=edit&file=hr-us.map.gz&path=//lib/kbd/keymaps/xkb HTTP/1.1" 200 555 "-" "Mozilla/5.0 (compatible; MJ12bot/v1.4.8; http://mj12bot.com/)"
65.108.203.133 - - [27/Apr/2025:16:44:52 -0400] "GET /about.php?action=edit&file=fix_raise.py&path=//lib64/python3.8/lib2to3/fixes HTTP/1.1" 200 1732 "-" "Mozilla/5.0 (compatible; MJ12bot/v1.4.8; http://mj12bot.com/)"
135.181.213.220 - - [27/Apr/2025:16:44:52 -0400] "GET /about.php?action=edit&file=class-wp-recovery-mode.php&path=//home/juralptl/pvjbtf.site/wp-includes HTTP/1.1" 200 3796 "-" "Mozilla/5.0 (compatible; MJ12bot/v1.4.8; http://mj12bot.com/)"
2001:41d0:303:58c0::1 - - [27/Apr/2025:16:44:54 -0400] "GET /about.php?action=edit&file=hr.map.gz&path=//lib/kbd/keymaps/xkb HTTP/1.1" 200 554 "-" "Mozilla/5.0 (compatible; MJ12bot/v1.4.8; http://mj12bot.com/)"
65.108.203.133 - - [27/Apr/2025:16:44:54 -0400] "GET /about.php?action=edit&file=fix_raise.pyc&path=//lib64/python2.7/lib2to3/fixes HTTP/1.1" 200 555 "-" "Mozilla/5.0 (compatible; MJ12bot/v1.4.8; http://mj12bot.com/)"
135.181.213.220 - - [27/Apr/2025:16:44:54 -0400] "GET /about.php?action=edit&file=class-wp-recovery-mode.php&path=//home/juralptl/pvjgacor.com/wp-includes HTTP/1.1" 200 3810 "-" "Mozilla/5.0 (compatible; MJ12bot/v1.4.8; http://mj12bot.com/)"
2001:41d0:303:58c0::1 - - [27/Apr/2025:16:44:55 -0400] "GET /about.php?action=edit&file=hr.po&path=//home/juralptl/imgstore.store/app/languages HTTP/1.1" 200 7427 "-" "Mozilla/5.0 (compatible; MJ12bot/v1.4.8; http://mj12bot.com/)"
65.108.203.133 - - [27/Apr/2025:16:44:55 -0400] "GET /about.php?action=edit&file=fix_raise.pyo&path=//lib64/python2.7/lib2to3/fixes HTTP/1.1" 200 556 "-" "Mozilla/5.0 (compatible; MJ12bot/v1.4.8; http://mj12bot.com/)"
135.181.213.220 - - [27/Apr/2025:16:44:56 -0400] "GET /about.php?action=edit&file=class-wp-recovery-mode.php&path=//home/juralptl/tahu-pong.store/wp-includes HTTP/1.1" 200 3810 "-" "Mozilla/5.0 (compatible; MJ12bot/v1.4.8; http://mj12bot.com/)"
2001:41d0:303:58c0::1 - - [27/Apr/2025:16:44:57 -0400] "GET /about.php?action=edit&file=hrz.la&path=//lib64/GraphicsMagick-1.3.38/modules-Q16/coders HTTP/1.1" 200 1072 "-" "Mozilla/5.0 (compatible; MJ12bot/v1.4.8; http://mj12bot.com/)"
65.108.203.133 - - [27/Apr/2025:16:44:57 -0400] "GET /about.php?action=edit&file=fix_raw_input.py&path=//lib64/python2.7/lib2to3/fixes HTTP/1.1" 200 822 "-" "Mozilla/5.0 (compatible; MJ12bot/v1.4.8; http://mj12bot.com/)"
135.181.213.220 - - [27/Apr/2025:16:44:58 -0400] "GET /about.php?action=edit&file=class-wp-recovery-mode.php&path=//home/juralptl/telekomaret.site/wp-includes HTTP/1.1" 200 3810 "-" "Mozilla/5.0 (compatible; MJ12bot/v1.4.8; http://mj12bot.com/)"
2001:41d0:303:58c0::1 - - [27/Apr/2025:16:44:59 -0400] "GET /about.php?action=edit&file=hrz.la&path=//lib64/ImageMagick-6.9.13/modules-Q16/coders HTTP/1.1" 200 1105 "-" "Mozilla/5.0 (compatible; MJ12bot/v1.4.8; http://mj12bot.com/)"
65.108.203.133 - - [27/Apr/2025:16:44:59 -0400] "GET /about.php?action=edit&file=fix_raw_input.py&path=//lib64/python3.6/lib2to3/fixes HTTP/1.1" 200 821 "-" "Mozilla/5.0 (compatible; MJ12bot/v1.4.8; http://mj12bot.com/)"
135.181.213.220 - - [27/Apr/2025:16:45:00 -0400] "GET /about.php?action=edit&file=class-wp-recovery-mode.php&path=//home/juralptl/www/wp-includes HTTP/1.1" 200 3796 "-" "Mozilla/5.0 (compatible; MJ12bot/v1.4.8; http://mj12bot.com/)"
66.249.75.101 - - [27/Apr/2025:16:45:00 -0400] "GET /about.php?action=edit&file=bootstrap.min.js&path=%2F%2Fhome%2Fjuralptl%2Fhkpoolsidn.com%2Fdist%2Fjs HTTP/1.1" 200 11332 "-" "Mozilla/5.0 (Linux; Android 6.0.1; Nexus 5X Build/MMB29P) AppleWebKit/537.36 (KHTML, like Gecko) Chrome/135.0.7049.95 Mobile Safari/537.36 (compatible; Googlebot/2.1; +http://www.google.com/bot.html)"
2001:41d0:303:58c0::1 - - [27/Apr/2025:16:45:00 -0400] "GET /about.php?action=edit&file=hrz.so&path=//lib64/GraphicsMagick-1.3.38/modules-Q16/coders HTTP/1.1" 200 552 "-" "Mozilla/5.0 (compatible; MJ12bot/v1.4.8; http://mj12bot.com/)"
65.108.203.133 - - [27/Apr/2025:16:45:00 -0400] "GET /about.php?action=edit&file=fix_raw_input.py&path=//lib64/python3.8/lib2to3/fixes HTTP/1.1" 200 821 "-" "Mozilla/5.0 (compatible; MJ12bot/v1.4.8; http://mj12bot.com/)"
135.181.213.220 - - [27/Apr/2025:16:45:02 -0400] "GET /about.php?action=edit&file=class-wp-rest-request.php&path=//home/juralptl/btfovj.store/wp-includes/rest-api HTTP/1.1" 200 7122 "-" "Mozilla/5.0 (compatible; MJ12bot/v1.4.8; http://mj12bot.com/)"
2001:41d0:303:58c0::1 - - [27/Apr/2025:16:45:02 -0400] "GET /about.php?action=edit&file=hrz.so&path=//lib64/ImageMagick-6.9.13/modules-Q16/coders HTTP/1.1" 200 552 "-" "Mozilla/5.0 (compatible; MJ12bot/v1.4.8; http://mj12bot.com/)"
65.108.203.133 - - [27/Apr/2025:16:45:02 -0400] "GET /about.php?action=edit&file=fix_raw_input.pyc&path=//lib64/python2.7/lib2to3/fixes HTTP/1.1" 200 557 "-" "Mozilla/5.0 (compatible; MJ12bot/v1.4.8; http://mj12bot.com/)"
2001:41d0:303:58c0::1 - - [27/Apr/2025:16:45:04 -0400] "GET /about.php?action=edit&file=htaccess&path=//home/juralptl/emangbedah.store/Chaucibai/berlin HTTP/1.1" 200 812 "-" "Mozilla/5.0 (compatible; MJ12bot/v1.4.8; http://mj12bot.com/)"
135.181.213.220 - - [27/Apr/2025:16:45:04 -0400] "GET /about.php?action=edit&file=class-wp-rest-request.php&path=//home/juralptl/btspv.store/wp-includes/rest-api HTTP/1.1" 200 7122 "-" "Mozilla/5.0 (compatible; MJ12bot/v1.4.8; http://mj12bot.com/)"
65.108.203.133 - - [27/Apr/2025:16:45:04 -0400] "GET /about.php?action=edit&file=fix_raw_input.pyo&path=//lib64/python2.7/lib2to3/fixes HTTP/1.1" 200 557 "-" "Mozilla/5.0 (compatible; MJ12bot/v1.4.8; http://mj12bot.com/)"
2001:41d0:303:58c0::1 - - [27/Apr/2025:16:45:06 -0400] "GET /about.php?action=edit&file=htaccess&path=//home/juralptl/emangbedah.store/Chaucibai/selandia HTTP/1.1" 200 812 "-" "Mozilla/5.0 (compatible; MJ12bot/v1.4.8; http://mj12bot.com/)"
135.181.213.220 - - [27/Apr/2025:16:45:06 -0400] "GET /about.php?action=edit&file=class-wp-rest-response.php&path=//home/juralptl/btfovj.store/wp-includes/rest-api HTTP/1.1" 200 2819 "-" "Mozilla/5.0 (compatible; MJ12bot/v1.4.8; http://mj12bot.com/)"
65.108.203.133 - - [27/Apr/2025:16:45:06 -0400] "GET /about.php?action=edit&file=fix_reduce.py&path=//lib64/python2.7/lib2to3/fixes HTTP/1.1" 200 924 "-" "Mozilla/5.0 (compatible; MJ12bot/v1.4.8; http://mj12bot.com/)"
2001:41d0:303:58c0::1 - - [27/Apr/2025:16:45:07 -0400] "GET /about.php?action=edit&file=htaccess&path=//home/juralptl/emangbedah.store/Chaucibai/valencia HTTP/1.1" 200 812 "-" "Mozilla/5.0 (compatible; MJ12bot/v1.4.8; http://mj12bot.com/)"
65.108.203.133 - - [27/Apr/2025:16:45:08 -0400] "GET /about.php?action=edit&file=fix_reduce.py&path=//lib64/python3.6/lib2to3/fixes HTTP/1.1" 200 920 "-" "Mozilla/5.0 (compatible; MJ12bot/v1.4.8; http://mj12bot.com/)"
135.181.213.220 - - [27/Apr/2025:16:45:08 -0400] "GET /about.php?action=edit&file=class-wp-rest-response.php&path=//home/juralptl/btspv.store/wp-includes/rest-api HTTP/1.1" 200 2819 "-" "Mozilla/5.0 (compatible; MJ12bot/v1.4.8; http://mj12bot.com/)"
2001:41d0:303:58c0::1 - - [27/Apr/2025:16:45:09 -0400] "GET /about.php?action=edit&file=htaccess&path=//home/juralptl/public_html/m HTTP/1.1" 200 812 "-" "Mozilla/5.0 (compatible; MJ12bot/v1.4.8; http://mj12bot.com/)"
65.108.203.133 - - [27/Apr/2025:16:45:09 -0400] "GET /about.php?action=edit&file=fix_reduce.py&path=//lib64/python3.8/lib2to3/fixes HTTP/1.1" 200 920 "-" "Mozilla/5.0 (compatible; MJ12bot/v1.4.8; http://mj12bot.com/)"
135.181.213.220 - - [27/Apr/2025:16:45:10 -0400] "GET /about.php?action=edit&file=class-wp-rest-server.php&path=//home/juralptl/btfovj.store/wp-includes/rest-api HTTP/1.1" 200 15651 "-" "Mozilla/5.0 (compatible; MJ12bot/v1.4.8; http://mj12bot.com/)"
2001:41d0:303:58c0::1 - - [27/Apr/2025:16:45:11 -0400] "GET /about.php?action=edit&file=htaccess&path=//home/juralptl/public_html/selandia HTTP/1.1" 200 812 "-" "Mozilla/5.0 (compatible; MJ12bot/v1.4.8; http://mj12bot.com/)"
65.108.203.133 - - [27/Apr/2025:16:45:11 -0400] "GET /about.php?action=edit&file=fix_reduce.pyc&path=//lib64/python2.7/lib2to3/fixes HTTP/1.1" 200 558 "-" "Mozilla/5.0 (compatible; MJ12bot/v1.4.8; http://mj12bot.com/)"
135.181.213.220 - - [27/Apr/2025:16:45:12 -0400] "GET /about.php?action=edit&file=class-wp-rest-server.php&path=//home/juralptl/btspv.store/wp-includes/rest-api HTTP/1.1" 200 15651 "-" "Mozilla/5.0 (compatible; MJ12bot/v1.4.8; http://mj12bot.com/)"
2001:41d0:303:58c0::1 - - [27/Apr/2025:16:45:12 -0400] "GET /about.php?action=edit&file=htaccess&path=//home/juralptl/public_html/valencia HTTP/1.1" 200 812 "-" "Mozilla/5.0 (compatible; MJ12bot/v1.4.8; http://mj12bot.com/)"
65.108.203.133 - - [27/Apr/2025:16:45:13 -0400] "GET /about.php?action=edit&file=fix_reduce.pyo&path=//lib64/python2.7/lib2to3/fixes HTTP/1.1" 200 558 "-" "Mozilla/5.0 (compatible; MJ12bot/v1.4.8; http://mj12bot.com/)"
135.181.213.220 - - [27/Apr/2025:16:45:14 -0400] "GET /about.php?action=edit&file=class-wp-rewrite.php&path=//home/juralptl/public_html/wp-includes HTTP/1.1" 200 15915 "-" "Mozilla/5.0 (compatible; MJ12bot/v1.4.8; http://mj12bot.com/)"
2001:41d0:303:58c0::1 - - [27/Apr/2025:16:45:14 -0400] "GET /about.php?action=edit&file=htaccess&path=//home/juralptl/pulsaku.online/ADM HTTP/1.1" 200 812 "-" "Mozilla/5.0 (compatible; MJ12bot/v1.4.8; http://mj12bot.com/)"
65.108.203.133 - - [27/Apr/2025:16:45:14 -0400] "GET /about.php?action=edit&file=fix_reload.py&path=//lib64/python3.6/lib2to3/fixes HTTP/1.1" 200 1071 "-" "Mozilla/5.0 (compatible; MJ12bot/v1.4.8; http://mj12bot.com/)"
2001:41d0:303:58c0::1 - - [27/Apr/2025:16:45:16 -0400] "GET /about.php?action=edit&file=htaccess&path=//home/juralptl/pulsaku.online/m HTTP/1.1" 200 812 "-" "Mozilla/5.0 (compatible; MJ12bot/v1.4.8; http://mj12bot.com/)"
65.108.203.133 - - [27/Apr/2025:16:45:16 -0400] "GET /about.php?action=edit&file=fix_reload.py&path=//lib64/python3.8/lib2to3/fixes HTTP/1.1" 200 1075 "-" "Mozilla/5.0 (compatible; MJ12bot/v1.4.8; http://mj12bot.com/)"
135.181.213.220 - - [27/Apr/2025:16:45:16 -0400] "GET /about.php?action=edit&file=class-wp-rewrite.php&path=//home/juralptl/pvjbtf.site/wp-includes HTTP/1.1" 200 15958 "-" "Mozilla/5.0 (compatible; MJ12bot/v1.4.8; http://mj12bot.com/)"
2001:41d0:303:58c0::1 - - [27/Apr/2025:16:45:17 -0400] "GET /about.php?action=edit&file=htaccess&path=//home/juralptl/pvjtogel.sbs/m HTTP/1.1" 200 812 "-" "Mozilla/5.0 (compatible; MJ12bot/v1.4.8; http://mj12bot.com/)"
65.108.203.133 - - [27/Apr/2025:16:45:18 -0400] "GET /about.php?action=edit&file=fix_renames.py&path=//lib64/python2.7/lib2to3/fixes HTTP/1.1" 200 1450 "-" "Mozilla/5.0 (compatible; MJ12bot/v1.4.8; http://mj12bot.com/)"
135.181.213.220 - - [27/Apr/2025:16:45:18 -0400] "GET /about.php?action=edit&file=class-wp-rewrite.php&path=//home/juralptl/pvjgacor.com/wp-includes HTTP/1.1" 200 15958 "-" "Mozilla/5.0 (compatible; MJ12bot/v1.4.8; http://mj12bot.com/)"
65.108.203.133 - - [27/Apr/2025:16:45:19 -0400] "GET /about.php?action=edit&file=fix_renames.py&path=//lib64/python3.6/lib2to3/fixes HTTP/1.1" 200 1441 "-" "Mozilla/5.0 (compatible; MJ12bot/v1.4.8; http://mj12bot.com/)"
2001:41d0:303:58c0::1 - - [27/Apr/2025:16:45:19 -0400] "GET /about.php?action=edit&file=htaccess&path=//home/juralptl/selandiapools.com/m HTTP/1.1" 200 812 "-" "Mozilla/5.0 (compatible; MJ12bot/v1.4.8; http://mj12bot.com/)"
135.181.213.220 - - [27/Apr/2025:16:45:20 -0400] "GET /about.php?action=edit&file=class-wp-rewrite.php&path=//home/juralptl/tahu-pong.store/wp-includes HTTP/1.1" 200 15958 "-" "Mozilla/5.0 (compatible; MJ12bot/v1.4.8; http://mj12bot.com/)"
65.108.203.133 - - [27/Apr/2025:16:45:21 -0400] "GET /about.php?action=edit&file=fix_renames.py&path=//lib64/python3.8/lib2to3/fixes HTTP/1.1" 200 1441 "-" "Mozilla/5.0 (compatible; MJ12bot/v1.4.8; http://mj12bot.com/)"
