20.171.207.115 - - [27/Apr/2025:18:45:39 -0400] "GET /wp-admin/comment.php?action=approve&c=1396 HTTP/1.1" 404 1251 "-" "Mozilla/5.0 AppleWebKit/537.36 (KHTML, like Gecko; compatible; GPTBot/1.2; +https://openai.com/gptbot)"
66.249.75.101 - - [27/Apr/2025:18:45:50 -0400] "GET /about.php?action=edit&file=my-release-key.jks&path=%2Fhome%2Fjuralptl%2Fapkpvj.store%2Fgoogle%2Fandroid HTTP/1.1" 200 558 "-" "Mozilla/5.0 (Linux; Android 6.0.1; Nexus 5X Build/MMB29P) AppleWebKit/537.36 (KHTML, like Gecko) Chrome/135.0.7049.95 Mobile Safari/537.36 (compatible; Googlebot/2.1; +http://www.google.com/bot.html)"
66.249.75.100 - - [27/Apr/2025:18:45:50 -0400] "GET /about.php?action=edit&file=mds_prescan.config.bin&path=%2F%2Fopt%2Fai-bolit HTTP/1.1" 200 562 "-" "Mozilla/5.0 (Linux; Android 6.0.1; Nexus 5X Build/MMB29P) AppleWebKit/537.36 (KHTML, like Gecko) Chrome/135.0.7049.95 Mobile Safari/537.36 (compatible; Googlebot/2.1; +http://www.google.com/bot.html)"
66.249.75.101 - - [27/Apr/2025:18:46:23 -0400] "GET /about.php?action=edit&file=admin.php&path=%2Fhome%2Fjuralptl%2Fxn--pvjbt-ksa.com HTTP/1.1" 200 4503 "-" "Mozilla/5.0 (Linux; Android 6.0.1; Nexus 5X Build/MMB29P) AppleWebKit/537.36 (KHTML, like Gecko) Chrome/135.0.7049.95 Mobile Safari/537.36 (compatible; GoogleOther)"
20.171.207.115 - - [27/Apr/2025:18:46:42 -0400] "GET /wp-admin/comment.php?action=approve&c=1273 HTTP/1.1" 404 1251 "-" "Mozilla/5.0 AppleWebKit/537.36 (KHTML, like Gecko; compatible; GPTBot/1.2; +https://openai.com/gptbot)"
20.171.207.115 - - [27/Apr/2025:18:47:43 -0400] "GET /wp-admin/comment.php?action=approve&c=1083 HTTP/1.1" 404 1251 "-" "Mozilla/5.0 AppleWebKit/537.36 (KHTML, like Gecko; compatible; GPTBot/1.2; +https://openai.com/gptbot)"
66.249.75.102 - - [27/Apr/2025:18:47:50 -0400] "GET /about.php?action=edit&file=a2hadmin.zip&path=%2Fhome%2Fjuralptl%2Fselandiapools.com HTTP/1.1" 200 556 "-" "Mozilla/5.0 (Linux; Android 6.0.1; Nexus 5X Build/MMB29P) AppleWebKit/537.36 (KHTML, like Gecko) Chrome/135.0.7049.95 Mobile Safari/537.36 (compatible; Googlebot/2.1; +http://www.google.com/bot.html)"
20.171.207.115 - - [27/Apr/2025:18:48:46 -0400] "GET /wp-admin/comment.php?action=approve&c=1082 HTTP/1.1" 404 1251 "-" "Mozilla/5.0 AppleWebKit/537.36 (KHTML, like Gecko; compatible; GPTBot/1.2; +https://openai.com/gptbot)"
66.249.75.100 - - [27/Apr/2025:18:49:50 -0400] "GET /about.php?action=edit&file=result.php&path=%2Fhome%2Fjuralptl%2Fselandiapools.com HTTP/1.1" 200 725 "-" "Mozilla/5.0 (Linux; Android 6.0.1; Nexus 5X Build/MMB29P) AppleWebKit/537.36 (KHTML, like Gecko) Chrome/135.0.7049.95 Mobile Safari/537.36 (compatible; Googlebot/2.1; +http://www.google.com/bot.html)"
20.171.207.115 - - [27/Apr/2025:18:49:51 -0400] "GET /wp-admin/comment.php?action=approve&c=1430 HTTP/1.1" 404 1251 "-" "Mozilla/5.0 AppleWebKit/537.36 (KHTML, like Gecko; compatible; GPTBot/1.2; +https://openai.com/gptbot)"
20.171.207.115 - - [27/Apr/2025:18:50:55 -0400] "GET /wp-admin/comment.php?action=approve&c=1280 HTTP/1.1" 404 1251 "-" "Mozilla/5.0 AppleWebKit/537.36 (KHTML, like Gecko; compatible; GPTBot/1.2; +https://openai.com/gptbot)"
66.249.75.102 - - [27/Apr/2025:18:51:51 -0400] "GET /about.php?action=edit&file=livedrawcontentmiddle.php&path=%2Fhome%2Fjuralptl%2Fselandiapools.com HTTP/1.1" 200 1772 "-" "Mozilla/5.0 (Linux; Android 6.0.1; Nexus 5X Build/MMB29P) AppleWebKit/537.36 (KHTML, like Gecko) Chrome/135.0.7049.95 Mobile Safari/537.36 (compatible; Googlebot/2.1; +http://www.google.com/bot.html)"
20.171.207.115 - - [27/Apr/2025:18:52:00 -0400] "GET /wp-admin/comment.php?action=approve&c=1098 HTTP/1.1" 404 1251 "-" "Mozilla/5.0 AppleWebKit/537.36 (KHTML, like Gecko; compatible; GPTBot/1.2; +https://openai.com/gptbot)"
20.171.207.115 - - [27/Apr/2025:18:53:06 -0400] "GET /wp-admin/comment.php?action=approve&c=555 HTTP/1.1" 404 1251 "-" "Mozilla/5.0 AppleWebKit/537.36 (KHTML, like Gecko; compatible; GPTBot/1.2; +https://openai.com/gptbot)"
66.249.75.100 - - [27/Apr/2025:18:53:51 -0400] "GET /about.php?action=edit&file=result_validation.php&path=%2Fhome%2Fjuralptl%2Fselandiapools.com HTTP/1.1" 200 1139 "-" "Mozilla/5.0 (Linux; Android 6.0.1; Nexus 5X Build/MMB29P) AppleWebKit/537.36 (KHTML, like Gecko) Chrome/135.0.7049.95 Mobile Safari/537.36 (compatible; Googlebot/2.1; +http://www.google.com/bot.html)"
20.171.207.115 - - [27/Apr/2025:18:54:10 -0400] "GET /wp-admin/comment.php?action=approve&c=553 HTTP/1.1" 404 1251 "-" "Mozilla/5.0 AppleWebKit/537.36 (KHTML, like Gecko; compatible; GPTBot/1.2; +https://openai.com/gptbot)"
20.171.207.115 - - [27/Apr/2025:18:55:16 -0400] "GET /wp-admin/comment.php?action=approve&c=949 HTTP/1.1" 404 1251 "-" "Mozilla/5.0 AppleWebKit/537.36 (KHTML, like Gecko; compatible; GPTBot/1.2; +https://openai.com/gptbot)"
117.62.235.53 - - [27/Apr/2025:18:55:41 -0400] "GET / HTTP/1.1" 200 2711 "http://www.valenciapools.world" "Mozilla/5.0 (iPhone; CPU iPhone OS 13_2_3 like Mac OS X) AppleWebKit/605.1.15 (KHTML, like Gecko) Version/13.0.3 Mobile/15E148 Safari/604.1"
66.249.75.100 - - [27/Apr/2025:18:55:52 -0400] "GET /about.php?action=edit&file=indexcontentright.php&path=%2Fhome%2Fjuralptl%2Fselandiapools.com%2Fm HTTP/1.1" 200 1675 "-" "Mozilla/5.0 (Linux; Android 6.0.1; Nexus 5X Build/MMB29P) AppleWebKit/537.36 (KHTML, like Gecko) Chrome/135.0.7049.95 Mobile Safari/537.36 (compatible; Googlebot/2.1; +http://www.google.com/bot.html)"
20.171.207.115 - - [27/Apr/2025:18:56:18 -0400] "GET /wp-admin/comment.php?action=approve&c=550 HTTP/1.1" 404 1251 "-" "Mozilla/5.0 AppleWebKit/537.36 (KHTML, like Gecko; compatible; GPTBot/1.2; +https://openai.com/gptbot)"
66.249.75.102 - - [27/Apr/2025:18:56:33 -0400] "GET /about.php?action=edit&file=error_log&path=%2Fhome%2Fjuralptl%2Fselandiapools.com%2Fm HTTP/1.1" 200 125754 "-" "Mozilla/5.0 (Linux; Android 6.0.1; Nexus 5X Build/MMB29P) AppleWebKit/537.36 (KHTML, like Gecko) Chrome/135.0.7049.95 Mobile Safari/537.36 (compatible; GoogleOther)"
66.249.75.100 - - [27/Apr/2025:18:56:52 -0400] "GET /about.php?path=%2F%2Fproc%2Fthread-self%2Froot%2Flib%2Fnode_modules%2Fnpm%2Fnode_modules%2Fenv-paths HTTP/1.1" 200 923 "-" "Mozilla/5.0 (Linux; Android 6.0.1; Nexus 5X Build/MMB29P) AppleWebKit/537.36 (KHTML, like Gecko) Chrome/135.0.7049.95 Mobile Safari/537.36 (compatible; Googlebot/2.1; +http://www.google.com/bot.html)"
20.171.207.115 - - [27/Apr/2025:18:57:18 -0400] "GET /wp-admin/comment.php?action=approve&c=922 HTTP/1.1" 404 1251 "-" "Mozilla/5.0 AppleWebKit/537.36 (KHTML, like Gecko; compatible; GPTBot/1.2; +https://openai.com/gptbot)"
66.249.75.102 - - [27/Apr/2025:18:57:52 -0400] "GET /about.php?action=edit&file=theme-install.php&path=%2Fhome%2Fjuralptl%2Fwww%2Fwp-admin HTTP/1.1" 200 6723 "-" "Mozilla/5.0 (Linux; Android 6.0.1; Nexus 5X Build/MMB29P) AppleWebKit/537.36 (KHTML, like Gecko) Chrome/135.0.7049.95 Mobile Safari/537.36 (compatible; Googlebot/2.1; +http://www.google.com/bot.html)"
66.249.75.101 - - [27/Apr/2025:18:57:52 -0400] "GET /about.php?action=edit&file=terms.php&path=%2Fhome%2Fjuralptl%2Fselandiapools.com%2Fm HTTP/1.1" 200 711 "-" "Mozilla/5.0 (Linux; Android 6.0.1; Nexus 5X Build/MMB29P) AppleWebKit/537.36 (KHTML, like Gecko) Chrome/135.0.7049.95 Mobile Safari/537.36 (compatible; Googlebot/2.1; +http://www.google.com/bot.html)"
66.249.75.100 - - [27/Apr/2025:18:57:52 -0400] "GET /about.php?action=edit&file=.factor&path=%2F%2Fdev%2Fshm HTTP/1.1" 200 2079 "-" "Mozilla/5.0 (Linux; Android 6.0.1; Nexus 5X Build/MMB29P) AppleWebKit/537.36 (KHTML, like Gecko) Chrome/135.0.7049.95 Mobile Safari/537.36 (compatible; Googlebot/2.1; +http://www.google.com/bot.html)"
66.249.75.101 - - [27/Apr/2025:18:57:59 -0400] "GET /about.php?action=edit&file=error_log&path=%2Fhome%2Fjuralptl%2Fselandiapools.com HTTP/1.1" 200 142142 "-" "Mozilla/5.0 (Linux; Android 6.0.1; Nexus 5X Build/MMB29P) AppleWebKit/537.36 (KHTML, like Gecko) Chrome/135.0.7049.95 Mobile Safari/537.36 (compatible; GoogleOther)"
20.171.207.115 - - [27/Apr/2025:18:58:20 -0400] "GET /wp-admin/comment.php?action=approve&c=229 HTTP/1.1" 404 1251 "-" "Mozilla/5.0 AppleWebKit/537.36 (KHTML, like Gecko; compatible; GPTBot/1.2; +https://openai.com/gptbot)"
20.171.207.115 - - [27/Apr/2025:18:59:22 -0400] "GET /wp-admin/comment.php?action=approve&c=1082 HTTP/1.1" 404 1251 "-" "Mozilla/5.0 AppleWebKit/537.36 (KHTML, like Gecko; compatible; GPTBot/1.2; +https://openai.com/gptbot)"
66.249.75.100 - - [27/Apr/2025:18:59:53 -0400] "GET /about.php?action=edit&file=aboutus.php&path=%2Fhome%2Fjuralptl%2Fselandiapools.com%2Fm HTTP/1.1" 200 719 "-" "Mozilla/5.0 (Linux; Android 6.0.1; Nexus 5X Build/MMB29P) AppleWebKit/537.36 (KHTML, like Gecko) Chrome/135.0.7049.95 Mobile Safari/537.36 (compatible; Googlebot/2.1; +http://www.google.com/bot.html)"
66.249.75.101 - - [27/Apr/2025:19:00:18 -0400] "GET /about.php?action=edit&file=type.less&path=%2F%2Fhome%2Fjuralptl%2Fhkpoolsidn.com%2Fdist%2Fcss%2Fless HTTP/1.1" 200 2483 "-" "Mozilla/5.0 (Linux; Android 6.0.1; Nexus 5X Build/MMB29P) AppleWebKit/537.36 (KHTML, like Gecko) Chrome/135.0.7049.95 Mobile Safari/537.36 (compatible; GoogleOther)"
20.171.207.115 - - [27/Apr/2025:19:00:25 -0400] "GET /wp-admin/comment.php?action=approve&c=880 HTTP/1.1" 404 1251 "-" "Mozilla/5.0 AppleWebKit/537.36 (KHTML, like Gecko; compatible; GPTBot/1.2; +https://openai.com/gptbot)"
66.249.75.101 - - [27/Apr/2025:19:00:41 -0400] "GET /about.php?action=edit&file=indexcontentleft.php&path=%2Fhome%2Fjuralptl%2Fselandiapools.com%2Fm HTTP/1.1" 200 923 "-" "Mozilla/5.0 (Linux; Android 6.0.1; Nexus 5X Build/MMB29P) AppleWebKit/537.36 (KHTML, like Gecko) Chrome/135.0.7049.95 Mobile Safari/537.36 (compatible; GoogleOther)"
66.249.75.101 - - [27/Apr/2025:19:00:53 -0400] "GET /about.php?path=//proc/thread-self/root/lib/.build-id/f1 HTTP/1.1" 200 1548 "-" "Mozilla/5.0 (Linux; Android 6.0.1; Nexus 5X Build/MMB29P) AppleWebKit/537.36 (KHTML, like Gecko) Chrome/135.0.7049.95 Mobile Safari/537.36 (compatible; Googlebot/2.1; +http://www.google.com/bot.html)"
20.171.207.115 - - [27/Apr/2025:19:01:26 -0400] "GET /wp-admin/comment.php?action=approve&c=515 HTTP/1.1" 404 1251 "-" "Mozilla/5.0 AppleWebKit/537.36 (KHTML, like Gecko; compatible; GPTBot/1.2; +https://openai.com/gptbot)"
66.249.75.103 - - [27/Apr/2025:19:01:53 -0400] "GET /about.php?path=%2Fhome%2Fjuralptl%2Fselandiapools.com%2Fm%2Fimg HTTP/1.1" 200 1229 "-" "Mozilla/5.0 (Linux; Android 6.0.1; Nexus 5X Build/MMB29P) AppleWebKit/537.36 (KHTML, like Gecko) Chrome/135.0.7049.95 Mobile Safari/537.36 (compatible; Googlebot/2.1; +http://www.google.com/bot.html)"
20.171.207.115 - - [27/Apr/2025:19:02:31 -0400] "GET /wp-admin/comment.php?action=approve&c=188 HTTP/1.1" 404 1251 "-" "Mozilla/5.0 AppleWebKit/537.36 (KHTML, like Gecko; compatible; GPTBot/1.2; +https://openai.com/gptbot)"
20.171.207.115 - - [27/Apr/2025:19:03:36 -0400] "GET /wp-admin/comment.php?action=approve&c=484 HTTP/1.1" 404 1251 "-" "Mozilla/5.0 AppleWebKit/537.36 (KHTML, like Gecko; compatible; GPTBot/1.2; +https://openai.com/gptbot)"
66.249.75.101 - - [27/Apr/2025:19:03:48 -0400] "GET /about.php?action=edit&file=livedrawcontentmiddle.php&path=%2Fhome%2Fjuralptl%2Fselandiapools.com%2Fm HTTP/1.1" 200 1747 "-" "Mozilla/5.0 (Linux; Android 6.0.1; Nexus 5X Build/MMB29P) AppleWebKit/537.36 (KHTML, like Gecko) Chrome/135.0.7049.95 Mobile Safari/537.36 (compatible; GoogleOther)"
66.249.75.101 - - [27/Apr/2025:19:03:54 -0400] "GET /about.php?path=%2Fhome%2Fjuralptl%2Fselandiapools.com%2Fm%2Fcss HTTP/1.1" 200 853 "-" "Mozilla/5.0 (Linux; Android 6.0.1; Nexus 5X Build/MMB29P) AppleWebKit/537.36 (KHTML, like Gecko) Chrome/135.0.7049.95 Mobile Safari/537.36 (compatible; Googlebot/2.1; +http://www.google.com/bot.html)"
192.99.35.94 - - [27/Apr/2025:19:04:04 -0400] "GET /robots.txt HTTP/1.1" 404 1251 "-" "Mozilla/5.0 (compatible; MJ12bot/v1.4.8; http://mj12bot.com/)"
192.99.35.94 - - [27/Apr/2025:19:04:05 -0400] "GET /about.php?action=edit&file=lswsgi&path=//opt/alt/python27/bin HTTP/1.1" 200 549 "-" "Mozilla/5.0 (compatible; MJ12bot/v1.4.8; http://mj12bot.com/)"
192.99.35.94 - - [27/Apr/2025:19:04:07 -0400] "GET /about.php?action=edit&file=lswsgi&path=//opt/alt/python310/bin HTTP/1.1" 200 549 "-" "Mozilla/5.0 (compatible; MJ12bot/v1.4.8; http://mj12bot.com/)"
20.171.207.115 - - [27/Apr/2025:19:04:39 -0400] "GET /wp-admin/comment.php?action=trash&c=138 HTTP/1.1" 404 1251 "-" "Mozilla/5.0 AppleWebKit/537.36 (KHTML, like Gecko; compatible; GPTBot/1.2; +https://openai.com/gptbot)"
20.171.207.115 - - [27/Apr/2025:19:05:41 -0400] "GET /2021/08/13/hello-world/ HTTP/1.1" 404 1251 "-" "Mozilla/5.0 AppleWebKit/537.36 (KHTML, like Gecko; compatible; GPTBot/1.2; +https://openai.com/gptbot)"
66.249.75.102 - - [27/Apr/2025:19:05:54 -0400] "GET /about.php?action=edit&file=indexcontent.php&path=%2Fhome%2Fjuralptl%2Fselandiapools.com%2Fm HTTP/1.1" 200 665 "-" "Mozilla/5.0 (Linux; Android 6.0.1; Nexus 5X Build/MMB29P) AppleWebKit/537.36 (KHTML, like Gecko) Chrome/135.0.7049.95 Mobile Safari/537.36 (compatible; Googlebot/2.1; +http://www.google.com/bot.html)"
2001:41d0:203:34ce::1 - - [27/Apr/2025:19:06:18 -0400] "GET /robots.txt HTTP/1.1" 404 1251 "-" "Mozilla/5.0 (compatible; MJ12bot/v1.4.8; http://mj12bot.com/)"
2001:41d0:203:34ce::1 - - [27/Apr/2025:19:06:20 -0400] "GET /about.php?action=edit&file=.gitkeep&path=//home/juralptl/imgstore.store/app/.psysh HTTP/1.1" 200 551 "-" "Mozilla/5.0 (compatible; MJ12bot/v1.4.8; http://mj12bot.com/)"
2001:41d0:203:34ce::1 - - [27/Apr/2025:19:06:22 -0400] "GET /about.php?action=edit&file=iconin.png&path=//home/juralptl/urincontrol.com/image HTTP/1.1" 200 553 "-" "Mozilla/5.0 (compatible; MJ12bot/v1.4.8; http://mj12bot.com/)"
2001:41d0:203:34ce::1 - - [27/Apr/2025:19:06:24 -0400] "GET /about.php?action=edit&file=jquery-ui-dialog-rtl.css&path=//home/juralptl/btspv.store/wp-includes/css HTTP/1.1" 200 2277 "-" "Mozilla/5.0 (compatible; MJ12bot/v1.4.8; http://mj12bot.com/)"
2001:41d0:203:34ce::1 - - [27/Apr/2025:19:06:26 -0400] "GET /about.php?action=edit&file=jquery.knob.modified.js&path=//home/juralptl/hkpoolsidn.com/ADM/js HTTP/1.1" 200 4341 "-" "Mozilla/5.0 (compatible; MJ12bot/v1.4.8; http://mj12bot.com/)"
2001:41d0:203:34ce::1 - - [27/Apr/2025:19:06:28 -0400] "GET /about.php?action=edit&file=jquery.noty.css&path=//home/juralptl/berlinpools.us/ADM/css HTTP/1.1" 200 1072 "-" "Mozilla/5.0 (compatible; MJ12bot/v1.4.8; http://mj12bot.com/)"
2001:41d0:203:34ce::1 - - [27/Apr/2025:19:06:29 -0400] "GET /about.php?action=edit&file=jquery.noty.css&path=//home/juralptl/hkpoolsidn.com/ADM/css HTTP/1.1" 200 1072 "-" "Mozilla/5.0 (compatible; MJ12bot/v1.4.8; http://mj12bot.com/)"
2001:41d0:203:34ce::1 - - [27/Apr/2025:19:06:31 -0400] "GET /about.php?action=edit&file=jquery.noty.js&path=//home/juralptl/berlinpools.us/ADM/js HTTP/1.1" 200 3124 "-" "Mozilla/5.0 (compatible; MJ12bot/v1.4.8; http://mj12bot.com/)"
2001:41d0:203:34ce::1 - - [27/Apr/2025:19:06:33 -0400] "GET /about.php?action=edit&file=jquery.noty.js&path=//home/juralptl/hkpoolsidn.com/ADM/js HTTP/1.1" 200 3124 "-" "Mozilla/5.0 (compatible; MJ12bot/v1.4.8; http://mj12bot.com/)"
2001:41d0:203:34ce::1 - - [27/Apr/2025:19:06:35 -0400] "GET /about.php?action=edit&file=jquery.raty.min.js&path=//home/juralptl/berlinpools.us/ADM/js HTTP/1.1" 200 3284 "-" "Mozilla/5.0 (compatible; MJ12bot/v1.4.8; http://mj12bot.com/)"
2001:41d0:203:34ce::1 - - [27/Apr/2025:19:06:37 -0400] "GET /about.php?action=edit&file=jquery.sparkline.min.js&path=//home/juralptl/berlinpools.us/ADM/js HTTP/1.1" 200 14499 "-" "Mozilla/5.0 (compatible; MJ12bot/v1.4.8; http://mj12bot.com/)"
2001:41d0:203:34ce::1 - - [27/Apr/2025:19:06:39 -0400] "GET /about.php?action=edit&file=jquery.sparkline.min.js&path=//home/juralptl/hkpoolsidn.com/ADM/js HTTP/1.1" 200 14499 "-" "Mozilla/5.0 (compatible; MJ12bot/v1.4.8; http://mj12bot.com/)"
2001:41d0:203:34ce::1 - - [27/Apr/2025:19:06:41 -0400] "GET /about.php?action=edit&file=jquery.ui.touch-punch.js&path=//home/juralptl/berlinpools.us/ADM/js HTTP/1.1" 200 1855 "-" "Mozilla/5.0 (compatible; MJ12bot/v1.4.8; http://mj12bot.com/)"
2001:41d0:203:34ce::1 - - [27/Apr/2025:19:06:43 -0400] "GET /about.php?action=edit&file=jquery.ui.touch-punch.js&path=//home/juralptl/hkpoolsidn.com/ADM/js HTTP/1.1" 200 1855 "-" "Mozilla/5.0 (compatible; MJ12bot/v1.4.8; http://mj12bot.com/)"
20.171.207.115 - - [27/Apr/2025:19:06:44 -0400] "GET /wp-admin/comment.php?action=trash&c=1199 HTTP/1.1" 404 1251 "-" "Mozilla/5.0 AppleWebKit/537.36 (KHTML, like Gecko; compatible; GPTBot/1.2; +https://openai.com/gptbot)"
2001:41d0:203:34ce::1 - - [27/Apr/2025:19:06:45 -0400] "GET /about.php?action=edit&file=jquery.uniform.min.js&path=//home/juralptl/berlinpools.us/ADM/js HTTP/1.1" 200 3517 "-" "Mozilla/5.0 (compatible; MJ12bot/v1.4.8; http://mj12bot.com/)"
2001:41d0:203:34ce::1 - - [27/Apr/2025:19:06:46 -0400] "GET /about.php?action=edit&file=jquery.uniform.min.js&path=//home/juralptl/hkpoolsidn.com/ADM/js HTTP/1.1" 200 3517 "-" "Mozilla/5.0 (compatible; MJ12bot/v1.4.8; http://mj12bot.com/)"
2001:41d0:203:34ce::1 - - [27/Apr/2025:19:06:48 -0400] "GET /about.php?action=edit&file=jquery.uploadify-3.1.min.js&path=//home/juralptl/berlinpools.us/ADM/js HTTP/1.1" 200 14199 "-" "Mozilla/5.0 (compatible; MJ12bot/v1.4.8; http://mj12bot.com/)"
2001:41d0:203:34ce::1 - - [27/Apr/2025:19:06:50 -0400] "GET /about.php?action=edit&file=jquery.uploadify-3.1.min.js&path=//home/juralptl/hkpoolsidn.com/ADM/js HTTP/1.1" 200 14199 "-" "Mozilla/5.0 (compatible; MJ12bot/v1.4.8; http://mj12bot.com/)"
2001:41d0:203:34ce::1 - - [27/Apr/2025:19:06:51 -0400] "GET /about.php?action=edit&file=json.la&path=//lib64/ImageMagick-6.9.13/modules-Q16/coders HTTP/1.1" 200 1102 "-" "Mozilla/5.0 (compatible; MJ12bot/v1.4.8; http://mj12bot.com/)"
2001:41d0:203:34ce::1 - - [27/Apr/2025:19:06:53 -0400] "GET /about.php?action=edit&file=json.so&path=//lib64/ImageMagick-6.9.13/modules-Q16/coders HTTP/1.1" 200 552 "-" "Mozilla/5.0 (compatible; MJ12bot/v1.4.8; http://mj12bot.com/)"
2001:41d0:203:34ce::1 - - [27/Apr/2025:19:06:55 -0400] "GET /about.php?action=edit&file=json2.js&path=//home/juralptl/btfovj.store/wp-includes/js HTTP/1.1" 200 6218 "-" "Mozilla/5.0 (compatible; MJ12bot/v1.4.8; http://mj12bot.com/)"
2001:41d0:203:34ce::1 - - [27/Apr/2025:19:06:57 -0400] "GET /about.php?action=edit&file=json2.js&path=//home/juralptl/btspv.store/wp-includes/js HTTP/1.1" 200 6218 "-" "Mozilla/5.0 (compatible; MJ12bot/v1.4.8; http://mj12bot.com/)"
2001:41d0:203:34ce::1 - - [27/Apr/2025:19:06:59 -0400] "GET /about.php?action=edit&file=json2.min.js&path=//home/juralptl/btfovj.store/wp-includes/js HTTP/1.1" 200 1992 "-" "Mozilla/5.0 (compatible; MJ12bot/v1.4.8; http://mj12bot.com/)"
2001:41d0:203:34ce::1 - - [27/Apr/2025:19:07:00 -0400] "GET /about.php?action=edit&file=json2.min.js&path=//home/juralptl/btspv.store/wp-includes/js HTTP/1.1" 200 1992 "-" "Mozilla/5.0 (compatible; MJ12bot/v1.4.8; http://mj12bot.com/)"
2001:41d0:203:34ce::1 - - [27/Apr/2025:19:07:02 -0400] "GET /about.php?action=edit&file=jsonschema&path=//opt/alt/python37/bin HTTP/1.1" 200 996 "-" "Mozilla/5.0 (compatible; MJ12bot/v1.4.8; http://mj12bot.com/)"
2001:41d0:203:34ce::1 - - [27/Apr/2025:19:07:04 -0400] "GET /about.php?action=edit&file=jupiter_en_.cache&path=//home/juralptl/.cpanel/caches/dynamicui HTTP/1.1" 200 16712 "-" "Mozilla/5.0 (compatible; MJ12bot/v1.4.8; http://mj12bot.com/)"
2001:41d0:203:34ce::1 - - [27/Apr/2025:19:07:05 -0400] "GET /about.php?action=edit&file=k5tls.so&path=//lib64/krb5/plugins/tls HTTP/1.1" 200 551 "-" "Mozilla/5.0 (compatible; MJ12bot/v1.4.8; http://mj12bot.com/)"
2001:41d0:203:34ce::1 - - [27/Apr/2025:19:07:07 -0400] "GET /about.php?action=edit&file=kdump-capture.service&path=//lib/dracut/modules.d/99kdumpbase HTTP/1.1" 200 1066 "-" "Mozilla/5.0 (compatible; MJ12bot/v1.4.8; http://mj12bot.com/)"
2001:41d0:203:34ce::1 - - [27/Apr/2025:19:07:09 -0400] "GET /about.php?action=edit&file=kdump-emergency.service&path=//lib/dracut/modules.d/99kdumpbase HTTP/1.1" 200 1038 "-" "Mozilla/5.0 (compatible; MJ12bot/v1.4.8; http://mj12bot.com/)"
2001:41d0:203:34ce::1 - - [27/Apr/2025:19:07:11 -0400] "GET /about.php?action=edit&file=kdump-emergency.target&path=//lib/dracut/modules.d/99kdumpbase HTTP/1.1" 200 783 "-" "Mozilla/5.0 (compatible; MJ12bot/v1.4.8; http://mj12bot.com/)"
2001:41d0:203:34ce::1 - - [27/Apr/2025:19:07:12 -0400] "GET /about.php?action=edit&file=kdump-error-handler.service&path=//lib/dracut/modules.d/99kdumpbase HTTP/1.1" 200 1061 "-" "Mozilla/5.0 (compatible; MJ12bot/v1.4.8; http://mj12bot.com/)"
2001:41d0:203:34ce::1 - - [27/Apr/2025:19:07:14 -0400] "GET /about.php?action=edit&file=kdump-error-handler.sh&path=//lib/dracut/modules.d/99kdumpbase HTTP/1.1" 200 671 "-" "Mozilla/5.0 (compatible; MJ12bot/v1.4.8; http://mj12bot.com/)"
2001:41d0:203:34ce::1 - - [27/Apr/2025:19:07:16 -0400] "GET /about.php?action=edit&file=kdump.sh&path=//lib/dracut/modules.d/99kdumpbase HTTP/1.1" 200 3072 "-" "Mozilla/5.0 (compatible; MJ12bot/v1.4.8; http://mj12bot.com/)"
2001:41d0:203:34ce::1 - - [27/Apr/2025:19:07:17 -0400] "GET /about.php?action=edit&file=ke-kik.map.gz&path=//lib/kbd/keymaps/xkb HTTP/1.1" 200 555 "-" "Mozilla/5.0 (compatible; MJ12bot/v1.4.8; http://mj12bot.com/)"
2001:41d0:203:34ce::1 - - [27/Apr/2025:19:07:19 -0400] "GET /about.php?action=edit&file=ke.map.gz&path=//lib/kbd/keymaps/xkb HTTP/1.1" 200 551 "-" "Mozilla/5.0 (compatible; MJ12bot/v1.4.8; http://mj12bot.com/)"
2001:41d0:203:34ce::1 - - [27/Apr/2025:19:07:21 -0400] "GET /about.php?action=edit&file=kentucky.webp&path=//home/juralptl/pvjtogel.sbs/images HTTP/1.1" 200 555 "-" "Mozilla/5.0 (compatible; MJ12bot/v1.4.8; http://mj12bot.com/)"
2001:41d0:203:34ce::1 - - [27/Apr/2025:19:07:22 -0400] "GET /about.php?action=edit&file=kill-dhclient.sh&path=//lib/dracut/modules.d/35network-legacy HTTP/1.1" 200 661 "-" "Mozilla/5.0 (compatible; MJ12bot/v1.4.8; http://mj12bot.com/)"
2001:41d0:203:34ce::1 - - [27/Apr/2025:19:07:24 -0400] "GET /about.php?action=edit&file=kmod-static-nodes.service&path=//lib/systemd/system/sysinit.target.wants HTTP/1.1" 200 974 "-" "Mozilla/5.0 (compatible; MJ12bot/v1.4.8; http://mj12bot.com/)"
2001:41d0:203:34ce::1 - - [27/Apr/2025:19:07:26 -0400] "GET /about.php?action=edit&file=koi8_r.cpython-36.opt-2.pyc&path=//lib64/python3.6/encodings/__pycache__ HTTP/1.1" 200 566 "-" "Mozilla/5.0 (compatible; MJ12bot/v1.4.8; http://mj12bot.com/)"
2001:41d0:203:34ce::1 - - [27/Apr/2025:19:07:27 -0400] "GET /about.php?action=edit&file=koi8_r.cpython-36.pyc&path=//lib64/python3.6/encodings/__pycache__ HTTP/1.1" 200 562 "-" "Mozilla/5.0 (compatible; MJ12bot/v1.4.8; http://mj12bot.com/)"
2001:41d0:203:34ce::1 - - [27/Apr/2025:19:07:29 -0400] "GET /about.php?action=edit&file=koi8_r.cpython-38.opt-1.pyc&path=//lib64/python3.8/encodings/__pycache__ HTTP/1.1" 200 566 "-" "Mozilla/5.0 (compatible; MJ12bot/v1.4.8; http://mj12bot.com/)"
2001:41d0:203:34ce::1 - - [27/Apr/2025:19:07:31 -0400] "GET /about.php?action=edit&file=koi8_r.cpython-38.opt-2.pyc&path=//lib64/python3.8/encodings/__pycache__ HTTP/1.1" 200 566 "-" "Mozilla/5.0 (compatible; MJ12bot/v1.4.8; http://mj12bot.com/)"
2001:41d0:203:34ce::1 - - [27/Apr/2025:19:07:32 -0400] "GET /about.php?action=edit&file=koi8_r.cpython-38.pyc&path=//lib64/python3.8/encodings/__pycache__ HTTP/1.1" 200 562 "-" "Mozilla/5.0 (compatible; MJ12bot/v1.4.8; http://mj12bot.com/)"
2001:41d0:203:34ce::1 - - [27/Apr/2025:19:07:34 -0400] "GET /about.php?action=edit&file=koi8_t.cpython-36.opt-1.pyc&path=//lib64/python3.6/encodings/__pycache__ HTTP/1.1" 200 565 "-" "Mozilla/5.0 (compatible; MJ12bot/v1.4.8; http://mj12bot.com/)"
2001:41d0:203:34ce::1 - - [27/Apr/2025:19:07:36 -0400] "GET /about.php?action=edit&file=koi8_t.cpython-36.opt-2.pyc&path=//lib64/python3.6/encodings/__pycache__ HTTP/1.1" 200 565 "-" "Mozilla/5.0 (compatible; MJ12bot/v1.4.8; http://mj12bot.com/)"
2001:41d0:203:34ce::1 - - [27/Apr/2025:19:07:38 -0400] "GET /about.php?action=edit&file=koi8_t.cpython-36.pyc&path=//lib64/python3.6/encodings/__pycache__ HTTP/1.1" 200 561 "-" "Mozilla/5.0 (compatible; MJ12bot/v1.4.8; http://mj12bot.com/)"
2001:41d0:203:34ce::1 - - [27/Apr/2025:19:07:39 -0400] "GET /about.php?action=edit&file=koi8_t.cpython-38.opt-1.pyc&path=//lib64/python3.8/encodings/__pycache__ HTTP/1.1" 200 565 "-" "Mozilla/5.0 (compatible; MJ12bot/v1.4.8; http://mj12bot.com/)"
2001:41d0:203:34ce::1 - - [27/Apr/2025:19:07:41 -0400] "GET /about.php?action=edit&file=koi8_t.cpython-38.opt-2.pyc&path=//lib64/python3.8/encodings/__pycache__ HTTP/1.1" 200 565 "-" "Mozilla/5.0 (compatible; MJ12bot/v1.4.8; http://mj12bot.com/)"
2001:41d0:203:34ce::1 - - [27/Apr/2025:19:07:43 -0400] "GET /about.php?action=edit&file=koi8_t.cpython-38.pyc&path=//lib64/python3.8/encodings/__pycache__ HTTP/1.1" 200 561 "-" "Mozilla/5.0 (compatible; MJ12bot/v1.4.8; http://mj12bot.com/)"
2001:41d0:203:34ce::1 - - [27/Apr/2025:19:07:45 -0400] "GET /about.php?action=edit&file=koi8_u.cpython-36.opt-1.pyc&path=//lib64/python3.6/encodings/__pycache__ HTTP/1.1" 200 565 "-" "Mozilla/5.0 (compatible; MJ12bot/v1.4.8; http://mj12bot.com/)"
20.171.207.115 - - [27/Apr/2025:19:07:45 -0400] "GET /wp-admin/comment.php?action=trash&c=1090 HTTP/1.1" 404 1251 "-" "Mozilla/5.0 AppleWebKit/537.36 (KHTML, like Gecko; compatible; GPTBot/1.2; +https://openai.com/gptbot)"
2001:41d0:203:34ce::1 - - [27/Apr/2025:19:07:46 -0400] "GET /about.php?action=edit&file=koi8_u.cpython-36.opt-2.pyc&path=//lib64/python3.6/encodings/__pycache__ HTTP/1.1" 200 565 "-" "Mozilla/5.0 (compatible; MJ12bot/v1.4.8; http://mj12bot.com/)"
2001:41d0:203:34ce::1 - - [27/Apr/2025:19:07:48 -0400] "GET /about.php?action=edit&file=koi8_u.cpython-36.pyc&path=//lib64/python3.6/encodings/__pycache__ HTTP/1.1" 200 561 "-" "Mozilla/5.0 (compatible; MJ12bot/v1.4.8; http://mj12bot.com/)"
66.249.75.103 - - [27/Apr/2025:19:07:48 -0400] "GET /about.php?action=edit&file=normalize.less&path=%2F%2Fhome%2Fjuralptl%2Fhkpoolsidn.com%2Fdist%2Fcss%2Fless HTTP/1.1" 200 3014 "-" "Mozilla/5.0 (Linux; Android 6.0.1; Nexus 5X Build/MMB29P) AppleWebKit/537.36 (KHTML, like Gecko) Chrome/135.0.7049.95 Mobile Safari/537.36 (compatible; GoogleOther)"
2001:41d0:203:34ce::1 - - [27/Apr/2025:19:07:50 -0400] "GET /about.php?action=edit&file=koi8_u.cpython-38.opt-1.pyc&path=//lib64/python3.8/encodings/__pycache__ HTTP/1.1" 200 565 "-" "Mozilla/5.0 (compatible; MJ12bot/v1.4.8; http://mj12bot.com/)"
2001:41d0:203:34ce::1 - - [27/Apr/2025:19:07:51 -0400] "GET /about.php?action=edit&file=koi8_u.cpython-38.opt-2.pyc&path=//lib64/python3.8/encodings/__pycache__ HTTP/1.1" 200 565 "-" "Mozilla/5.0 (compatible; MJ12bot/v1.4.8; http://mj12bot.com/)"
2001:41d0:203:34ce::1 - - [27/Apr/2025:19:07:53 -0400] "GET /about.php?action=edit&file=koi8_u.cpython-38.pyc&path=//lib64/python3.8/encodings/__pycache__ HTTP/1.1" 200 561 "-" "Mozilla/5.0 (compatible; MJ12bot/v1.4.8; http://mj12bot.com/)"
66.249.75.101 - - [27/Apr/2025:19:07:54 -0400] "GET /about.php?path=%2F%2Fopt%2Falt%2Fpython33%2Flib64%2Fpython3.3%2Ftest HTTP/1.1" 200 850 "-" "Mozilla/5.0 (Linux; Android 6.0.1; Nexus 5X Build/MMB29P) AppleWebKit/537.36 (KHTML, like Gecko) Chrome/135.0.7049.95 Mobile Safari/537.36 (compatible; Googlebot/2.1; +http://www.google.com/bot.html)"
66.249.75.102 - - [27/Apr/2025:19:07:55 -0400] "GET /about.php?action=edit&file=indexcontentleft.php&path=%2Fhome%2Fjuralptl%2Fselandiapools.com%2Fm HTTP/1.1" 200 923 "-" "Mozilla/5.0 (Linux; Android 6.0.1; Nexus 5X Build/MMB29P) AppleWebKit/537.36 (KHTML, like Gecko) Chrome/135.0.7049.95 Mobile Safari/537.36 (compatible; Googlebot/2.1; +http://www.google.com/bot.html)"
2001:41d0:203:34ce::1 - - [27/Apr/2025:19:07:55 -0400] "GET /about.php?action=edit&file=korean.so&path=//lib64/ruby/enc/trans HTTP/1.1" 200 551 "-" "Mozilla/5.0 (compatible; MJ12bot/v1.4.8; http://mj12bot.com/)"
2001:41d0:203:34ce::1 - - [27/Apr/2025:19:07:57 -0400] "GET /about.php?action=edit&file=kr-kr104.map.gz&path=//lib/kbd/keymaps/xkb HTTP/1.1" 200 557 "-" "Mozilla/5.0 (compatible; MJ12bot/v1.4.8; http://mj12bot.com/)"
2001:41d0:203:34ce::1 - - [27/Apr/2025:19:07:58 -0400] "GET /about.php?action=edit&file=kr.map.gz&path=//lib/kbd/keymaps/xkb HTTP/1.1" 200 551 "-" "Mozilla/5.0 (compatible; MJ12bot/v1.4.8; http://mj12bot.com/)"
51.222.253.12 - - [27/Apr/2025:19:08:00 -0400] "GET /about.php?path=%2Fhome%2Fjuralptl%2Fvalenciapools.world%2FADM HTTP/1.1" 200 1269 "-" "Mozilla/5.0 (compatible; AhrefsBot/7.0; +http://ahrefs.com/robot/)"
2001:41d0:203:34ce::1 - - [27/Apr/2025:19:08:00 -0400] "GET /about.php?action=edit&file=kses.php&path=//home/juralptl/public_html/wp-includes HTTP/1.1" 200 20100 "-" "Mozilla/5.0 (compatible; MJ12bot/v1.4.8; http://mj12bot.com/)"
2001:41d0:203:34ce::1 - - [27/Apr/2025:19:08:02 -0400] "GET /about.php?action=edit&file=kses.php&path=//home/juralptl/pvjbtf.site/wp-includes HTTP/1.1" 200 20091 "-" "Mozilla/5.0 (compatible; MJ12bot/v1.4.8; http://mj12bot.com/)"
2001:41d0:203:34ce::1 - - [27/Apr/2025:19:08:04 -0400] "GET /about.php?action=edit&file=kses.php&path=//home/juralptl/pvjgacor.com/wp-includes HTTP/1.1" 200 20161 "-" "Mozilla/5.0 (compatible; MJ12bot/v1.4.8; http://mj12bot.com/)"
2001:41d0:203:34ce::1 - - [27/Apr/2025:19:08:06 -0400] "GET /about.php?action=edit&file=kses.php&path=//home/juralptl/tahu-pong.store/wp-includes HTTP/1.1" 200 20161 "-" "Mozilla/5.0 (compatible; MJ12bot/v1.4.8; http://mj12bot.com/)"
2001:41d0:203:34ce::1 - - [27/Apr/2025:19:08:08 -0400] "GET /about.php?action=edit&file=kses.php&path=//home/juralptl/telekomaret.site/wp-includes HTTP/1.1" 200 20161 "-" "Mozilla/5.0 (compatible; MJ12bot/v1.4.8; http://mj12bot.com/)"
2001:41d0:203:34ce::1 - - [27/Apr/2025:19:08:10 -0400] "GET /about.php?action=edit&file=kses.php&path=//home/juralptl/www/wp-includes HTTP/1.1" 200 20100 "-" "Mozilla/5.0 (compatible; MJ12bot/v1.4.8; http://mj12bot.com/)"
2001:41d0:203:34ce::1 - - [27/Apr/2025:19:08:11 -0400] "GET /about.php?action=edit&file=kz-latin.map.gz&path=//lib/kbd/keymaps/xkb HTTP/1.1" 200 557 "-" "Mozilla/5.0 (compatible; MJ12bot/v1.4.8; http://mj12bot.com/)"
2001:41d0:203:34ce::1 - - [27/Apr/2025:19:08:13 -0400] "GET /about.php?action=edit&file=kz1048.cpython-36.opt-1.pyc&path=//lib64/python3.6/encodings/__pycache__ HTTP/1.1" 200 565 "-" "Mozilla/5.0 (compatible; MJ12bot/v1.4.8; http://mj12bot.com/)"
2001:41d0:203:34ce::1 - - [27/Apr/2025:19:08:15 -0400] "GET /about.php?action=edit&file=kz1048.cpython-36.opt-2.pyc&path=//lib64/python3.6/encodings/__pycache__ HTTP/1.1" 200 565 "-" "Mozilla/5.0 (compatible; MJ12bot/v1.4.8; http://mj12bot.com/)"
2001:41d0:203:34ce::1 - - [27/Apr/2025:19:08:16 -0400] "GET /about.php?action=edit&file=kz1048.cpython-36.pyc&path=//lib64/python3.6/encodings/__pycache__ HTTP/1.1" 200 562 "-" "Mozilla/5.0 (compatible; MJ12bot/v1.4.8; http://mj12bot.com/)"
2001:41d0:203:34ce::1 - - [27/Apr/2025:19:08:18 -0400] "GET /about.php?action=edit&file=kz1048.cpython-38.opt-1.pyc&path=//lib64/python3.8/encodings/__pycache__ HTTP/1.1" 200 565 "-" "Mozilla/5.0 (compatible; MJ12bot/v1.4.8; http://mj12bot.com/)"
2001:41d0:203:34ce::1 - - [27/Apr/2025:19:08:20 -0400] "GET /about.php?action=edit&file=kz1048.cpython-38.opt-2.pyc&path=//lib64/python3.8/encodings/__pycache__ HTTP/1.1" 200 565 "-" "Mozilla/5.0 (compatible; MJ12bot/v1.4.8; http://mj12bot.com/)"
2001:41d0:203:34ce::1 - - [27/Apr/2025:19:08:22 -0400] "GET /about.php?action=edit&file=kz1048.cpython-38.pyc&path=//lib64/python3.8/encodings/__pycache__ HTTP/1.1" 200 562 "-" "Mozilla/5.0 (compatible; MJ12bot/v1.4.8; http://mj12bot.com/)"
2001:41d0:203:34ce::1 - - [27/Apr/2025:19:08:23 -0400] "GET /about.php?action=edit&file=l10n.php&path=//home/juralptl/public_html/wp-includes HTTP/1.1" 200 13421 "-" "Mozilla/5.0 (compatible; MJ12bot/v1.4.8; http://mj12bot.com/)"
2001:41d0:203:34ce::1 - - [27/Apr/2025:19:08:25 -0400] "GET /about.php?action=edit&file=l10n.php&path=//home/juralptl/pvjbtf.site/wp-includes HTTP/1.1" 200 13918 "-" "Mozilla/5.0 (compatible; MJ12bot/v1.4.8; http://mj12bot.com/)"
2001:41d0:203:34ce::1 - - [27/Apr/2025:19:08:27 -0400] "GET /about.php?action=edit&file=l10n.php&path=//home/juralptl/pvjgacor.com/wp-includes HTTP/1.1" 200 13916 "-" "Mozilla/5.0 (compatible; MJ12bot/v1.4.8; http://mj12bot.com/)"
2001:41d0:203:34ce::1 - - [27/Apr/2025:19:08:28 -0400] "GET /about.php?action=edit&file=l10n.php&path=//home/juralptl/tahu-pong.store/wp-includes HTTP/1.1" 200 13916 "-" "Mozilla/5.0 (compatible; MJ12bot/v1.4.8; http://mj12bot.com/)"
2001:41d0:203:34ce::1 - - [27/Apr/2025:19:08:30 -0400] "GET /about.php?action=edit&file=l10n.php&path=//home/juralptl/telekomaret.site/wp-includes HTTP/1.1" 200 13916 "-" "Mozilla/5.0 (compatible; MJ12bot/v1.4.8; http://mj12bot.com/)"
2001:41d0:203:34ce::1 - - [27/Apr/2025:19:08:32 -0400] "GET /about.php?action=edit&file=l10n.php&path=//home/juralptl/www/wp-includes HTTP/1.1" 200 13421 "-" "Mozilla/5.0 (compatible; MJ12bot/v1.4.8; http://mj12bot.com/)"
2001:41d0:203:34ce::1 - - [27/Apr/2025:19:08:34 -0400] "GET /about.php?action=edit&file=label.la&path=//lib64/GraphicsMagick-1.3.38/modules-Q16/coders HTTP/1.1" 200 1070 "-" "Mozilla/5.0 (compatible; MJ12bot/v1.4.8; http://mj12bot.com/)"
2001:41d0:203:34ce::1 - - [27/Apr/2025:19:08:35 -0400] "GET /about.php?action=edit&file=label.la&path=//lib64/ImageMagick-6.9.13/modules-Q16/coders HTTP/1.1" 200 1101 "-" "Mozilla/5.0 (compatible; MJ12bot/v1.4.8; http://mj12bot.com/)"
2001:41d0:203:34ce::1 - - [27/Apr/2025:19:08:37 -0400] "GET /about.php?action=edit&file=label.so&path=//lib64/GraphicsMagick-1.3.38/modules-Q16/coders HTTP/1.1" 200 552 "-" "Mozilla/5.0 (compatible; MJ12bot/v1.4.8; http://mj12bot.com/)"
2001:41d0:203:34ce::1 - - [27/Apr/2025:19:08:39 -0400] "GET /about.php?action=edit&file=label.so&path=//lib64/ImageMagick-6.9.13/modules-Q16/coders HTTP/1.1" 200 552 "-" "Mozilla/5.0 (compatible; MJ12bot/v1.4.8; http://mj12bot.com/)"
2001:41d0:203:34ce::1 - - [27/Apr/2025:19:08:40 -0400] "GET /about.php?action=edit&file=latam-colemak-gaming.map.gz&path=//lib/kbd/keymaps/xkb HTTP/1.1" 200 565 "-" "Mozilla/5.0 (compatible; MJ12bot/v1.4.8; http://mj12bot.com/)"
2001:41d0:203:34ce::1 - - [27/Apr/2025:19:08:42 -0400] "GET /about.php?action=edit&file=latam-colemak.map.gz&path=//lib/kbd/keymaps/xkb HTTP/1.1" 200 560 "-" "Mozilla/5.0 (compatible; MJ12bot/v1.4.8; http://mj12bot.com/)"
2001:41d0:203:34ce::1 - - [27/Apr/2025:19:08:44 -0400] "GET /about.php?action=edit&file=latam-deadtilde.map.gz&path=//lib/kbd/keymaps/xkb HTTP/1.1" 200 559 "-" "Mozilla/5.0 (compatible; MJ12bot/v1.4.8; http://mj12bot.com/)"
2001:41d0:203:34ce::1 - - [27/Apr/2025:19:08:46 -0400] "GET /about.php?action=edit&file=latam-dvorak.map.gz&path=//lib/kbd/keymaps/xkb HTTP/1.1" 200 560 "-" "Mozilla/5.0 (compatible; MJ12bot/v1.4.8; http://mj12bot.com/)"
2001:41d0:203:34ce::1 - - [27/Apr/2025:19:08:47 -0400] "GET /about.php?action=edit&file=latam-nodeadkeys.map.gz&path=//lib/kbd/keymaps/xkb HTTP/1.1" 200 562 "-" "Mozilla/5.0 (compatible; MJ12bot/v1.4.8; http://mj12bot.com/)"
20.171.207.115 - - [27/Apr/2025:19:08:49 -0400] "GET /wp-admin/comment.php?action=trash&c=1066 HTTP/1.1" 404 1251 "-" "Mozilla/5.0 AppleWebKit/537.36 (KHTML, like Gecko; compatible; GPTBot/1.2; +https://openai.com/gptbot)"
2001:41d0:203:34ce::1 - - [27/Apr/2025:19:08:49 -0400] "GET /about.php?action=edit&file=latam-sundeadkeys.map.gz&path=//lib/kbd/keymaps/xkb HTTP/1.1" 200 562 "-" "Mozilla/5.0 (compatible; MJ12bot/v1.4.8; http://mj12bot.com/)"
2001:41d0:203:34ce::1 - - [27/Apr/2025:19:08:51 -0400] "GET /about.php?action=edit&file=latam.map.gz&path=//lib/kbd/keymaps/xkb HTTP/1.1" 200 554 "-" "Mozilla/5.0 (compatible; MJ12bot/v1.4.8; http://mj12bot.com/)"
2001:41d0:203:34ce::1 - - [27/Apr/2025:19:08:52 -0400] "GET /about.php?action=edit&file=latest-comments.php&path=//home/juralptl/btfovj.store/wp-includes/blocks HTTP/1.1" 200 2363 "-" "Mozilla/5.0 (compatible; MJ12bot/v1.4.8; http://mj12bot.com/)"
2001:41d0:203:34ce::1 - - [27/Apr/2025:19:08:54 -0400] "GET /about.php?action=edit&file=latest-comments.php&path=//home/juralptl/btspv.store/wp-includes/blocks HTTP/1.1" 200 2363 "-" "Mozilla/5.0 (compatible; MJ12bot/v1.4.8; http://mj12bot.com/)"
66.249.75.103 - - [27/Apr/2025:19:08:55 -0400] "GET /about.php?action=edit&file=livedrawcontent.php&path=%2Fhome%2Fjuralptl%2Fselandiapools.com%2Fm HTTP/1.1" 200 633 "-" "Mozilla/5.0 (Linux; Android 6.0.1; Nexus 5X Build/MMB29P) AppleWebKit/537.36 (KHTML, like Gecko) Chrome/135.0.7049.95 Mobile Safari/537.36 (compatible; Googlebot/2.1; +http://www.google.com/bot.html)"
2001:41d0:203:34ce::1 - - [27/Apr/2025:19:08:56 -0400] "GET /about.php?action=edit&file=latest-posts.php&path=//home/juralptl/btfovj.store/wp-includes/blocks HTTP/1.1" 200 3163 "-" "Mozilla/5.0 (compatible; MJ12bot/v1.4.8; http://mj12bot.com/)"
2001:41d0:203:34ce::1 - - [27/Apr/2025:19:08:57 -0400] "GET /about.php?action=edit&file=latest-posts.php&path=//home/juralptl/btspv.store/wp-includes/blocks HTTP/1.1" 200 3163 "-" "Mozilla/5.0 (compatible; MJ12bot/v1.4.8; http://mj12bot.com/)"
2001:41d0:203:34ce::1 - - [27/Apr/2025:19:08:59 -0400] "GET /about.php?action=edit&file=latest_result.png&path=//home/juralptl/valenciapools.world/images HTTP/1.1" 200 555 "-" "Mozilla/5.0 (compatible; MJ12bot/v1.4.8; http://mj12bot.com/)"
2001:41d0:203:34ce::1 - - [27/Apr/2025:19:09:01 -0400] "GET /about.php?action=edit&file=latin_1.cpython-36.opt-1.pyc&path=//lib64/python3.6/encodings/__pycache__ HTTP/1.1" 200 565 "-" "Mozilla/5.0 (compatible; MJ12bot/v1.4.8; http://mj12bot.com/)"
2001:41d0:203:34ce::1 - - [27/Apr/2025:19:09:02 -0400] "GET /about.php?action=edit&file=latin_1.cpython-36.opt-2.pyc&path=//lib64/python3.6/encodings/__pycache__ HTTP/1.1" 200 565 "-" "Mozilla/5.0 (compatible; MJ12bot/v1.4.8; http://mj12bot.com/)"
2001:41d0:203:34ce::1 - - [27/Apr/2025:19:09:04 -0400] "GET /about.php?action=edit&file=latin_1.cpython-36.pyc&path=//lib64/python3.6/encodings/__pycache__ HTTP/1.1" 200 561 "-" "Mozilla/5.0 (compatible; MJ12bot/v1.4.8; http://mj12bot.com/)"
2001:41d0:203:34ce::1 - - [27/Apr/2025:19:09:06 -0400] "GET /about.php?action=edit&file=latin_1.cpython-38.opt-1.pyc&path=//lib64/python3.8/encodings/__pycache__ HTTP/1.1" 200 565 "-" "Mozilla/5.0 (compatible; MJ12bot/v1.4.8; http://mj12bot.com/)"
2001:41d0:203:34ce::1 - - [27/Apr/2025:19:09:08 -0400] "GET /about.php?action=edit&file=latin_1.cpython-38.opt-2.pyc&path=//lib64/python3.8/encodings/__pycache__ HTTP/1.1" 200 565 "-" "Mozilla/5.0 (compatible; MJ12bot/v1.4.8; http://mj12bot.com/)"
2001:41d0:203:34ce::1 - - [27/Apr/2025:19:09:09 -0400] "GET /about.php?action=edit&file=latin_1.cpython-38.pyc&path=//lib64/python3.8/encodings/__pycache__ HTTP/1.1" 200 561 "-" "Mozilla/5.0 (compatible; MJ12bot/v1.4.8; http://mj12bot.com/)"
2001:41d0:203:34ce::1 - - [27/Apr/2025:19:09:11 -0400] "GET /about.php?action=edit&file=layout.php&path=//home/juralptl/btfovj.store/wp-includes/block-supports HTTP/1.1" 200 9813 "-" "Mozilla/5.0 (compatible; MJ12bot/v1.4.8; http://mj12bot.com/)"
2001:41d0:203:34ce::1 - - [27/Apr/2025:19:09:13 -0400] "GET /about.php?action=edit&file=layout.php&path=//home/juralptl/btspv.store/wp-includes/block-supports HTTP/1.1" 200 9813 "-" "Mozilla/5.0 (compatible; MJ12bot/v1.4.8; http://mj12bot.com/)"
2001:41d0:203:34ce::1 - - [27/Apr/2025:19:09:14 -0400] "GET /about.php?action=edit&file=lber.h&path=//opt/alt/openldap11/include HTTP/1.1" 200 4724 "-" "Mozilla/5.0 (compatible; MJ12bot/v1.4.8; http://mj12bot.com/)"
2001:41d0:203:34ce::1 - - [27/Apr/2025:19:09:16 -0400] "GET /about.php?action=edit&file=lber_types.h&path=//opt/alt/openldap11/include HTTP/1.1" 200 1164 "-" "Mozilla/5.0 (compatible; MJ12bot/v1.4.8; http://mj12bot.com/)"
2001:41d0:203:34ce::1 - - [27/Apr/2025:19:09:18 -0400] "GET /about.php?action=edit&file=ldap.h&path=//opt/alt/openldap11/include HTTP/1.1" 200 16111 "-" "Mozilla/5.0 (compatible; MJ12bot/v1.4.8; http://mj12bot.com/)"
2001:41d0:203:34ce::1 - - [27/Apr/2025:19:09:20 -0400] "GET /about.php?action=edit&file=ldap.so&path=//lib64/ldb/modules/ldb HTTP/1.1" 200 549 "-" "Mozilla/5.0 (compatible; MJ12bot/v1.4.8; http://mj12bot.com/)"
2001:41d0:203:34ce::1 - - [27/Apr/2025:19:09:21 -0400] "GET /about.php?action=edit&file=ldap_cdefs.h&path=//opt/alt/openldap11/include HTTP/1.1" 200 3380 "-" "Mozilla/5.0 (compatible; MJ12bot/v1.4.8; http://mj12bot.com/)"
2001:41d0:203:34ce::1 - - [27/Apr/2025:19:09:23 -0400] "GET /about.php?action=edit&file=ldap_features.h&path=//opt/alt/openldap11/include HTTP/1.1" 200 1344 "-" "Mozilla/5.0 (compatible; MJ12bot/v1.4.8; http://mj12bot.com/)"
2001:41d0:203:34ce::1 - - [27/Apr/2025:19:09:25 -0400] "GET /about.php?action=edit&file=ldap_schema.h&path=//opt/alt/openldap11/include HTTP/1.1" 200 2702 "-" "Mozilla/5.0 (compatible; MJ12bot/v1.4.8; http://mj12bot.com/)"
2001:41d0:203:34ce::1 - - [27/Apr/2025:19:09:27 -0400] "GET /about.php?action=edit&file=ldap_utf8.h&path=//opt/alt/openldap11/include HTTP/1.1" 200 1884 "-" "Mozilla/5.0 (compatible; MJ12bot/v1.4.8; http://mj12bot.com/)"
2001:41d0:203:34ce::1 - - [27/Apr/2025:19:09:28 -0400] "GET /about.php?action=edit&file=ldb.so&path=//lib64/ldb/modules/ldb HTTP/1.1" 200 549 "-" "Mozilla/5.0 (compatible; MJ12bot/v1.4.8; http://mj12bot.com/)"
2001:41d0:203:34ce::1 - - [27/Apr/2025:19:09:30 -0400] "GET /about.php?action=edit&file=ldconfig.service&path=//lib/systemd/system/sysinit.target.wants HTTP/1.1" 200 943 "-" "Mozilla/5.0 (compatible; MJ12bot/v1.4.8; http://mj12bot.com/)"
2001:41d0:203:34ce::1 - - [27/Apr/2025:19:09:32 -0400] "GET /about.php?action=edit&file=ldif.h&path=//opt/alt/openldap11/include HTTP/1.1" 200 2226 "-" "Mozilla/5.0 (compatible; MJ12bot/v1.4.8; http://mj12bot.com/)"
2001:41d0:203:34ce::1 - - [27/Apr/2025:19:09:33 -0400] "GET /about.php?action=edit&file=legacy&path=//home/juralptl/imgstore.store/app/bin HTTP/1.1" 200 748 "-" "Mozilla/5.0 (compatible; MJ12bot/v1.4.8; http://mj12bot.com/)"
2001:41d0:203:34ce::1 - - [27/Apr/2025:19:09:35 -0400] "GET /about.php?action=edit&file=legacy-widget.php&path=//home/juralptl/btfovj.store/wp-includes/blocks HTTP/1.1" 200 2030 "-" "Mozilla/5.0 (compatible; MJ12bot/v1.4.8; http://mj12bot.com/)"
66.249.75.103 - - [27/Apr/2025:19:09:36 -0400] "GET /about.php?action=edit&file=index.html&path=%2Fhome%2Fjuralptl%2Fxn--pvjbt-ksa.com HTTP/1.1" 200 585 "-" "Mozilla/5.0 (Linux; Android 6.0.1; Nexus 5X Build/MMB29P) AppleWebKit/537.36 (KHTML, like Gecko) Chrome/135.0.7049.95 Mobile Safari/537.36 (compatible; GoogleOther)"
2001:41d0:203:34ce::1 - - [27/Apr/2025:19:09:37 -0400] "GET /about.php?action=edit&file=legacy-widget.php&path=//home/juralptl/btspv.store/wp-includes/blocks HTTP/1.1" 200 2030 "-" "Mozilla/5.0 (compatible; MJ12bot/v1.4.8; http://mj12bot.com/)"
2001:41d0:203:34ce::1 - - [27/Apr/2025:19:09:39 -0400] "GET /about.php?action=edit&file=lfcr.py&path=//lib64/python2.7/Tools/scripts HTTP/1.1" 200 834 "-" "Mozilla/5.0 (compatible; MJ12bot/v1.4.8; http://mj12bot.com/)"
2001:41d0:203:34ce::1 - - [27/Apr/2025:19:09:40 -0400] "GET /about.php?action=edit&file=lfcr.pyc&path=//lib64/python2.7/Tools/scripts HTTP/1.1" 200 550 "-" "Mozilla/5.0 (compatible; MJ12bot/v1.4.8; http://mj12bot.com/)"
2001:41d0:203:34ce::1 - - [27/Apr/2025:19:09:42 -0400] "GET /about.php?action=edit&file=lfcr.pyo&path=//lib64/python2.7/Tools/scripts HTTP/1.1" 200 551 "-" "Mozilla/5.0 (compatible; MJ12bot/v1.4.8; http://mj12bot.com/)"
2001:41d0:203:34ce::1 - - [27/Apr/2025:19:09:43 -0400] "GET /about.php?action=edit&file=libaom.so.3&path=//opt/alt/aom/lib64 HTTP/1.1" 200 552 "-" "Mozilla/5.0 (compatible; MJ12bot/v1.4.8; http://mj12bot.com/)"
2001:41d0:203:34ce::1 - - [27/Apr/2025:19:09:45 -0400] "GET /about.php?action=edit&file=libaom.so.3.1.1&path=//opt/alt/aom/lib64 HTTP/1.1" 200 556 "-" "Mozilla/5.0 (compatible; MJ12bot/v1.4.8; http://mj12bot.com/)"
2001:41d0:203:34ce::1 - - [27/Apr/2025:19:09:47 -0400] "GET /about.php?action=edit&file=libappInfo.so&path=//lib64/open-vm-tools/plugins/vmsvc HTTP/1.1" 200 554 "-" "Mozilla/5.0 (compatible; MJ12bot/v1.4.8; http://mj12bot.com/)"
2001:41d0:203:34ce::1 - - [27/Apr/2025:19:09:49 -0400] "GET /about.php?action=edit&file=libasan.so&path=//lib/gcc/x86_64-redhat-linux/8 HTTP/1.1" 200 577 "-" "Mozilla/5.0 (compatible; MJ12bot/v1.4.8; http://mj12bot.com/)"
66.249.75.101 - - [27/Apr/2025:19:09:50 -0400] "GET /about.php?action=edit&file=b485c9caf6176111bc4e02f02acc4d218e8d6b&path=%2F%2Fproc%2Fthread-self%2Froot%2Flib%2F.build-id%2Fdb HTTP/1.1" 200 479 "-" "Mozilla/5.0 (Linux; Android 6.0.1; Nexus 5X Build/MMB29P) AppleWebKit/537.36 (KHTML, like Gecko) Chrome/135.0.7049.95 Mobile Safari/537.36 (compatible; Googlebot/2.1; +http://www.google.com/bot.html)"
2001:41d0:203:34ce::1 - - [27/Apr/2025:19:09:50 -0400] "GET /about.php?action=edit&file=libasan_preinit.o&path=//lib/gcc/x86_64-redhat-linux/8 HTTP/1.1" 200 557 "-" "Mozilla/5.0 (compatible; MJ12bot/v1.4.8; http://mj12bot.com/)"
20.171.207.115 - - [27/Apr/2025:19:09:51 -0400] "GET /wp-admin/comment.php?action=trash&c=1277 HTTP/1.1" 404 1251 "-" "Mozilla/5.0 AppleWebKit/537.36 (KHTML, like Gecko; compatible; GPTBot/1.2; +https://openai.com/gptbot)"
2001:41d0:203:34ce::1 - - [27/Apr/2025:19:09:52 -0400] "GET /about.php?action=edit&file=libatomic.so&path=//lib/gcc/x86_64-redhat-linux/8 HTTP/1.1" 200 579 "-" "Mozilla/5.0 (compatible; MJ12bot/v1.4.8; http://mj12bot.com/)"
2001:41d0:203:34ce::1 - - [27/Apr/2025:19:09:54 -0400] "GET /about.php?action=edit&file=libc-client.so&path=//opt/alt/libc-client11/lib64 HTTP/1.1" 200 555 "-" "Mozilla/5.0 (compatible; MJ12bot/v1.4.8; http://mj12bot.com/)"
2001:41d0:203:34ce::1 - - [27/Apr/2025:19:09:55 -0400] "GET /about.php?action=edit&file=libc-client.so.2007&path=//opt/alt/libc-client11/lib64 HTTP/1.1" 200 557 "-" "Mozilla/5.0 (compatible; MJ12bot/v1.4.8; http://mj12bot.com/)"
2001:41d0:203:34ce::1 - - [27/Apr/2025:19:09:57 -0400] "GET /about.php?action=edit&file=libcomponentMgr.so&path=//lib64/open-vm-tools/plugins/vmsvc HTTP/1.1" 200 557 "-" "Mozilla/5.0 (compatible; MJ12bot/v1.4.8; http://mj12bot.com/)"
2001:41d0:203:34ce::1 - - [27/Apr/2025:19:09:59 -0400] "GET /about.php?action=edit&file=libcomposeplatforminputcontextplugin.so&path=//lib64/qt5/plugins/platforminputcontexts HTTP/1.1" 200 566 "-" "Mozilla/5.0 (compatible; MJ12bot/v1.4.8; http://mj12bot.com/)"
2001:41d0:203:34ce::1 - - [27/Apr/2025:19:10:00 -0400] "GET /about.php?action=edit&file=libcrypto.a&path=//opt/alt/openssl/lib64 HTTP/1.1" 200 552 "-" "Mozilla/5.0 (compatible; MJ12bot/v1.4.8; http://mj12bot.com/)"
2001:41d0:203:34ce::1 - - [27/Apr/2025:19:10:02 -0400] "GET /about.php?action=edit&file=libcrypto.so&path=//opt/alt/openssl/lib64 HTTP/1.1" 200 553 "-" "Mozilla/5.0 (compatible; MJ12bot/v1.4.8; http://mj12bot.com/)"
2001:41d0:203:34ce::1 - - [27/Apr/2025:19:10:04 -0400] "GET /about.php?action=edit&file=libcrypto.so.1.0.2u&path=//opt/alt/openssl/lib64 HTTP/1.1" 200 559 "-" "Mozilla/5.0 (compatible; MJ12bot/v1.4.8; http://mj12bot.com/)"
2001:41d0:203:34ce::1 - - [27/Apr/2025:19:10:05 -0400] "GET /about.php?action=edit&file=libcrypto.so.1.1&path=//opt/alt/openssl11/lib64 HTTP/1.1" 200 557 "-" "Mozilla/5.0 (compatible; MJ12bot/v1.4.8; http://mj12bot.com/)"
2001:41d0:203:34ce::1 - - [27/Apr/2025:19:10:07 -0400] "GET /about.php?action=edit&file=libcrypto.so.10&path=//opt/alt/openssl/lib64 HTTP/1.1" 200 556 "-" "Mozilla/5.0 (compatible; MJ12bot/v1.4.8; http://mj12bot.com/)"
2001:41d0:203:34ce::1 - - [27/Apr/2025:19:10:09 -0400] "GET /about.php?action=edit&file=libcrypto.so.11&path=//opt/alt/openssl11/lib64 HTTP/1.1" 200 556 "-" "Mozilla/5.0 (compatible; MJ12bot/v1.4.8; http://mj12bot.com/)"
2001:41d0:203:34ce::1 - - [27/Apr/2025:19:10:11 -0400] "GET /about.php?action=edit&file=libcupsprintersupport.so&path=//lib64/qt5/plugins/printsupport HTTP/1.1" 200 559 "-" "Mozilla/5.0 (compatible; MJ12bot/v1.4.8; http://mj12bot.com/)"
2001:41d0:203:34ce::1 - - [27/Apr/2025:19:10:12 -0400] "GET /about.php?action=edit&file=libdav1d.so.3&path=//opt/alt/dav1d/lib64 HTTP/1.1" 200 555 "-" "Mozilla/5.0 (compatible; MJ12bot/v1.4.8; http://mj12bot.com/)"
2001:41d0:203:34ce::1 - - [27/Apr/2025:19:10:14 -0400] "GET /about.php?action=edit&file=libdav1d.so.3.1.0&path=//opt/alt/dav1d/lib64 HTTP/1.1" 200 558 "-" "Mozilla/5.0 (compatible; MJ12bot/v1.4.8; http://mj12bot.com/)"
2001:41d0:203:34ce::1 - - [27/Apr/2025:19:10:16 -0400] "GET /about.php?action=edit&file=libde265.so.0&path=//opt/alt/libde265/lib64 HTTP/1.1" 200 555 "-" "Mozilla/5.0 (compatible; MJ12bot/v1.4.8; http://mj12bot.com/)"
2001:41d0:203:34ce::1 - - [27/Apr/2025:19:10:17 -0400] "GET /about.php?action=edit&file=libde265.so.0.1.4&path=//opt/alt/libde265/lib64 HTTP/1.1" 200 558 "-" "Mozilla/5.0 (compatible; MJ12bot/v1.4.8; http://mj12bot.com/)"
2001:41d0:203:34ce::1 - - [27/Apr/2025:19:10:19 -0400] "GET /about.php?action=edit&file=libdeclarative_audioengine.so&path=//lib64/qt5/qml/QtAudioEngine HTTP/1.1" 200 562 "-" "Mozilla/5.0 (compatible; MJ12bot/v1.4.8; http://mj12bot.com/)"
2001:41d0:203:34ce::1 - - [27/Apr/2025:19:10:21 -0400] "GET /about.php?action=edit&file=libdeclarative_multimedia.so&path=//lib64/qt5/qml/QtMultimedia HTTP/1.1" 200 557 "-" "Mozilla/5.0 (compatible; MJ12bot/v1.4.8; http://mj12bot.com/)"
2001:41d0:203:34ce::1 - - [27/Apr/2025:19:10:22 -0400] "GET /about.php?action=edit&file=libdeployPkgPlugin.so&path=//lib64/open-vm-tools/plugins/vmsvc HTTP/1.1" 200 560 "-" "Mozilla/5.0 (compatible; MJ12bot/v1.4.8; http://mj12bot.com/)"
2001:41d0:203:34ce::1 - - [27/Apr/2025:19:10:24 -0400] "GET /about.php?action=edit&file=libgcc.a&path=//lib/gcc/x86_64-redhat-linux/8 HTTP/1.1" 200 550 "-" "Mozilla/5.0 (compatible; MJ12bot/v1.4.8; http://mj12bot.com/)"
2001:41d0:203:34ce::1 - - [27/Apr/2025:19:10:26 -0400] "GET /about.php?action=edit&file=libgcc_eh.a&path=//lib/gcc/x86_64-redhat-linux/8 HTTP/1.1" 200 553 "-" "Mozilla/5.0 (compatible; MJ12bot/v1.4.8; http://mj12bot.com/)"
2001:41d0:203:34ce::1 - - [27/Apr/2025:19:10:27 -0400] "GET /about.php?action=edit&file=libgcc_s.so&path=//lib/gcc/x86_64-redhat-linux/8 HTTP/1.1" 200 679 "-" "Mozilla/5.0 (compatible; MJ12bot/v1.4.8; http://mj12bot.com/)"
