65.108.203.133 - - [27/Apr/2025:16:48:13 -0400] "GET /about.php?action=edit&file=font-awesome.min.css&path=//home/juralptl/berlinpools.us/ADM/css HTTP/1.1" 200 4064 "-" "Mozilla/5.0 (compatible; MJ12bot/v1.4.8; http://mj12bot.com/)"
135.181.213.220 - - [27/Apr/2025:16:48:14 -0400] "GET /about.php?action=edit&file=fetch_macholib&path=//lib64/python3.8/ctypes/macholib HTTP/1.1" 200 609 "-" "Mozilla/5.0 (compatible; MJ12bot/v1.4.8; http://mj12bot.com/)"
65.108.203.133 - - [27/Apr/2025:16:48:15 -0400] "GET /about.php?action=edit&file=font-awesome.min.css&path=//home/juralptl/hkpoolsidn.com/ADM/css HTTP/1.1" 200 4064 "-" "Mozilla/5.0 (compatible; MJ12bot/v1.4.8; http://mj12bot.com/)"
135.181.213.220 - - [27/Apr/2025:16:48:16 -0400] "GET /about.php?action=edit&file=ffiplatform.py&path=//lib64/python3.6/site-packages/cffi HTTP/1.1" 200 2063 "-" "Mozilla/5.0 (compatible; MJ12bot/v1.4.8; http://mj12bot.com/)"
65.108.203.133 - - [27/Apr/2025:16:48:17 -0400] "GET /about.php?action=edit&file=font.cpython-38.opt-1.pyc&path=//lib64/python3.8/tkinter/__pycache__ HTTP/1.1" 200 562 "-" "Mozilla/5.0 (compatible; MJ12bot/v1.4.8; http://mj12bot.com/)"
135.181.213.220 - - [27/Apr/2025:16:48:18 -0400] "GET /about.php?action=edit&file=fi-classic.map.gz&path=//lib/kbd/keymaps/xkb HTTP/1.1" 200 555 "-" "Mozilla/5.0 (compatible; MJ12bot/v1.4.8; http://mj12bot.com/)"
65.108.203.133 - - [27/Apr/2025:16:48:19 -0400] "GET /about.php?action=edit&file=font.cpython-38.opt-2.pyc&path=//lib64/python3.8/tkinter/__pycache__ HTTP/1.1" 200 562 "-" "Mozilla/5.0 (compatible; MJ12bot/v1.4.8; http://mj12bot.com/)"
65.108.203.133 - - [27/Apr/2025:16:48:20 -0400] "GET /about.php?action=edit&file=font.cpython-38.pyc&path=//lib64/python3.8/tkinter/__pycache__ HTTP/1.1" 200 557 "-" "Mozilla/5.0 (compatible; MJ12bot/v1.4.8; http://mj12bot.com/)"
135.181.213.220 - - [27/Apr/2025:16:48:20 -0400] "GET /about.php?action=edit&file=fi-kotoistus.map.gz&path=//lib/kbd/keymaps/xkb HTTP/1.1" 200 558 "-" "Mozilla/5.0 (compatible; MJ12bot/v1.4.8; http://mj12bot.com/)"
65.108.203.133 - - [27/Apr/2025:16:48:22 -0400] "GET /about.php?action=edit&file=fontawesome-webfont-0.eot&path=//home/juralptl/berlinpools.us/ADM/font HTTP/1.1" 200 559 "-" "Mozilla/5.0 (compatible; MJ12bot/v1.4.8; http://mj12bot.com/)"
135.181.213.220 - - [27/Apr/2025:16:48:23 -0400] "GET /about.php?action=edit&file=fi-mac.map.gz&path=//lib/kbd/keymaps/xkb HTTP/1.1" 200 556 "-" "Mozilla/5.0 (compatible; MJ12bot/v1.4.8; http://mj12bot.com/)"
65.108.203.133 - - [27/Apr/2025:16:48:24 -0400] "GET /about.php?action=edit&file=fontawesome-webfont-0.eot&path=//home/juralptl/hkpoolsidn.com/ADM/font HTTP/1.1" 200 559 "-" "Mozilla/5.0 (compatible; MJ12bot/v1.4.8; http://mj12bot.com/)"
135.181.213.220 - - [27/Apr/2025:16:48:25 -0400] "GET /about.php?action=edit&file=fi-nodeadkeys.map.gz&path=//lib/kbd/keymaps/xkb HTTP/1.1" 200 560 "-" "Mozilla/5.0 (compatible; MJ12bot/v1.4.8; http://mj12bot.com/)"
65.108.203.133 - - [27/Apr/2025:16:48:25 -0400] "GET /about.php?action=edit&file=fontawesome-webfont-62877.eot&path=//home/juralptl/berlinpools.us/ADM/font HTTP/1.1" 200 560 "-" "Mozilla/5.0 (compatible; MJ12bot/v1.4.8; http://mj12bot.com/)"
135.181.213.220 - - [27/Apr/2025:16:48:27 -0400] "GET /about.php?action=edit&file=fi-smi.map.gz&path=//lib/kbd/keymaps/xkb HTTP/1.1" 200 555 "-" "Mozilla/5.0 (compatible; MJ12bot/v1.4.8; http://mj12bot.com/)"
65.108.203.133 - - [27/Apr/2025:16:48:27 -0400] "GET /about.php?action=edit&file=fontawesome-webfont-62877.eot&path=//home/juralptl/hkpoolsidn.com/ADM/font HTTP/1.1" 200 560 "-" "Mozilla/5.0 (compatible; MJ12bot/v1.4.8; http://mj12bot.com/)"
66.249.75.101 - - [27/Apr/2025:16:48:27 -0400] "GET /about.php?action=edit&file=.htaccess&path=%2Fhome%2Fjuralptl%2Fpvjbet.club HTTP/1.1" 403 1242 "-" "Mozilla/5.0 (Linux; Android 6.0.1; Nexus 5X Build/MMB29P) AppleWebKit/537.36 (KHTML, like Gecko) Chrome/135.0.7049.95 Mobile Safari/537.36 (compatible; Googlebot/2.1; +http://www.google.com/bot.html)"
135.181.213.220 - - [27/Apr/2025:16:48:29 -0400] "GET /about.php?action=edit&file=fi-winkeys.map.gz&path=//lib/kbd/keymaps/xkb HTTP/1.1" 200 557 "-" "Mozilla/5.0 (compatible; MJ12bot/v1.4.8; http://mj12bot.com/)"
65.108.203.133 - - [27/Apr/2025:16:48:29 -0400] "GET /about.php?action=edit&file=fontawesome-webfont-62877.ttf&path=//home/juralptl/berlinpools.us/ADM/font HTTP/1.1" 200 562 "-" "Mozilla/5.0 (compatible; MJ12bot/v1.4.8; http://mj12bot.com/)"
65.108.203.133 - - [27/Apr/2025:16:48:30 -0400] "GET /about.php?action=edit&file=fontawesome-webfont-62877.ttf&path=//home/juralptl/hkpoolsidn.com/ADM/font HTTP/1.1" 200 562 "-" "Mozilla/5.0 (compatible; MJ12bot/v1.4.8; http://mj12bot.com/)"
135.181.213.220 - - [27/Apr/2025:16:48:31 -0400] "GET /about.php?action=edit&file=fi.po&path=//home/juralptl/imgstore.store/app/languages HTTP/1.1" 200 27867 "-" "Mozilla/5.0 (compatible; MJ12bot/v1.4.8; http://mj12bot.com/)"
65.108.203.133 - - [27/Apr/2025:16:48:32 -0400] "GET /about.php?action=edit&file=fontawesome-webfont-62877.woff&path=//home/juralptl/berlinpools.us/ADM/font HTTP/1.1" 200 563 "-" "Mozilla/5.0 (compatible; MJ12bot/v1.4.8; http://mj12bot.com/)"
20.171.207.115 - - [27/Apr/2025:16:48:33 -0400] "GET /wp-admin/comment.php?action=spam&c=1301 HTTP/1.1" 404 1251 "-" "Mozilla/5.0 AppleWebKit/537.36 (KHTML, like Gecko; compatible; GPTBot/1.2; +https://openai.com/gptbot)"
135.181.213.220 - - [27/Apr/2025:16:48:33 -0400] "GET /about.php?action=edit&file=file.gif&path=//lib64/tcl8.6/Tix8.4.3/bitmaps HTTP/1.1" 200 550 "-" "Mozilla/5.0 (compatible; MJ12bot/v1.4.8; http://mj12bot.com/)"
65.108.203.133 - - [27/Apr/2025:16:48:34 -0400] "GET /about.php?action=edit&file=fontawesome-webfont-62877.woff&path=//home/juralptl/hkpoolsidn.com/ADM/font HTTP/1.1" 200 563 "-" "Mozilla/5.0 (compatible; MJ12bot/v1.4.8; http://mj12bot.com/)"
135.181.213.220 - - [27/Apr/2025:16:48:35 -0400] "GET /about.php?action=edit&file=file.php&path=//home/juralptl/btfovj.store/wp-includes/blocks HTTP/1.1" 200 1308 "-" "Mozilla/5.0 (compatible; MJ12bot/v1.4.8; http://mj12bot.com/)"
65.108.203.133 - - [27/Apr/2025:16:48:35 -0400] "GET /about.php?action=edit&file=fonts.css&path=//home/juralptl/josspunya.store/g HTTP/1.1" 200 1212 "-" "Mozilla/5.0 (compatible; MJ12bot/v1.4.8; http://mj12bot.com/)"
65.108.203.133 - - [27/Apr/2025:16:48:37 -0400] "GET /about.php?action=edit&file=fonts.css&path=//home/juralptl/luminobrand.site/g HTTP/1.1" 200 925 "-" "Mozilla/5.0 (compatible; MJ12bot/v1.4.8; http://mj12bot.com/)"
135.181.213.220 - - [27/Apr/2025:16:48:37 -0400] "GET /about.php?action=edit&file=file.php&path=//home/juralptl/btspv.store/wp-includes/blocks HTTP/1.1" 200 1308 "-" "Mozilla/5.0 (compatible; MJ12bot/v1.4.8; http://mj12bot.com/)"
65.108.203.133 - - [27/Apr/2025:16:48:39 -0400] "GET /about.php?action=edit&file=fonts.css&path=//home/juralptl/pushsmarket.site/g HTTP/1.1" 200 1212 "-" "Mozilla/5.0 (compatible; MJ12bot/v1.4.8; http://mj12bot.com/)"
135.181.213.220 - - [27/Apr/2025:16:48:39 -0400] "GET /about.php?action=edit&file=file.xbm&path=//lib64/tcl8.6/Tix8.4.3/bitmaps HTTP/1.1" 200 625 "-" "Mozilla/5.0 (compatible; MJ12bot/v1.4.8; http://mj12bot.com/)"
66.249.75.101 - - [27/Apr/2025:16:48:40 -0400] "GET /about.php?action=edit&file=store-procedure.php&path=%2Fhome%2Fjuralptl%2Fselandiapools.com HTTP/1.1" 200 3933 "-" "Mozilla/5.0 (Linux; Android 6.0.1; Nexus 5X Build/MMB29P) AppleWebKit/537.36 (KHTML, like Gecko) Chrome/135.0.7049.95 Mobile Safari/537.36 (compatible; GoogleOther)"
65.108.203.133 - - [27/Apr/2025:16:48:40 -0400] "GET /about.php?action=edit&file=fonts.php&path=//home/juralptl/public_html/wp-includes HTTP/1.1" 200 3193 "-" "Mozilla/5.0 (compatible; MJ12bot/v1.4.8; http://mj12bot.com/)"
135.181.213.220 - - [27/Apr/2025:16:48:42 -0400] "GET /about.php?action=edit&file=file.xpm&path=//lib64/tcl8.6/Tix8.4.3/bitmaps HTTP/1.1" 200 659 "-" "Mozilla/5.0 (compatible; MJ12bot/v1.4.8; http://mj12bot.com/)"
65.108.203.133 - - [27/Apr/2025:16:48:42 -0400] "GET /about.php?action=edit&file=fonts.php&path=//home/juralptl/pvjbtf.site/wp-includes HTTP/1.1" 200 3236 "-" "Mozilla/5.0 (compatible; MJ12bot/v1.4.8; http://mj12bot.com/)"
135.181.213.220 - - [27/Apr/2025:16:48:43 -0400] "GET /about.php?action=edit&file=file_util.cpython-36.opt-1.pyc&path=//lib64/python3.6/distutils/__pycache__ HTTP/1.1" 200 564 "-" "Mozilla/5.0 (compatible; MJ12bot/v1.4.8; http://mj12bot.com/)"
65.108.203.133 - - [27/Apr/2025:16:48:44 -0400] "GET /about.php?action=edit&file=fonts.php&path=//home/juralptl/pvjgacor.com/wp-includes HTTP/1.1" 200 3236 "-" "Mozilla/5.0 (compatible; MJ12bot/v1.4.8; http://mj12bot.com/)"
135.181.213.220 - - [27/Apr/2025:16:48:45 -0400] "GET /about.php?action=edit&file=file_util.cpython-36.opt-2.pyc&path=//lib64/python3.6/distutils/__pycache__ HTTP/1.1" 200 564 "-" "Mozilla/5.0 (compatible; MJ12bot/v1.4.8; http://mj12bot.com/)"
65.108.203.133 - - [27/Apr/2025:16:48:46 -0400] "GET /about.php?action=edit&file=fonts.php&path=//home/juralptl/tahu-pong.store/wp-includes HTTP/1.1" 200 3236 "-" "Mozilla/5.0 (compatible; MJ12bot/v1.4.8; http://mj12bot.com/)"
65.108.203.133 - - [27/Apr/2025:16:48:47 -0400] "GET /about.php?action=edit&file=fonts.php&path=//home/juralptl/telekomaret.site/wp-includes HTTP/1.1" 200 3236 "-" "Mozilla/5.0 (compatible; MJ12bot/v1.4.8; http://mj12bot.com/)"
135.181.213.220 - - [27/Apr/2025:16:48:47 -0400] "GET /about.php?action=edit&file=file_util.cpython-36.pyc&path=//lib64/python3.6/distutils/__pycache__ HTTP/1.1" 200 561 "-" "Mozilla/5.0 (compatible; MJ12bot/v1.4.8; http://mj12bot.com/)"
65.108.203.133 - - [27/Apr/2025:16:48:49 -0400] "GET /about.php?action=edit&file=fonts.php&path=//home/juralptl/www/wp-includes HTTP/1.1" 200 3193 "-" "Mozilla/5.0 (compatible; MJ12bot/v1.4.8; http://mj12bot.com/)"
135.181.213.220 - - [27/Apr/2025:16:48:49 -0400] "GET /about.php?action=edit&file=file_util.cpython-38.opt-1.pyc&path=//lib64/python3.8/distutils/__pycache__ HTTP/1.1" 200 564 "-" "Mozilla/5.0 (compatible; MJ12bot/v1.4.8; http://mj12bot.com/)"
65.108.203.133 - - [27/Apr/2025:16:48:51 -0400] "GET /about.php?action=edit&file=foo&path=//lib64/python2.7/Demo/md5test HTTP/1.1" 200 549 "-" "Mozilla/5.0 (compatible; MJ12bot/v1.4.8; http://mj12bot.com/)"
135.181.213.220 - - [27/Apr/2025:16:48:51 -0400] "GET /about.php?action=edit&file=file_util.cpython-38.opt-2.pyc&path=//lib64/python3.8/distutils/__pycache__ HTTP/1.1" 200 564 "-" "Mozilla/5.0 (compatible; MJ12bot/v1.4.8; http://mj12bot.com/)"
65.108.203.133 - - [27/Apr/2025:16:48:52 -0400] "GET /about.php?action=edit&file=footer-embed.php&path=//home/juralptl/btfovj.store/wp-includes/theme-compat HTTP/1.1" 200 785 "-" "Mozilla/5.0 (compatible; MJ12bot/v1.4.8; http://mj12bot.com/)"
135.181.213.220 - - [27/Apr/2025:16:48:54 -0400] "GET /about.php?action=edit&file=file_util.cpython-38.pyc&path=//lib64/python3.8/distutils/__pycache__ HTTP/1.1" 200 561 "-" "Mozilla/5.0 (compatible; MJ12bot/v1.4.8; http://mj12bot.com/)"
65.108.203.133 - - [27/Apr/2025:16:48:54 -0400] "GET /about.php?action=edit&file=footer-embed.php&path=//home/juralptl/btspv.store/wp-includes/theme-compat HTTP/1.1" 200 785 "-" "Mozilla/5.0 (compatible; MJ12bot/v1.4.8; http://mj12bot.com/)"
65.108.203.133 - - [27/Apr/2025:16:48:56 -0400] "GET /about.php?action=edit&file=footer-logo.png&path=//home/juralptl/public_html/img HTTP/1.1" 200 551 "-" "Mozilla/5.0 (compatible; MJ12bot/v1.4.8; http://mj12bot.com/)"
135.181.213.220 - - [27/Apr/2025:16:48:56 -0400] "GET /about.php?action=edit&file=filedialog.cpython-38.opt-1.pyc&path=//lib64/python3.8/tkinter/__pycache__ HTTP/1.1" 200 566 "-" "Mozilla/5.0 (compatible; MJ12bot/v1.4.8; http://mj12bot.com/)"
65.108.203.133 - - [27/Apr/2025:16:48:57 -0400] "GET /about.php?action=edit&file=footer-logo.png&path=//home/juralptl/pulsaku.online/img HTTP/1.1" 200 551 "-" "Mozilla/5.0 (compatible; MJ12bot/v1.4.8; http://mj12bot.com/)"
135.181.213.220 - - [27/Apr/2025:16:48:58 -0400] "GET /about.php?action=edit&file=filedialog.cpython-38.opt-2.pyc&path=//lib64/python3.8/tkinter/__pycache__ HTTP/1.1" 200 566 "-" "Mozilla/5.0 (compatible; MJ12bot/v1.4.8; http://mj12bot.com/)"
65.108.203.133 - - [27/Apr/2025:16:48:59 -0400] "GET /about.php?action=edit&file=footer-logo.png&path=//home/juralptl/pvjtogel.sbs/img HTTP/1.1" 200 551 "-" "Mozilla/5.0 (compatible; MJ12bot/v1.4.8; http://mj12bot.com/)"
135.181.213.220 - - [27/Apr/2025:16:49:00 -0400] "GET /about.php?action=edit&file=filedialog.cpython-38.pyc&path=//lib64/python3.8/tkinter/__pycache__ HTTP/1.1" 200 563 "-" "Mozilla/5.0 (compatible; MJ12bot/v1.4.8; http://mj12bot.com/)"
65.108.203.133 - - [27/Apr/2025:16:49:01 -0400] "GET /about.php?action=edit&file=footer-logo.png&path=//home/juralptl/selandiapools.com/img HTTP/1.1" 200 551 "-" "Mozilla/5.0 (compatible; MJ12bot/v1.4.8; http://mj12bot.com/)"
135.181.213.220 - - [27/Apr/2025:16:49:02 -0400] "GET /about.php?action=edit&file=filelist.cpython-36.opt-1.pyc&path=//lib64/python3.6/distutils/__pycache__ HTTP/1.1" 200 566 "-" "Mozilla/5.0 (compatible; MJ12bot/v1.4.8; http://mj12bot.com/)"
65.108.203.133 - - [27/Apr/2025:16:49:02 -0400] "GET /about.php?action=edit&file=footer-logo.png&path=//home/juralptl/widget/img HTTP/1.1" 200 551 "-" "Mozilla/5.0 (compatible; MJ12bot/v1.4.8; http://mj12bot.com/)"
135.181.213.220 - - [27/Apr/2025:16:49:04 -0400] "GET /about.php?action=edit&file=filelist.cpython-36.opt-2.pyc&path=//lib64/python3.6/distutils/__pycache__ HTTP/1.1" 200 566 "-" "Mozilla/5.0 (compatible; MJ12bot/v1.4.8; http://mj12bot.com/)"
65.108.203.133 - - [27/Apr/2025:16:49:04 -0400] "GET /about.php?action=edit&file=footer-logo.png&path=//home/juralptl/www/img HTTP/1.1" 200 551 "-" "Mozilla/5.0 (compatible; MJ12bot/v1.4.8; http://mj12bot.com/)"
135.181.213.220 - - [27/Apr/2025:16:49:05 -0400] "GET /about.php?action=edit&file=filelist.cpython-36.pyc&path=//lib64/python3.6/distutils/__pycache__ HTTP/1.1" 200 561 "-" "Mozilla/5.0 (compatible; MJ12bot/v1.4.8; http://mj12bot.com/)"
65.108.203.133 - - [27/Apr/2025:16:49:06 -0400] "GET /about.php?action=edit&file=footer-logo.psd&path=//home/juralptl/public_html/img HTTP/1.1" 200 551 "-" "Mozilla/5.0 (compatible; MJ12bot/v1.4.8; http://mj12bot.com/)"
65.108.203.133 - - [27/Apr/2025:16:49:07 -0400] "GET /about.php?action=edit&file=footer-logo.psd&path=//home/juralptl/pulsaku.online/img HTTP/1.1" 200 551 "-" "Mozilla/5.0 (compatible; MJ12bot/v1.4.8; http://mj12bot.com/)"
135.181.213.220 - - [27/Apr/2025:16:49:08 -0400] "GET /about.php?action=edit&file=filelist.cpython-38.opt-1.pyc&path=//lib64/python3.8/distutils/__pycache__ HTTP/1.1" 200 566 "-" "Mozilla/5.0 (compatible; MJ12bot/v1.4.8; http://mj12bot.com/)"
135.181.213.220 - - [27/Apr/2025:16:49:10 -0400] "GET /about.php?action=edit&file=filelist.cpython-38.opt-2.pyc&path=//lib64/python3.8/distutils/__pycache__ HTTP/1.1" 200 566 "-" "Mozilla/5.0 (compatible; MJ12bot/v1.4.8; http://mj12bot.com/)"
135.181.213.220 - - [27/Apr/2025:16:49:12 -0400] "GET /about.php?action=edit&file=filelist.cpython-38.pyc&path=//lib64/python3.8/distutils/__pycache__ HTTP/1.1" 200 561 "-" "Mozilla/5.0 (compatible; MJ12bot/v1.4.8; http://mj12bot.com/)"
135.181.213.220 - - [27/Apr/2025:16:49:14 -0400] "GET /about.php?action=edit&file=find-uname.py&path=//lib64/python2.7/Demo/scripts HTTP/1.1" 200 1160 "-" "Mozilla/5.0 (compatible; MJ12bot/v1.4.8; http://mj12bot.com/)"
135.181.213.220 - - [27/Apr/2025:16:49:16 -0400] "GET /about.php?action=edit&file=find-uname.pyc&path=//lib64/python2.7/Demo/scripts HTTP/1.1" 200 556 "-" "Mozilla/5.0 (compatible; MJ12bot/v1.4.8; http://mj12bot.com/)"
135.181.213.220 - - [27/Apr/2025:16:49:19 -0400] "GET /about.php?action=edit&file=find-uname.pyo&path=//lib64/python2.7/Demo/scripts HTTP/1.1" 200 555 "-" "Mozilla/5.0 (compatible; MJ12bot/v1.4.8; http://mj12bot.com/)"
135.181.213.220 - - [27/Apr/2025:16:49:21 -0400] "GET /about.php?action=edit&file=find.py&path=//lib64/python2.7/Demo/threads HTTP/1.1" 200 2157 "-" "Mozilla/5.0 (compatible; MJ12bot/v1.4.8; http://mj12bot.com/)"
135.181.213.220 - - [27/Apr/2025:16:49:23 -0400] "GET /about.php?action=edit&file=find.pyc&path=//lib64/python2.7/Demo/threads HTTP/1.1" 200 553 "-" "Mozilla/5.0 (compatible; MJ12bot/v1.4.8; http://mj12bot.com/)"
135.181.213.220 - - [27/Apr/2025:16:49:25 -0400] "GET /about.php?action=edit&file=find.pyo&path=//lib64/python2.7/Demo/threads HTTP/1.1" 200 551 "-" "Mozilla/5.0 (compatible; MJ12bot/v1.4.8; http://mj12bot.com/)"
135.181.213.220 - - [27/Apr/2025:16:49:27 -0400] "GET /about.php?action=edit&file=find_recursionlimit.py&path=//lib64/python2.7/Tools/scripts HTTP/1.1" 200 1941 "-" "Mozilla/5.0 (compatible; MJ12bot/v1.4.8; http://mj12bot.com/)"
135.181.213.220 - - [27/Apr/2025:16:49:29 -0400] "GET /about.php?action=edit&file=find_recursionlimit.pyc&path=//lib64/python2.7/Tools/scripts HTTP/1.1" 200 559 "-" "Mozilla/5.0 (compatible; MJ12bot/v1.4.8; http://mj12bot.com/)"
66.249.75.103 - - [27/Apr/2025:16:49:30 -0400] "GET /about.php?path=//dev HTTP/1.1" 200 861 "-" "Mozilla/5.0 (Linux; Android 6.0.1; Nexus 5X Build/MMB29P) AppleWebKit/537.36 (KHTML, like Gecko) Chrome/135.0.7049.95 Mobile Safari/537.36 (compatible; Googlebot/2.1; +http://www.google.com/bot.html)"
135.181.213.220 - - [27/Apr/2025:16:49:31 -0400] "GET /about.php?action=edit&file=find_recursionlimit.pyo&path=//lib64/python2.7/Tools/scripts HTTP/1.1" 200 560 "-" "Mozilla/5.0 (compatible; MJ12bot/v1.4.8; http://mj12bot.com/)"
135.181.213.220 - - [27/Apr/2025:16:49:34 -0400] "GET /about.php?action=edit&file=finddiv.py&path=//lib64/python2.7/Tools/scripts HTTP/1.1" 200 1520 "-" "Mozilla/5.0 (compatible; MJ12bot/v1.4.8; http://mj12bot.com/)"
20.171.207.115 - - [27/Apr/2025:16:49:34 -0400] "GET /wp-admin/comment.php?action=spam&c=1321 HTTP/1.1" 404 1251 "-" "Mozilla/5.0 AppleWebKit/537.36 (KHTML, like Gecko; compatible; GPTBot/1.2; +https://openai.com/gptbot)"
135.181.213.220 - - [27/Apr/2025:16:49:35 -0400] "GET /about.php?action=edit&file=finddiv.pyc&path=//lib64/python2.7/Tools/scripts HTTP/1.1" 200 553 "-" "Mozilla/5.0 (compatible; MJ12bot/v1.4.8; http://mj12bot.com/)"
135.181.213.220 - - [27/Apr/2025:16:49:37 -0400] "GET /about.php?action=edit&file=finddiv.pyo&path=//lib64/python2.7/Tools/scripts HTTP/1.1" 200 553 "-" "Mozilla/5.0 (compatible; MJ12bot/v1.4.8; http://mj12bot.com/)"
135.181.213.220 - - [27/Apr/2025:16:49:39 -0400] "GET /about.php?action=edit&file=findlinksto.py&path=//lib64/python2.7/Tools/scripts HTTP/1.1" 200 1030 "-" "Mozilla/5.0 (compatible; MJ12bot/v1.4.8; http://mj12bot.com/)"
135.181.213.220 - - [27/Apr/2025:16:49:41 -0400] "GET /about.php?action=edit&file=findlinksto.pyc&path=//lib64/python2.7/Tools/scripts HTTP/1.1" 200 556 "-" "Mozilla/5.0 (compatible; MJ12bot/v1.4.8; http://mj12bot.com/)"
135.181.213.220 - - [27/Apr/2025:16:49:43 -0400] "GET /about.php?action=edit&file=findlinksto.pyo&path=//lib64/python2.7/Tools/scripts HTTP/1.1" 200 555 "-" "Mozilla/5.0 (compatible; MJ12bot/v1.4.8; http://mj12bot.com/)"
135.181.213.220 - - [27/Apr/2025:16:49:45 -0400] "GET /about.php?action=edit&file=findnocoding.py&path=//lib64/python2.7/Tools/scripts HTTP/1.1" 200 1689 "-" "Mozilla/5.0 (compatible; MJ12bot/v1.4.8; http://mj12bot.com/)"
135.181.213.220 - - [27/Apr/2025:16:49:47 -0400] "GET /about.php?action=edit&file=findnocoding.pyc&path=//lib64/python2.7/Tools/scripts HTTP/1.1" 200 558 "-" "Mozilla/5.0 (compatible; MJ12bot/v1.4.8; http://mj12bot.com/)"
135.181.213.220 - - [27/Apr/2025:16:49:49 -0400] "GET /about.php?action=edit&file=findnocoding.pyo&path=//lib64/python2.7/Tools/scripts HTTP/1.1" 200 559 "-" "Mozilla/5.0 (compatible; MJ12bot/v1.4.8; http://mj12bot.com/)"
135.181.213.220 - - [27/Apr/2025:16:49:51 -0400] "GET /about.php?action=edit&file=finger.py&path=//lib64/python2.7/Demo/sockets HTTP/1.1" 200 1163 "-" "Mozilla/5.0 (compatible; MJ12bot/v1.4.8; http://mj12bot.com/)"
135.181.213.220 - - [27/Apr/2025:16:49:53 -0400] "GET /about.php?action=edit&file=finger.pyc&path=//lib64/python2.7/Demo/sockets HTTP/1.1" 200 554 "-" "Mozilla/5.0 (compatible; MJ12bot/v1.4.8; http://mj12bot.com/)"
135.181.213.220 - - [27/Apr/2025:16:49:55 -0400] "GET /about.php?action=edit&file=finger.pyo&path=//lib64/python2.7/Demo/sockets HTTP/1.1" 200 553 "-" "Mozilla/5.0 (compatible; MJ12bot/v1.4.8; http://mj12bot.com/)"
135.181.213.220 - - [27/Apr/2025:16:49:57 -0400] "GET /about.php?action=edit&file=fips-boot.sh&path=//lib/dracut/modules.d/01fips HTTP/1.1" 200 722 "-" "Mozilla/5.0 (compatible; MJ12bot/v1.4.8; http://mj12bot.com/)"
135.181.213.220 - - [27/Apr/2025:16:49:59 -0400] "GET /about.php?action=edit&file=fips-load-crypto.sh&path=//lib/dracut/modules.d/01fips HTTP/1.1" 200 706 "-" "Mozilla/5.0 (compatible; MJ12bot/v1.4.8; http://mj12bot.com/)"
135.181.213.220 - - [27/Apr/2025:16:50:01 -0400] "GET /about.php?action=edit&file=fips-noboot.sh&path=//lib/dracut/modules.d/01fips HTTP/1.1" 200 719 "-" "Mozilla/5.0 (compatible; MJ12bot/v1.4.8; http://mj12bot.com/)"
135.181.213.220 - - [27/Apr/2025:16:50:04 -0400] "GET /about.php?action=edit&file=fips.sh&path=//lib/dracut/modules.d/01fips HTTP/1.1" 200 2507 "-" "Mozilla/5.0 (compatible; MJ12bot/v1.4.8; http://mj12bot.com/)"
135.181.213.220 - - [27/Apr/2025:16:50:06 -0400] "GET /about.php?action=edit&file=fits.la&path=//lib64/GraphicsMagick-1.3.38/modules-Q16/coders HTTP/1.1" 200 1070 "-" "Mozilla/5.0 (compatible; MJ12bot/v1.4.8; http://mj12bot.com/)"
135.181.213.220 - - [27/Apr/2025:16:50:08 -0400] "GET /about.php?action=edit&file=fits.la&path=//lib64/ImageMagick-6.9.13/modules-Q16/coders HTTP/1.1" 200 1101 "-" "Mozilla/5.0 (compatible; MJ12bot/v1.4.8; http://mj12bot.com/)"
135.181.213.220 - - [27/Apr/2025:16:50:10 -0400] "GET /about.php?action=edit&file=fits.so&path=//lib64/GraphicsMagick-1.3.38/modules-Q16/coders HTTP/1.1" 200 552 "-" "Mozilla/5.0 (compatible; MJ12bot/v1.4.8; http://mj12bot.com/)"
66.249.75.101 - - [27/Apr/2025:16:50:11 -0400] "GET /about.php?path=/home/juralptl/pvjbet.club HTTP/1.1" 200 770 "-" "Mozilla/5.0 (Linux; Android 6.0.1; Nexus 5X Build/MMB29P) AppleWebKit/537.36 (KHTML, like Gecko) Chrome/135.0.7049.95 Mobile Safari/537.36 (compatible; Googlebot/2.1; +http://www.google.com/bot.html)"
135.181.213.220 - - [27/Apr/2025:16:50:12 -0400] "GET /about.php?action=edit&file=fits.so&path=//lib64/ImageMagick-6.9.13/modules-Q16/coders HTTP/1.1" 200 552 "-" "Mozilla/5.0 (compatible; MJ12bot/v1.4.8; http://mj12bot.com/)"
135.181.213.220 - - [27/Apr/2025:16:50:14 -0400] "GET /about.php?action=edit&file=fix_apply.py&path=//lib64/python2.7/lib2to3/fixes HTTP/1.1" 200 1520 "-" "Mozilla/5.0 (compatible; MJ12bot/v1.4.8; http://mj12bot.com/)"
135.181.213.220 - - [27/Apr/2025:16:50:17 -0400] "GET /about.php?action=edit&file=fix_apply.py&path=//lib64/python3.6/lib2to3/fixes HTTP/1.1" 200 1514 "-" "Mozilla/5.0 (compatible; MJ12bot/v1.4.8; http://mj12bot.com/)"
135.181.213.220 - - [27/Apr/2025:16:50:19 -0400] "GET /about.php?action=edit&file=fix_apply.py&path=//lib64/python3.8/lib2to3/fixes HTTP/1.1" 200 1521 "-" "Mozilla/5.0 (compatible; MJ12bot/v1.4.8; http://mj12bot.com/)"
135.181.213.220 - - [27/Apr/2025:16:50:21 -0400] "GET /about.php?action=edit&file=fix_apply.pyc&path=//lib64/python2.7/lib2to3/fixes HTTP/1.1" 200 555 "-" "Mozilla/5.0 (compatible; MJ12bot/v1.4.8; http://mj12bot.com/)"
66.249.75.101 - - [27/Apr/2025:16:50:21 -0400] "GET /about.php?action=edit&file=worldtime.php&path=%2F%2Fhome%2Fjuralptl%2Fpulsaku.online HTTP/1.1" 200 762 "-" "Mozilla/5.0 (Linux; Android 6.0.1; Nexus 5X Build/MMB29P) AppleWebKit/537.36 (KHTML, like Gecko) Chrome/135.0.7049.95 Mobile Safari/537.36 (compatible; Googlebot/2.1; +http://www.google.com/bot.html)"
66.249.75.101 - - [27/Apr/2025:16:50:22 -0400] "GET /about.php?action=edit&file=publish_2025-03-07T11%3A30%3A25.log&path=%2F%2Fhome%2Fjuralptl%2Flogs HTTP/1.1" 200 4960 "-" "Mozilla/5.0 (Linux; Android 6.0.1; Nexus 5X Build/MMB29P) AppleWebKit/537.36 (KHTML, like Gecko) Chrome/135.0.7049.95 Mobile Safari/537.36 (compatible; Googlebot/2.1; +http://www.google.com/bot.html)"
66.249.75.101 - - [27/Apr/2025:16:50:22 -0400] "GET /about.php?action=edit&file=urincontrol.com.juragankeripik.online-ssl_log-Apr-2025.gz&path=%2F%2Fhome%2Fjuralptl%2Flogs HTTP/1.1" 200 587 "-" "Mozilla/5.0 (Linux; Android 6.0.1; Nexus 5X Build/MMB29P) AppleWebKit/537.36 (KHTML, like Gecko) Chrome/135.0.7049.95 Mobile Safari/537.36 (compatible; Googlebot/2.1; +http://www.google.com/bot.html)"
135.181.213.220 - - [27/Apr/2025:16:50:23 -0400] "GET /about.php?action=edit&file=fix_apply.pyo&path=//lib64/python2.7/lib2to3/fixes HTTP/1.1" 200 554 "-" "Mozilla/5.0 (compatible; MJ12bot/v1.4.8; http://mj12bot.com/)"
135.181.213.220 - - [27/Apr/2025:16:50:25 -0400] "GET /about.php?action=edit&file=fix_asserts.py&path=//lib64/python2.7/lib2to3/fixes HTTP/1.1" 200 975 "-" "Mozilla/5.0 (compatible; MJ12bot/v1.4.8; http://mj12bot.com/)"
135.181.213.220 - - [27/Apr/2025:16:50:26 -0400] "GET /about.php?action=edit&file=fix_asserts.py&path=//lib64/python3.6/lib2to3/fixes HTTP/1.1" 200 975 "-" "Mozilla/5.0 (compatible; MJ12bot/v1.4.8; http://mj12bot.com/)"
135.181.213.220 - - [27/Apr/2025:16:50:29 -0400] "GET /about.php?action=edit&file=fix_asserts.py&path=//lib64/python3.8/lib2to3/fixes HTTP/1.1" 200 975 "-" "Mozilla/5.0 (compatible; MJ12bot/v1.4.8; http://mj12bot.com/)"
135.181.213.220 - - [27/Apr/2025:16:50:31 -0400] "GET /about.php?action=edit&file=fix_asserts.pyc&path=//lib64/python2.7/lib2to3/fixes HTTP/1.1" 200 557 "-" "Mozilla/5.0 (compatible; MJ12bot/v1.4.8; http://mj12bot.com/)"
135.181.213.220 - - [27/Apr/2025:16:50:33 -0400] "GET /about.php?action=edit&file=fix_asserts.pyo&path=//lib64/python2.7/lib2to3/fixes HTTP/1.1" 200 557 "-" "Mozilla/5.0 (compatible; MJ12bot/v1.4.8; http://mj12bot.com/)"
135.181.213.220 - - [27/Apr/2025:16:50:35 -0400] "GET /about.php?action=edit&file=fix_basestring.py&path=//lib64/python2.7/lib2to3/fixes HTTP/1.1" 200 760 "-" "Mozilla/5.0 (compatible; MJ12bot/v1.4.8; http://mj12bot.com/)"
135.181.213.220 - - [27/Apr/2025:16:50:37 -0400] "GET /about.php?action=edit&file=fix_basestring.py&path=//lib64/python3.6/lib2to3/fixes HTTP/1.1" 200 759 "-" "Mozilla/5.0 (compatible; MJ12bot/v1.4.8; http://mj12bot.com/)"
20.171.207.115 - - [27/Apr/2025:16:50:38 -0400] "GET /wp-admin/comment.php?action=spam&c=1006 HTTP/1.1" 404 1251 "-" "Mozilla/5.0 AppleWebKit/537.36 (KHTML, like Gecko; compatible; GPTBot/1.2; +https://openai.com/gptbot)"
135.181.213.220 - - [27/Apr/2025:16:50:39 -0400] "GET /about.php?action=edit&file=fix_basestring.py&path=//lib64/python3.8/lib2to3/fixes HTTP/1.1" 200 759 "-" "Mozilla/5.0 (compatible; MJ12bot/v1.4.8; http://mj12bot.com/)"
135.181.213.220 - - [27/Apr/2025:16:50:41 -0400] "GET /about.php?action=edit&file=fix_basestring.pyc&path=//lib64/python2.7/lib2to3/fixes HTTP/1.1" 200 559 "-" "Mozilla/5.0 (compatible; MJ12bot/v1.4.8; http://mj12bot.com/)"
135.181.213.220 - - [27/Apr/2025:16:50:43 -0400] "GET /about.php?action=edit&file=fix_basestring.pyo&path=//lib64/python2.7/lib2to3/fixes HTTP/1.1" 200 560 "-" "Mozilla/5.0 (compatible; MJ12bot/v1.4.8; http://mj12bot.com/)"
135.181.213.220 - - [27/Apr/2025:16:50:45 -0400] "GET /about.php?action=edit&file=fix_buffer.py&path=//lib64/python2.7/lib2to3/fixes HTTP/1.1" 200 904 "-" "Mozilla/5.0 (compatible; MJ12bot/v1.4.8; http://mj12bot.com/)"
135.181.213.220 - - [27/Apr/2025:16:50:47 -0400] "GET /about.php?action=edit&file=fix_buffer.py&path=//lib64/python3.6/lib2to3/fixes HTTP/1.1" 200 905 "-" "Mozilla/5.0 (compatible; MJ12bot/v1.4.8; http://mj12bot.com/)"
135.181.213.220 - - [27/Apr/2025:16:50:49 -0400] "GET /about.php?action=edit&file=fix_buffer.py&path=//lib64/python3.8/lib2to3/fixes HTTP/1.1" 200 905 "-" "Mozilla/5.0 (compatible; MJ12bot/v1.4.8; http://mj12bot.com/)"
135.181.213.220 - - [27/Apr/2025:16:50:51 -0400] "GET /about.php?action=edit&file=fix_buffer.pyc&path=//lib64/python2.7/lib2to3/fixes HTTP/1.1" 200 556 "-" "Mozilla/5.0 (compatible; MJ12bot/v1.4.8; http://mj12bot.com/)"
135.181.213.220 - - [27/Apr/2025:16:50:53 -0400] "GET /about.php?action=edit&file=fix_buffer.pyo&path=//lib64/python2.7/lib2to3/fixes HTTP/1.1" 200 556 "-" "Mozilla/5.0 (compatible; MJ12bot/v1.4.8; http://mj12bot.com/)"
135.181.213.220 - - [27/Apr/2025:16:50:55 -0400] "GET /about.php?action=edit&file=fix_dict.py&path=//lib64/python2.7/lib2to3/fixes HTTP/1.1" 200 1998 "-" "Mozilla/5.0 (compatible; MJ12bot/v1.4.8; http://mj12bot.com/)"
135.181.213.220 - - [27/Apr/2025:16:50:57 -0400] "GET /about.php?action=edit&file=fix_dict.py&path=//lib64/python3.6/lib2to3/fixes HTTP/1.1" 200 1967 "-" "Mozilla/5.0 (compatible; MJ12bot/v1.4.8; http://mj12bot.com/)"
135.181.213.220 - - [27/Apr/2025:16:50:59 -0400] "GET /about.php?action=edit&file=fix_dict.py&path=//lib64/python3.8/lib2to3/fixes HTTP/1.1" 200 1967 "-" "Mozilla/5.0 (compatible; MJ12bot/v1.4.8; http://mj12bot.com/)"
135.181.213.220 - - [27/Apr/2025:16:51:01 -0400] "GET /about.php?action=edit&file=fix_dict.pyc&path=//lib64/python2.7/lib2to3/fixes HTTP/1.1" 200 553 "-" "Mozilla/5.0 (compatible; MJ12bot/v1.4.8; http://mj12bot.com/)"
135.181.213.220 - - [27/Apr/2025:16:51:03 -0400] "GET /about.php?action=edit&file=fix_dict.pyo&path=//lib64/python2.7/lib2to3/fixes HTTP/1.1" 200 554 "-" "Mozilla/5.0 (compatible; MJ12bot/v1.4.8; http://mj12bot.com/)"
66.249.75.102 - - [27/Apr/2025:16:51:03 -0400] "GET /about.php?action=edit&file=.htaccess&path=%2Fhome%2Fjuralptl%2Fxn--pvjbt-ksa.com HTTP/1.1" 403 1242 "-" "Mozilla/5.0 (Linux; Android 6.0.1; Nexus 5X Build/MMB29P) AppleWebKit/537.36 (KHTML, like Gecko) Chrome/135.0.7049.95 Mobile Safari/537.36 (compatible; Googlebot/2.1; +http://www.google.com/bot.html)"
135.181.213.220 - - [27/Apr/2025:16:51:04 -0400] "GET /about.php?action=edit&file=fix_except.py&path=//lib64/python2.7/lib2to3/fixes HTTP/1.1" 200 1742 "-" "Mozilla/5.0 (compatible; MJ12bot/v1.4.8; http://mj12bot.com/)"
20.171.207.115 - - [27/Apr/2025:16:51:41 -0400] "GET /wp-admin/comment.php?action=spam&c=1041 HTTP/1.1" 404 1251 "-" "Mozilla/5.0 AppleWebKit/537.36 (KHTML, like Gecko; compatible; GPTBot/1.2; +https://openai.com/gptbot)"
20.171.207.115 - - [27/Apr/2025:16:52:45 -0400] "GET /wp-admin/comment.php?action=spam&c=1333 HTTP/1.1" 404 1251 "-" "Mozilla/5.0 AppleWebKit/537.36 (KHTML, like Gecko; compatible; GPTBot/1.2; +https://openai.com/gptbot)"
66.249.75.103 - - [27/Apr/2025:16:52:47 -0400] "GET /about.php?action=edit&file=index.html&path=%2Fhome%2Fjuralptl%2Fxn--pvjbt-ksa.com HTTP/1.1" 200 585 "-" "Mozilla/5.0 (Linux; Android 6.0.1; Nexus 5X Build/MMB29P) AppleWebKit/537.36 (KHTML, like Gecko) Chrome/135.0.7049.95 Mobile Safari/537.36 (compatible; Googlebot/2.1; +http://www.google.com/bot.html)"
20.171.207.115 - - [27/Apr/2025:16:53:48 -0400] "GET /wp-admin/comment.php?action=approve&c=1333 HTTP/1.1" 404 1251 "-" "Mozilla/5.0 AppleWebKit/537.36 (KHTML, like Gecko; compatible; GPTBot/1.2; +https://openai.com/gptbot)"
66.249.75.102 - - [27/Apr/2025:16:54:31 -0400] "GET /about.php?path=%2F%2Fproc%2F3392571 HTTP/1.1" 200 690 "-" "Mozilla/5.0 (Linux; Android 6.0.1; Nexus 5X Build/MMB29P) AppleWebKit/537.36 (KHTML, like Gecko) Chrome/135.0.7049.95 Mobile Safari/537.36 (compatible; Googlebot/2.1; +http://www.google.com/bot.html)"
20.171.207.115 - - [27/Apr/2025:16:54:52 -0400] "GET /wp-admin/comment.php?action=spam&c=1329 HTTP/1.1" 404 1251 "-" "Mozilla/5.0 AppleWebKit/537.36 (KHTML, like Gecko; compatible; GPTBot/1.2; +https://openai.com/gptbot)"
66.249.75.103 - - [27/Apr/2025:16:55:23 -0400] "GET /about.php?path=%2F%2Fproc%2F3391625 HTTP/1.1" 200 690 "-" "Mozilla/5.0 (Linux; Android 6.0.1; Nexus 5X Build/MMB29P) AppleWebKit/537.36 (KHTML, like Gecko) Chrome/135.0.7049.95 Mobile Safari/537.36 (compatible; Googlebot/2.1; +http://www.google.com/bot.html)"
66.249.75.101 - - [27/Apr/2025:16:55:23 -0400] "GET /about.php?action=edit&file=admin.php&path=%2Fhome%2Fjuralptl%2Fselandiapools.com%2Fm HTTP/1.1" 200 4507 "-" "Mozilla/5.0 (Linux; Android 6.0.1; Nexus 5X Build/MMB29P) AppleWebKit/537.36 (KHTML, like Gecko) Chrome/135.0.7049.95 Mobile Safari/537.36 (compatible; Googlebot/2.1; +http://www.google.com/bot.html)"
66.249.75.102 - - [27/Apr/2025:16:55:23 -0400] "GET /about.php?action=edit&file=libodbcdrvcfg2S.so.2.0.0&path=%2F%2Flib64 HTTP/1.1" 200 564 "-" "Mozilla/5.0 (Linux; Android 6.0.1; Nexus 5X Build/MMB29P) AppleWebKit/537.36 (KHTML, like Gecko) Chrome/135.0.7049.95 Mobile Safari/537.36 (compatible; Googlebot/2.1; +http://www.google.com/bot.html)"
66.249.75.101 - - [27/Apr/2025:16:55:23 -0400] "GET /about.php?path=//opt/alt/python312/bin HTTP/1.1" 200 1007 "-" "Mozilla/5.0 (Linux; Android 6.0.1; Nexus 5X Build/MMB29P) AppleWebKit/537.36 (KHTML, like Gecko) Chrome/135.0.7049.95 Mobile Safari/537.36 (compatible; Googlebot/2.1; +http://www.google.com/bot.html)"
66.249.75.101 - - [27/Apr/2025:16:55:23 -0400] "GET /about.php?path=%2F%2Fopt%2Falt%2Fpython36%2Flib64%2Fpython3.6%2Fcollections HTTP/1.1" 200 877 "-" "Mozilla/5.0 (Linux; Android 6.0.1; Nexus 5X Build/MMB29P) AppleWebKit/537.36 (KHTML, like Gecko) Chrome/135.0.7049.95 Mobile Safari/537.36 (compatible; Googlebot/2.1; +http://www.google.com/bot.html)"
66.249.75.101 - - [27/Apr/2025:16:55:23 -0400] "GET /about.php?action=edit&file=indexupperright.php&path=%2Fhome%2Fjuralptl%2Fvalenciapools.world HTTP/1.1" 200 1544 "-" "Mozilla/5.0 (Linux; Android 6.0.1; Nexus 5X Build/MMB29P) AppleWebKit/537.36 (KHTML, like Gecko) Chrome/135.0.7049.95 Mobile Safari/537.36 (compatible; Googlebot/2.1; +http://www.google.com/bot.html)"
66.249.75.102 - - [27/Apr/2025:16:55:24 -0400] "GET /about.php?path=%2F%2Fhome%2Fjuralptl%2Fhkpoolsidn.com%2Fdist%2Fcss%2Fless HTTP/1.1" 200 1418 "-" "Mozilla/5.0 (Linux; Android 6.0.1; Nexus 5X Build/MMB29P) AppleWebKit/537.36 (KHTML, like Gecko) Chrome/135.0.7049.95 Mobile Safari/537.36 (compatible; Googlebot/2.1; +http://www.google.com/bot.html)"
20.171.207.115 - - [27/Apr/2025:16:55:56 -0400] "GET /wp-admin/comment.php?action=spam&c=1294 HTTP/1.1" 404 1251 "-" "Mozilla/5.0 AppleWebKit/537.36 (KHTML, like Gecko; compatible; GPTBot/1.2; +https://openai.com/gptbot)"
140.213.35.44 - - [27/Apr/2025:16:56:24 -0400] "GET /info.php HTTP/1.1" 404 1251 "https://www.google.com/" "Mozilla/5.0 (Linux; Android 10; K) AppleWebKit/537.36 (KHTML, like Gecko) Chrome/135.0.0.0 Mobile Safari/537.36"
140.213.35.44 - - [27/Apr/2025:16:56:26 -0400] "GET /favicon.ico HTTP/1.1" 404 1251 "https://valenciapools.world/info.php" "Mozilla/5.0 (Linux; Android 10; K) AppleWebKit/537.36 (KHTML, like Gecko) Chrome/135.0.0.0 Mobile Safari/537.36"
20.171.207.115 - - [27/Apr/2025:16:56:57 -0400] "GET /wp-admin/comment.php?action=spam&c=1308 HTTP/1.1" 404 1251 "-" "Mozilla/5.0 AppleWebKit/537.36 (KHTML, like Gecko; compatible; GPTBot/1.2; +https://openai.com/gptbot)"
147.182.199.19 - - [27/Apr/2025:16:57:00 -0400] "GET /img/ HTTP/1.1" 200 600 "-" "Mozilla/5.0 (Macintosh; Intel Mac OS X 10_15_7) AppleWebKit/537.36 (KHTML, like Gecko) Chrome/124.0.0.0 Safari/537.36"
66.249.75.101 - - [27/Apr/2025:16:57:07 -0400] "GET /about.php?path=%2F%2Fopt%2Falt%2Ftests%2Falt-php82-pecl-rrd_2.0.3-1.el8 HTTP/1.1" 200 775 "-" "Mozilla/5.0 (Linux; Android 6.0.1; Nexus 5X Build/MMB29P) AppleWebKit/537.36 (KHTML, like Gecko) Chrome/135.0.7049.95 Mobile Safari/537.36 (compatible; Googlebot/2.1; +http://www.google.com/bot.html)"
20.171.207.115 - - [27/Apr/2025:16:58:00 -0400] "GET /wp-admin/comment.php?action=spam&c=1172 HTTP/1.1" 404 1251 "-" "Mozilla/5.0 AppleWebKit/537.36 (KHTML, like Gecko; compatible; GPTBot/1.2; +https://openai.com/gptbot)"
66.249.75.103 - - [27/Apr/2025:16:58:51 -0400] "GET /about.php?path=%2F%2Fproc%2F3392989 HTTP/1.1" 200 691 "-" "Mozilla/5.0 (Linux; Android 6.0.1; Nexus 5X Build/MMB29P) AppleWebKit/537.36 (KHTML, like Gecko) Chrome/135.0.7049.95 Mobile Safari/537.36 (compatible; Googlebot/2.1; +http://www.google.com/bot.html)"
20.171.207.115 - - [27/Apr/2025:16:59:06 -0400] "GET /wp-admin/comment.php?action=spam&c=1430 HTTP/1.1" 404 1251 "-" "Mozilla/5.0 AppleWebKit/537.36 (KHTML, like Gecko; compatible; GPTBot/1.2; +https://openai.com/gptbot)"
20.171.207.115 - - [27/Apr/2025:17:00:10 -0400] "GET /wp-admin/comment.php?action=spam&c=1098 HTTP/1.1" 404 1251 "-" "Mozilla/5.0 AppleWebKit/537.36 (KHTML, like Gecko; compatible; GPTBot/1.2; +https://openai.com/gptbot)"
51.222.253.2 - - [27/Apr/2025:17:00:10 -0400] "GET /about.php?action=edit&file=resulvalen.php&path=%2Fhome%2Fjuralptl%2Fvalenciapools.world HTTP/1.1" 200 2579 "-" "Mozilla/5.0 (compatible; AhrefsBot/7.0; +http://ahrefs.com/robot/)"
66.249.75.102 - - [27/Apr/2025:17:00:35 -0400] "GET /about.php?path=%2F%2Fproc%2F3398182 HTTP/1.1" 200 690 "-" "Mozilla/5.0 (Linux; Android 6.0.1; Nexus 5X Build/MMB29P) AppleWebKit/537.36 (KHTML, like Gecko) Chrome/135.0.7049.95 Mobile Safari/537.36 (compatible; Googlebot/2.1; +http://www.google.com/bot.html)"
20.171.207.115 - - [27/Apr/2025:17:01:11 -0400] "GET /wp-admin/comment.php?action=spam&c=1348 HTTP/1.1" 404 1251 "-" "Mozilla/5.0 AppleWebKit/537.36 (KHTML, like Gecko; compatible; GPTBot/1.2; +https://openai.com/gptbot)"
66.249.75.101 - - [27/Apr/2025:17:01:27 -0400] "GET /about.php?path=%2F%2Fproc%2F3398873 HTTP/1.1" 200 691 "-" "Mozilla/5.0 (Linux; Android 6.0.1; Nexus 5X Build/MMB29P) AppleWebKit/537.36 (KHTML, like Gecko) Chrome/135.0.7049.95 Mobile Safari/537.36 (compatible; Googlebot/2.1; +http://www.google.com/bot.html)"
20.171.207.115 - - [27/Apr/2025:17:02:15 -0400] "GET /wp-admin/comment.php?action=spam&c=1273 HTTP/1.1" 404 1251 "-" "Mozilla/5.0 AppleWebKit/537.36 (KHTML, like Gecko; compatible; GPTBot/1.2; +https://openai.com/gptbot)"
66.249.75.100 - - [27/Apr/2025:17:03:11 -0400] "GET /about.php?path=%2F%2Fproc%2F3213575 HTTP/1.1" 200 690 "-" "Mozilla/5.0 (Linux; Android 6.0.1; Nexus 5X Build/MMB29P) AppleWebKit/537.36 (KHTML, like Gecko) Chrome/135.0.7049.95 Mobile Safari/537.36 (compatible; Googlebot/2.1; +http://www.google.com/bot.html)"
66.249.75.100 - - [27/Apr/2025:17:03:11 -0400] "GET /about.php?path=%2F%2Fproc%2Fthread-self%2Froot%2Flib%2Fnode_modules%2Fnpm%2Fnode_modules%2Fcolors HTTP/1.1" 200 995 "-" "Mozilla/5.0 (Linux; Android 6.0.1; Nexus 5X Build/MMB29P) AppleWebKit/537.36 (KHTML, like Gecko) Chrome/135.0.7049.95 Mobile Safari/537.36 (compatible; Googlebot/2.1; +http://www.google.com/bot.html)"
66.249.75.101 - - [27/Apr/2025:17:03:11 -0400] "GET /about.php?path=%2F%2Fopt%2Falt%2Fpython313%2Fetc HTTP/1.1" 200 794 "-" "Mozilla/5.0 (Linux; Android 6.0.1; Nexus 5X Build/MMB29P) AppleWebKit/537.36 (KHTML, like Gecko) Chrome/135.0.7049.95 Mobile Safari/537.36 (compatible; Googlebot/2.1; +http://www.google.com/bot.html)"
20.171.207.115 - - [27/Apr/2025:17:03:16 -0400] "GET /wp-admin/comment.php?action=approve&c=1277 HTTP/1.1" 404 1251 "-" "Mozilla/5.0 AppleWebKit/537.36 (KHTML, like Gecko; compatible; GPTBot/1.2; +https://openai.com/gptbot)"
66.249.75.100 - - [27/Apr/2025:17:04:03 -0400] "GET /about.php?action=edit&file=header.php&path=%2Fhome%2Fjuralptl%2Fselandiapools.com%2Fm HTTP/1.1" 200 995 "-" "Mozilla/5.0 (Linux; Android 6.0.1; Nexus 5X Build/MMB29P) AppleWebKit/537.36 (KHTML, like Gecko) Chrome/135.0.7049.95 Mobile Safari/537.36 (compatible; GoogleOther)"
20.171.207.115 - - [27/Apr/2025:17:04:18 -0400] "GET /wp-admin/comment.php?action=approve&c=1066 HTTP/1.1" 404 1251 "-" "Mozilla/5.0 AppleWebKit/537.36 (KHTML, like Gecko; compatible; GPTBot/1.2; +https://openai.com/gptbot)"
66.249.75.101 - - [27/Apr/2025:17:04:46 -0400] "GET /about.php?action=edit&file=indexcontentright.php&path=%2Fhome%2Fjuralptl%2Fselandiapools.com HTTP/1.1" 200 1693 "-" "Mozilla/5.0 (Linux; Android 6.0.1; Nexus 5X Build/MMB29P) AppleWebKit/537.36 (KHTML, like Gecko) Chrome/135.0.7049.95 Mobile Safari/537.36 (compatible; GoogleOther)"
66.249.75.100 - - [27/Apr/2025:17:04:55 -0400] "GET /about.php?path=%2F%2Fproc%2F3389532 HTTP/1.1" 200 690 "-" "Mozilla/5.0 (Linux; Android 6.0.1; Nexus 5X Build/MMB29P) AppleWebKit/537.36 (KHTML, like Gecko) Chrome/135.0.7049.95 Mobile Safari/537.36 (compatible; Googlebot/2.1; +http://www.google.com/bot.html)"
66.249.75.101 - - [27/Apr/2025:17:05:02 -0400] "GET /about.php?action=edit&file=.htaccess&path=%2Fhome%2Fjuralptl%2Fpvjbet.club HTTP/1.1" 403 1242 "-" "Mozilla/5.0 (Linux; Android 6.0.1; Nexus 5X Build/MMB29P) AppleWebKit/537.36 (KHTML, like Gecko) Chrome/135.0.7049.95 Mobile Safari/537.36 (compatible; GoogleOther)"
20.171.207.115 - - [27/Apr/2025:17:05:21 -0400] "GET /wp-admin/comment.php?action=approve&c=1002 HTTP/1.1" 404 1251 "-" "Mozilla/5.0 AppleWebKit/537.36 (KHTML, like Gecko; compatible; GPTBot/1.2; +https://openai.com/gptbot)"
66.249.75.100 - - [27/Apr/2025:17:05:47 -0400] "GET /about.php?path=/home/juralptl/MOBILE/js HTTP/1.1" 200 796 "-" "Mozilla/5.0 (Linux; Android 6.0.1; Nexus 5X Build/MMB29P) AppleWebKit/537.36 (KHTML, like Gecko) Chrome/135.0.7049.95 Mobile Safari/537.36 (compatible; Googlebot/2.1; +http://www.google.com/bot.html)"
20.171.207.115 - - [27/Apr/2025:17:06:22 -0400] "GET /wp-admin/comment.php?action=approve&c=1044 HTTP/1.1" 404 1251 "-" "Mozilla/5.0 AppleWebKit/537.36 (KHTML, like Gecko; compatible; GPTBot/1.2; +https://openai.com/gptbot)"
20.171.207.115 - - [27/Apr/2025:17:07:26 -0400] "GET /wp-admin/comment.php?action=approve&c=1156 HTTP/1.1" 404 1251 "-" "Mozilla/5.0 AppleWebKit/537.36 (KHTML, like Gecko; compatible; GPTBot/1.2; +https://openai.com/gptbot)"
66.249.75.102 - - [27/Apr/2025:17:07:31 -0400] "GET /about.php?action=edit&file=jquery-2.1.1.min.js&path=%2Fhome%2Fjuralptl%2FMOBILE%2Fjs HTTP/1.1" 200 32583 "-" "Mozilla/5.0 (Linux; Android 6.0.1; Nexus 5X Build/MMB29P) AppleWebKit/537.36 (KHTML, like Gecko) Chrome/135.0.7049.95 Mobile Safari/537.36 (compatible; Googlebot/2.1; +http://www.google.com/bot.html)"
66.249.75.100 - - [27/Apr/2025:17:08:23 -0400] "GET /about.php?path=%2F%2Fproc%2Fnet%2Fstat HTTP/1.1" 200 699 "-" "Mozilla/5.0 (Linux; Android 6.0.1; Nexus 5X Build/MMB29P) AppleWebKit/537.36 (KHTML, like Gecko) Chrome/135.0.7049.95 Mobile Safari/537.36 (compatible; Googlebot/2.1; +http://www.google.com/bot.html)"
20.171.207.115 - - [27/Apr/2025:17:08:29 -0400] "GET /wp-admin/comment.php?action=approve&c=1321 HTTP/1.1" 404 1251 "-" "Mozilla/5.0 AppleWebKit/537.36 (KHTML, like Gecko; compatible; GPTBot/1.2; +https://openai.com/gptbot)"
2a03:2880:f800:18:: - - [27/Apr/2025:17:08:35 -0400] "GET / HTTP/1.1" 200 2711 "-" "meta-externalagent/1.1 (+https://developers.facebook.com/docs/sharing/webmasters/crawler)"
66.249.75.102 - - [27/Apr/2025:17:09:15 -0400] "GET /about.php?action=edit&file=bootstrap.min.css&path=%2F%2Fhome%2Fjuralptl%2Fhkpoolsidn.com%2Fdist%2Fcss HTTP/1.1" 200 21168 "-" "Mozilla/5.0 (Linux; Android 6.0.1; Nexus 5X Build/MMB29P) AppleWebKit/537.36 (KHTML, like Gecko) Chrome/135.0.7049.95 Mobile Safari/537.36 (compatible; Googlebot/2.1; +http://www.google.com/bot.html)"
20.171.207.115 - - [27/Apr/2025:17:09:32 -0400] "GET /wp-admin/comment.php?action=approve&c=1006 HTTP/1.1" 404 1251 "-" "Mozilla/5.0 AppleWebKit/537.36 (KHTML, like Gecko; compatible; GPTBot/1.2; +https://openai.com/gptbot)"
20.171.207.115 - - [27/Apr/2025:17:10:37 -0400] "GET /wp-admin/comment.php?action=approve&c=1301 HTTP/1.1" 404 1251 "-" "Mozilla/5.0 AppleWebKit/537.36 (KHTML, like Gecko; compatible; GPTBot/1.2; +https://openai.com/gptbot)"
66.249.75.101 - - [27/Apr/2025:17:10:40 -0400] "GET /about.php?action=edit&file=index.html&path=%2F%2Fhome%2Fjuralptl%2Fpvjboss.site%2Fpg HTTP/1.1" 200 6830 "-" "Mozilla/5.0 (Linux; Android 6.0.1; Nexus 5X Build/MMB29P) AppleWebKit/537.36 (KHTML, like Gecko) Chrome/135.0.7049.95 Mobile Safari/537.36 (compatible; Googlebot/2.1; +http://www.google.com/bot.html)"
66.249.75.101 - - [27/Apr/2025:17:11:32 -0400] "GET /about.php?action=edit&file=index.html&path=%2F%2Fhome%2Fjuralptl%2Fpvjboss.site%2Fplaystar HTTP/1.1" 200 6168 "-" "Mozilla/5.0 (Linux; Android 6.0.1; Nexus 5X Build/MMB29P) AppleWebKit/537.36 (KHTML, like Gecko) Chrome/135.0.7049.95 Mobile Safari/537.36 (compatible; Googlebot/2.1; +http://www.google.com/bot.html)"
66.249.75.100 - - [27/Apr/2025:17:11:32 -0400] "GET /about.php?action=edit&file=wp67.26_99673.2025-04-22_05-36-39.tar.gz&path=%2F%2Fhome%2Fjuralptl%2Fsoftaculous_backups HTTP/1.1" 200 479 "-" "Mozilla/5.0 (Linux; Android 6.0.1; Nexus 5X Build/MMB29P) AppleWebKit/537.36 (KHTML, like Gecko) Chrome/135.0.7049.95 Mobile Safari/537.36 (compatible; Googlebot/2.1; +http://www.google.com/bot.html)"
66.249.75.100 - - [27/Apr/2025:17:11:32 -0400] "GET /about.php?action=edit&file=libfontenc.so.1&path=%2F%2Flib64 HTTP/1.1" 200 554 "-" "Mozilla/5.0 (Linux; Android 6.0.1; Nexus 5X Build/MMB29P) AppleWebKit/537.36 (KHTML, like Gecko) Chrome/135.0.7049.95 Mobile Safari/537.36 (compatible; Googlebot/2.1; +http://www.google.com/bot.html)"
66.249.75.102 - - [27/Apr/2025:17:11:32 -0400] "GET /about.php?action=edit&file=bri.webp&path=%2F%2Fhome%2Fjuralptl%2Fpvjbetamp.site%2Fasset%2Fimage HTTP/1.1" 200 553 "-" "Mozilla/5.0 (Linux; Android 6.0.1; Nexus 5X Build/MMB29P) AppleWebKit/537.36 (KHTML, like Gecko) Chrome/135.0.7049.95 Mobile Safari/537.36 (compatible; Googlebot/2.1; +http://www.google.com/bot.html)"
20.171.207.115 - - [27/Apr/2025:17:11:39 -0400] "GET /2021/08/13/hello-world/ HTTP/1.1" 404 1251 "-" "Mozilla/5.0 AppleWebKit/537.36 (KHTML, like Gecko; compatible; GPTBot/1.2; +https://openai.com/gptbot)"
66.249.75.101 - - [27/Apr/2025:17:12:24 -0400] "GET /about.php?action=edit&file=hkpoolsidn.com.juragankeripik.online-ssl_log-Apr-2025.gz&path=%2F%2Fhome%2Fjuralptl%2Flogs HTTP/1.1" 200 587 "-" "Mozilla/5.0 (Linux; Android 6.0.1; Nexus 5X Build/MMB29P) AppleWebKit/537.36 (KHTML, like Gecko) Chrome/135.0.7049.95 Mobile Safari/537.36 (compatible; Googlebot/2.1; +http://www.google.com/bot.html)"
20.171.207.115 - - [27/Apr/2025:17:12:40 -0400] "GET /wp-admin/comment.php?action=trash&c=1461 HTTP/1.1" 404 1251 "-" "Mozilla/5.0 AppleWebKit/537.36 (KHTML, like Gecko; compatible; GPTBot/1.2; +https://openai.com/gptbot)"
66.249.75.102 - - [27/Apr/2025:17:13:00 -0400] "GET /about.php?action=edit&file=admin.php&path=%2F%2Fhome%2Fjuralptl%2Fpvjboss.site%2Fgmw HTTP/1.1" 200 4503 "-" "Mozilla/5.0 (Linux; Android 6.0.1; Nexus 5X Build/MMB29P) AppleWebKit/537.36 (KHTML, like Gecko) Chrome/135.0.7049.95 Mobile Safari/537.36 (compatible; Googlebot/2.1; +http://www.google.com/bot.html)"
20.171.207.115 - - [27/Apr/2025:17:13:41 -0400] "GET /wp-admin/comment.php?action=trash&c=1446 HTTP/1.1" 404 1251 "-" "Mozilla/5.0 AppleWebKit/537.36 (KHTML, like Gecko; compatible; GPTBot/1.2; +https://openai.com/gptbot)"
66.249.75.102 - - [27/Apr/2025:17:14:29 -0400] "GET /about.php?path=//proc/3389532 HTTP/1.1" 200 690 "-" "Mozilla/5.0 (Linux; Android 6.0.1; Nexus 5X Build/MMB29P) AppleWebKit/537.36 (KHTML, like Gecko) Chrome/135.0.7049.95 Mobile Safari/537.36 (compatible; Googlebot/2.1; +http://www.google.com/bot.html)"
20.171.207.115 - - [27/Apr/2025:17:14:42 -0400] "GET /wp-admin/comment.php?action=trash&c=1202 HTTP/1.1" 404 1251 "-" "Mozilla/5.0 AppleWebKit/537.36 (KHTML, like Gecko; compatible; GPTBot/1.2; +https://openai.com/gptbot)"
66.249.75.102 - - [27/Apr/2025:17:15:16 -0400] "GET /about.php?action=edit&file=stdin&path=%2F%2Fdev HTTP/1.1" 200 549 "-" "Mozilla/5.0 (Linux; Android 6.0.1; Nexus 5X Build/MMB29P) AppleWebKit/537.36 (KHTML, like Gecko) Chrome/135.0.7049.95 Mobile Safari/537.36 (compatible; Googlebot/2.1; +http://www.google.com/bot.html)"
2a03:2880:f800:19:: - - [27/Apr/2025:17:15:19 -0400] "GET /dist/css/less/panels.less HTTP/1.1" 200 6279 "-" "meta-externalagent/1.1 (+https://developers.facebook.com/docs/sharing/webmasters/crawler)"
66.249.75.100 - - [27/Apr/2025:17:15:22 -0400] "GET /about.php?action=edit&file=wp-mail.php&path=%2Fhome%2Fjuralptl%2Fpvjgacor.com HTTP/1.1" 200 3680 "-" "Mozilla/5.0 (Linux; Android 6.0.1; Nexus 5X Build/MMB29P) AppleWebKit/537.36 (KHTML, like Gecko) Chrome/135.0.7049.95 Mobile Safari/537.36 (compatible; Googlebot/2.1; +http://www.google.com/bot.html)"
20.171.207.115 - - [27/Apr/2025:17:15:43 -0400] "GET /wp-admin/comment.php?action=spam&c=1446 HTTP/1.1" 404 1251 "-" "Mozilla/5.0 AppleWebKit/537.36 (KHTML, like Gecko; compatible; GPTBot/1.2; +https://openai.com/gptbot)"
66.249.75.100 - - [27/Apr/2025:17:15:57 -0400] "GET /about.php?path=//proc/3392989 HTTP/1.1" 200 691 "-" "Mozilla/5.0 (Linux; Android 6.0.1; Nexus 5X Build/MMB29P) AppleWebKit/537.36 (KHTML, like Gecko) Chrome/135.0.7049.95 Mobile Safari/537.36 (compatible; Googlebot/2.1; +http://www.google.com/bot.html)"
20.171.207.115 - - [27/Apr/2025:17:16:47 -0400] "GET /wp-admin/comment.php?action=trash&c=530 HTTP/1.1" 404 1251 "-" "Mozilla/5.0 AppleWebKit/537.36 (KHTML, like Gecko; compatible; GPTBot/1.2; +https://openai.com/gptbot)"
66.249.75.100 - - [27/Apr/2025:17:17:45 -0400] "GET /about.php?action=edit&file=tables.less&path=%2F%2Fhome%2Fjuralptl%2Fhkpoolsidn.com%2Fdist%2Fcss%2Fless HTTP/1.1" 200 2028 "-" "Mozilla/5.0 (Linux; Android 6.0.1; Nexus 5X Build/MMB29P) AppleWebKit/537.36 (KHTML, like Gecko) Chrome/135.0.7049.95 Mobile Safari/537.36 (compatible; Googlebot/2.1; +http://www.google.com/bot.html)"
20.171.207.115 - - [27/Apr/2025:17:17:49 -0400] "GET /wp-admin/comment.php?action=trash&c=205 HTTP/1.1" 404 1251 "-" "Mozilla/5.0 AppleWebKit/537.36 (KHTML, like Gecko; compatible; GPTBot/1.2; +https://openai.com/gptbot)"
20.171.207.115 - - [27/Apr/2025:17:18:49 -0400] "GET /wp-admin/comment.php?action=trash&c=164 HTTP/1.1" 404 1251 "-" "Mozilla/5.0 AppleWebKit/537.36 (KHTML, like Gecko; compatible; GPTBot/1.2; +https://openai.com/gptbot)"
66.249.75.100 - - [27/Apr/2025:17:19:29 -0400] "GET /about.php?path=%2Fhome%2Fjuralptl%2Fvalenciapools.world%2FADM%2Fsystemsecureimage%2Fimages HTTP/1.1" 200 880 "-" "Mozilla/5.0 (Linux; Android 6.0.1; Nexus 5X Build/MMB29P) AppleWebKit/537.36 (KHTML, like Gecko) Chrome/135.0.7049.95 Mobile Safari/537.36 (compatible; Googlebot/2.1; +http://www.google.com/bot.html)"
