194.163.129.30 - - [27/Apr/2025:14:23:50 -0400] "GET /about.php?action=edit&file=dashicons.ttf&path=//home/juralptl/btspv.store/wp-includes/fonts HTTP/1.1" 200 556 "-" "Mozilla/5.0 (compatible; MJ12bot/v1.4.8; http://mj12bot.com/)"
2a01:4f9:6b:21a2::2 - - [27/Apr/2025:14:23:51 -0400] "GET /about.php?action=edit&file=es-ast.map.gz&path=//lib/kbd/keymaps/xkb HTTP/1.1" 200 557 "-" "Mozilla/5.0 (compatible; MJ12bot/v1.4.8; http://mj12bot.com/)"
2a03:2880:f800:1a:: - - [27/Apr/2025:14:23:52 -0400] "GET /about.php?path=%2F%2Fusr%2Fshare HTTP/1.1" 200 1250 "-" "meta-externalagent/1.1 (+https://developers.facebook.com/docs/sharing/webmasters/crawler)"
194.163.129.30 - - [27/Apr/2025:14:23:52 -0400] "GET /about.php?action=edit&file=dashicons.woff&path=//home/juralptl/btfovj.store/wp-includes/fonts HTTP/1.1" 200 556 "-" "Mozilla/5.0 (compatible; MJ12bot/v1.4.8; http://mj12bot.com/)"
2a01:4f9:6b:21a2::2 - - [27/Apr/2025:14:23:53 -0400] "GET /about.php?action=edit&file=es-cat.map.gz&path=//lib/kbd/keymaps/xkb HTTP/1.1" 200 557 "-" "Mozilla/5.0 (compatible; MJ12bot/v1.4.8; http://mj12bot.com/)"
2a03:2880:f800:17:: - - [27/Apr/2025:14:23:53 -0400] "GET /about.php?action=edit&file=termscontent.php&path=%2Fhome%2Fjuralptl%2FMOBILE HTTP/1.1" 200 15038 "-" "meta-externalagent/1.1 (+https://developers.facebook.com/docs/sharing/webmasters/crawler)"
194.163.129.30 - - [27/Apr/2025:14:23:54 -0400] "GET /about.php?action=edit&file=dashicons.woff&path=//home/juralptl/btspv.store/wp-includes/fonts HTTP/1.1" 200 556 "-" "Mozilla/5.0 (compatible; MJ12bot/v1.4.8; http://mj12bot.com/)"
2a01:4f9:6b:21a2::2 - - [27/Apr/2025:14:23:55 -0400] "GET /about.php?action=edit&file=es-deadtilde.map.gz&path=//lib/kbd/keymaps/xkb HTTP/1.1" 200 557 "-" "Mozilla/5.0 (compatible; MJ12bot/v1.4.8; http://mj12bot.com/)"
2a03:2880:f800:15:: - - [27/Apr/2025:14:23:55 -0400] "GET /about.php?action=edit&file=libncurses%2B%2Bw.so.6.1&path=%2F%2Flib64 HTTP/1.1" 200 561 "-" "meta-externalagent/1.1 (+https://developers.facebook.com/docs/sharing/webmasters/crawler)"
194.163.129.30 - - [27/Apr/2025:14:23:56 -0400] "GET /about.php?action=edit&file=dashicons.woff2&path=//home/juralptl/btfovj.store/wp-includes/fonts HTTP/1.1" 200 557 "-" "Mozilla/5.0 (compatible; MJ12bot/v1.4.8; http://mj12bot.com/)"
2a01:4f9:6b:21a2::2 - - [27/Apr/2025:14:23:57 -0400] "GET /about.php?action=edit&file=es-dvorak.map.gz&path=//lib/kbd/keymaps/xkb HTTP/1.1" 200 557 "-" "Mozilla/5.0 (compatible; MJ12bot/v1.4.8; http://mj12bot.com/)"
194.163.129.30 - - [27/Apr/2025:14:23:57 -0400] "GET /about.php?action=edit&file=dashicons.woff2&path=//home/juralptl/btspv.store/wp-includes/fonts HTTP/1.1" 200 557 "-" "Mozilla/5.0 (compatible; MJ12bot/v1.4.8; http://mj12bot.com/)"
2a03:2880:f800:6:: - - [27/Apr/2025:14:23:58 -0400] "GET /about.php?path=//home3 HTTP/1.1" 200 670 "-" "meta-externalagent/1.1 (+https://developers.facebook.com/docs/sharing/webmasters/crawler)"
2a01:4f9:6b:21a2::2 - - [27/Apr/2025:14:23:59 -0400] "GET /about.php?action=edit&file=es-mac.map.gz&path=//lib/kbd/keymaps/xkb HTTP/1.1" 200 556 "-" "Mozilla/5.0 (compatible; MJ12bot/v1.4.8; http://mj12bot.com/)"
194.163.129.30 - - [27/Apr/2025:14:23:59 -0400] "GET /about.php?action=edit&file=data.patch.hw2_0.bin&path=//lib/firmware/ath6k/AR6002 HTTP/1.1" 200 560 "-" "Mozilla/5.0 (compatible; MJ12bot/v1.4.8; http://mj12bot.com/)"
2a03:2880:f800:f:: - - [27/Apr/2025:14:24:00 -0400] "GET /about.php?action=edit&file=pvjbet-1-1-S8Nw1V.tmp&path=%2F%2Ftmp HTTP/1.1" 200 563 "-" "meta-externalagent/1.1 (+https://developers.facebook.com/docs/sharing/webmasters/crawler)"
194.163.129.30 - - [27/Apr/2025:14:24:01 -0400] "GET /about.php?action=edit&file=date.php&path=//home/juralptl/public_html/wp-includes HTTP/1.1" 200 770 "-" "Mozilla/5.0 (compatible; MJ12bot/v1.4.8; http://mj12bot.com/)"
2a01:4f9:6b:21a2::2 - - [27/Apr/2025:14:24:01 -0400] "GET /about.php?action=edit&file=es-nodeadkeys.map.gz&path=//lib/kbd/keymaps/xkb HTTP/1.1" 200 559 "-" "Mozilla/5.0 (compatible; MJ12bot/v1.4.8; http://mj12bot.com/)"
194.163.129.30 - - [27/Apr/2025:14:24:02 -0400] "GET /about.php?action=edit&file=date.php&path=//home/juralptl/pvjbtf.site/wp-includes HTTP/1.1" 200 770 "-" "Mozilla/5.0 (compatible; MJ12bot/v1.4.8; http://mj12bot.com/)"
2a01:4f9:6b:21a2::2 - - [27/Apr/2025:14:24:03 -0400] "GET /about.php?action=edit&file=es-sundeadkeys.map.gz&path=//lib/kbd/keymaps/xkb HTTP/1.1" 200 560 "-" "Mozilla/5.0 (compatible; MJ12bot/v1.4.8; http://mj12bot.com/)"
194.163.129.30 - - [27/Apr/2025:14:24:04 -0400] "GET /about.php?action=edit&file=date.php&path=//home/juralptl/pvjgacor.com/wp-includes HTTP/1.1" 200 770 "-" "Mozilla/5.0 (compatible; MJ12bot/v1.4.8; http://mj12bot.com/)"
2a03:2880:f800:b:: - - [27/Apr/2025:14:24:05 -0400] "GET /about.php?path=//opt HTTP/1.1" 200 895 "-" "meta-externalagent/1.1 (+https://developers.facebook.com/docs/sharing/webmasters/crawler)"
2a01:4f9:6b:21a2::2 - - [27/Apr/2025:14:24:06 -0400] "GET /about.php?action=edit&file=es-winkeys.map.gz&path=//lib/kbd/keymaps/xkb HTTP/1.1" 200 557 "-" "Mozilla/5.0 (compatible; MJ12bot/v1.4.8; http://mj12bot.com/)"
194.163.129.30 - - [27/Apr/2025:14:24:06 -0400] "GET /about.php?action=edit&file=date.php&path=//home/juralptl/tahu-pong.store/wp-includes HTTP/1.1" 200 770 "-" "Mozilla/5.0 (compatible; MJ12bot/v1.4.8; http://mj12bot.com/)"
2a03:2880:f800:16:: - - [27/Apr/2025:14:24:07 -0400] "GET /about.php?action=edit&file=Desaintanpajudul25-ezgif.com-png-to-webp-converter-8wDa1y.tmp&path=%2F%2Ftmp HTTP/1.1" 200 591 "-" "meta-externalagent/1.1 (+https://developers.facebook.com/docs/sharing/webmasters/crawler)"
194.163.129.30 - - [27/Apr/2025:14:24:07 -0400] "GET /about.php?action=edit&file=date.php&path=//home/juralptl/telekomaret.site/wp-includes HTTP/1.1" 200 770 "-" "Mozilla/5.0 (compatible; MJ12bot/v1.4.8; http://mj12bot.com/)"
2a01:4f9:6b:21a2::2 - - [27/Apr/2025:14:24:08 -0400] "GET /about.php?action=edit&file=es.map.gz&path=//lib/kbd/keymaps/xkb HTTP/1.1" 200 554 "-" "Mozilla/5.0 (compatible; MJ12bot/v1.4.8; http://mj12bot.com/)"
194.163.129.30 - - [27/Apr/2025:14:24:09 -0400] "GET /about.php?action=edit&file=date.php&path=//home/juralptl/www/wp-includes HTTP/1.1" 200 770 "-" "Mozilla/5.0 (compatible; MJ12bot/v1.4.8; http://mj12bot.com/)"
2a01:4f9:6b:21a2::2 - - [27/Apr/2025:14:24:10 -0400] "GET /about.php?action=edit&file=es.po&path=//home/juralptl/imgstore.store/app/languages HTTP/1.1" 200 33990 "-" "Mozilla/5.0 (compatible; MJ12bot/v1.4.8; http://mj12bot.com/)"
194.163.129.30 - - [27/Apr/2025:14:24:11 -0400] "GET /about.php?action=edit&file=db2pickle.py&path=//lib64/python2.7/Tools/scripts HTTP/1.1" 200 1542 "-" "Mozilla/5.0 (compatible; MJ12bot/v1.4.8; http://mj12bot.com/)"
2a03:2880:f800:18:: - - [27/Apr/2025:14:24:12 -0400] "GET /about.php?action=edit&file=BUKTI-JACKPOT-1-1-pRnjIB.tmp&path=%2F%2Ftmp HTTP/1.1" 200 571 "-" "meta-externalagent/1.1 (+https://developers.facebook.com/docs/sharing/webmasters/crawler)"
2a01:4f9:6b:21a2::2 - - [27/Apr/2025:14:24:12 -0400] "GET /about.php?action=edit&file=escape.so&path=//lib64/ruby/enc/trans HTTP/1.1" 200 553 "-" "Mozilla/5.0 (compatible; MJ12bot/v1.4.8; http://mj12bot.com/)"
194.163.129.30 - - [27/Apr/2025:14:24:12 -0400] "GET /about.php?action=edit&file=db2pickle.pyc&path=//lib64/python2.7/Tools/scripts HTTP/1.1" 200 555 "-" "Mozilla/5.0 (compatible; MJ12bot/v1.4.8; http://mj12bot.com/)"
2a03:2880:f800:d:: - - [27/Apr/2025:14:24:13 -0400] "GET /about.php?action=edit&file=libsmi.so.2&path=%2F%2Flib64 HTTP/1.1" 200 552 "-" "meta-externalagent/1.1 (+https://developers.facebook.com/docs/sharing/webmasters/crawler)"
194.163.129.30 - - [27/Apr/2025:14:24:14 -0400] "GET /about.php?action=edit&file=db2pickle.pyo&path=//lib64/python2.7/Tools/scripts HTTP/1.1" 200 555 "-" "Mozilla/5.0 (compatible; MJ12bot/v1.4.8; http://mj12bot.com/)"
2a01:4f9:6b:21a2::2 - - [27/Apr/2025:14:24:14 -0400] "GET /about.php?action=edit&file=et-EE.po&path=//home/juralptl/imgstore.store/app/languages HTTP/1.1" 200 6472 "-" "Mozilla/5.0 (compatible; MJ12bot/v1.4.8; http://mj12bot.com/)"
194.163.129.30 - - [27/Apr/2025:14:24:16 -0400] "GET /about.php?action=edit&file=dbaccess.php&path=//home/juralptl/emangbedah.store/Chaucibai/berlin HTTP/1.1" 200 795 "-" "Mozilla/5.0 (compatible; MJ12bot/v1.4.8; http://mj12bot.com/)"
2a01:4f9:6b:21a2::2 - - [27/Apr/2025:14:24:16 -0400] "GET /about.php?action=edit&file=euc_jis_2004.cpython-36.opt-1.pyc&path=//lib64/python3.6/encodings/__pycache__ HTTP/1.1" 200 571 "-" "Mozilla/5.0 (compatible; MJ12bot/v1.4.8; http://mj12bot.com/)"
194.163.129.30 - - [27/Apr/2025:14:24:17 -0400] "GET /about.php?action=edit&file=dbaccess.php&path=//home/juralptl/emangbedah.store/Chaucibai/selandia HTTP/1.1" 200 792 "-" "Mozilla/5.0 (compatible; MJ12bot/v1.4.8; http://mj12bot.com/)"
2a01:4f9:6b:21a2::2 - - [27/Apr/2025:14:24:18 -0400] "GET /about.php?action=edit&file=euc_jis_2004.cpython-36.opt-2.pyc&path=//lib64/python3.6/encodings/__pycache__ HTTP/1.1" 200 571 "-" "Mozilla/5.0 (compatible; MJ12bot/v1.4.8; http://mj12bot.com/)"
194.163.129.30 - - [27/Apr/2025:14:24:19 -0400] "GET /about.php?action=edit&file=dbaccess.php&path=//home/juralptl/emangbedah.store/Chaucibai/valencia HTTP/1.1" 200 794 "-" "Mozilla/5.0 (compatible; MJ12bot/v1.4.8; http://mj12bot.com/)"
2a01:4f9:6b:21a2::2 - - [27/Apr/2025:14:24:20 -0400] "GET /about.php?action=edit&file=euc_jis_2004.cpython-36.pyc&path=//lib64/python3.6/encodings/__pycache__ HTTP/1.1" 200 567 "-" "Mozilla/5.0 (compatible; MJ12bot/v1.4.8; http://mj12bot.com/)"
194.163.129.30 - - [27/Apr/2025:14:24:21 -0400] "GET /about.php?action=edit&file=dbaccess.php&path=//home/juralptl/public_html/m HTTP/1.1" 200 895 "-" "Mozilla/5.0 (compatible; MJ12bot/v1.4.8; http://mj12bot.com/)"
2a01:4f9:6b:21a2::2 - - [27/Apr/2025:14:24:22 -0400] "GET /about.php?action=edit&file=euc_jis_2004.cpython-38.opt-1.pyc&path=//lib64/python3.8/encodings/__pycache__ HTTP/1.1" 200 571 "-" "Mozilla/5.0 (compatible; MJ12bot/v1.4.8; http://mj12bot.com/)"
194.163.129.30 - - [27/Apr/2025:14:24:22 -0400] "GET /about.php?action=edit&file=dbaccess.php&path=//home/juralptl/public_html/selandia HTTP/1.1" 200 801 "-" "Mozilla/5.0 (compatible; MJ12bot/v1.4.8; http://mj12bot.com/)"
2a03:2880:f800:6:: - - [27/Apr/2025:14:24:23 -0400] "GET /about.php?action=edit&file=libnl-genl-3.so.200.26.0&path=%2F%2Flib64 HTTP/1.1" 200 562 "-" "meta-externalagent/1.1 (+https://developers.facebook.com/docs/sharing/webmasters/crawler)"
194.163.129.30 - - [27/Apr/2025:14:24:24 -0400] "GET /about.php?action=edit&file=dbaccess.php&path=//home/juralptl/public_html/valencia HTTP/1.1" 200 794 "-" "Mozilla/5.0 (compatible; MJ12bot/v1.4.8; http://mj12bot.com/)"
2a01:4f9:6b:21a2::2 - - [27/Apr/2025:14:24:24 -0400] "GET /about.php?action=edit&file=euc_jis_2004.cpython-38.opt-2.pyc&path=//lib64/python3.8/encodings/__pycache__ HTTP/1.1" 200 571 "-" "Mozilla/5.0 (compatible; MJ12bot/v1.4.8; http://mj12bot.com/)"
2a03:2880:f800:5:: - - [27/Apr/2025:14:24:25 -0400] "GET /about.php?action=edit&file=Tanpa-judul-300-x-600-piksel-10-32xriN.tmp&path=%2F%2Ftmp HTTP/1.1" 200 577 "-" "meta-externalagent/1.1 (+https://developers.facebook.com/docs/sharing/webmasters/crawler)"
66.249.75.101 - - [27/Apr/2025:14:24:25 -0400] "GET /indexupperleft.php HTTP/1.1" 200 679 "-" "Mozilla/5.0 (Linux; Android 6.0.1; Nexus 5X Build/MMB29P) AppleWebKit/537.36 (KHTML, like Gecko) Chrome/135.0.7049.95 Mobile Safari/537.36 (compatible; Googlebot/2.1; +http://www.google.com/bot.html)"
2a03:2880:f800:7:: - - [27/Apr/2025:14:24:26 -0400] "GET /about.php?action=edit&file=Desain-tanpa-judul-43-F3rs9p.tmp&path=%2F%2Ftmp HTTP/1.1" 200 569 "-" "meta-externalagent/1.1 (+https://developers.facebook.com/docs/sharing/webmasters/crawler)"
194.163.129.30 - - [27/Apr/2025:14:24:26 -0400] "GET /about.php?action=edit&file=dbaccess.php&path=//home/juralptl/pulsaku.online/ADM HTTP/1.1" 200 791 "-" "Mozilla/5.0 (compatible; MJ12bot/v1.4.8; http://mj12bot.com/)"
2a01:4f9:6b:21a2::2 - - [27/Apr/2025:14:24:26 -0400] "GET /about.php?action=edit&file=euc_jis_2004.cpython-38.pyc&path=//lib64/python3.8/encodings/__pycache__ HTTP/1.1" 200 569 "-" "Mozilla/5.0 (compatible; MJ12bot/v1.4.8; http://mj12bot.com/)"
194.163.129.30 - - [27/Apr/2025:14:24:27 -0400] "GET /about.php?action=edit&file=dbaccess.php&path=//home/juralptl/pulsaku.online/m HTTP/1.1" 200 896 "-" "Mozilla/5.0 (compatible; MJ12bot/v1.4.8; http://mj12bot.com/)"
2a03:2880:f800:1a:: - - [27/Apr/2025:14:24:28 -0400] "GET /about.php?path=%2Fhome%2Fjuralptl%2Fjosspunya.store%2Fg HTTP/1.1" 200 815 "-" "meta-externalagent/1.1 (+https://developers.facebook.com/docs/sharing/webmasters/crawler)"
2a01:4f9:6b:21a2::2 - - [27/Apr/2025:14:24:28 -0400] "GET /about.php?action=edit&file=euc_jisx0213.cpython-36.opt-1.pyc&path=//lib64/python3.6/encodings/__pycache__ HTTP/1.1" 200 571 "-" "Mozilla/5.0 (compatible; MJ12bot/v1.4.8; http://mj12bot.com/)"
2a03:2880:f800:10:: - - [27/Apr/2025:14:24:29 -0400] "GET /about.php?action=edit&file=Desain-tanpa-judul-13-ageNOb.tmp&path=%2F%2Ftmp HTTP/1.1" 200 568 "-" "meta-externalagent/1.1 (+https://developers.facebook.com/docs/sharing/webmasters/crawler)"
194.163.129.30 - - [27/Apr/2025:14:24:29 -0400] "GET /about.php?action=edit&file=dbaccess.php&path=//home/juralptl/pvjtogel.sbs/m HTTP/1.1" 200 895 "-" "Mozilla/5.0 (compatible; MJ12bot/v1.4.8; http://mj12bot.com/)"
2a01:4f9:6b:21a2::2 - - [27/Apr/2025:14:24:30 -0400] "GET /about.php?action=edit&file=euc_jisx0213.cpython-36.opt-2.pyc&path=//lib64/python3.6/encodings/__pycache__ HTTP/1.1" 200 571 "-" "Mozilla/5.0 (compatible; MJ12bot/v1.4.8; http://mj12bot.com/)"
194.163.129.30 - - [27/Apr/2025:14:24:31 -0400] "GET /about.php?action=edit&file=dbaccess.php&path=//home/juralptl/selandiapools.com/m HTTP/1.1" 200 895 "-" "Mozilla/5.0 (compatible; MJ12bot/v1.4.8; http://mj12bot.com/)"
2a01:4f9:6b:21a2::2 - - [27/Apr/2025:14:24:32 -0400] "GET /about.php?action=edit&file=euc_jisx0213.cpython-36.pyc&path=//lib64/python3.6/encodings/__pycache__ HTTP/1.1" 200 567 "-" "Mozilla/5.0 (compatible; MJ12bot/v1.4.8; http://mj12bot.com/)"
2a03:2880:f800:14:: - - [27/Apr/2025:14:24:32 -0400] "GET /about.php?path=//home HTTP/1.1" 200 713 "-" "meta-externalagent/1.1 (+https://developers.facebook.com/docs/sharing/webmasters/crawler)"
194.163.129.30 - - [27/Apr/2025:14:24:33 -0400] "GET /about.php?action=edit&file=dbaccess.php&path=//home/juralptl/valenciapools.world/ADM HTTP/1.1" 200 794 "-" "Mozilla/5.0 (compatible; MJ12bot/v1.4.8; http://mj12bot.com/)"
2a03:2880:f800:18:: - - [27/Apr/2025:14:24:34 -0400] "GET /about.php?action=edit&file=libnl-nf-3.so.200.26.0&path=%2F%2Flib64 HTTP/1.1" 200 561 "-" "meta-externalagent/1.1 (+https://developers.facebook.com/docs/sharing/webmasters/crawler)"
2a01:4f9:6b:21a2::2 - - [27/Apr/2025:14:24:34 -0400] "GET /about.php?action=edit&file=euc_jisx0213.cpython-38.opt-1.pyc&path=//lib64/python3.8/encodings/__pycache__ HTTP/1.1" 200 571 "-" "Mozilla/5.0 (compatible; MJ12bot/v1.4.8; http://mj12bot.com/)"
194.163.129.30 - - [27/Apr/2025:14:24:34 -0400] "GET /about.php?action=edit&file=dbaccess.php&path=//home/juralptl/www/m HTTP/1.1" 200 895 "-" "Mozilla/5.0 (compatible; MJ12bot/v1.4.8; http://mj12bot.com/)"
194.163.129.30 - - [27/Apr/2025:14:24:36 -0400] "GET /about.php?action=edit&file=dbaccess.php&path=//home/juralptl/www/selandia HTTP/1.1" 200 801 "-" "Mozilla/5.0 (compatible; MJ12bot/v1.4.8; http://mj12bot.com/)"
2a01:4f9:6b:21a2::2 - - [27/Apr/2025:14:24:36 -0400] "GET /about.php?action=edit&file=euc_jisx0213.cpython-38.opt-2.pyc&path=//lib64/python3.8/encodings/__pycache__ HTTP/1.1" 200 571 "-" "Mozilla/5.0 (compatible; MJ12bot/v1.4.8; http://mj12bot.com/)"
194.163.129.30 - - [27/Apr/2025:14:24:38 -0400] "GET /about.php?action=edit&file=dbaccess.php&path=//home/juralptl/www/valencia HTTP/1.1" 200 794 "-" "Mozilla/5.0 (compatible; MJ12bot/v1.4.8; http://mj12bot.com/)"
2a01:4f9:6b:21a2::2 - - [27/Apr/2025:14:24:38 -0400] "GET /about.php?action=edit&file=euc_jisx0213.cpython-38.pyc&path=//lib64/python3.8/encodings/__pycache__ HTTP/1.1" 200 567 "-" "Mozilla/5.0 (compatible; MJ12bot/v1.4.8; http://mj12bot.com/)"
194.163.129.30 - - [27/Apr/2025:14:24:39 -0400] "GET /about.php?action=edit&file=dbaccess.php.zip&path=//home/juralptl/emangbedah.store/Chaucibai/selandia HTTP/1.1" 200 553 "-" "Mozilla/5.0 (compatible; MJ12bot/v1.4.8; http://mj12bot.com/)"
2a01:4f9:6b:21a2::2 - - [27/Apr/2025:14:24:40 -0400] "GET /about.php?action=edit&file=euc_jp.cpython-36.opt-1.pyc&path=//lib64/python3.6/encodings/__pycache__ HTTP/1.1" 200 567 "-" "Mozilla/5.0 (compatible; MJ12bot/v1.4.8; http://mj12bot.com/)"
194.163.129.30 - - [27/Apr/2025:14:24:41 -0400] "GET /about.php?action=edit&file=dbaccess.php.zip&path=//home/juralptl/public_html/selandia HTTP/1.1" 200 553 "-" "Mozilla/5.0 (compatible; MJ12bot/v1.4.8; http://mj12bot.com/)"
2a01:4f9:6b:21a2::2 - - [27/Apr/2025:14:24:42 -0400] "GET /about.php?action=edit&file=euc_jp.cpython-36.opt-2.pyc&path=//lib64/python3.6/encodings/__pycache__ HTTP/1.1" 200 567 "-" "Mozilla/5.0 (compatible; MJ12bot/v1.4.8; http://mj12bot.com/)"
2a03:2880:f800:5:: - - [27/Apr/2025:14:24:43 -0400] "GET /about.php?action=edit&file=result.php&path=%2Fhome%2Fjuralptl%2Fpulsaku.online HTTP/1.1" 200 725 "-" "meta-externalagent/1.1 (+https://developers.facebook.com/docs/sharing/webmasters/crawler)"
194.163.129.30 - - [27/Apr/2025:14:24:43 -0400] "GET /about.php?action=edit&file=dbaccess.php.zip&path=//home/juralptl/www/selandia HTTP/1.1" 200 553 "-" "Mozilla/5.0 (compatible; MJ12bot/v1.4.8; http://mj12bot.com/)"
2a01:4f9:6b:21a2::2 - - [27/Apr/2025:14:24:44 -0400] "GET /about.php?action=edit&file=euc_jp.cpython-36.pyc&path=//lib64/python3.6/encodings/__pycache__ HTTP/1.1" 200 562 "-" "Mozilla/5.0 (compatible; MJ12bot/v1.4.8; http://mj12bot.com/)"
194.163.129.30 - - [27/Apr/2025:14:24:44 -0400] "GET /about.php?action=edit&file=dbapi2.cpython-36.opt-1.pyc&path=//lib64/python3.6/sqlite3/__pycache__ HTTP/1.1" 200 566 "-" "Mozilla/5.0 (compatible; MJ12bot/v1.4.8; http://mj12bot.com/)"
2a03:2880:f800:1:: - - [27/Apr/2025:14:24:45 -0400] "GET /about.php?path=%2F%2Flib%2Fsysctl.d HTTP/1.1" 200 839 "-" "meta-externalagent/1.1 (+https://developers.facebook.com/docs/sharing/webmasters/crawler)"
194.163.129.30 - - [27/Apr/2025:14:24:46 -0400] "GET /about.php?action=edit&file=dbapi2.cpython-36.opt-2.pyc&path=//lib64/python3.6/sqlite3/__pycache__ HTTP/1.1" 200 566 "-" "Mozilla/5.0 (compatible; MJ12bot/v1.4.8; http://mj12bot.com/)"
2a01:4f9:6b:21a2::2 - - [27/Apr/2025:14:24:46 -0400] "GET /about.php?action=edit&file=euc_jp.cpython-38.opt-1.pyc&path=//lib64/python3.8/encodings/__pycache__ HTTP/1.1" 200 567 "-" "Mozilla/5.0 (compatible; MJ12bot/v1.4.8; http://mj12bot.com/)"
194.163.129.30 - - [27/Apr/2025:14:24:48 -0400] "GET /about.php?action=edit&file=dbapi2.cpython-36.pyc&path=//lib64/python3.6/sqlite3/__pycache__ HTTP/1.1" 200 563 "-" "Mozilla/5.0 (compatible; MJ12bot/v1.4.8; http://mj12bot.com/)"
2a01:4f9:6b:21a2::2 - - [27/Apr/2025:14:24:48 -0400] "GET /about.php?action=edit&file=euc_jp.cpython-38.opt-2.pyc&path=//lib64/python3.8/encodings/__pycache__ HTTP/1.1" 200 567 "-" "Mozilla/5.0 (compatible; MJ12bot/v1.4.8; http://mj12bot.com/)"
194.163.129.30 - - [27/Apr/2025:14:24:49 -0400] "GET /about.php?action=edit&file=dbapi2.cpython-38.opt-1.pyc&path=//lib64/python3.8/sqlite3/__pycache__ HTTP/1.1" 200 566 "-" "Mozilla/5.0 (compatible; MJ12bot/v1.4.8; http://mj12bot.com/)"
2a01:4f9:6b:21a2::2 - - [27/Apr/2025:14:24:50 -0400] "GET /about.php?action=edit&file=euc_jp.cpython-38.pyc&path=//lib64/python3.8/encodings/__pycache__ HTTP/1.1" 200 562 "-" "Mozilla/5.0 (compatible; MJ12bot/v1.4.8; http://mj12bot.com/)"
194.163.129.30 - - [27/Apr/2025:14:24:51 -0400] "GET /about.php?action=edit&file=dbapi2.cpython-38.opt-2.pyc&path=//lib64/python3.8/sqlite3/__pycache__ HTTP/1.1" 200 566 "-" "Mozilla/5.0 (compatible; MJ12bot/v1.4.8; http://mj12bot.com/)"
2a01:4f9:6b:21a2::2 - - [27/Apr/2025:14:24:53 -0400] "GET /about.php?action=edit&file=euc_kr.cpython-36.opt-1.pyc&path=//lib64/python3.6/encodings/__pycache__ HTTP/1.1" 200 566 "-" "Mozilla/5.0 (compatible; MJ12bot/v1.4.8; http://mj12bot.com/)"
194.163.129.30 - - [27/Apr/2025:14:24:53 -0400] "GET /about.php?action=edit&file=dbapi2.cpython-38.pyc&path=//lib64/python3.8/sqlite3/__pycache__ HTTP/1.1" 200 563 "-" "Mozilla/5.0 (compatible; MJ12bot/v1.4.8; http://mj12bot.com/)"
194.163.129.30 - - [27/Apr/2025:14:24:54 -0400] "GET /about.php?action=edit&file=dbus.service&path=//lib/systemd/system/multi-user.target.wants HTTP/1.1" 200 764 "-" "Mozilla/5.0 (compatible; MJ12bot/v1.4.8; http://mj12bot.com/)"
2a01:4f9:6b:21a2::2 - - [27/Apr/2025:14:24:54 -0400] "GET /about.php?action=edit&file=euc_kr.cpython-36.opt-2.pyc&path=//lib64/python3.6/encodings/__pycache__ HTTP/1.1" 200 566 "-" "Mozilla/5.0 (compatible; MJ12bot/v1.4.8; http://mj12bot.com/)"
194.163.129.30 - - [27/Apr/2025:14:24:56 -0400] "GET /about.php?action=edit&file=dbus.socket&path=//lib/systemd/system/sockets.target.wants HTTP/1.1" 200 617 "-" "Mozilla/5.0 (compatible; MJ12bot/v1.4.8; http://mj12bot.com/)"
2a01:4f9:6b:21a2::2 - - [27/Apr/2025:14:24:56 -0400] "GET /about.php?action=edit&file=euc_kr.cpython-36.pyc&path=//lib64/python3.6/encodings/__pycache__ HTTP/1.1" 200 561 "-" "Mozilla/5.0 (compatible; MJ12bot/v1.4.8; http://mj12bot.com/)"
194.163.129.30 - - [27/Apr/2025:14:24:58 -0400] "GET /about.php?action=edit&file=dbus.socket&path=//lib/systemd/user/sockets.target.wants HTTP/1.1" 200 671 "-" "Mozilla/5.0 (compatible; MJ12bot/v1.4.8; http://mj12bot.com/)"
2a01:4f9:6b:21a2::2 - - [27/Apr/2025:14:24:58 -0400] "GET /about.php?action=edit&file=euc_kr.cpython-38.opt-1.pyc&path=//lib64/python3.8/encodings/__pycache__ HTTP/1.1" 200 566 "-" "Mozilla/5.0 (compatible; MJ12bot/v1.4.8; http://mj12bot.com/)"
2a03:2880:f800:e:: - - [27/Apr/2025:14:24:59 -0400] "GET /about.php?action=edit&file=pvjbet-bukti-trf-21-mei-min-Srktyn.tmp&path=%2F%2Ftmp HTTP/1.1" 200 572 "-" "meta-externalagent/1.1 (+https://developers.facebook.com/docs/sharing/webmasters/crawler)"
194.163.129.30 - - [27/Apr/2025:14:24:59 -0400] "GET /about.php?action=edit&file=dcm.la&path=//lib64/GraphicsMagick-1.3.38/modules-Q16/coders HTTP/1.1" 200 1073 "-" "Mozilla/5.0 (compatible; MJ12bot/v1.4.8; http://mj12bot.com/)"
2a01:4f9:6b:21a2::2 - - [27/Apr/2025:14:25:00 -0400] "GET /about.php?action=edit&file=euc_kr.cpython-38.opt-2.pyc&path=//lib64/python3.8/encodings/__pycache__ HTTP/1.1" 200 566 "-" "Mozilla/5.0 (compatible; MJ12bot/v1.4.8; http://mj12bot.com/)"
194.163.129.30 - - [27/Apr/2025:14:25:01 -0400] "GET /about.php?action=edit&file=dcm.la&path=//lib64/ImageMagick-6.9.13/modules-Q16/coders HTTP/1.1" 200 1103 "-" "Mozilla/5.0 (compatible; MJ12bot/v1.4.8; http://mj12bot.com/)"
2a01:4f9:6b:21a2::2 - - [27/Apr/2025:14:25:02 -0400] "GET /about.php?action=edit&file=euc_kr.cpython-38.pyc&path=//lib64/python3.8/encodings/__pycache__ HTTP/1.1" 200 561 "-" "Mozilla/5.0 (compatible; MJ12bot/v1.4.8; http://mj12bot.com/)"
194.163.129.30 - - [27/Apr/2025:14:25:03 -0400] "GET /about.php?action=edit&file=dcm.so&path=//lib64/GraphicsMagick-1.3.38/modules-Q16/coders HTTP/1.1" 200 551 "-" "Mozilla/5.0 (compatible; MJ12bot/v1.4.8; http://mj12bot.com/)"
2a01:4f9:6b:21a2::2 - - [27/Apr/2025:14:25:04 -0400] "GET /about.php?action=edit&file=events.cpython-36.opt-1.pyc&path=//lib64/python3.6/asyncio/__pycache__ HTTP/1.1" 200 565 "-" "Mozilla/5.0 (compatible; MJ12bot/v1.4.8; http://mj12bot.com/)"
194.163.129.30 - - [27/Apr/2025:14:25:05 -0400] "GET /about.php?action=edit&file=dcm.so&path=//lib64/ImageMagick-6.9.13/modules-Q16/coders HTTP/1.1" 200 551 "-" "Mozilla/5.0 (compatible; MJ12bot/v1.4.8; http://mj12bot.com/)"
2a01:4f9:6b:21a2::2 - - [27/Apr/2025:14:25:06 -0400] "GET /about.php?action=edit&file=events.cpython-36.opt-2.pyc&path=//lib64/python3.6/asyncio/__pycache__ HTTP/1.1" 200 565 "-" "Mozilla/5.0 (compatible; MJ12bot/v1.4.8; http://mj12bot.com/)"
194.163.129.30 - - [27/Apr/2025:14:25:07 -0400] "GET /about.php?action=edit&file=dcraw.la&path=//lib64/GraphicsMagick-1.3.38/modules-Q16/coders HTTP/1.1" 200 1074 "-" "Mozilla/5.0 (compatible; MJ12bot/v1.4.8; http://mj12bot.com/)"
66.249.75.100 - - [27/Apr/2025:14:25:07 -0400] "GET /about.php?action=edit&file=valenciapools.juragankeripik.online-Apr-2025.gz&path=%2F%2Fhome%2Fjuralptl%2Flogs HTTP/1.1" 200 575 "-" "Mozilla/5.0 (Linux; Android 6.0.1; Nexus 5X Build/MMB29P) AppleWebKit/537.36 (KHTML, like Gecko) Chrome/135.0.7049.95 Mobile Safari/537.36 (compatible; Googlebot/2.1; +http://www.google.com/bot.html)"
194.163.129.30 - - [27/Apr/2025:14:25:08 -0400] "GET /about.php?action=edit&file=dcraw.so&path=//lib64/GraphicsMagick-1.3.38/modules-Q16/coders HTTP/1.1" 200 553 "-" "Mozilla/5.0 (compatible; MJ12bot/v1.4.8; http://mj12bot.com/)"
2a01:4f9:6b:21a2::2 - - [27/Apr/2025:14:25:09 -0400] "GET /about.php?action=edit&file=events.cpython-36.pyc&path=//lib64/python3.6/asyncio/__pycache__ HTTP/1.1" 200 561 "-" "Mozilla/5.0 (compatible; MJ12bot/v1.4.8; http://mj12bot.com/)"
2a03:2880:f800:1c:: - - [27/Apr/2025:14:25:10 -0400] "GET /about.php?action=edit&file=aboutuscontent.php&path=%2Fhome%2Fjuralptl%2FMOBILE HTTP/1.1" 200 2717 "-" "meta-externalagent/1.1 (+https://developers.facebook.com/docs/sharing/webmasters/crawler)"
194.163.129.30 - - [27/Apr/2025:14:25:10 -0400] "GET /about.php?action=edit&file=dds.la&path=//lib64/ImageMagick-6.9.13/modules-Q16/coders HTTP/1.1" 200 1103 "-" "Mozilla/5.0 (compatible; MJ12bot/v1.4.8; http://mj12bot.com/)"
2a01:4f9:6b:21a2::2 - - [27/Apr/2025:14:25:10 -0400] "GET /about.php?action=edit&file=events.cpython-38.opt-1.pyc&path=//lib64/python3.8/asyncio/__pycache__ HTTP/1.1" 200 565 "-" "Mozilla/5.0 (compatible; MJ12bot/v1.4.8; http://mj12bot.com/)"
194.163.129.30 - - [27/Apr/2025:14:25:12 -0400] "GET /about.php?action=edit&file=dds.so&path=//lib64/ImageMagick-6.9.13/modules-Q16/coders HTTP/1.1" 200 552 "-" "Mozilla/5.0 (compatible; MJ12bot/v1.4.8; http://mj12bot.com/)"
2a01:4f9:6b:21a2::2 - - [27/Apr/2025:14:25:12 -0400] "GET /about.php?action=edit&file=events.cpython-38.opt-2.pyc&path=//lib64/python3.8/asyncio/__pycache__ HTTP/1.1" 200 565 "-" "Mozilla/5.0 (compatible; MJ12bot/v1.4.8; http://mj12bot.com/)"
194.163.129.30 - - [27/Apr/2025:14:25:13 -0400] "GET /about.php?action=edit&file=de-deadacute.map.gz&path=//lib/kbd/keymaps/xkb HTTP/1.1" 200 558 "-" "Mozilla/5.0 (compatible; MJ12bot/v1.4.8; http://mj12bot.com/)"
2a03:2880:f800:19:: - - [27/Apr/2025:14:25:14 -0400] "GET /about.php?path=%2F%2Flib%2Ftmpfiles.d HTTP/1.1" 200 1259 "-" "meta-externalagent/1.1 (+https://developers.facebook.com/docs/sharing/webmasters/crawler)"
2a01:4f9:6b:21a2::2 - - [27/Apr/2025:14:25:14 -0400] "GET /about.php?action=edit&file=events.cpython-38.pyc&path=//lib64/python3.8/asyncio/__pycache__ HTTP/1.1" 200 561 "-" "Mozilla/5.0 (compatible; MJ12bot/v1.4.8; http://mj12bot.com/)"
194.163.129.30 - - [27/Apr/2025:14:25:15 -0400] "GET /about.php?action=edit&file=de-deadgraveacute.map.gz&path=//lib/kbd/keymaps/xkb HTTP/1.1" 200 562 "-" "Mozilla/5.0 (compatible; MJ12bot/v1.4.8; http://mj12bot.com/)"
194.163.129.30 - - [27/Apr/2025:14:25:16 -0400] "GET /about.php?action=edit&file=de-deadtilde.map.gz&path=//lib/kbd/keymaps/xkb HTTP/1.1" 200 557 "-" "Mozilla/5.0 (compatible; MJ12bot/v1.4.8; http://mj12bot.com/)"
2a01:4f9:6b:21a2::2 - - [27/Apr/2025:14:25:17 -0400] "GET /about.php?action=edit&file=events.py&path=//lib64/python3.6/site-packages/yaml HTTP/1.1" 200 1081 "-" "Mozilla/5.0 (compatible; MJ12bot/v1.4.8; http://mj12bot.com/)"
194.163.129.30 - - [27/Apr/2025:14:25:18 -0400] "GET /about.php?action=edit&file=de-dsb.map.gz&path=//lib/kbd/keymaps/xkb HTTP/1.1" 200 557 "-" "Mozilla/5.0 (compatible; MJ12bot/v1.4.8; http://mj12bot.com/)"
2a01:4f9:6b:21a2::2 - - [27/Apr/2025:14:25:19 -0400] "GET /about.php?action=edit&file=example.py&path=//lib64/python2.7/Demo/parser HTTP/1.1" 200 2365 "-" "Mozilla/5.0 (compatible; MJ12bot/v1.4.8; http://mj12bot.com/)"
194.163.129.30 - - [27/Apr/2025:14:25:20 -0400] "GET /about.php?action=edit&file=de-dsb_qwertz.map.gz&path=//lib/kbd/keymaps/xkb HTTP/1.1" 200 562 "-" "Mozilla/5.0 (compatible; MJ12bot/v1.4.8; http://mj12bot.com/)"
2a01:4f9:6b:21a2::2 - - [27/Apr/2025:14:25:21 -0400] "GET /about.php?action=edit&file=example.pyc&path=//lib64/python2.7/Demo/parser HTTP/1.1" 200 551 "-" "Mozilla/5.0 (compatible; MJ12bot/v1.4.8; http://mj12bot.com/)"
194.163.129.30 - - [27/Apr/2025:14:25:21 -0400] "GET /about.php?action=edit&file=de-dvorak.map.gz&path=//lib/kbd/keymaps/xkb HTTP/1.1" 200 557 "-" "Mozilla/5.0 (compatible; MJ12bot/v1.4.8; http://mj12bot.com/)"
2a01:4f9:6b:21a2::2 - - [27/Apr/2025:14:25:23 -0400] "GET /about.php?action=edit&file=example.pyo&path=//lib64/python2.7/Demo/parser HTTP/1.1" 200 551 "-" "Mozilla/5.0 (compatible; MJ12bot/v1.4.8; http://mj12bot.com/)"
194.163.129.30 - - [27/Apr/2025:14:25:23 -0400] "GET /about.php?action=edit&file=de-mac.map.gz&path=//lib/kbd/keymaps/xkb HTTP/1.1" 200 556 "-" "Mozilla/5.0 (compatible; MJ12bot/v1.4.8; http://mj12bot.com/)"
2a01:4f9:6b:21a2::2 - - [27/Apr/2025:14:25:24 -0400] "GET /about.php?action=edit&file=example_form.php&path=//home/juralptl/berlinpools.us/ADM/systemsecureimage HTTP/1.1" 200 3716 "-" "Mozilla/5.0 (compatible; MJ12bot/v1.4.8; http://mj12bot.com/)"
194.163.129.30 - - [27/Apr/2025:14:25:25 -0400] "GET /about.php?action=edit&file=de-mac_nodeadkeys.map.gz&path=//lib/kbd/keymaps/xkb HTTP/1.1" 200 562 "-" "Mozilla/5.0 (compatible; MJ12bot/v1.4.8; http://mj12bot.com/)"
2a01:4f9:6b:21a2::2 - - [27/Apr/2025:14:25:26 -0400] "GET /about.php?action=edit&file=example_form.php&path=//home/juralptl/hkpoolsidn.com/ADM/systemsecureimage HTTP/1.1" 200 3716 "-" "Mozilla/5.0 (compatible; MJ12bot/v1.4.8; http://mj12bot.com/)"
194.163.129.30 - - [27/Apr/2025:14:25:26 -0400] "GET /about.php?action=edit&file=de-neo.map.gz&path=//lib/kbd/keymaps/xkb HTTP/1.1" 200 555 "-" "Mozilla/5.0 (compatible; MJ12bot/v1.4.8; http://mj12bot.com/)"
2a01:4f9:6b:21a2::2 - - [27/Apr/2025:14:25:28 -0400] "GET /about.php?action=edit&file=excanvas.js&path=//home/juralptl/berlinpools.us/ADM/js HTTP/1.1" 200 13280 "-" "Mozilla/5.0 (compatible; MJ12bot/v1.4.8; http://mj12bot.com/)"
194.163.129.30 - - [27/Apr/2025:14:25:28 -0400] "GET /about.php?action=edit&file=de-nodeadkeys.map.gz&path=//lib/kbd/keymaps/xkb HTTP/1.1" 200 559 "-" "Mozilla/5.0 (compatible; MJ12bot/v1.4.8; http://mj12bot.com/)"
194.163.129.30 - - [27/Apr/2025:14:25:30 -0400] "GET /about.php?action=edit&file=de-qwerty.map.gz&path=//lib/kbd/keymaps/xkb HTTP/1.1" 200 558 "-" "Mozilla/5.0 (compatible; MJ12bot/v1.4.8; http://mj12bot.com/)"
2a01:4f9:6b:21a2::2 - - [27/Apr/2025:14:25:30 -0400] "GET /about.php?action=edit&file=excanvas.js&path=//home/juralptl/hkpoolsidn.com/ADM/js HTTP/1.1" 200 13280 "-" "Mozilla/5.0 (compatible; MJ12bot/v1.4.8; http://mj12bot.com/)"
194.163.129.30 - - [27/Apr/2025:14:25:32 -0400] "GET /about.php?action=edit&file=de-ro.map.gz&path=//lib/kbd/keymaps/xkb HTTP/1.1" 200 555 "-" "Mozilla/5.0 (compatible; MJ12bot/v1.4.8; http://mj12bot.com/)"
2a01:4f9:6b:21a2::2 - - [27/Apr/2025:14:25:32 -0400] "GET /about.php?action=edit&file=exceptions.cpython-38.opt-1.pyc&path=//lib64/python3.8/asyncio/__pycache__ HTTP/1.1" 200 564 "-" "Mozilla/5.0 (compatible; MJ12bot/v1.4.8; http://mj12bot.com/)"
194.163.129.30 - - [27/Apr/2025:14:25:33 -0400] "GET /about.php?action=edit&file=de-ro_nodeadkeys.map.gz&path=//lib/kbd/keymaps/xkb HTTP/1.1" 200 562 "-" "Mozilla/5.0 (compatible; MJ12bot/v1.4.8; http://mj12bot.com/)"
2a01:4f9:6b:21a2::2 - - [27/Apr/2025:14:25:34 -0400] "GET /about.php?action=edit&file=exceptions.cpython-38.opt-2.pyc&path=//lib64/python3.8/asyncio/__pycache__ HTTP/1.1" 200 564 "-" "Mozilla/5.0 (compatible; MJ12bot/v1.4.8; http://mj12bot.com/)"
194.163.129.30 - - [27/Apr/2025:14:25:35 -0400] "GET /about.php?action=edit&file=de-sundeadkeys.map.gz&path=//lib/kbd/keymaps/xkb HTTP/1.1" 200 560 "-" "Mozilla/5.0 (compatible; MJ12bot/v1.4.8; http://mj12bot.com/)"
2a01:4f9:6b:21a2::2 - - [27/Apr/2025:14:25:36 -0400] "GET /about.php?action=edit&file=exceptions.cpython-38.pyc&path=//lib64/python3.8/asyncio/__pycache__ HTTP/1.1" 200 559 "-" "Mozilla/5.0 (compatible; MJ12bot/v1.4.8; http://mj12bot.com/)"
194.163.129.30 - - [27/Apr/2025:14:25:37 -0400] "GET /about.php?action=edit&file=de-tr.map.gz&path=//lib/kbd/keymaps/xkb HTTP/1.1" 200 556 "-" "Mozilla/5.0 (compatible; MJ12bot/v1.4.8; http://mj12bot.com/)"
2a03:2880:f800:2:: - - [27/Apr/2025:14:25:37 -0400] "GET /about.php?action=edit&file=resultcontent.php&path=%2Fhome%2Fjuralptl%2FMOBILE HTTP/1.1" 200 2169 "-" "meta-externalagent/1.1 (+https://developers.facebook.com/docs/sharing/webmasters/crawler)"
2a01:4f9:6b:21a2::2 - - [27/Apr/2025:14:25:38 -0400] "GET /about.php?action=edit&file=exceptions.py&path=//lib64/python3.6/site-packages/cryptography HTTP/1.1" 200 1065 "-" "Mozilla/5.0 (compatible; MJ12bot/v1.4.8; http://mj12bot.com/)"
194.163.129.30 - - [27/Apr/2025:14:25:38 -0400] "GET /about.php?action=edit&file=de.map.gz&path=//lib/kbd/keymaps/xkb HTTP/1.1" 200 554 "-" "Mozilla/5.0 (compatible; MJ12bot/v1.4.8; http://mj12bot.com/)"
2a03:2880:f800:9:: - - [27/Apr/2025:14:25:39 -0400] "GET /about.php?action=edit&file=libnss_myhostname.so.2&path=%2F%2Flib64 HTTP/1.1" 200 562 "-" "meta-externalagent/1.1 (+https://developers.facebook.com/docs/sharing/webmasters/crawler)"
194.163.129.30 - - [27/Apr/2025:14:25:40 -0400] "GET /about.php?action=edit&file=de.po&path=//home/juralptl/imgstore.store/app/languages HTTP/1.1" 200 33690 "-" "Mozilla/5.0 (compatible; MJ12bot/v1.4.8; http://mj12bot.com/)"
2a01:4f9:6b:21a2::2 - - [27/Apr/2025:14:25:40 -0400] "GET /about.php?action=edit&file=exceptions.py&path=//lib64/python3.6/site-packages/dbus HTTP/1.1" 200 2230 "-" "Mozilla/5.0 (compatible; MJ12bot/v1.4.8; http://mj12bot.com/)"
2a03:2880:f800:9:: - - [27/Apr/2025:14:25:41 -0400] "GET /about.php?action=edit&file=Tanpa-judul-300-x-600-piksel-18-wMIrvY.tmp&path=%2F%2Ftmp HTTP/1.1" 200 577 "-" "meta-externalagent/1.1 (+https://developers.facebook.com/docs/sharing/webmasters/crawler)"
194.163.129.30 - - [27/Apr/2025:14:25:42 -0400] "GET /about.php?action=edit&file=debug.cpython-36.opt-1.pyc&path=//lib64/python3.6/distutils/__pycache__ HTTP/1.1" 200 566 "-" "Mozilla/5.0 (compatible; MJ12bot/v1.4.8; http://mj12bot.com/)"
2a01:4f9:6b:21a2::2 - - [27/Apr/2025:14:25:42 -0400] "GET /about.php?action=edit&file=exec.pm&path=//lib64/perl5/vendor_perl/Filter HTTP/1.1" 200 1184 "-" "Mozilla/5.0 (compatible; MJ12bot/v1.4.8; http://mj12bot.com/)"
194.163.129.30 - - [27/Apr/2025:14:25:44 -0400] "GET /about.php?action=edit&file=debug.cpython-36.opt-2.pyc&path=//lib64/python3.6/distutils/__pycache__ HTTP/1.1" 200 566 "-" "Mozilla/5.0 (compatible; MJ12bot/v1.4.8; http://mj12bot.com/)"
2a01:4f9:6b:21a2::2 - - [27/Apr/2025:14:25:44 -0400] "GET /about.php?action=edit&file=expat.py&path=//lib64/python2.7/xml/parsers HTTP/1.1" 200 634 "-" "Mozilla/5.0 (compatible; MJ12bot/v1.4.8; http://mj12bot.com/)"
194.163.129.30 - - [27/Apr/2025:14:25:45 -0400] "GET /about.php?action=edit&file=debug.cpython-36.pyc&path=//lib64/python3.6/distutils/__pycache__ HTTP/1.1" 200 561 "-" "Mozilla/5.0 (compatible; MJ12bot/v1.4.8; http://mj12bot.com/)"
2a01:4f9:6b:21a2::2 - - [27/Apr/2025:14:25:46 -0400] "GET /about.php?action=edit&file=expat.py&path=//lib64/python3.6/xml/parsers HTTP/1.1" 200 669 "-" "Mozilla/5.0 (compatible; MJ12bot/v1.4.8; http://mj12bot.com/)"
194.163.129.30 - - [27/Apr/2025:14:25:47 -0400] "GET /about.php?action=edit&file=debug.cpython-38.opt-1.pyc&path=//lib64/python3.8/distutils/__pycache__ HTTP/1.1" 200 566 "-" "Mozilla/5.0 (compatible; MJ12bot/v1.4.8; http://mj12bot.com/)"
2a03:2880:f800:6:: - - [27/Apr/2025:14:25:47 -0400] "GET /about.php?action=edit&file=UpdateResultStatus.php&path=%2Fhome%2Fjuralptl%2FMOBILE HTTP/1.1" 200 982 "-" "meta-externalagent/1.1 (+https://developers.facebook.com/docs/sharing/webmasters/crawler)"
2a01:4f9:6b:21a2::2 - - [27/Apr/2025:14:25:48 -0400] "GET /about.php?action=edit&file=expat.py&path=//lib64/python3.8/xml/parsers HTTP/1.1" 200 669 "-" "Mozilla/5.0 (compatible; MJ12bot/v1.4.8; http://mj12bot.com/)"
194.163.129.30 - - [27/Apr/2025:14:25:49 -0400] "GET /about.php?action=edit&file=debug.cpython-38.opt-2.pyc&path=//lib64/python3.8/distutils/__pycache__ HTTP/1.1" 200 566 "-" "Mozilla/5.0 (compatible; MJ12bot/v1.4.8; http://mj12bot.com/)"
66.249.75.100 - - [27/Apr/2025:14:25:49 -0400] "GET /about.php?path=//proc/thread-self/root/lib/sysimage HTTP/1.1" 200 731 "-" "Mozilla/5.0 (Linux; Android 6.0.1; Nexus 5X Build/MMB29P) AppleWebKit/537.36 (KHTML, like Gecko) Chrome/135.0.7049.95 Mobile Safari/537.36 (compatible; Googlebot/2.1; +http://www.google.com/bot.html)"
194.163.129.30 - - [27/Apr/2025:14:25:50 -0400] "GET /about.php?action=edit&file=debug.cpython-38.pyc&path=//lib64/python3.8/distutils/__pycache__ HTTP/1.1" 200 561 "-" "Mozilla/5.0 (compatible; MJ12bot/v1.4.8; http://mj12bot.com/)"
2a01:4f9:6b:21a2::2 - - [27/Apr/2025:14:25:50 -0400] "GET /about.php?action=edit&file=expat.pyc&path=//lib64/python2.7/xml/parsers HTTP/1.1" 200 553 "-" "Mozilla/5.0 (compatible; MJ12bot/v1.4.8; http://mj12bot.com/)"
2a03:2880:f800:f:: - - [27/Apr/2025:14:25:51 -0400] "GET /about.php?action=edit&file=Screenshot_2024-01-31-23-33-35-070_id.co_.bri_.brimo-copy-m7fSC7.tmp&path=%2F%2Ftmp HTTP/1.1" 200 598 "-" "meta-externalagent/1.1 (+https://developers.facebook.com/docs/sharing/webmasters/crawler)"
194.163.129.30 - - [27/Apr/2025:14:25:52 -0400] "GET /about.php?action=edit&file=debug.la&path=//lib64/ImageMagick-6.9.13/modules-Q16/coders HTTP/1.1" 200 1104 "-" "Mozilla/5.0 (compatible; MJ12bot/v1.4.8; http://mj12bot.com/)"
2a01:4f9:6b:21a2::2 - - [27/Apr/2025:14:25:52 -0400] "GET /about.php?action=edit&file=expat.pyo&path=//lib64/python2.7/xml/parsers HTTP/1.1" 200 551 "-" "Mozilla/5.0 (compatible; MJ12bot/v1.4.8; http://mj12bot.com/)"
2a03:2880:f800:1a:: - - [27/Apr/2025:14:25:52 -0400] "GET /about.php?path=%2Fhome%2Fjuralptl%2Frtppvjx1000.online%2Fmg HTTP/1.1" 200 835 "-" "meta-externalagent/1.1 (+https://developers.facebook.com/docs/sharing/webmasters/crawler)"
194.163.129.30 - - [27/Apr/2025:14:25:54 -0400] "GET /about.php?action=edit&file=debug.so&path=//lib64/ImageMagick-6.9.13/modules-Q16/coders HTTP/1.1" 200 551 "-" "Mozilla/5.0 (compatible; MJ12bot/v1.4.8; http://mj12bot.com/)"
2a01:4f9:6b:21a2::2 - - [27/Apr/2025:14:25:54 -0400] "GET /about.php?action=edit&file=expatbuilder.py&path=//lib64/python2.7/xml/dom HTTP/1.1" 200 9244 "-" "Mozilla/5.0 (compatible; MJ12bot/v1.4.8; http://mj12bot.com/)"
194.163.129.30 - - [27/Apr/2025:14:25:55 -0400] "GET /about.php?action=edit&file=decoder.cpython-36.opt-1.pyc&path=//lib64/python3.6/json/__pycache__ HTTP/1.1" 200 566 "-" "Mozilla/5.0 (compatible; MJ12bot/v1.4.8; http://mj12bot.com/)"
2a01:4f9:6b:21a2::2 - - [27/Apr/2025:14:25:56 -0400] "GET /about.php?action=edit&file=expatbuilder.py&path=//lib64/python3.6/xml/dom HTTP/1.1" 200 9199 "-" "Mozilla/5.0 (compatible; MJ12bot/v1.4.8; http://mj12bot.com/)"
194.163.129.30 - - [27/Apr/2025:14:25:57 -0400] "GET /about.php?action=edit&file=decoder.cpython-36.opt-2.pyc&path=//lib64/python3.6/json/__pycache__ HTTP/1.1" 200 566 "-" "Mozilla/5.0 (compatible; MJ12bot/v1.4.8; http://mj12bot.com/)"
2a01:4f9:6b:21a2::2 - - [27/Apr/2025:14:25:58 -0400] "GET /about.php?action=edit&file=expatbuilder.py&path=//lib64/python3.8/xml/dom HTTP/1.1" 200 9199 "-" "Mozilla/5.0 (compatible; MJ12bot/v1.4.8; http://mj12bot.com/)"
2a03:2880:f800:10:: - - [27/Apr/2025:14:25:58 -0400] "GET /about.php?action=edit&file=libsss_idmap.so.0&path=%2F%2Flib64 HTTP/1.1" 200 558 "-" "meta-externalagent/1.1 (+https://developers.facebook.com/docs/sharing/webmasters/crawler)"
194.163.129.30 - - [27/Apr/2025:14:25:58 -0400] "GET /about.php?action=edit&file=decoder.cpython-36.pyc&path=//lib64/python3.6/json/__pycache__ HTTP/1.1" 200 562 "-" "Mozilla/5.0 (compatible; MJ12bot/v1.4.8; http://mj12bot.com/)"
2a01:4f9:6b:21a2::2 - - [27/Apr/2025:14:26:00 -0400] "GET /about.php?action=edit&file=expatbuilder.pyc&path=//lib64/python2.7/xml/dom HTTP/1.1" 200 558 "-" "Mozilla/5.0 (compatible; MJ12bot/v1.4.8; http://mj12bot.com/)"
194.163.129.30 - - [27/Apr/2025:14:26:00 -0400] "GET /about.php?action=edit&file=decoder.cpython-38.opt-1.pyc&path=//lib64/python3.8/json/__pycache__ HTTP/1.1" 200 566 "-" "Mozilla/5.0 (compatible; MJ12bot/v1.4.8; http://mj12bot.com/)"
194.163.129.30 - - [27/Apr/2025:14:26:02 -0400] "GET /about.php?action=edit&file=decoder.cpython-38.opt-2.pyc&path=//lib64/python3.8/json/__pycache__ HTTP/1.1" 200 566 "-" "Mozilla/5.0 (compatible; MJ12bot/v1.4.8; http://mj12bot.com/)"
2a01:4f9:6b:21a2::2 - - [27/Apr/2025:14:26:02 -0400] "GET /about.php?action=edit&file=expatbuilder.pyo&path=//lib64/python2.7/xml/dom HTTP/1.1" 200 556 "-" "Mozilla/5.0 (compatible; MJ12bot/v1.4.8; http://mj12bot.com/)"
194.163.129.30 - - [27/Apr/2025:14:26:04 -0400] "GET /about.php?action=edit&file=decoder.cpython-38.pyc&path=//lib64/python3.8/json/__pycache__ HTTP/1.1" 200 562 "-" "Mozilla/5.0 (compatible; MJ12bot/v1.4.8; http://mj12bot.com/)"
2a01:4f9:6b:21a2::2 - - [27/Apr/2025:14:26:04 -0400] "GET /about.php?action=edit&file=expatreader.py&path=//lib64/python2.7/xml/sax HTTP/1.1" 200 4505 "-" "Mozilla/5.0 (compatible; MJ12bot/v1.4.8; http://mj12bot.com/)"
194.163.129.30 - - [27/Apr/2025:14:26:05 -0400] "GET /about.php?action=edit&file=decorators.py&path=//lib64/python3.6/site-packages/dbus HTTP/1.1" 200 4787 "-" "Mozilla/5.0 (compatible; MJ12bot/v1.4.8; http://mj12bot.com/)"
2a01:4f9:6b:21a2::2 - - [27/Apr/2025:14:26:06 -0400] "GET /about.php?action=edit&file=expatreader.py&path=//lib64/python3.6/xml/sax HTTP/1.1" 200 4447 "-" "Mozilla/5.0 (compatible; MJ12bot/v1.4.8; http://mj12bot.com/)"
2a03:2880:f800:9:: - - [27/Apr/2025:14:26:07 -0400] "GET /about.php?action=edit&file=BUKTI-JACKPOT-2-0mswDw.tmp&path=%2F%2Ftmp HTTP/1.1" 200 569 "-" "meta-externalagent/1.1 (+https://developers.facebook.com/docs/sharing/webmasters/crawler)"
194.163.129.30 - - [27/Apr/2025:14:26:07 -0400] "GET /about.php?action=edit&file=decr.xbm&path=//lib64/tcl8.6/Tix8.4.3/bitmaps HTTP/1.1" 200 611 "-" "Mozilla/5.0 (compatible; MJ12bot/v1.4.8; http://mj12bot.com/)"
2a01:4f9:6b:21a2::2 - - [27/Apr/2025:14:26:08 -0400] "GET /about.php?action=edit&file=expatreader.py&path=//lib64/python3.8/xml/sax HTTP/1.1" 200 4447 "-" "Mozilla/5.0 (compatible; MJ12bot/v1.4.8; http://mj12bot.com/)"
194.163.129.30 - - [27/Apr/2025:14:26:09 -0400] "GET /about.php?action=edit&file=decrypt.pm&path=//lib64/perl5/vendor_perl/Filter HTTP/1.1" 200 1943 "-" "Mozilla/5.0 (compatible; MJ12bot/v1.4.8; http://mj12bot.com/)"
2a03:2880:f800:8:: - - [27/Apr/2025:14:26:09 -0400] "GET /about.php?action=edit&file=BONUS-DEPOSIT-5-YIEngs.tmp&path=%2F%2Ftmp HTTP/1.1" 200 569 "-" "meta-externalagent/1.1 (+https://developers.facebook.com/docs/sharing/webmasters/crawler)"
2a01:4f9:6b:21a2::2 - - [27/Apr/2025:14:26:10 -0400] "GET /about.php?action=edit&file=expatreader.pyc&path=//lib64/python2.7/xml/sax HTTP/1.1" 200 557 "-" "Mozilla/5.0 (compatible; MJ12bot/v1.4.8; http://mj12bot.com/)"
194.163.129.30 - - [27/Apr/2025:14:26:10 -0400] "GET /about.php?action=edit&file=default-constants.php&path=//home/juralptl/public_html/wp-includes HTTP/1.1" 200 3562 "-" "Mozilla/5.0 (compatible; MJ12bot/v1.4.8; http://mj12bot.com/)"
2a03:2880:f800:16:: - - [27/Apr/2025:14:26:11 -0400] "GET /about.php?action=edit&file=libnss_systemd.so.2&path=%2F%2Flib64 HTTP/1.1" 200 557 "-" "meta-externalagent/1.1 (+https://developers.facebook.com/docs/sharing/webmasters/crawler)"
2a01:4f9:6b:21a2::2 - - [27/Apr/2025:14:26:12 -0400] "GET /about.php?action=edit&file=expatreader.pyo&path=//lib64/python2.7/xml/sax HTTP/1.1" 200 556 "-" "Mozilla/5.0 (compatible; MJ12bot/v1.4.8; http://mj12bot.com/)"
194.163.129.30 - - [27/Apr/2025:14:26:12 -0400] "GET /about.php?action=edit&file=default-constants.php&path=//home/juralptl/pvjbtf.site/wp-includes HTTP/1.1" 200 3563 "-" "Mozilla/5.0 (compatible; MJ12bot/v1.4.8; http://mj12bot.com/)"
2a03:2880:f800:a:: - - [27/Apr/2025:14:26:13 -0400] "GET /about.php?action=edit&file=Tanpa-judul-300-x-600-piksel-32-Dahd6n.tmp&path=%2F%2Ftmp HTTP/1.1" 200 576 "-" "meta-externalagent/1.1 (+https://developers.facebook.com/docs/sharing/webmasters/crawler)"
194.163.129.30 - - [27/Apr/2025:14:26:14 -0400] "GET /about.php?action=edit&file=default-constants.php&path=//home/juralptl/pvjgacor.com/wp-includes HTTP/1.1" 200 3563 "-" "Mozilla/5.0 (compatible; MJ12bot/v1.4.8; http://mj12bot.com/)"
2a01:4f9:6b:21a2::2 - - [27/Apr/2025:14:26:14 -0400] "GET /about.php?action=edit&file=export-personal-data.php&path=//home/juralptl/public_html/wp-admin HTTP/1.1" 200 3487 "-" "Mozilla/5.0 (compatible; MJ12bot/v1.4.8; http://mj12bot.com/)"
2a03:2880:f800:9:: - - [27/Apr/2025:14:26:14 -0400] "GET /about.php?action=edit&file=libmlx4.so.1&path=%2F%2Flib64 HTTP/1.1" 200 553 "-" "meta-externalagent/1.1 (+https://developers.facebook.com/docs/sharing/webmasters/crawler)"
194.163.129.30 - - [27/Apr/2025:14:26:15 -0400] "GET /about.php?action=edit&file=default-constants.php&path=//home/juralptl/tahu-pong.store/wp-includes HTTP/1.1" 200 3563 "-" "Mozilla/5.0 (compatible; MJ12bot/v1.4.8; http://mj12bot.com/)"
2a01:4f9:6b:21a2::2 - - [27/Apr/2025:14:26:16 -0400] "GET /about.php?action=edit&file=export-personal-data.php&path=//home/juralptl/pvjbtf.site/wp-admin HTTP/1.1" 200 3487 "-" "Mozilla/5.0 (compatible; MJ12bot/v1.4.8; http://mj12bot.com/)"
194.163.129.30 - - [27/Apr/2025:14:26:17 -0400] "GET /about.php?action=edit&file=default-constants.php&path=//home/juralptl/telekomaret.site/wp-includes HTTP/1.1" 200 3563 "-" "Mozilla/5.0 (compatible; MJ12bot/v1.4.8; http://mj12bot.com/)"
2a03:2880:f800:18:: - - [27/Apr/2025:14:26:17 -0400] "GET /about.php?action=edit&file=btf-Mupaof.tmp&path=%2F%2Ftmp HTTP/1.1" 200 555 "-" "meta-externalagent/1.1 (+https://developers.facebook.com/docs/sharing/webmasters/crawler)"
2a01:4f9:6b:21a2::2 - - [27/Apr/2025:14:26:18 -0400] "GET /about.php?action=edit&file=export-personal-data.php&path=//home/juralptl/pvjgacor.com/wp-admin HTTP/1.1" 200 3487 "-" "Mozilla/5.0 (compatible; MJ12bot/v1.4.8; http://mj12bot.com/)"
2a03:2880:f800:f:: - - [27/Apr/2025:14:26:18 -0400] "GET /about.php?action=edit&file=libvorbisenc.so.2&path=%2F%2Flib64 HTTP/1.1" 200 557 "-" "meta-externalagent/1.1 (+https://developers.facebook.com/docs/sharing/webmasters/crawler)"
194.163.129.30 - - [27/Apr/2025:14:26:19 -0400] "GET /about.php?action=edit&file=default-constants.php&path=//home/juralptl/www/wp-includes HTTP/1.1" 200 3562 "-" "Mozilla/5.0 (compatible; MJ12bot/v1.4.8; http://mj12bot.com/)"
2a01:4f9:6b:21a2::2 - - [27/Apr/2025:14:26:20 -0400] "GET /about.php?action=edit&file=export-personal-data.php&path=//home/juralptl/tahu-pong.store/wp-admin HTTP/1.1" 200 3487 "-" "Mozilla/5.0 (compatible; MJ12bot/v1.4.8; http://mj12bot.com/)"
194.163.129.30 - - [27/Apr/2025:14:26:20 -0400] "GET /about.php?action=edit&file=default-filters.php&path=//home/juralptl/public_html/wp-includes HTTP/1.1" 200 8638 "-" "Mozilla/5.0 (compatible; MJ12bot/v1.4.8; http://mj12bot.com/)"
2a03:2880:f800:2:: - - [27/Apr/2025:14:26:20 -0400] "GET /about.php?action=edit&file=indexcontentright.php&path=%2Fhome%2Fjuralptl%2Fwww HTTP/1.1" 200 1675 "-" "meta-externalagent/1.1 (+https://developers.facebook.com/docs/sharing/webmasters/crawler)"
2a01:4f9:6b:21a2::2 - - [27/Apr/2025:14:26:22 -0400] "GET /about.php?action=edit&file=export-personal-data.php&path=//home/juralptl/telekomaret.site/wp-admin HTTP/1.1" 200 3487 "-" "Mozilla/5.0 (compatible; MJ12bot/v1.4.8; http://mj12bot.com/)"
2a03:2880:f800:13:: - - [27/Apr/2025:14:26:22 -0400] "GET /about.php?action=edit&file=sched_debug&path=%2F%2Fproc HTTP/1.1" 200 479 "-" "meta-externalagent/1.1 (+https://developers.facebook.com/docs/sharing/webmasters/crawler)"
2a01:4f9:6b:21a2::2 - - [27/Apr/2025:14:26:23 -0400] "GET /about.php?action=edit&file=export-personal-data.php&path=//home/juralptl/www/wp-admin HTTP/1.1" 200 3487 "-" "Mozilla/5.0 (compatible; MJ12bot/v1.4.8; http://mj12bot.com/)"
2a03:2880:f800:14:: - - [27/Apr/2025:14:26:24 -0400] "GET /about.php?path=/home/juralptl/pulsaku.online HTTP/1.1" 200 1342 "-" "meta-externalagent/1.1 (+https://developers.facebook.com/docs/sharing/webmasters/crawler)"
2a01:4f9:6b:21a2::2 - - [27/Apr/2025:14:26:25 -0400] "GET /about.php?action=edit&file=export.php&path=//home/juralptl/public_html/wp-admin HTTP/1.1" 200 3864 "-" "Mozilla/5.0 (compatible; MJ12bot/v1.4.8; http://mj12bot.com/)"
2a03:2880:f800:b:: - - [27/Apr/2025:14:26:26 -0400] "GET /about.php?path=/home/juralptl/.trash HTTP/1.1" 200 768 "-" "meta-externalagent/1.1 (+https://developers.facebook.com/docs/sharing/webmasters/crawler)"
2a01:4f9:6b:21a2::2 - - [27/Apr/2025:14:26:27 -0400] "GET /about.php?action=edit&file=export.php&path=//home/juralptl/pvjbtf.site/wp-admin HTTP/1.1" 200 3864 "-" "Mozilla/5.0 (compatible; MJ12bot/v1.4.8; http://mj12bot.com/)"
2a03:2880:f800:b:: - - [27/Apr/2025:14:26:28 -0400] "GET /about.php?path=%2F%2Frun%2Fcagefs HTTP/1.1" 200 748 "-" "meta-externalagent/1.1 (+https://developers.facebook.com/docs/sharing/webmasters/crawler)"
2a03:2880:f800:19:: - - [27/Apr/2025:14:26:29 -0400] "GET /about.php?path=%2F%2Flib%2Fgrub HTTP/1.1" 200 729 "-" "meta-externalagent/1.1 (+https://developers.facebook.com/docs/sharing/webmasters/crawler)"
2a01:4f9:6b:21a2::2 - - [27/Apr/2025:14:26:29 -0400] "GET /about.php?action=edit&file=export.php&path=//home/juralptl/pvjgacor.com/wp-admin HTTP/1.1" 200 3864 "-" "Mozilla/5.0 (compatible; MJ12bot/v1.4.8; http://mj12bot.com/)"
66.249.75.101 - - [27/Apr/2025:14:26:31 -0400] "GET /about.php?action=edit&file=pvjbet.jp.net.juragankeripik.online-ssl_log-Apr-2025.gz&path=%2F%2Fhome%2Fjuralptl%2Flogs HTTP/1.1" 200 587 "-" "Mozilla/5.0 (Linux; Android 6.0.1; Nexus 5X Build/MMB29P) AppleWebKit/537.36 (KHTML, like Gecko) Chrome/135.0.7049.95 Mobile Safari/537.36 (compatible; Googlebot/2.1; +http://www.google.com/bot.html)"
