2a01:4f9:6b:21a2::2 - - [27/Apr/2025:14:20:58 -0400] "GET /about.php?action=edit&file=eqfix.pyc&path=//lib64/python2.7/Demo/scripts HTTP/1.1" 200 553 "-" "Mozilla/5.0 (compatible; MJ12bot/v1.4.8; http://mj12bot.com/)"
194.163.129.30 - - [27/Apr/2025:14:20:59 -0400] "GET /about.php?action=edit&file=class-wp-user-request.php&path=//home/juralptl/public_html/wp-includes HTTP/1.1" 200 1135 "-" "Mozilla/5.0 (compatible; MJ12bot/v1.4.8; http://mj12bot.com/)"
2a01:4f9:6b:21a2::2 - - [27/Apr/2025:14:21:00 -0400] "GET /about.php?action=edit&file=eqfix.pyo&path=//lib64/python2.7/Demo/scripts HTTP/1.1" 200 553 "-" "Mozilla/5.0 (compatible; MJ12bot/v1.4.8; http://mj12bot.com/)"
194.163.129.30 - - [27/Apr/2025:14:21:01 -0400] "GET /about.php?action=edit&file=class-wp-widget-calendar.php&path=//home/juralptl/btfovj.store/wp-includes/widgets HTTP/1.1" 200 1654 "-" "Mozilla/5.0 (compatible; MJ12bot/v1.4.8; http://mj12bot.com/)"
194.163.129.30 - - [27/Apr/2025:14:21:02 -0400] "GET /about.php?action=edit&file=class.wp-styles.php&path=//home/juralptl/pvjbtf.site/wp-includes HTTP/1.1" 200 740 "-" "Mozilla/5.0 (compatible; MJ12bot/v1.4.8; http://mj12bot.com/)"
2a01:4f9:6b:21a2::2 - - [27/Apr/2025:14:21:03 -0400] "GET /about.php?action=edit&file=erase-personal-data.php&path=//home/juralptl/public_html/wp-admin HTTP/1.1" 200 3332 "-" "Mozilla/5.0 (compatible; MJ12bot/v1.4.8; http://mj12bot.com/)"
194.163.129.30 - - [27/Apr/2025:14:21:04 -0400] "GET /about.php?action=edit&file=connection.py&path=//lib64/python2.7/multiprocessing/dummy HTTP/1.1" 200 1831 "-" "Mozilla/5.0 (compatible; MJ12bot/v1.4.8; http://mj12bot.com/)"
2a01:4f9:6b:21a2::2 - - [27/Apr/2025:14:21:04 -0400] "GET /about.php?action=edit&file=erase-personal-data.php&path=//home/juralptl/pvjbtf.site/wp-admin HTTP/1.1" 200 3332 "-" "Mozilla/5.0 (compatible; MJ12bot/v1.4.8; http://mj12bot.com/)"
2a03:2880:f800:d:: - - [27/Apr/2025:14:21:05 -0400] "GET /about.php?action=edit&file=dnssec-keyfromlabel&path=%2F%2Fsbin HTTP/1.1" 200 559 "-" "meta-externalagent/1.1 (+https://developers.facebook.com/docs/sharing/webmasters/crawler)"
194.163.129.30 - - [27/Apr/2025:14:21:06 -0400] "GET /about.php?action=edit&file=connection.py&path=//lib64/python3.6/multiprocessing/dummy HTTP/1.1" 200 1149 "-" "Mozilla/5.0 (compatible; MJ12bot/v1.4.8; http://mj12bot.com/)"
2a01:4f9:6b:21a2::2 - - [27/Apr/2025:14:21:06 -0400] "GET /about.php?action=edit&file=erase-personal-data.php&path=//home/juralptl/pvjgacor.com/wp-admin HTTP/1.1" 200 3332 "-" "Mozilla/5.0 (compatible; MJ12bot/v1.4.8; http://mj12bot.com/)"
194.163.129.30 - - [27/Apr/2025:14:21:07 -0400] "GET /about.php?action=edit&file=customize-models.js&path=//home/juralptl/btfovj.store/wp-includes/js HTTP/1.1" 200 2497 "-" "Mozilla/5.0 (compatible; MJ12bot/v1.4.8; http://mj12bot.com/)"
2a01:4f9:6b:21a2::2 - - [27/Apr/2025:14:21:09 -0400] "GET /about.php?action=edit&file=erase-personal-data.php&path=//home/juralptl/tahu-pong.store/wp-admin HTTP/1.1" 200 3332 "-" "Mozilla/5.0 (compatible; MJ12bot/v1.4.8; http://mj12bot.com/)"
194.163.129.30 - - [27/Apr/2025:14:21:09 -0400] "GET /about.php?action=edit&file=customize-models.js&path=//home/juralptl/btspv.store/wp-includes/js HTTP/1.1" 200 2497 "-" "Mozilla/5.0 (compatible; MJ12bot/v1.4.8; http://mj12bot.com/)"
2a01:4f9:6b:21a2::2 - - [27/Apr/2025:14:21:11 -0400] "GET /about.php?action=edit&file=erase-personal-data.php&path=//home/juralptl/telekomaret.site/wp-admin HTTP/1.1" 200 3332 "-" "Mozilla/5.0 (compatible; MJ12bot/v1.4.8; http://mj12bot.com/)"
194.163.129.30 - - [27/Apr/2025:14:21:11 -0400] "GET /about.php?action=edit&file=customize-models.min.js&path=//home/juralptl/btfovj.store/wp-includes/js HTTP/1.1" 200 1739 "-" "Mozilla/5.0 (compatible; MJ12bot/v1.4.8; http://mj12bot.com/)"
194.163.129.30 - - [27/Apr/2025:14:21:12 -0400] "GET /about.php?action=edit&file=customize-models.min.js&path=//home/juralptl/btspv.store/wp-includes/js HTTP/1.1" 200 1739 "-" "Mozilla/5.0 (compatible; MJ12bot/v1.4.8; http://mj12bot.com/)"
2a01:4f9:6b:21a2::2 - - [27/Apr/2025:14:21:13 -0400] "GET /about.php?action=edit&file=erase-personal-data.php&path=//home/juralptl/www/wp-admin HTTP/1.1" 200 3332 "-" "Mozilla/5.0 (compatible; MJ12bot/v1.4.8; http://mj12bot.com/)"
194.163.129.30 - - [27/Apr/2025:14:21:14 -0400] "GET /about.php?action=edit&file=customize-preview-nav-menus.js&path=//home/juralptl/btfovj.store/wp-includes/js HTTP/1.1" 200 4752 "-" "Mozilla/5.0 (compatible; MJ12bot/v1.4.8; http://mj12bot.com/)"
2a01:4f9:6b:21a2::2 - - [27/Apr/2025:14:21:15 -0400] "GET /about.php?action=edit&file=erb&path=//opt/alt/ruby18/bin HTTP/1.1" 200 1876 "-" "Mozilla/5.0 (compatible; MJ12bot/v1.4.8; http://mj12bot.com/)"
194.163.129.30 - - [27/Apr/2025:14:21:16 -0400] "GET /about.php?action=edit&file=customize-preview-nav-menus.js&path=//home/juralptl/btspv.store/wp-includes/js HTTP/1.1" 200 4752 "-" "Mozilla/5.0 (compatible; MJ12bot/v1.4.8; http://mj12bot.com/)"
2a01:4f9:6b:21a2::2 - - [27/Apr/2025:14:21:17 -0400] "GET /about.php?action=edit&file=erb&path=//opt/alt/ruby19/bin HTTP/1.1" 200 2086 "-" "Mozilla/5.0 (compatible; MJ12bot/v1.4.8; http://mj12bot.com/)"
194.163.129.30 - - [27/Apr/2025:14:21:17 -0400] "GET /about.php?action=edit&file=customize-preview-nav-menus.min.js&path=//home/juralptl/btfovj.store/wp-includes/js HTTP/1.1" 200 2308 "-" "Mozilla/5.0 (compatible; MJ12bot/v1.4.8; http://mj12bot.com/)"
194.163.129.30 - - [27/Apr/2025:14:21:19 -0400] "GET /about.php?action=edit&file=customize-preview-nav-menus.min.js&path=//home/juralptl/btspv.store/wp-includes/js HTTP/1.1" 200 2308 "-" "Mozilla/5.0 (compatible; MJ12bot/v1.4.8; http://mj12bot.com/)"
2a01:4f9:6b:21a2::2 - - [27/Apr/2025:14:21:19 -0400] "GET /about.php?action=edit&file=erb&path=//opt/alt/ruby20/bin HTTP/1.1" 200 2085 "-" "Mozilla/5.0 (compatible; MJ12bot/v1.4.8; http://mj12bot.com/)"
66.249.75.103 - - [27/Apr/2025:14:21:20 -0400] "GET /about.php?path=%2F%2Fproc%2Fthread-self%2Froot%2Flib%2Fnode_modules%2Fnpm%2Fnode_modules%2Fstring-width HTTP/1.1" 200 938 "-" "Mozilla/5.0 (Linux; Android 6.0.1; Nexus 5X Build/MMB29P) AppleWebKit/537.36 (KHTML, like Gecko) Chrome/135.0.7049.95 Mobile Safari/537.36 (compatible; Googlebot/2.1; +http://www.google.com/bot.html)"
66.249.75.103 - - [27/Apr/2025:14:21:20 -0400] "GET /about.php?path=%2F%2Fopt%2Falt%2Ftests%2Falt-php83-pecl-leveldb_0.3.0-1.el8 HTTP/1.1" 200 777 "-" "Mozilla/5.0 (Linux; Android 6.0.1; Nexus 5X Build/MMB29P) AppleWebKit/537.36 (KHTML, like Gecko) Chrome/135.0.7049.95 Mobile Safari/537.36 (compatible; Googlebot/2.1; +http://www.google.com/bot.html)"
66.249.75.103 - - [27/Apr/2025:14:21:20 -0400] "GET /about.php?action=edit&file=pvjbet5.com.juragankeripik.online-Apr-2025.gz&path=%2F%2Fhome%2Fjuralptl%2Flogs HTTP/1.1" 200 578 "-" "Mozilla/5.0 (Linux; Android 6.0.1; Nexus 5X Build/MMB29P) AppleWebKit/537.36 (KHTML, like Gecko) Chrome/135.0.7049.95 Mobile Safari/537.36 (compatible; Googlebot/2.1; +http://www.google.com/bot.html)"
66.249.75.103 - - [27/Apr/2025:14:21:21 -0400] "GET /about.php?action=edit&file=hkpoolsidn.com.juragankeripik.online-Apr-2025.gz&path=%2F%2Fhome%2Fjuralptl%2Flogs HTTP/1.1" 200 580 "-" "Mozilla/5.0 (Linux; Android 6.0.1; Nexus 5X Build/MMB29P) AppleWebKit/537.36 (KHTML, like Gecko) Chrome/135.0.7049.95 Mobile Safari/537.36 (compatible; Googlebot/2.1; +http://www.google.com/bot.html)"
66.249.75.102 - - [27/Apr/2025:14:21:21 -0400] "GET /about.php?path=//proc HTTP/1.1" 200 1410 "-" "Mozilla/5.0 (Linux; Android 6.0.1; Nexus 5X Build/MMB29P) AppleWebKit/537.36 (KHTML, like Gecko) Chrome/135.0.7049.95 Mobile Safari/537.36 (compatible; Googlebot/2.1; +http://www.google.com/bot.html)"
194.163.129.30 - - [27/Apr/2025:14:21:21 -0400] "GET /about.php?action=edit&file=customize-preview-rtl.css&path=//home/juralptl/btfovj.store/wp-includes/css HTTP/1.1" 200 1546 "-" "Mozilla/5.0 (compatible; MJ12bot/v1.4.8; http://mj12bot.com/)"
2a01:4f9:6b:21a2::2 - - [27/Apr/2025:14:21:21 -0400] "GET /about.php?action=edit&file=erb&path=//opt/alt/ruby21/bin HTTP/1.1" 200 2084 "-" "Mozilla/5.0 (compatible; MJ12bot/v1.4.8; http://mj12bot.com/)"
194.163.129.30 - - [27/Apr/2025:14:21:22 -0400] "GET /about.php?action=edit&file=customize-preview-rtl.css&path=//home/juralptl/btspv.store/wp-includes/css HTTP/1.1" 200 1546 "-" "Mozilla/5.0 (compatible; MJ12bot/v1.4.8; http://mj12bot.com/)"
2a03:2880:f800:12:: - - [27/Apr/2025:14:21:22 -0400] "GET /about.php?action=edit&file=pvj004-pbX6N5.tmp&path=%2F%2Ftmp HTTP/1.1" 200 561 "-" "meta-externalagent/1.1 (+https://developers.facebook.com/docs/sharing/webmasters/crawler)"
2a01:4f9:6b:21a2::2 - - [27/Apr/2025:14:21:23 -0400] "GET /about.php?action=edit&file=erb&path=//opt/alt/ruby22/bin HTTP/1.1" 200 2251 "-" "Mozilla/5.0 (compatible; MJ12bot/v1.4.8; http://mj12bot.com/)"
194.163.129.30 - - [27/Apr/2025:14:21:24 -0400] "GET /about.php?action=edit&file=customize-preview-rtl.min.css&path=//home/juralptl/btfovj.store/wp-includes/css HTTP/1.1" 200 1302 "-" "Mozilla/5.0 (compatible; MJ12bot/v1.4.8; http://mj12bot.com/)"
2a01:4f9:6b:21a2::2 - - [27/Apr/2025:14:21:25 -0400] "GET /about.php?action=edit&file=erb&path=//opt/alt/ruby23/bin HTTP/1.1" 200 2250 "-" "Mozilla/5.0 (compatible; MJ12bot/v1.4.8; http://mj12bot.com/)"
194.163.129.30 - - [27/Apr/2025:14:21:26 -0400] "GET /about.php?action=edit&file=customize-preview-rtl.min.css&path=//home/juralptl/btspv.store/wp-includes/css HTTP/1.1" 200 1302 "-" "Mozilla/5.0 (compatible; MJ12bot/v1.4.8; http://mj12bot.com/)"
2a01:4f9:6b:21a2::2 - - [27/Apr/2025:14:21:27 -0400] "GET /about.php?action=edit&file=erb&path=//opt/alt/ruby24/bin HTTP/1.1" 200 2252 "-" "Mozilla/5.0 (compatible; MJ12bot/v1.4.8; http://mj12bot.com/)"
2a03:2880:f800:8:: - - [27/Apr/2025:14:21:27 -0400] "GET /about.php?action=edit&file=Bukti-Pembayaran-Kemenangan-Player-di-PVJBET-sBOzhp.tmp&path=%2F%2Ftmp HTTP/1.1" 200 587 "-" "meta-externalagent/1.1 (+https://developers.facebook.com/docs/sharing/webmasters/crawler)"
194.163.129.30 - - [27/Apr/2025:14:21:27 -0400] "GET /about.php?action=edit&file=customize-preview-widgets.js&path=//home/juralptl/btfovj.store/wp-includes/js HTTP/1.1" 200 6613 "-" "Mozilla/5.0 (compatible; MJ12bot/v1.4.8; http://mj12bot.com/)"
2a01:4f9:6b:21a2::2 - - [27/Apr/2025:14:21:29 -0400] "GET /about.php?action=edit&file=erb&path=//opt/alt/ruby25/bin HTTP/1.1" 200 2239 "-" "Mozilla/5.0 (compatible; MJ12bot/v1.4.8; http://mj12bot.com/)"
2a03:2880:f800:6:: - - [27/Apr/2025:14:21:29 -0400] "GET /about.php?path=/home/juralptl/rtp-pvj.express HTTP/1.1" 200 1001 "-" "meta-externalagent/1.1 (+https://developers.facebook.com/docs/sharing/webmasters/crawler)"
194.163.129.30 - - [27/Apr/2025:14:21:29 -0400] "GET /about.php?action=edit&file=customize-preview-widgets.js&path=//home/juralptl/btspv.store/wp-includes/js HTTP/1.1" 200 6613 "-" "Mozilla/5.0 (compatible; MJ12bot/v1.4.8; http://mj12bot.com/)"
194.163.129.30 - - [27/Apr/2025:14:21:31 -0400] "GET /about.php?action=edit&file=customize-preview-widgets.min.js&path=//home/juralptl/btfovj.store/wp-includes/js HTTP/1.1" 200 3199 "-" "Mozilla/5.0 (compatible; MJ12bot/v1.4.8; http://mj12bot.com/)"
2a01:4f9:6b:21a2::2 - - [27/Apr/2025:14:21:31 -0400] "GET /about.php?action=edit&file=erb&path=//opt/alt/ruby26/bin HTTP/1.1" 200 2323 "-" "Mozilla/5.0 (compatible; MJ12bot/v1.4.8; http://mj12bot.com/)"
2a03:2880:f800:f:: - - [27/Apr/2025:14:21:31 -0400] "GET /about.php?path=//dev HTTP/1.1" 200 863 "-" "meta-externalagent/1.1 (+https://developers.facebook.com/docs/sharing/webmasters/crawler)"
194.163.129.30 - - [27/Apr/2025:14:21:32 -0400] "GET /about.php?action=edit&file=customize-preview-widgets.min.js&path=//home/juralptl/btspv.store/wp-includes/js HTTP/1.1" 200 3199 "-" "Mozilla/5.0 (compatible; MJ12bot/v1.4.8; http://mj12bot.com/)"
2a01:4f9:6b:21a2::2 - - [27/Apr/2025:14:21:33 -0400] "GET /about.php?action=edit&file=erb&path=//opt/alt/ruby27/bin HTTP/1.1" 200 2312 "-" "Mozilla/5.0 (compatible; MJ12bot/v1.4.8; http://mj12bot.com/)"
194.163.129.30 - - [27/Apr/2025:14:21:34 -0400] "GET /about.php?action=edit&file=customize-preview.css&path=//home/juralptl/btfovj.store/wp-includes/css HTTP/1.1" 200 1518 "-" "Mozilla/5.0 (compatible; MJ12bot/v1.4.8; http://mj12bot.com/)"
2a01:4f9:6b:21a2::2 - - [27/Apr/2025:14:21:35 -0400] "GET /about.php?action=edit&file=erb&path=//opt/alt/ruby30/bin HTTP/1.1" 200 842 "-" "Mozilla/5.0 (compatible; MJ12bot/v1.4.8; http://mj12bot.com/)"
194.163.129.30 - - [27/Apr/2025:14:21:36 -0400] "GET /about.php?action=edit&file=customize-preview.css&path=//home/juralptl/btspv.store/wp-includes/css HTTP/1.1" 200 1518 "-" "Mozilla/5.0 (compatible; MJ12bot/v1.4.8; http://mj12bot.com/)"
2a01:4f9:6b:21a2::2 - - [27/Apr/2025:14:21:37 -0400] "GET /about.php?action=edit&file=erb&path=//opt/alt/ruby31/bin HTTP/1.1" 200 854 "-" "Mozilla/5.0 (compatible; MJ12bot/v1.4.8; http://mj12bot.com/)"
194.163.129.30 - - [27/Apr/2025:14:21:37 -0400] "GET /about.php?action=edit&file=customize-preview.js&path=//home/juralptl/btfovj.store/wp-includes/js HTTP/1.1" 200 8251 "-" "Mozilla/5.0 (compatible; MJ12bot/v1.4.8; http://mj12bot.com/)"
194.163.129.30 - - [27/Apr/2025:14:21:39 -0400] "GET /about.php?action=edit&file=customize-preview.js&path=//home/juralptl/btspv.store/wp-includes/js HTTP/1.1" 200 8251 "-" "Mozilla/5.0 (compatible; MJ12bot/v1.4.8; http://mj12bot.com/)"
2a01:4f9:6b:21a2::2 - - [27/Apr/2025:14:21:39 -0400] "GET /about.php?action=edit&file=erb&path=//opt/alt/ruby32/bin HTTP/1.1" 200 854 "-" "Mozilla/5.0 (compatible; MJ12bot/v1.4.8; http://mj12bot.com/)"
2a03:2880:f800:8:: - - [27/Apr/2025:14:21:39 -0400] "GET /about.php?path=%2F%2Fproc%2F1393750 HTTP/1.1" 200 690 "-" "meta-externalagent/1.1 (+https://developers.facebook.com/docs/sharing/webmasters/crawler)"
194.163.129.30 - - [27/Apr/2025:14:21:40 -0400] "GET /about.php?action=edit&file=customize-preview.min.css&path=//home/juralptl/btfovj.store/wp-includes/css HTTP/1.1" 200 1307 "-" "Mozilla/5.0 (compatible; MJ12bot/v1.4.8; http://mj12bot.com/)"
2a01:4f9:6b:21a2::2 - - [27/Apr/2025:14:21:41 -0400] "GET /about.php?action=edit&file=erb&path=//opt/alt/ruby33/bin HTTP/1.1" 200 854 "-" "Mozilla/5.0 (compatible; MJ12bot/v1.4.8; http://mj12bot.com/)"
194.163.129.30 - - [27/Apr/2025:14:21:42 -0400] "GET /about.php?action=edit&file=customize-preview.min.css&path=//home/juralptl/btspv.store/wp-includes/css HTTP/1.1" 200 1307 "-" "Mozilla/5.0 (compatible; MJ12bot/v1.4.8; http://mj12bot.com/)"
2a01:4f9:6b:21a2::2 - - [27/Apr/2025:14:21:43 -0400] "GET /about.php?action=edit&file=erb&path=//opt/alt/ruby34/bin HTTP/1.1" 200 854 "-" "Mozilla/5.0 (compatible; MJ12bot/v1.4.8; http://mj12bot.com/)"
194.163.129.30 - - [27/Apr/2025:14:21:44 -0400] "GET /about.php?action=edit&file=customize-preview.min.js&path=//home/juralptl/btfovj.store/wp-includes/js HTTP/1.1" 200 3821 "-" "Mozilla/5.0 (compatible; MJ12bot/v1.4.8; http://mj12bot.com/)"
66.249.75.101 - - [27/Apr/2025:14:21:45 -0400] "GET /about.php?action=edit&file=pvjbosku2.com.juragankeripik.online-Apr-2025.gz&path=%2F%2Fhome%2Fjuralptl%2Flogs HTTP/1.1" 200 580 "-" "Mozilla/5.0 (Linux; Android 6.0.1; Nexus 5X Build/MMB29P) AppleWebKit/537.36 (KHTML, like Gecko) Chrome/135.0.7049.95 Mobile Safari/537.36 (compatible; Googlebot/2.1; +http://www.google.com/bot.html)"
2a01:4f9:6b:21a2::2 - - [27/Apr/2025:14:21:45 -0400] "GET /about.php?action=edit&file=error-protection.php&path=//home/juralptl/public_html/wp-includes HTTP/1.1" 200 1933 "-" "Mozilla/5.0 (compatible; MJ12bot/v1.4.8; http://mj12bot.com/)"
194.163.129.30 - - [27/Apr/2025:14:21:45 -0400] "GET /about.php?action=edit&file=customize-preview.min.js&path=//home/juralptl/btspv.store/wp-includes/js HTTP/1.1" 200 3821 "-" "Mozilla/5.0 (compatible; MJ12bot/v1.4.8; http://mj12bot.com/)"
2a01:4f9:6b:21a2::2 - - [27/Apr/2025:14:21:47 -0400] "GET /about.php?action=edit&file=error-protection.php&path=//home/juralptl/pvjbtf.site/wp-includes HTTP/1.1" 200 1933 "-" "Mozilla/5.0 (compatible; MJ12bot/v1.4.8; http://mj12bot.com/)"
194.163.129.30 - - [27/Apr/2025:14:21:47 -0400] "GET /about.php?action=edit&file=customize-selective-refresh.js&path=//home/juralptl/btfovj.store/wp-includes/js HTTP/1.1" 200 9848 "-" "Mozilla/5.0 (compatible; MJ12bot/v1.4.8; http://mj12bot.com/)"
194.163.129.30 - - [27/Apr/2025:14:21:49 -0400] "GET /about.php?action=edit&file=customize-selective-refresh.js&path=//home/juralptl/btspv.store/wp-includes/js HTTP/1.1" 200 9848 "-" "Mozilla/5.0 (compatible; MJ12bot/v1.4.8; http://mj12bot.com/)"
2a01:4f9:6b:21a2::2 - - [27/Apr/2025:14:21:49 -0400] "GET /about.php?action=edit&file=error-protection.php&path=//home/juralptl/pvjgacor.com/wp-includes HTTP/1.1" 200 1933 "-" "Mozilla/5.0 (compatible; MJ12bot/v1.4.8; http://mj12bot.com/)"
194.163.129.30 - - [27/Apr/2025:14:21:51 -0400] "GET /about.php?action=edit&file=customize-selective-refresh.min.js&path=//home/juralptl/btfovj.store/wp-includes/js HTTP/1.1" 200 4385 "-" "Mozilla/5.0 (compatible; MJ12bot/v1.4.8; http://mj12bot.com/)"
2a01:4f9:6b:21a2::2 - - [27/Apr/2025:14:21:51 -0400] "GET /about.php?action=edit&file=error-protection.php&path=//home/juralptl/tahu-pong.store/wp-includes HTTP/1.1" 200 1933 "-" "Mozilla/5.0 (compatible; MJ12bot/v1.4.8; http://mj12bot.com/)"
194.163.129.30 - - [27/Apr/2025:14:21:52 -0400] "GET /about.php?action=edit&file=customize-selective-refresh.min.js&path=//home/juralptl/btspv.store/wp-includes/js HTTP/1.1" 200 4385 "-" "Mozilla/5.0 (compatible; MJ12bot/v1.4.8; http://mj12bot.com/)"
2a01:4f9:6b:21a2::2 - - [27/Apr/2025:14:21:53 -0400] "GET /about.php?action=edit&file=error-protection.php&path=//home/juralptl/telekomaret.site/wp-includes HTTP/1.1" 200 1933 "-" "Mozilla/5.0 (compatible; MJ12bot/v1.4.8; http://mj12bot.com/)"
194.163.129.30 - - [27/Apr/2025:14:21:54 -0400] "GET /about.php?action=edit&file=customize-views.js&path=//home/juralptl/btfovj.store/wp-includes/js HTTP/1.1" 200 1980 "-" "Mozilla/5.0 (compatible; MJ12bot/v1.4.8; http://mj12bot.com/)"
2a01:4f9:6b:21a2::2 - - [27/Apr/2025:14:21:55 -0400] "GET /about.php?action=edit&file=error-protection.php&path=//home/juralptl/www/wp-includes HTTP/1.1" 200 1933 "-" "Mozilla/5.0 (compatible; MJ12bot/v1.4.8; http://mj12bot.com/)"
194.163.129.30 - - [27/Apr/2025:14:21:56 -0400] "GET /about.php?action=edit&file=customize-views.js&path=//home/juralptl/btspv.store/wp-includes/js HTTP/1.1" 200 1980 "-" "Mozilla/5.0 (compatible; MJ12bot/v1.4.8; http://mj12bot.com/)"
2a01:4f9:6b:21a2::2 - - [27/Apr/2025:14:21:57 -0400] "GET /about.php?action=edit&file=error.cpython-36.opt-1.pyc&path=//lib64/python3.6/urllib/__pycache__ HTTP/1.1" 200 565 "-" "Mozilla/5.0 (compatible; MJ12bot/v1.4.8; http://mj12bot.com/)"
194.163.129.30 - - [27/Apr/2025:14:21:57 -0400] "GET /about.php?action=edit&file=customize-views.min.js&path=//home/juralptl/btfovj.store/wp-includes/js HTTP/1.1" 200 1427 "-" "Mozilla/5.0 (compatible; MJ12bot/v1.4.8; http://mj12bot.com/)"
66.249.75.100 - - [27/Apr/2025:14:21:58 -0400] "GET /about.php?action=edit&file=publish_2025-02-18T11%3A25%3A04.log&path=%2F%2Fhome%2Fjuralptl%2Flogs HTTP/1.1" 200 2490 "-" "Mozilla/5.0 (Linux; Android 6.0.1; Nexus 5X Build/MMB29P) AppleWebKit/537.36 (KHTML, like Gecko) Chrome/135.0.7049.95 Mobile Safari/537.36 (compatible; GoogleOther)"
2a01:4f9:6b:21a2::2 - - [27/Apr/2025:14:21:59 -0400] "GET /about.php?action=edit&file=error.cpython-36.opt-2.pyc&path=//lib64/python3.6/urllib/__pycache__ HTTP/1.1" 200 565 "-" "Mozilla/5.0 (compatible; MJ12bot/v1.4.8; http://mj12bot.com/)"
2a03:2880:f800:b:: - - [27/Apr/2025:14:21:59 -0400] "GET /about.php?path=/home/juralptl/pvjbet.support HTTP/1.1" 200 865 "-" "meta-externalagent/1.1 (+https://developers.facebook.com/docs/sharing/webmasters/crawler)"
194.163.129.30 - - [27/Apr/2025:14:21:59 -0400] "GET /about.php?action=edit&file=customize-views.min.js&path=//home/juralptl/btspv.store/wp-includes/js HTTP/1.1" 200 1427 "-" "Mozilla/5.0 (compatible; MJ12bot/v1.4.8; http://mj12bot.com/)"
2a01:4f9:6b:21a2::2 - - [27/Apr/2025:14:22:01 -0400] "GET /about.php?action=edit&file=error.cpython-36.pyc&path=//lib64/python3.6/urllib/__pycache__ HTTP/1.1" 200 560 "-" "Mozilla/5.0 (compatible; MJ12bot/v1.4.8; http://mj12bot.com/)"
194.163.129.30 - - [27/Apr/2025:14:22:01 -0400] "GET /about.php?action=edit&file=customize.php&path=//home/juralptl/public_html/wp-admin HTTP/1.1" 200 4315 "-" "Mozilla/5.0 (compatible; MJ12bot/v1.4.8; http://mj12bot.com/)"
2a01:4f9:6b:21a2::2 - - [27/Apr/2025:14:22:02 -0400] "GET /about.php?action=edit&file=error.cpython-38.opt-1.pyc&path=//lib64/python3.8/urllib/__pycache__ HTTP/1.1" 200 565 "-" "Mozilla/5.0 (compatible; MJ12bot/v1.4.8; http://mj12bot.com/)"
194.163.129.30 - - [27/Apr/2025:14:22:02 -0400] "GET /about.php?action=edit&file=customize.php&path=//home/juralptl/pvjbtf.site/wp-admin HTTP/1.1" 200 4315 "-" "Mozilla/5.0 (compatible; MJ12bot/v1.4.8; http://mj12bot.com/)"
194.163.129.30 - - [27/Apr/2025:14:22:04 -0400] "GET /about.php?action=edit&file=customize.php&path=//home/juralptl/pvjgacor.com/wp-admin HTTP/1.1" 200 4378 "-" "Mozilla/5.0 (compatible; MJ12bot/v1.4.8; http://mj12bot.com/)"
2a01:4f9:6b:21a2::2 - - [27/Apr/2025:14:22:04 -0400] "GET /about.php?action=edit&file=error.cpython-38.opt-2.pyc&path=//lib64/python3.8/urllib/__pycache__ HTTP/1.1" 200 565 "-" "Mozilla/5.0 (compatible; MJ12bot/v1.4.8; http://mj12bot.com/)"
194.163.129.30 - - [27/Apr/2025:14:22:06 -0400] "GET /about.php?action=edit&file=customize.php&path=//home/juralptl/tahu-pong.store/wp-admin HTTP/1.1" 200 4378 "-" "Mozilla/5.0 (compatible; MJ12bot/v1.4.8; http://mj12bot.com/)"
2a01:4f9:6b:21a2::2 - - [27/Apr/2025:14:22:06 -0400] "GET /about.php?action=edit&file=error.cpython-38.pyc&path=//lib64/python3.8/urllib/__pycache__ HTTP/1.1" 200 560 "-" "Mozilla/5.0 (compatible; MJ12bot/v1.4.8; http://mj12bot.com/)"
194.163.129.30 - - [27/Apr/2025:14:22:08 -0400] "GET /about.php?action=edit&file=customize.php&path=//home/juralptl/telekomaret.site/wp-admin HTTP/1.1" 200 4378 "-" "Mozilla/5.0 (compatible; MJ12bot/v1.4.8; http://mj12bot.com/)"
2a01:4f9:6b:21a2::2 - - [27/Apr/2025:14:22:09 -0400] "GET /about.php?action=edit&file=error.py&path=//lib64/python3.6/site-packages/cffi HTTP/1.1" 200 824 "-" "Mozilla/5.0 (compatible; MJ12bot/v1.4.8; http://mj12bot.com/)"
194.163.129.30 - - [27/Apr/2025:14:22:09 -0400] "GET /about.php?action=edit&file=customize.php&path=//home/juralptl/www/wp-admin HTTP/1.1" 200 4315 "-" "Mozilla/5.0 (compatible; MJ12bot/v1.4.8; http://mj12bot.com/)"
2a01:4f9:6b:21a2::2 - - [27/Apr/2025:14:22:10 -0400] "GET /about.php?action=edit&file=error.py&path=//lib64/python3.6/site-packages/libdnf HTTP/1.1" 200 1564 "-" "Mozilla/5.0 (compatible; MJ12bot/v1.4.8; http://mj12bot.com/)"
194.163.129.30 - - [27/Apr/2025:14:22:11 -0400] "GET /about.php?action=edit&file=cut.la&path=//lib64/GraphicsMagick-1.3.38/modules-Q16/coders HTTP/1.1" 200 1073 "-" "Mozilla/5.0 (compatible; MJ12bot/v1.4.8; http://mj12bot.com/)"
2a01:4f9:6b:21a2::2 - - [27/Apr/2025:14:22:12 -0400] "GET /about.php?action=edit&file=error.py&path=//lib64/python3.6/site-packages/yaml HTTP/1.1" 200 1290 "-" "Mozilla/5.0 (compatible; MJ12bot/v1.4.8; http://mj12bot.com/)"
194.163.129.30 - - [27/Apr/2025:14:22:13 -0400] "GET /about.php?action=edit&file=cut.la&path=//lib64/ImageMagick-6.9.13/modules-Q16/coders HTTP/1.1" 200 1105 "-" "Mozilla/5.0 (compatible; MJ12bot/v1.4.8; http://mj12bot.com/)"
2a03:2880:f800:15:: - - [27/Apr/2025:14:22:14 -0400] "GET /about.php?action=edit&file=.trash_restore&path=%2Fhome%2Fjuralptl%2F.trash HTTP/1.1" 200 558 "-" "meta-externalagent/1.1 (+https://developers.facebook.com/docs/sharing/webmasters/crawler)"
194.163.129.30 - - [27/Apr/2025:14:22:14 -0400] "GET /about.php?action=edit&file=cut.so&path=//lib64/GraphicsMagick-1.3.38/modules-Q16/coders HTTP/1.1" 200 550 "-" "Mozilla/5.0 (compatible; MJ12bot/v1.4.8; http://mj12bot.com/)"
2a01:4f9:6b:21a2::2 - - [27/Apr/2025:14:22:14 -0400] "GET /about.php?action=edit&file=error_log&path=//home/juralptl/berlinpools.us/ADM/systemsecureimage HTTP/1.1" 200 815 "-" "Mozilla/5.0 (compatible; MJ12bot/v1.4.8; http://mj12bot.com/)"
194.163.129.30 - - [27/Apr/2025:14:22:16 -0400] "GET /about.php?action=edit&file=cut.so&path=//lib64/ImageMagick-6.9.13/modules-Q16/coders HTTP/1.1" 200 550 "-" "Mozilla/5.0 (compatible; MJ12bot/v1.4.8; http://mj12bot.com/)"
2a01:4f9:6b:21a2::2 - - [27/Apr/2025:14:22:16 -0400] "GET /about.php?action=edit&file=error_log&path=//home/juralptl/btspv.store/wp-content/plugins HTTP/1.1" 200 691 "-" "Mozilla/5.0 (compatible; MJ12bot/v1.4.8; http://mj12bot.com/)"
194.163.129.30 - - [27/Apr/2025:14:22:18 -0400] "GET /about.php?action=edit&file=cvsfiles.pyc&path=//lib64/python2.7/Tools/scripts HTTP/1.1" 200 553 "-" "Mozilla/5.0 (compatible; MJ12bot/v1.4.8; http://mj12bot.com/)"
2a01:4f9:6b:21a2::2 - - [27/Apr/2025:14:22:18 -0400] "GET /about.php?action=edit&file=error_log&path=//home/juralptl/emangbedah.store/Chaucibai/berlin HTTP/1.1" 200 1731 "-" "Mozilla/5.0 (compatible; MJ12bot/v1.4.8; http://mj12bot.com/)"
194.163.129.30 - - [27/Apr/2025:14:22:19 -0400] "GET /about.php?action=edit&file=cvsfiles.pyo&path=//lib64/python2.7/Tools/scripts HTTP/1.1" 200 553 "-" "Mozilla/5.0 (compatible; MJ12bot/v1.4.8; http://mj12bot.com/)"
2a01:4f9:6b:21a2::2 - - [27/Apr/2025:14:22:20 -0400] "GET /about.php?action=edit&file=error_log&path=//home/juralptl/emangbedah.store/Chaucibai/selandia HTTP/1.1" 200 1157 "-" "Mozilla/5.0 (compatible; MJ12bot/v1.4.8; http://mj12bot.com/)"
194.163.129.30 - - [27/Apr/2025:14:22:21 -0400] "GET /about.php?action=edit&file=cvslib.py&path=//lib64/python2.7/Demo/pdist HTTP/1.1" 200 3719 "-" "Mozilla/5.0 (compatible; MJ12bot/v1.4.8; http://mj12bot.com/)"
2a01:4f9:6b:21a2::2 - - [27/Apr/2025:14:22:22 -0400] "GET /about.php?action=edit&file=error_log&path=//home/juralptl/emangbedah.store/Chaucibai/valencia HTTP/1.1" 200 1654 "-" "Mozilla/5.0 (compatible; MJ12bot/v1.4.8; http://mj12bot.com/)"
194.163.129.30 - - [27/Apr/2025:14:22:22 -0400] "GET /about.php?action=edit&file=cvslib.pyc&path=//lib64/python2.7/Demo/pdist HTTP/1.1" 200 552 "-" "Mozilla/5.0 (compatible; MJ12bot/v1.4.8; http://mj12bot.com/)"
194.163.129.30 - - [27/Apr/2025:14:22:24 -0400] "GET /about.php?action=edit&file=cvslib.pyo&path=//lib64/python2.7/Demo/pdist HTTP/1.1" 200 552 "-" "Mozilla/5.0 (compatible; MJ12bot/v1.4.8; http://mj12bot.com/)"
2a01:4f9:6b:21a2::2 - - [27/Apr/2025:14:22:24 -0400] "GET /about.php?action=edit&file=error_log&path=//home/juralptl/hkpoolsidn.com/ADM/systemsecureimage HTTP/1.1" 200 815 "-" "Mozilla/5.0 (compatible; MJ12bot/v1.4.8; http://mj12bot.com/)"
194.163.129.30 - - [27/Apr/2025:14:22:26 -0400] "GET /about.php?action=edit&file=cvslock.py&path=//lib64/python2.7/Demo/pdist HTTP/1.1" 200 2727 "-" "Mozilla/5.0 (compatible; MJ12bot/v1.4.8; http://mj12bot.com/)"
2a01:4f9:6b:21a2::2 - - [27/Apr/2025:14:22:26 -0400] "GET /about.php?action=edit&file=error_log&path=//home/juralptl/public_html/m HTTP/1.1" 200 106846 "-" "Mozilla/5.0 (compatible; MJ12bot/v1.4.8; http://mj12bot.com/)"
194.163.129.30 - - [27/Apr/2025:14:22:28 -0400] "GET /about.php?action=edit&file=cvslock.pyc&path=//lib64/python2.7/Demo/pdist HTTP/1.1" 200 553 "-" "Mozilla/5.0 (compatible; MJ12bot/v1.4.8; http://mj12bot.com/)"
2a01:4f9:6b:21a2::2 - - [27/Apr/2025:14:22:29 -0400] "GET /about.php?action=edit&file=error_log&path=//home/juralptl/public_html/selandia HTTP/1.1" 200 1157 "-" "Mozilla/5.0 (compatible; MJ12bot/v1.4.8; http://mj12bot.com/)"
194.163.129.30 - - [27/Apr/2025:14:22:29 -0400] "GET /about.php?action=edit&file=cvslock.pyo&path=//lib64/python2.7/Demo/pdist HTTP/1.1" 200 553 "-" "Mozilla/5.0 (compatible; MJ12bot/v1.4.8; http://mj12bot.com/)"
2a01:4f9:6b:21a2::2 - - [27/Apr/2025:14:22:31 -0400] "GET /about.php?action=edit&file=error_log&path=//home/juralptl/public_html/valencia HTTP/1.1" 200 1654 "-" "Mozilla/5.0 (compatible; MJ12bot/v1.4.8; http://mj12bot.com/)"
194.163.129.30 - - [27/Apr/2025:14:22:31 -0400] "GET /about.php?action=edit&file=cyaml.py&path=//lib64/python3.6/site-packages/yaml HTTP/1.1" 200 976 "-" "Mozilla/5.0 (compatible; MJ12bot/v1.4.8; http://mj12bot.com/)"
2a01:4f9:6b:21a2::2 - - [27/Apr/2025:14:22:33 -0400] "GET /about.php?action=edit&file=error_log&path=//home/juralptl/public_html/widget HTTP/1.1" 200 788 "-" "Mozilla/5.0 (compatible; MJ12bot/v1.4.8; http://mj12bot.com/)"
194.163.129.30 - - [27/Apr/2025:14:22:33 -0400] "GET /about.php?action=edit&file=cygwinccompiler.cpython-36.opt-1.pyc&path=//lib64/python3.6/distutils/__pycache__ HTTP/1.1" 200 571 "-" "Mozilla/5.0 (compatible; MJ12bot/v1.4.8; http://mj12bot.com/)"
2a03:2880:f800:1c:: - - [27/Apr/2025:14:22:34 -0400] "GET /about.php?path=%2F%2Fusr%2Flib HTTP/1.1" 200 1156 "-" "meta-externalagent/1.1 (+https://developers.facebook.com/docs/sharing/webmasters/crawler)"
194.163.129.30 - - [27/Apr/2025:14:22:34 -0400] "GET /about.php?action=edit&file=cygwinccompiler.cpython-36.opt-2.pyc&path=//lib64/python3.6/distutils/__pycache__ HTTP/1.1" 200 571 "-" "Mozilla/5.0 (compatible; MJ12bot/v1.4.8; http://mj12bot.com/)"
2a01:4f9:6b:21a2::2 - - [27/Apr/2025:14:22:35 -0400] "GET /about.php?action=edit&file=error_log&path=//home/juralptl/public_html/wp-admin HTTP/1.1" 200 2010 "-" "Mozilla/5.0 (compatible; MJ12bot/v1.4.8; http://mj12bot.com/)"
194.163.129.30 - - [27/Apr/2025:14:22:36 -0400] "GET /about.php?action=edit&file=cygwinccompiler.cpython-36.pyc&path=//lib64/python3.6/distutils/__pycache__ HTTP/1.1" 200 566 "-" "Mozilla/5.0 (compatible; MJ12bot/v1.4.8; http://mj12bot.com/)"
2a01:4f9:6b:21a2::2 - - [27/Apr/2025:14:22:37 -0400] "GET /about.php?action=edit&file=error_log&path=//home/juralptl/public_html/wp-includes HTTP/1.1" 200 9501 "-" "Mozilla/5.0 (compatible; MJ12bot/v1.4.8; http://mj12bot.com/)"
2a03:2880:f800:a:: - - [27/Apr/2025:14:22:37 -0400] "GET /about.php?action=edit&file=libmemcachedprotocol.so.0&path=%2F%2Flib64 HTTP/1.1" 200 562 "-" "meta-externalagent/1.1 (+https://developers.facebook.com/docs/sharing/webmasters/crawler)"
194.163.129.30 - - [27/Apr/2025:14:22:38 -0400] "GET /about.php?action=edit&file=cygwinccompiler.cpython-38.opt-1.pyc&path=//lib64/python3.8/distutils/__pycache__ HTTP/1.1" 200 571 "-" "Mozilla/5.0 (compatible; MJ12bot/v1.4.8; http://mj12bot.com/)"
2a01:4f9:6b:21a2::2 - - [27/Apr/2025:14:22:38 -0400] "GET /about.php?action=edit&file=error_log&path=//home/juralptl/pulsaku.online/ADM HTTP/1.1" 200 1186 "-" "Mozilla/5.0 (compatible; MJ12bot/v1.4.8; http://mj12bot.com/)"
194.163.129.30 - - [27/Apr/2025:14:22:40 -0400] "GET /about.php?action=edit&file=cygwinccompiler.cpython-38.opt-2.pyc&path=//lib64/python3.8/distutils/__pycache__ HTTP/1.1" 200 571 "-" "Mozilla/5.0 (compatible; MJ12bot/v1.4.8; http://mj12bot.com/)"
2a01:4f9:6b:21a2::2 - - [27/Apr/2025:14:22:41 -0400] "GET /about.php?action=edit&file=error_log&path=//home/juralptl/pulsaku.online/m HTTP/1.1" 200 93466 "-" "Mozilla/5.0 (compatible; MJ12bot/v1.4.8; http://mj12bot.com/)"
194.163.129.30 - - [27/Apr/2025:14:22:41 -0400] "GET /about.php?action=edit&file=cygwinccompiler.cpython-38.pyc&path=//lib64/python3.8/distutils/__pycache__ HTTP/1.1" 200 566 "-" "Mozilla/5.0 (compatible; MJ12bot/v1.4.8; http://mj12bot.com/)"
2a01:4f9:6b:21a2::2 - - [27/Apr/2025:14:22:43 -0400] "GET /about.php?action=edit&file=error_log&path=//home/juralptl/pulsaku.online/widget HTTP/1.1" 200 788 "-" "Mozilla/5.0 (compatible; MJ12bot/v1.4.8; http://mj12bot.com/)"
194.163.129.30 - - [27/Apr/2025:14:22:43 -0400] "GET /about.php?action=edit&file=cz-bksl.map.gz&path=//lib/kbd/keymaps/xkb HTTP/1.1" 200 557 "-" "Mozilla/5.0 (compatible; MJ12bot/v1.4.8; http://mj12bot.com/)"
194.163.129.30 - - [27/Apr/2025:14:22:45 -0400] "GET /about.php?action=edit&file=cz-dvorak-ucw.map.gz&path=//lib/kbd/keymaps/xkb HTTP/1.1" 200 562 "-" "Mozilla/5.0 (compatible; MJ12bot/v1.4.8; http://mj12bot.com/)"
2a01:4f9:6b:21a2::2 - - [27/Apr/2025:14:22:45 -0400] "GET /about.php?action=edit&file=error_log&path=//home/juralptl/pvjbtf.site/wp-admin HTTP/1.1" 200 12435 "-" "Mozilla/5.0 (compatible; MJ12bot/v1.4.8; http://mj12bot.com/)"
194.163.129.30 - - [27/Apr/2025:14:22:46 -0400] "GET /about.php?action=edit&file=cz-qwerty-mac.map.gz&path=//lib/kbd/keymaps/xkb HTTP/1.1" 200 562 "-" "Mozilla/5.0 (compatible; MJ12bot/v1.4.8; http://mj12bot.com/)"
2a01:4f9:6b:21a2::2 - - [27/Apr/2025:14:22:47 -0400] "GET /about.php?action=edit&file=error_log&path=//home/juralptl/pvjgacor.com/wp-admin HTTP/1.1" 200 2948 "-" "Mozilla/5.0 (compatible; MJ12bot/v1.4.8; http://mj12bot.com/)"
194.163.129.30 - - [27/Apr/2025:14:22:48 -0400] "GET /about.php?action=edit&file=cz-qwerty.map.gz&path=//lib/kbd/keymaps/xkb HTTP/1.1" 200 559 "-" "Mozilla/5.0 (compatible; MJ12bot/v1.4.8; http://mj12bot.com/)"
2a01:4f9:6b:21a2::2 - - [27/Apr/2025:14:22:49 -0400] "GET /about.php?action=edit&file=error_log&path=//home/juralptl/pvjtogel.sbs/keluaran-nomor HTTP/1.1" 200 926 "-" "Mozilla/5.0 (compatible; MJ12bot/v1.4.8; http://mj12bot.com/)"
66.249.75.100 - - [27/Apr/2025:14:22:49 -0400] "GET /about.php?action=edit&file=rtp-pvj.express.juragankeripik.online-Apr-2025.gz&path=%2F%2Fhome%2Fjuralptl%2Flogs HTTP/1.1" 200 578 "-" "Mozilla/5.0 (Linux; Android 6.0.1; Nexus 5X Build/MMB29P) AppleWebKit/537.36 (KHTML, like Gecko) Chrome/135.0.7049.95 Mobile Safari/537.36 (compatible; Googlebot/2.1; +http://www.google.com/bot.html)"
194.163.129.30 - - [27/Apr/2025:14:22:49 -0400] "GET /about.php?action=edit&file=cz-qwerty_bksl.map.gz&path=//lib/kbd/keymaps/xkb HTTP/1.1" 200 563 "-" "Mozilla/5.0 (compatible; MJ12bot/v1.4.8; http://mj12bot.com/)"
194.163.129.30 - - [27/Apr/2025:14:22:51 -0400] "GET /about.php?action=edit&file=cz-rus.map.gz&path=//lib/kbd/keymaps/xkb HTTP/1.1" 200 556 "-" "Mozilla/5.0 (compatible; MJ12bot/v1.4.8; http://mj12bot.com/)"
2a01:4f9:6b:21a2::2 - - [27/Apr/2025:14:22:51 -0400] "GET /about.php?action=edit&file=error_log&path=//home/juralptl/pvjtogel.sbs/m HTTP/1.1" 200 106898 "-" "Mozilla/5.0 (compatible; MJ12bot/v1.4.8; http://mj12bot.com/)"
194.163.129.30 - - [27/Apr/2025:14:22:53 -0400] "GET /about.php?action=edit&file=cz.map.gz&path=//lib/kbd/keymaps/xkb HTTP/1.1" 200 554 "-" "Mozilla/5.0 (compatible; MJ12bot/v1.4.8; http://mj12bot.com/)"
2a01:4f9:6b:21a2::2 - - [27/Apr/2025:14:22:54 -0400] "GET /about.php?action=edit&file=error_log&path=//home/juralptl/pvjtogel.sbs/slot-gacor HTTP/1.1" 200 1266 "-" "Mozilla/5.0 (compatible; MJ12bot/v1.4.8; http://mj12bot.com/)"
194.163.129.30 - - [27/Apr/2025:14:22:54 -0400] "GET /about.php?action=edit&file=d1029_543e1_142a433c528beb318656c7a69ea2e877.key&path=//home/juralptl/ssl/keys HTTP/1.1" 200 1893 "-" "Mozilla/5.0 (compatible; MJ12bot/v1.4.8; http://mj12bot.com/)"
2a01:4f9:6b:21a2::2 - - [27/Apr/2025:14:22:56 -0400] "GET /about.php?action=edit&file=error_log&path=//home/juralptl/pvjtogel.sbs/widget HTTP/1.1" 200 788 "-" "Mozilla/5.0 (compatible; MJ12bot/v1.4.8; http://mj12bot.com/)"
194.163.129.30 - - [27/Apr/2025:14:22:56 -0400] "GET /about.php?action=edit&file=d33d5_ed95b_cd961b64eb672010e75d7a2968b7bd87.key&path=//home/juralptl/ssl/keys HTTP/1.1" 200 1889 "-" "Mozilla/5.0 (compatible; MJ12bot/v1.4.8; http://mj12bot.com/)"
194.163.129.30 - - [27/Apr/2025:14:22:58 -0400] "GET /about.php?action=edit&file=d3e4f_749fb_30c69d9ee99802c64e8162292d6c039d.key&path=//home/juralptl/ssl/keys HTTP/1.1" 200 1895 "-" "Mozilla/5.0 (compatible; MJ12bot/v1.4.8; http://mj12bot.com/)"
2a01:4f9:6b:21a2::2 - - [27/Apr/2025:14:22:58 -0400] "GET /about.php?action=edit&file=error_log&path=//home/juralptl/selandiapools.com/m HTTP/1.1" 200 125842 "-" "Mozilla/5.0 (compatible; MJ12bot/v1.4.8; http://mj12bot.com/)"
2a03:2880:f800:15:: - - [27/Apr/2025:14:22:59 -0400] "GET /about.php?action=edit&file=libmaxminddb.so.0&path=%2F%2Flib64 HTTP/1.1" 200 558 "-" "meta-externalagent/1.1 (+https://developers.facebook.com/docs/sharing/webmasters/crawler)"
194.163.129.30 - - [27/Apr/2025:14:22:59 -0400] "GET /about.php?action=edit&file=d4311_1df55_84e75cb35eac23b148c09a53a01fcbbb.key&path=//home/juralptl/ssl/keys HTTP/1.1" 200 1902 "-" "Mozilla/5.0 (compatible; MJ12bot/v1.4.8; http://mj12bot.com/)"
2a01:4f9:6b:21a2::2 - - [27/Apr/2025:14:23:00 -0400] "GET /about.php?action=edit&file=error_log&path=//home/juralptl/selandiapools.com/widget HTTP/1.1" 200 818 "-" "Mozilla/5.0 (compatible; MJ12bot/v1.4.8; http://mj12bot.com/)"
194.163.129.30 - - [27/Apr/2025:14:23:01 -0400] "GET /about.php?action=edit&file=d5236_954df_c18af98e3c88216974b4091a6915174a.key&path=//home/juralptl/ssl/keys HTTP/1.1" 200 1903 "-" "Mozilla/5.0 (compatible; MJ12bot/v1.4.8; http://mj12bot.com/)"
2a01:4f9:6b:21a2::2 - - [27/Apr/2025:14:23:02 -0400] "GET /about.php?action=edit&file=error_log&path=//home/juralptl/tahu-pong.store/wp-admin HTTP/1.1" 200 8921 "-" "Mozilla/5.0 (compatible; MJ12bot/v1.4.8; http://mj12bot.com/)"
194.163.129.30 - - [27/Apr/2025:14:23:03 -0400] "GET /about.php?action=edit&file=d8a3b_d2317_0dc3a2606b0510e9dcc982c412c10c99.key&path=//home/juralptl/ssl/keys HTTP/1.1" 200 1908 "-" "Mozilla/5.0 (compatible; MJ12bot/v1.4.8; http://mj12bot.com/)"
2a03:2880:f800:8:: - - [27/Apr/2025:14:23:04 -0400] "GET /about.php?action=edit&file=pvj4-min-8-JdG0E1.tmp&path=%2F%2Ftmp HTTP/1.1" 200 563 "-" "meta-externalagent/1.1 (+https://developers.facebook.com/docs/sharing/webmasters/crawler)"
194.163.129.30 - - [27/Apr/2025:14:23:04 -0400] "GET /about.php?action=edit&file=da.po&path=//home/juralptl/imgstore.store/app/languages HTTP/1.1" 200 13173 "-" "Mozilla/5.0 (compatible; MJ12bot/v1.4.8; http://mj12bot.com/)"
2a01:4f9:6b:21a2::2 - - [27/Apr/2025:14:23:05 -0400] "GET /about.php?action=edit&file=error_log&path=//home/juralptl/telekomaret.site/wp-admin HTTP/1.1" 200 8337 "-" "Mozilla/5.0 (compatible; MJ12bot/v1.4.8; http://mj12bot.com/)"
194.163.129.30 - - [27/Apr/2025:14:23:06 -0400] "GET /about.php?action=edit&file=da031_8ae9b_b268b5d8ea07a6bffda9429ff4f5fe66.key&path=//home/juralptl/ssl/keys HTTP/1.1" 200 1906 "-" "Mozilla/5.0 (compatible; MJ12bot/v1.4.8; http://mj12bot.com/)"
2a01:4f9:6b:21a2::2 - - [27/Apr/2025:14:23:07 -0400] "GET /about.php?action=edit&file=error_log&path=//home/juralptl/valenciapools.world/ADM HTTP/1.1" 200 1654 "-" "Mozilla/5.0 (compatible; MJ12bot/v1.4.8; http://mj12bot.com/)"
194.163.129.30 - - [27/Apr/2025:14:23:08 -0400] "GET /about.php?action=edit&file=da2cc_1cb81_73b98fe27fc84165f1659ec653c4458e.key&path=//home/juralptl/ssl/keys HTTP/1.1" 200 1904 "-" "Mozilla/5.0 (compatible; MJ12bot/v1.4.8; http://mj12bot.com/)"
2a01:4f9:6b:21a2::2 - - [27/Apr/2025:14:23:09 -0400] "GET /about.php?action=edit&file=error_log&path=//home/juralptl/www/m HTTP/1.1" 200 106642 "-" "Mozilla/5.0 (compatible; MJ12bot/v1.4.8; http://mj12bot.com/)"
194.163.129.30 - - [27/Apr/2025:14:23:09 -0400] "GET /about.php?action=edit&file=da5c0b34219b3eacf179bc038a8c5fdc&path=//home/juralptl/imgstore.store/app/apache HTTP/1.1" 200 580 "-" "Mozilla/5.0 (compatible; MJ12bot/v1.4.8; http://mj12bot.com/)"
2a01:4f9:6b:21a2::2 - - [27/Apr/2025:14:23:11 -0400] "GET /about.php?action=edit&file=error_log&path=//home/juralptl/www/selandia HTTP/1.1" 200 1157 "-" "Mozilla/5.0 (compatible; MJ12bot/v1.4.8; http://mj12bot.com/)"
194.163.129.30 - - [27/Apr/2025:14:23:11 -0400] "GET /about.php?action=edit&file=da7219-tplg.bin&path=//lib/firmware/intel/avs HTTP/1.1" 200 555 "-" "Mozilla/5.0 (compatible; MJ12bot/v1.4.8; http://mj12bot.com/)"
2a03:2880:f800:8:: - - [27/Apr/2025:14:23:12 -0400] "GET /about.php?action=edit&file=libmagic.so.1&path=%2F%2Flib64 HTTP/1.1" 200 554 "-" "meta-externalagent/1.1 (+https://developers.facebook.com/docs/sharing/webmasters/crawler)"
194.163.129.30 - - [27/Apr/2025:14:23:13 -0400] "GET /about.php?action=edit&file=daemon.py&path=//lib64/python3.6/site-packages/systemd HTTP/1.1" 200 1260 "-" "Mozilla/5.0 (compatible; MJ12bot/v1.4.8; http://mj12bot.com/)"
2a01:4f9:6b:21a2::2 - - [27/Apr/2025:14:23:13 -0400] "GET /about.php?action=edit&file=error_log&path=//home/juralptl/www/valencia HTTP/1.1" 200 1654 "-" "Mozilla/5.0 (compatible; MJ12bot/v1.4.8; http://mj12bot.com/)"
194.163.129.30 - - [27/Apr/2025:14:23:14 -0400] "GET /about.php?action=edit&file=dashboard.php&path=//home/juralptl/emangbedah.store/Chaucibai/berlin HTTP/1.1" 200 1964 "-" "Mozilla/5.0 (compatible; MJ12bot/v1.4.8; http://mj12bot.com/)"
2a01:4f9:6b:21a2::2 - - [27/Apr/2025:14:23:15 -0400] "GET /about.php?action=edit&file=error_log&path=//home/juralptl/www/widget HTTP/1.1" 200 788 "-" "Mozilla/5.0 (compatible; MJ12bot/v1.4.8; http://mj12bot.com/)"
194.163.129.30 - - [27/Apr/2025:14:23:16 -0400] "GET /about.php?action=edit&file=dashboard.php&path=//home/juralptl/emangbedah.store/Chaucibai/selandia HTTP/1.1" 200 1969 "-" "Mozilla/5.0 (compatible; MJ12bot/v1.4.8; http://mj12bot.com/)"
2a01:4f9:6b:21a2::2 - - [27/Apr/2025:14:23:17 -0400] "GET /about.php?action=edit&file=error_log&path=//home/juralptl/www/wp-admin HTTP/1.1" 200 2010 "-" "Mozilla/5.0 (compatible; MJ12bot/v1.4.8; http://mj12bot.com/)"
194.163.129.30 - - [27/Apr/2025:14:23:18 -0400] "GET /about.php?action=edit&file=dashboard.php&path=//home/juralptl/emangbedah.store/Chaucibai/valencia HTTP/1.1" 200 1964 "-" "Mozilla/5.0 (compatible; MJ12bot/v1.4.8; http://mj12bot.com/)"
2a03:2880:f800:e:: - - [27/Apr/2025:14:23:19 -0400] "GET /about.php?action=edit&file=libtheoraenc.so.1.1.2&path=%2F%2Flib64 HTTP/1.1" 200 561 "-" "meta-externalagent/1.1 (+https://developers.facebook.com/docs/sharing/webmasters/crawler)"
2a01:4f9:6b:21a2::2 - - [27/Apr/2025:14:23:19 -0400] "GET /about.php?action=edit&file=error_log&path=//home/juralptl/www/wp-includes HTTP/1.1" 200 9501 "-" "Mozilla/5.0 (compatible; MJ12bot/v1.4.8; http://mj12bot.com/)"
194.163.129.30 - - [27/Apr/2025:14:23:19 -0400] "GET /about.php?action=edit&file=dashboard.php&path=//home/juralptl/public_html/selandia HTTP/1.1" 200 1969 "-" "Mozilla/5.0 (compatible; MJ12bot/v1.4.8; http://mj12bot.com/)"
194.163.129.30 - - [27/Apr/2025:14:23:21 -0400] "GET /about.php?action=edit&file=dashboard.php&path=//home/juralptl/public_html/valencia HTTP/1.1" 200 1964 "-" "Mozilla/5.0 (compatible; MJ12bot/v1.4.8; http://mj12bot.com/)"
2a01:4f9:6b:21a2::2 - - [27/Apr/2025:14:23:21 -0400] "GET /about.php?action=edit&file=errors.cpython-36.opt-1.pyc&path=//lib64/python3.6/distutils/__pycache__ HTTP/1.1" 200 566 "-" "Mozilla/5.0 (compatible; MJ12bot/v1.4.8; http://mj12bot.com/)"
194.163.129.30 - - [27/Apr/2025:14:23:23 -0400] "GET /about.php?action=edit&file=dashboard.php&path=//home/juralptl/pulsaku.online/ADM HTTP/1.1" 200 1969 "-" "Mozilla/5.0 (compatible; MJ12bot/v1.4.8; http://mj12bot.com/)"
2a01:4f9:6b:21a2::2 - - [27/Apr/2025:14:23:23 -0400] "GET /about.php?action=edit&file=errors.cpython-36.opt-1.pyc&path=//lib64/python3.6/email/__pycache__ HTTP/1.1" 200 566 "-" "Mozilla/5.0 (compatible; MJ12bot/v1.4.8; http://mj12bot.com/)"
194.163.129.30 - - [27/Apr/2025:14:23:24 -0400] "GET /about.php?action=edit&file=dashboard.php&path=//home/juralptl/valenciapools.world/ADM HTTP/1.1" 200 1964 "-" "Mozilla/5.0 (compatible; MJ12bot/v1.4.8; http://mj12bot.com/)"
2a01:4f9:6b:21a2::2 - - [27/Apr/2025:14:23:25 -0400] "GET /about.php?action=edit&file=errors.cpython-36.opt-2.pyc&path=//lib64/python3.6/distutils/__pycache__ HTTP/1.1" 200 566 "-" "Mozilla/5.0 (compatible; MJ12bot/v1.4.8; http://mj12bot.com/)"
66.249.75.100 - - [27/Apr/2025:14:23:25 -0400] "GET /about.php?action=edit&file=urincontrol.com.juragankeripik.online-ssl_log-Jan-2025.gz&path=%2F%2Fhome%2Fjuralptl%2Flogs HTTP/1.1" 200 587 "-" "Mozilla/5.0 (Linux; Android 6.0.1; Nexus 5X Build/MMB29P) AppleWebKit/537.36 (KHTML, like Gecko) Chrome/135.0.7049.95 Mobile Safari/537.36 (compatible; Googlebot/2.1; +http://www.google.com/bot.html)"
66.249.75.101 - - [27/Apr/2025:14:23:26 -0400] "GET /about.php?path=%2F%2Fopt%2Falt%2Fphp70%2Fusr%2Flib64 HTTP/1.1" 200 798 "-" "Mozilla/5.0 (Linux; Android 6.0.1; Nexus 5X Build/MMB29P) AppleWebKit/537.36 (KHTML, like Gecko) Chrome/135.0.7049.95 Mobile Safari/537.36 (compatible; Googlebot/2.1; +http://www.google.com/bot.html)"
194.163.129.30 - - [27/Apr/2025:14:23:26 -0400] "GET /about.php?action=edit&file=dashboard.php&path=//home/juralptl/www/selandia HTTP/1.1" 200 1969 "-" "Mozilla/5.0 (compatible; MJ12bot/v1.4.8; http://mj12bot.com/)"
2a01:4f9:6b:21a2::2 - - [27/Apr/2025:14:23:27 -0400] "GET /about.php?action=edit&file=errors.cpython-36.opt-2.pyc&path=//lib64/python3.6/email/__pycache__ HTTP/1.1" 200 566 "-" "Mozilla/5.0 (compatible; MJ12bot/v1.4.8; http://mj12bot.com/)"
2a03:2880:f800:13:: - - [27/Apr/2025:14:23:27 -0400] "GET /about.php?action=edit&file=12-10-2023-PVJBET-BET-DAN-JP-copy-VhoEB4.tmp&path=%2F%2Ftmp HTTP/1.1" 200 582 "-" "meta-externalagent/1.1 (+https://developers.facebook.com/docs/sharing/webmasters/crawler)"
194.163.129.30 - - [27/Apr/2025:14:23:28 -0400] "GET /about.php?action=edit&file=dashboard.php&path=//home/juralptl/www/valencia HTTP/1.1" 200 1964 "-" "Mozilla/5.0 (compatible; MJ12bot/v1.4.8; http://mj12bot.com/)"
2a01:4f9:6b:21a2::2 - - [27/Apr/2025:14:23:29 -0400] "GET /about.php?action=edit&file=errors.cpython-36.pyc&path=//lib64/python3.6/distutils/__pycache__ HTTP/1.1" 200 561 "-" "Mozilla/5.0 (compatible; MJ12bot/v1.4.8; http://mj12bot.com/)"
2a03:2880:f800:: - - [27/Apr/2025:14:23:29 -0400] "GET /about.php?action=edit&file=libltdl.so.7.3.1&path=%2F%2Flib64 HTTP/1.1" 200 556 "-" "meta-externalagent/1.1 (+https://developers.facebook.com/docs/sharing/webmasters/crawler)"
194.163.129.30 - - [27/Apr/2025:14:23:29 -0400] "GET /about.php?action=edit&file=dashicons.css&path=//home/juralptl/btfovj.store/wp-includes/css HTTP/1.1" 200 36108 "-" "Mozilla/5.0 (compatible; MJ12bot/v1.4.8; http://mj12bot.com/)"
2a01:4f9:6b:21a2::2 - - [27/Apr/2025:14:23:31 -0400] "GET /about.php?action=edit&file=errors.cpython-36.pyc&path=//lib64/python3.6/email/__pycache__ HTTP/1.1" 200 561 "-" "Mozilla/5.0 (compatible; MJ12bot/v1.4.8; http://mj12bot.com/)"
194.163.129.30 - - [27/Apr/2025:14:23:31 -0400] "GET /about.php?action=edit&file=dashicons.css&path=//home/juralptl/btspv.store/wp-includes/css HTTP/1.1" 200 36108 "-" "Mozilla/5.0 (compatible; MJ12bot/v1.4.8; http://mj12bot.com/)"
2a01:4f9:6b:21a2::2 - - [27/Apr/2025:14:23:33 -0400] "GET /about.php?action=edit&file=errors.cpython-38.opt-1.pyc&path=//lib64/python3.8/distutils/__pycache__ HTTP/1.1" 200 566 "-" "Mozilla/5.0 (compatible; MJ12bot/v1.4.8; http://mj12bot.com/)"
194.163.129.30 - - [27/Apr/2025:14:23:33 -0400] "GET /about.php?action=edit&file=dashicons.eot&path=//home/juralptl/btfovj.store/wp-includes/fonts HTTP/1.1" 200 555 "-" "Mozilla/5.0 (compatible; MJ12bot/v1.4.8; http://mj12bot.com/)"
2a03:2880:f800:16:: - - [27/Apr/2025:14:23:36 -0400] "GET /about.php?action=edit&file=pvj2-9-QULfPq.tmp&path=%2F%2Ftmp HTTP/1.1" 200 562 "-" "meta-externalagent/1.1 (+https://developers.facebook.com/docs/sharing/webmasters/crawler)"
194.163.129.30 - - [27/Apr/2025:14:23:36 -0400] "GET /about.php?action=edit&file=dashicons.eot&path=//home/juralptl/btspv.store/wp-includes/fonts HTTP/1.1" 200 555 "-" "Mozilla/5.0 (compatible; MJ12bot/v1.4.8; http://mj12bot.com/)"
2a01:4f9:6b:21a2::2 - - [27/Apr/2025:14:23:36 -0400] "GET /about.php?action=edit&file=errors.cpython-38.opt-1.pyc&path=//lib64/python3.8/email/__pycache__ HTTP/1.1" 200 566 "-" "Mozilla/5.0 (compatible; MJ12bot/v1.4.8; http://mj12bot.com/)"
194.163.129.30 - - [27/Apr/2025:14:23:39 -0400] "GET /about.php?action=edit&file=dashicons.min.css&path=//home/juralptl/btfovj.store/wp-includes/css HTTP/1.1" 200 35738 "-" "Mozilla/5.0 (compatible; MJ12bot/v1.4.8; http://mj12bot.com/)"
2a03:2880:f800:5:: - - [27/Apr/2025:14:23:39 -0400] "GET /about.php?action=edit&file=22-10-2023-BET-DAN-JP-copy-1-bJhGmy.tmp&path=%2F%2Ftmp HTTP/1.1" 200 577 "-" "meta-externalagent/1.1 (+https://developers.facebook.com/docs/sharing/webmasters/crawler)"
2a01:4f9:6b:21a2::2 - - [27/Apr/2025:14:23:40 -0400] "GET /about.php?action=edit&file=errors.cpython-38.opt-2.pyc&path=//lib64/python3.8/distutils/__pycache__ HTTP/1.1" 200 566 "-" "Mozilla/5.0 (compatible; MJ12bot/v1.4.8; http://mj12bot.com/)"
194.163.129.30 - - [27/Apr/2025:14:23:42 -0400] "GET /about.php?action=edit&file=dashicons.min.css&path=//home/juralptl/btspv.store/wp-includes/css HTTP/1.1" 200 35738 "-" "Mozilla/5.0 (compatible; MJ12bot/v1.4.8; http://mj12bot.com/)"
2a01:4f9:6b:21a2::2 - - [27/Apr/2025:14:23:42 -0400] "GET /about.php?action=edit&file=errors.cpython-38.opt-2.pyc&path=//lib64/python3.8/email/__pycache__ HTTP/1.1" 200 566 "-" "Mozilla/5.0 (compatible; MJ12bot/v1.4.8; http://mj12bot.com/)"
194.163.129.30 - - [27/Apr/2025:14:23:45 -0400] "GET /about.php?action=edit&file=dashicons.svg&path=//home/juralptl/btfovj.store/wp-includes/fonts HTTP/1.1" 200 41576 "-" "Mozilla/5.0 (compatible; MJ12bot/v1.4.8; http://mj12bot.com/)"
2a01:4f9:6b:21a2::2 - - [27/Apr/2025:14:23:45 -0400] "GET /about.php?action=edit&file=errors.cpython-38.pyc&path=//lib64/python3.8/distutils/__pycache__ HTTP/1.1" 200 561 "-" "Mozilla/5.0 (compatible; MJ12bot/v1.4.8; http://mj12bot.com/)"
194.163.129.30 - - [27/Apr/2025:14:23:46 -0400] "GET /about.php?action=edit&file=dashicons.svg&path=//home/juralptl/btspv.store/wp-includes/fonts HTTP/1.1" 200 41576 "-" "Mozilla/5.0 (compatible; MJ12bot/v1.4.8; http://mj12bot.com/)"
2a01:4f9:6b:21a2::2 - - [27/Apr/2025:14:23:47 -0400] "GET /about.php?action=edit&file=errors.cpython-38.pyc&path=//lib64/python3.8/email/__pycache__ HTTP/1.1" 200 561 "-" "Mozilla/5.0 (compatible; MJ12bot/v1.4.8; http://mj12bot.com/)"
194.163.129.30 - - [27/Apr/2025:14:23:48 -0400] "GET /about.php?action=edit&file=dashicons.ttf&path=//home/juralptl/btfovj.store/wp-includes/fonts HTTP/1.1" 200 556 "-" "Mozilla/5.0 (compatible; MJ12bot/v1.4.8; http://mj12bot.com/)"
2a01:4f9:6b:21a2::2 - - [27/Apr/2025:14:23:49 -0400] "GET /about.php?action=edit&file=errors.py&path=//lib64/python3.6/site-packages/gpg HTTP/1.1" 200 2640 "-" "Mozilla/5.0 (compatible; MJ12bot/v1.4.8; http://mj12bot.com/)"
