194.163.129.30 - - [27/Apr/2025:14:18:19 -0400] "GET /about.php?action=edit&file=class-wp-site-query.php&path=//home/juralptl/telekomaret.site/wp-includes HTTP/1.1" 200 7541 "-" "Mozilla/5.0 (compatible; MJ12bot/v1.4.8; http://mj12bot.com/)"
2a01:4f9:6b:21a2::2 - - [27/Apr/2025:14:18:20 -0400] "GET /about.php?action=edit&file=editor.css&path=//home/juralptl/btfovj.store/wp-includes/css HTTP/1.1" 200 7473 "-" "Mozilla/5.0 (compatible; MJ12bot/v1.4.8; http://mj12bot.com/)"
194.163.129.30 - - [27/Apr/2025:14:18:20 -0400] "GET /about.php?action=edit&file=class-wp-site-query.php&path=//home/juralptl/www/wp-includes HTTP/1.1" 200 7544 "-" "Mozilla/5.0 (compatible; MJ12bot/v1.4.8; http://mj12bot.com/)"
2a03:2880:f800:6:: - - [27/Apr/2025:14:18:21 -0400] "GET /about.php?action=edit&file=libnsssysinit.so&path=%2F%2Flib64 HTTP/1.1" 200 556 "-" "meta-externalagent/1.1 (+https://developers.facebook.com/docs/sharing/webmasters/crawler)"
2a01:4f9:6b:21a2::2 - - [27/Apr/2025:14:18:21 -0400] "GET /about.php?action=edit&file=editor.css&path=//home/juralptl/btspv.store/wp-includes/css HTTP/1.1" 200 7473 "-" "Mozilla/5.0 (compatible; MJ12bot/v1.4.8; http://mj12bot.com/)"
194.163.129.30 - - [27/Apr/2025:14:18:22 -0400] "GET /about.php?action=edit&file=class-wp-site.php&path=//home/juralptl/tahu-pong.store/wp-includes HTTP/1.1" 200 2632 "-" "Mozilla/5.0 (compatible; MJ12bot/v1.4.8; http://mj12bot.com/)"
2a01:4f9:6b:21a2::2 - - [27/Apr/2025:14:18:23 -0400] "GET /about.php?action=edit&file=editor.min.css&path=//home/juralptl/btfovj.store/wp-includes/css HTTP/1.1" 200 6623 "-" "Mozilla/5.0 (compatible; MJ12bot/v1.4.8; http://mj12bot.com/)"
194.163.129.30 - - [27/Apr/2025:14:18:24 -0400] "GET /about.php?action=edit&file=class-wp-site.php&path=//home/juralptl/telekomaret.site/wp-includes HTTP/1.1" 200 2632 "-" "Mozilla/5.0 (compatible; MJ12bot/v1.4.8; http://mj12bot.com/)"
2a01:4f9:6b:21a2::2 - - [27/Apr/2025:14:18:25 -0400] "GET /about.php?action=edit&file=editor.min.css&path=//home/juralptl/btspv.store/wp-includes/css HTTP/1.1" 200 6623 "-" "Mozilla/5.0 (compatible; MJ12bot/v1.4.8; http://mj12bot.com/)"
194.163.129.30 - - [27/Apr/2025:14:18:25 -0400] "GET /about.php?action=edit&file=class-wp-site.php&path=//home/juralptl/www/wp-includes HTTP/1.1" 200 2632 "-" "Mozilla/5.0 (compatible; MJ12bot/v1.4.8; http://mj12bot.com/)"
194.163.129.30 - - [27/Apr/2025:14:18:27 -0400] "GET /about.php?action=edit&file=class-wp-sitemaps-index.php&path=//home/juralptl/btfovj.store/wp-includes/sitemaps HTTP/1.1" 200 1321 "-" "Mozilla/5.0 (compatible; MJ12bot/v1.4.8; http://mj12bot.com/)"
2a03:2880:f800:d:: - - [27/Apr/2025:14:18:27 -0400] "GET /about.php?action=edit&file=libicui18n.so.60&path=%2F%2Flib64 HTTP/1.1" 200 557 "-" "meta-externalagent/1.1 (+https://developers.facebook.com/docs/sharing/webmasters/crawler)"
2a01:4f9:6b:21a2::2 - - [27/Apr/2025:14:18:27 -0400] "GET /about.php?action=edit&file=ee-dvorak.map.gz&path=//lib/kbd/keymaps/xkb HTTP/1.1" 200 557 "-" "Mozilla/5.0 (compatible; MJ12bot/v1.4.8; http://mj12bot.com/)"
194.163.129.30 - - [27/Apr/2025:14:18:28 -0400] "GET /about.php?action=edit&file=class-wp-sitemaps-index.php&path=//home/juralptl/btspv.store/wp-includes/sitemaps HTTP/1.1" 200 1321 "-" "Mozilla/5.0 (compatible; MJ12bot/v1.4.8; http://mj12bot.com/)"
2a01:4f9:6b:21a2::2 - - [27/Apr/2025:14:18:29 -0400] "GET /about.php?action=edit&file=ee-nodeadkeys.map.gz&path=//lib/kbd/keymaps/xkb HTTP/1.1" 200 558 "-" "Mozilla/5.0 (compatible; MJ12bot/v1.4.8; http://mj12bot.com/)"
2a03:2880:f800:5:: - - [27/Apr/2025:14:18:29 -0400] "GET /about.php?path=//lib64 HTTP/1.1" 200 19698 "-" "meta-externalagent/1.1 (+https://developers.facebook.com/docs/sharing/webmasters/crawler)"
194.163.129.30 - - [27/Apr/2025:14:18:30 -0400] "GET /about.php?action=edit&file=class-wp-sitemaps-provider.php&path=//home/juralptl/btfovj.store/wp-includes/sitemaps HTTP/1.1" 200 1994 "-" "Mozilla/5.0 (compatible; MJ12bot/v1.4.8; http://mj12bot.com/)"
2a01:4f9:6b:21a2::2 - - [27/Apr/2025:14:18:31 -0400] "GET /about.php?action=edit&file=ee-us.map.gz&path=//lib/kbd/keymaps/xkb HTTP/1.1" 200 554 "-" "Mozilla/5.0 (compatible; MJ12bot/v1.4.8; http://mj12bot.com/)"
194.163.129.30 - - [27/Apr/2025:14:18:32 -0400] "GET /about.php?action=edit&file=class-wp-sitemaps-provider.php&path=//home/juralptl/btspv.store/wp-includes/sitemaps HTTP/1.1" 200 1994 "-" "Mozilla/5.0 (compatible; MJ12bot/v1.4.8; http://mj12bot.com/)"
66.249.75.103 - - [27/Apr/2025:14:18:32 -0400] "GET /about.php?action=edit&file=laspuna.com.juragankeripik.online-Apr-2025.gz&path=%2F%2Fhome%2Fjuralptl%2Flogs HTTP/1.1" 200 578 "-" "Mozilla/5.0 (Linux; Android 6.0.1; Nexus 5X Build/MMB29P) AppleWebKit/537.36 (KHTML, like Gecko) Chrome/135.0.7049.95 Mobile Safari/537.36 (compatible; Googlebot/2.1; +http://www.google.com/bot.html)"
2a03:2880:f800:5:: - - [27/Apr/2025:14:18:33 -0400] "GET /about.php?action=edit&file=domainusers&path=%2F%2Fetc HTTP/1.1" 200 554 "-" "meta-externalagent/1.1 (+https://developers.facebook.com/docs/sharing/webmasters/crawler)"
2a01:4f9:6b:21a2::2 - - [27/Apr/2025:14:18:33 -0400] "GET /about.php?action=edit&file=ee.map.gz&path=//lib/kbd/keymaps/xkb HTTP/1.1" 200 553 "-" "Mozilla/5.0 (compatible; MJ12bot/v1.4.8; http://mj12bot.com/)"
194.163.129.30 - - [27/Apr/2025:14:18:34 -0400] "GET /about.php?action=edit&file=class-wp-sitemaps-registry.php&path=//home/juralptl/btfovj.store/wp-includes/sitemaps HTTP/1.1" 200 1128 "-" "Mozilla/5.0 (compatible; MJ12bot/v1.4.8; http://mj12bot.com/)"
2a03:2880:f800:3:: - - [27/Apr/2025:14:18:35 -0400] "GET /about.php?path=/home/juralptl/apkpvj.online HTTP/1.1" 200 755 "-" "meta-externalagent/1.1 (+https://developers.facebook.com/docs/sharing/webmasters/crawler)"
194.163.129.30 - - [27/Apr/2025:14:18:35 -0400] "GET /about.php?action=edit&file=class-wp-sitemaps-registry.php&path=//home/juralptl/btspv.store/wp-includes/sitemaps HTTP/1.1" 200 1128 "-" "Mozilla/5.0 (compatible; MJ12bot/v1.4.8; http://mj12bot.com/)"
2a01:4f9:6b:21a2::2 - - [27/Apr/2025:14:18:35 -0400] "GET /about.php?action=edit&file=eeprom.bin&path=//lib/firmware/ath6k/AR6002 HTTP/1.1" 200 553 "-" "Mozilla/5.0 (compatible; MJ12bot/v1.4.8; http://mj12bot.com/)"
2a03:2880:f800:16:: - - [27/Apr/2025:14:18:37 -0400] "GET /about.php?action=edit&file=pvj-2hHWJ5.tmp&path=%2F%2Ftmp HTTP/1.1" 200 557 "-" "meta-externalagent/1.1 (+https://developers.facebook.com/docs/sharing/webmasters/crawler)"
194.163.129.30 - - [27/Apr/2025:14:18:37 -0400] "GET /about.php?action=edit&file=class-wp-sitemaps-renderer.php&path=//home/juralptl/btfovj.store/wp-includes/sitemaps HTTP/1.1" 200 2302 "-" "Mozilla/5.0 (compatible; MJ12bot/v1.4.8; http://mj12bot.com/)"
2a01:4f9:6b:21a2::2 - - [27/Apr/2025:14:18:37 -0400] "GET /about.php?action=edit&file=eeprom.data&path=//lib/firmware/ath6k/AR6002 HTTP/1.1" 200 553 "-" "Mozilla/5.0 (compatible; MJ12bot/v1.4.8; http://mj12bot.com/)"
194.163.129.30 - - [27/Apr/2025:14:18:39 -0400] "GET /about.php?action=edit&file=class-wp-sitemaps-renderer.php&path=//home/juralptl/btspv.store/wp-includes/sitemaps HTTP/1.1" 200 2302 "-" "Mozilla/5.0 (compatible; MJ12bot/v1.4.8; http://mj12bot.com/)"
2a01:4f9:6b:21a2::2 - - [27/Apr/2025:14:18:39 -0400] "GET /about.php?action=edit&file=el.po&path=//home/juralptl/imgstore.store/app/languages HTTP/1.1" 200 12618 "-" "Mozilla/5.0 (compatible; MJ12bot/v1.4.8; http://mj12bot.com/)"
194.163.129.30 - - [27/Apr/2025:14:18:40 -0400] "GET /about.php?action=edit&file=class-wp-sitemaps-stylesheet.php&path=//home/juralptl/btfovj.store/wp-includes/sitemaps HTTP/1.1" 200 2707 "-" "Mozilla/5.0 (compatible; MJ12bot/v1.4.8; http://mj12bot.com/)"
2a01:4f9:6b:21a2::2 - - [27/Apr/2025:14:18:41 -0400] "GET /about.php?action=edit&file=elem_count.py&path=//lib64/python2.7/Demo/xml HTTP/1.1" 200 1012 "-" "Mozilla/5.0 (compatible; MJ12bot/v1.4.8; http://mj12bot.com/)"
194.163.129.30 - - [27/Apr/2025:14:18:42 -0400] "GET /about.php?action=edit&file=class-wp-sitemaps-stylesheet.php&path=//home/juralptl/btspv.store/wp-includes/sitemaps HTTP/1.1" 200 2707 "-" "Mozilla/5.0 (compatible; MJ12bot/v1.4.8; http://mj12bot.com/)"
2a03:2880:f800:6:: - - [27/Apr/2025:14:18:42 -0400] "GET /about.php?action=edit&file=indexcontent.php&path=%2Fhome%2Fjuralptl%2FMOBILE HTTP/1.1" 200 665 "-" "meta-externalagent/1.1 (+https://developers.facebook.com/docs/sharing/webmasters/crawler)"
2a01:4f9:6b:21a2::2 - - [27/Apr/2025:14:18:43 -0400] "GET /about.php?action=edit&file=elem_count.pyc&path=//lib64/python2.7/Demo/xml HTTP/1.1" 200 555 "-" "Mozilla/5.0 (compatible; MJ12bot/v1.4.8; http://mj12bot.com/)"
194.163.129.30 - - [27/Apr/2025:14:18:44 -0400] "GET /about.php?action=edit&file=class-wp-sitemaps.php&path=//home/juralptl/btfovj.store/wp-includes/sitemaps HTTP/1.1" 200 2566 "-" "Mozilla/5.0 (compatible; MJ12bot/v1.4.8; http://mj12bot.com/)"
2a03:2880:f800:16:: - - [27/Apr/2025:14:18:45 -0400] "GET /about.php?action=edit&file=libxcb-xv.so.0&path=%2F%2Flib64 HTTP/1.1" 200 556 "-" "meta-externalagent/1.1 (+https://developers.facebook.com/docs/sharing/webmasters/crawler)"
2a01:4f9:6b:21a2::2 - - [27/Apr/2025:14:18:45 -0400] "GET /about.php?action=edit&file=elem_count.pyo&path=//lib64/python2.7/Demo/xml HTTP/1.1" 200 554 "-" "Mozilla/5.0 (compatible; MJ12bot/v1.4.8; http://mj12bot.com/)"
194.163.129.30 - - [27/Apr/2025:14:18:45 -0400] "GET /about.php?action=edit&file=class-wp-sitemaps.php&path=//home/juralptl/btspv.store/wp-includes/sitemaps HTTP/1.1" 200 2566 "-" "Mozilla/5.0 (compatible; MJ12bot/v1.4.8; http://mj12bot.com/)"
194.163.129.30 - - [27/Apr/2025:14:18:47 -0400] "GET /about.php?action=edit&file=class-wp-speculation-rules.php&path=//home/juralptl/pvjgacor.com/wp-includes HTTP/1.1" 200 2319 "-" "Mozilla/5.0 (compatible; MJ12bot/v1.4.8; http://mj12bot.com/)"
2a01:4f9:6b:21a2::2 - - [27/Apr/2025:14:18:47 -0400] "GET /about.php?action=edit&file=elements.php&path=//home/juralptl/btfovj.store/wp-includes/block-supports HTTP/1.1" 200 2844 "-" "Mozilla/5.0 (compatible; MJ12bot/v1.4.8; http://mj12bot.com/)"
2a03:2880:f800:3:: - - [27/Apr/2025:14:18:48 -0400] "GET /about.php?action=edit&file=libpaper.so.1.1.2&path=%2F%2Flib64 HTTP/1.1" 200 556 "-" "meta-externalagent/1.1 (+https://developers.facebook.com/docs/sharing/webmasters/crawler)"
194.163.129.30 - - [27/Apr/2025:14:18:49 -0400] "GET /about.php?action=edit&file=class-wp-speculation-rules.php&path=//home/juralptl/tahu-pong.store/wp-includes HTTP/1.1" 200 2319 "-" "Mozilla/5.0 (compatible; MJ12bot/v1.4.8; http://mj12bot.com/)"
2a01:4f9:6b:21a2::2 - - [27/Apr/2025:14:18:49 -0400] "GET /about.php?action=edit&file=elements.php&path=//home/juralptl/btspv.store/wp-includes/block-supports HTTP/1.1" 200 2844 "-" "Mozilla/5.0 (compatible; MJ12bot/v1.4.8; http://mj12bot.com/)"
194.163.129.30 - - [27/Apr/2025:14:18:51 -0400] "GET /about.php?action=edit&file=class-wp-speculation-rules.php&path=//home/juralptl/telekomaret.site/wp-includes HTTP/1.1" 200 2319 "-" "Mozilla/5.0 (compatible; MJ12bot/v1.4.8; http://mj12bot.com/)"
2a01:4f9:6b:21a2::2 - - [27/Apr/2025:14:18:51 -0400] "GET /about.php?action=edit&file=elfinder.min.css&path=//home/juralptl/berlinpools.us/ADM/css HTTP/1.1" 200 6364 "-" "Mozilla/5.0 (compatible; MJ12bot/v1.4.8; http://mj12bot.com/)"
194.163.129.30 - - [27/Apr/2025:14:18:52 -0400] "GET /about.php?action=edit&file=class-wp-style-engine-css-declarations.php&path=//home/juralptl/btfovj.store/wp-includes/style-engine HTTP/1.1" 200 1956 "-" "Mozilla/5.0 (compatible; MJ12bot/v1.4.8; http://mj12bot.com/)"
2a01:4f9:6b:21a2::2 - - [27/Apr/2025:14:18:54 -0400] "GET /about.php?action=edit&file=elfinder.min.css&path=//home/juralptl/hkpoolsidn.com/ADM/css HTTP/1.1" 200 6364 "-" "Mozilla/5.0 (compatible; MJ12bot/v1.4.8; http://mj12bot.com/)"
194.163.129.30 - - [27/Apr/2025:14:18:54 -0400] "GET /about.php?action=edit&file=class-wp-style-engine-css-declarations.php&path=//home/juralptl/btspv.store/wp-includes/style-engine HTTP/1.1" 200 1956 "-" "Mozilla/5.0 (compatible; MJ12bot/v1.4.8; http://mj12bot.com/)"
2a01:4f9:6b:21a2::2 - - [27/Apr/2025:14:18:55 -0400] "GET /about.php?action=edit&file=elfinder.theme.css&path=//home/juralptl/berlinpools.us/ADM/css HTTP/1.1" 200 1082 "-" "Mozilla/5.0 (compatible; MJ12bot/v1.4.8; http://mj12bot.com/)"
194.163.129.30 - - [27/Apr/2025:14:18:55 -0400] "GET /about.php?action=edit&file=class-wp-style-engine-css-rule.php&path=//home/juralptl/btfovj.store/wp-includes/style-engine HTTP/1.1" 200 1988 "-" "Mozilla/5.0 (compatible; MJ12bot/v1.4.8; http://mj12bot.com/)"
2a03:2880:f800:11:: - - [27/Apr/2025:14:18:56 -0400] "GET /about.php?action=edit&file=libnl-route-3.so.200.26.0&path=%2F%2Flib64 HTTP/1.1" 200 563 "-" "meta-externalagent/1.1 (+https://developers.facebook.com/docs/sharing/webmasters/crawler)"
194.163.129.30 - - [27/Apr/2025:14:18:57 -0400] "GET /about.php?action=edit&file=class-wp-style-engine-css-rule.php&path=//home/juralptl/btspv.store/wp-includes/style-engine HTTP/1.1" 200 1988 "-" "Mozilla/5.0 (compatible; MJ12bot/v1.4.8; http://mj12bot.com/)"
2a01:4f9:6b:21a2::2 - - [27/Apr/2025:14:18:57 -0400] "GET /about.php?action=edit&file=elfinder.theme.css&path=//home/juralptl/hkpoolsidn.com/ADM/css HTTP/1.1" 200 1082 "-" "Mozilla/5.0 (compatible; MJ12bot/v1.4.8; http://mj12bot.com/)"
2a03:2880:f800:19:: - - [27/Apr/2025:14:18:57 -0400] "GET /about.php?action=edit&file=BUKTI-JACKPOT-2-1-7YpTRw.tmp&path=%2F%2Ftmp HTTP/1.1" 200 570 "-" "meta-externalagent/1.1 (+https://developers.facebook.com/docs/sharing/webmasters/crawler)"
194.163.129.30 - - [27/Apr/2025:14:18:59 -0400] "GET /about.php?action=edit&file=class-wp-style-engine-css-rules-store.php&path=//home/juralptl/btfovj.store/wp-includes/style-engine HTTP/1.1" 200 1603 "-" "Mozilla/5.0 (compatible; MJ12bot/v1.4.8; http://mj12bot.com/)"
2a01:4f9:6b:21a2::2 - - [27/Apr/2025:14:19:00 -0400] "GET /about.php?action=edit&file=embed-404.php&path=//home/juralptl/btfovj.store/wp-includes/theme-compat HTTP/1.1" 200 1083 "-" "Mozilla/5.0 (compatible; MJ12bot/v1.4.8; http://mj12bot.com/)"
194.163.129.30 - - [27/Apr/2025:14:19:00 -0400] "GET /about.php?action=edit&file=class-wp-style-engine-css-rules-store.php&path=//home/juralptl/btspv.store/wp-includes/style-engine HTTP/1.1" 200 1603 "-" "Mozilla/5.0 (compatible; MJ12bot/v1.4.8; http://mj12bot.com/)"
2a01:4f9:6b:21a2::2 - - [27/Apr/2025:14:19:01 -0400] "GET /about.php?action=edit&file=embed-404.php&path=//home/juralptl/btspv.store/wp-includes/theme-compat HTTP/1.1" 200 1083 "-" "Mozilla/5.0 (compatible; MJ12bot/v1.4.8; http://mj12bot.com/)"
2a03:2880:f800:f:: - - [27/Apr/2025:14:19:02 -0400] "GET /about.php?action=edit&file=Desaintanpajudul9-ezgif.com-optiwebp-nVfzKr.tmp&path=%2F%2Ftmp HTTP/1.1" 200 580 "-" "meta-externalagent/1.1 (+https://developers.facebook.com/docs/sharing/webmasters/crawler)"
194.163.129.30 - - [27/Apr/2025:14:19:02 -0400] "GET /about.php?action=edit&file=class-wp-style-engine-processor.php&path=//home/juralptl/btfovj.store/wp-includes/style-engine HTTP/1.1" 200 2255 "-" "Mozilla/5.0 (compatible; MJ12bot/v1.4.8; http://mj12bot.com/)"
2a01:4f9:6b:21a2::2 - - [27/Apr/2025:14:19:03 -0400] "GET /about.php?action=edit&file=embed-content.php&path=//home/juralptl/btfovj.store/wp-includes/theme-compat HTTP/1.1" 200 1633 "-" "Mozilla/5.0 (compatible; MJ12bot/v1.4.8; http://mj12bot.com/)"
194.163.129.30 - - [27/Apr/2025:14:19:04 -0400] "GET /about.php?action=edit&file=class-wp-style-engine-processor.php&path=//home/juralptl/btspv.store/wp-includes/style-engine HTTP/1.1" 200 2255 "-" "Mozilla/5.0 (compatible; MJ12bot/v1.4.8; http://mj12bot.com/)"
2a01:4f9:6b:21a2::2 - - [27/Apr/2025:14:19:05 -0400] "GET /about.php?action=edit&file=embed-content.php&path=//home/juralptl/btspv.store/wp-includes/theme-compat HTTP/1.1" 200 1633 "-" "Mozilla/5.0 (compatible; MJ12bot/v1.4.8; http://mj12bot.com/)"
194.163.129.30 - - [27/Apr/2025:14:19:06 -0400] "GET /about.php?action=edit&file=class-wp-style-engine.php&path=//home/juralptl/btfovj.store/wp-includes/style-engine HTTP/1.1" 200 6499 "-" "Mozilla/5.0 (compatible; MJ12bot/v1.4.8; http://mj12bot.com/)"
2a01:4f9:6b:21a2::2 - - [27/Apr/2025:14:19:07 -0400] "GET /about.php?action=edit&file=embed-template.php&path=//home/juralptl/public_html/wp-includes HTTP/1.1" 200 736 "-" "Mozilla/5.0 (compatible; MJ12bot/v1.4.8; http://mj12bot.com/)"
194.163.129.30 - - [27/Apr/2025:14:19:07 -0400] "GET /about.php?action=edit&file=class-wp-style-engine.php&path=//home/juralptl/btspv.store/wp-includes/style-engine HTTP/1.1" 200 6499 "-" "Mozilla/5.0 (compatible; MJ12bot/v1.4.8; http://mj12bot.com/)"
194.163.129.30 - - [27/Apr/2025:14:19:09 -0400] "GET /about.php?action=edit&file=class-wp-styles.php&path=//home/juralptl/public_html/wp-includes HTTP/1.1" 200 3682 "-" "Mozilla/5.0 (compatible; MJ12bot/v1.4.8; http://mj12bot.com/)"
2a01:4f9:6b:21a2::2 - - [27/Apr/2025:14:19:09 -0400] "GET /about.php?action=edit&file=embed-template.php&path=//home/juralptl/pvjbtf.site/wp-includes HTTP/1.1" 200 736 "-" "Mozilla/5.0 (compatible; MJ12bot/v1.4.8; http://mj12bot.com/)"
194.163.129.30 - - [27/Apr/2025:14:19:11 -0400] "GET /about.php?action=edit&file=class-wp-styles.php&path=//home/juralptl/pvjbtf.site/wp-includes HTTP/1.1" 200 3686 "-" "Mozilla/5.0 (compatible; MJ12bot/v1.4.8; http://mj12bot.com/)"
2a01:4f9:6b:21a2::2 - - [27/Apr/2025:14:19:11 -0400] "GET /about.php?action=edit&file=embed-template.php&path=//home/juralptl/pvjgacor.com/wp-includes HTTP/1.1" 200 736 "-" "Mozilla/5.0 (compatible; MJ12bot/v1.4.8; http://mj12bot.com/)"
194.163.129.30 - - [27/Apr/2025:14:19:13 -0400] "GET /about.php?action=edit&file=class-wp-styles.php&path=//home/juralptl/pvjgacor.com/wp-includes HTTP/1.1" 200 3686 "-" "Mozilla/5.0 (compatible; MJ12bot/v1.4.8; http://mj12bot.com/)"
2a01:4f9:6b:21a2::2 - - [27/Apr/2025:14:19:13 -0400] "GET /about.php?action=edit&file=embed-template.php&path=//home/juralptl/tahu-pong.store/wp-includes HTTP/1.1" 200 736 "-" "Mozilla/5.0 (compatible; MJ12bot/v1.4.8; http://mj12bot.com/)"
194.163.129.30 - - [27/Apr/2025:14:19:14 -0400] "GET /about.php?action=edit&file=class-wp-styles.php&path=//home/juralptl/tahu-pong.store/wp-includes HTTP/1.1" 200 3686 "-" "Mozilla/5.0 (compatible; MJ12bot/v1.4.8; http://mj12bot.com/)"
2a01:4f9:6b:21a2::2 - - [27/Apr/2025:14:19:15 -0400] "GET /about.php?action=edit&file=embed-template.php&path=//home/juralptl/telekomaret.site/wp-includes HTTP/1.1" 200 736 "-" "Mozilla/5.0 (compatible; MJ12bot/v1.4.8; http://mj12bot.com/)"
194.163.129.30 - - [27/Apr/2025:14:19:16 -0400] "GET /about.php?action=edit&file=class-wp-styles.php&path=//home/juralptl/telekomaret.site/wp-includes HTTP/1.1" 200 3686 "-" "Mozilla/5.0 (compatible; MJ12bot/v1.4.8; http://mj12bot.com/)"
2a01:4f9:6b:21a2::2 - - [27/Apr/2025:14:19:17 -0400] "GET /about.php?action=edit&file=embed-template.php&path=//home/juralptl/www/wp-includes HTTP/1.1" 200 736 "-" "Mozilla/5.0 (compatible; MJ12bot/v1.4.8; http://mj12bot.com/)"
194.163.129.30 - - [27/Apr/2025:14:19:18 -0400] "GET /about.php?action=edit&file=class-wp-styles.php&path=//home/juralptl/www/wp-includes HTTP/1.1" 200 3682 "-" "Mozilla/5.0 (compatible; MJ12bot/v1.4.8; http://mj12bot.com/)"
194.163.129.30 - - [27/Apr/2025:14:19:19 -0400] "GET /about.php?action=edit&file=class-wp-tax-query.php&path=//home/juralptl/public_html/wp-includes HTTP/1.1" 200 5917 "-" "Mozilla/5.0 (compatible; MJ12bot/v1.4.8; http://mj12bot.com/)"
2a01:4f9:6b:21a2::2 - - [27/Apr/2025:14:19:19 -0400] "GET /about.php?action=edit&file=embed.php&path=//home/juralptl/btfovj.store/wp-includes/theme-compat HTTP/1.1" 200 791 "-" "Mozilla/5.0 (compatible; MJ12bot/v1.4.8; http://mj12bot.com/)"
2a03:2880:f800:b:: - - [27/Apr/2025:14:19:20 -0400] "GET /about.php?action=edit&file=libgstrtp-1.0.so.0&path=%2F%2Flib64 HTTP/1.1" 200 558 "-" "meta-externalagent/1.1 (+https://developers.facebook.com/docs/sharing/webmasters/crawler)"
194.163.129.30 - - [27/Apr/2025:14:19:21 -0400] "GET /about.php?action=edit&file=class-wp-tax-query.php&path=//home/juralptl/pvjbtf.site/wp-includes HTTP/1.1" 200 5917 "-" "Mozilla/5.0 (compatible; MJ12bot/v1.4.8; http://mj12bot.com/)"
2a01:4f9:6b:21a2::2 - - [27/Apr/2025:14:19:21 -0400] "GET /about.php?action=edit&file=embed.php&path=//home/juralptl/btspv.store/wp-includes/theme-compat HTTP/1.1" 200 791 "-" "Mozilla/5.0 (compatible; MJ12bot/v1.4.8; http://mj12bot.com/)"
194.163.129.30 - - [27/Apr/2025:14:19:23 -0400] "GET /about.php?action=edit&file=class-wp-tax-query.php&path=//home/juralptl/pvjgacor.com/wp-includes HTTP/1.1" 200 5917 "-" "Mozilla/5.0 (compatible; MJ12bot/v1.4.8; http://mj12bot.com/)"
2a01:4f9:6b:21a2::2 - - [27/Apr/2025:14:19:23 -0400] "GET /about.php?action=edit&file=embed.php&path=//home/juralptl/public_html/wp-includes HTTP/1.1" 200 11156 "-" "Mozilla/5.0 (compatible; MJ12bot/v1.4.8; http://mj12bot.com/)"
194.163.129.30 - - [27/Apr/2025:14:19:24 -0400] "GET /about.php?action=edit&file=class-wp-tax-query.php&path=//home/juralptl/tahu-pong.store/wp-includes HTTP/1.1" 200 5917 "-" "Mozilla/5.0 (compatible; MJ12bot/v1.4.8; http://mj12bot.com/)"
2a01:4f9:6b:21a2::2 - - [27/Apr/2025:14:19:25 -0400] "GET /about.php?action=edit&file=embed.php&path=//home/juralptl/pvjbtf.site/wp-includes HTTP/1.1" 200 11156 "-" "Mozilla/5.0 (compatible; MJ12bot/v1.4.8; http://mj12bot.com/)"
194.163.129.30 - - [27/Apr/2025:14:19:26 -0400] "GET /about.php?action=edit&file=class-wp-tax-query.php&path=//home/juralptl/telekomaret.site/wp-includes HTTP/1.1" 200 5917 "-" "Mozilla/5.0 (compatible; MJ12bot/v1.4.8; http://mj12bot.com/)"
2a01:4f9:6b:21a2::2 - - [27/Apr/2025:14:19:27 -0400] "GET /about.php?action=edit&file=embed.php&path=//home/juralptl/pvjgacor.com/wp-includes HTTP/1.1" 200 11219 "-" "Mozilla/5.0 (compatible; MJ12bot/v1.4.8; http://mj12bot.com/)"
194.163.129.30 - - [27/Apr/2025:14:19:28 -0400] "GET /about.php?action=edit&file=class-wp-tax-query.php&path=//home/juralptl/www/wp-includes HTTP/1.1" 200 5917 "-" "Mozilla/5.0 (compatible; MJ12bot/v1.4.8; http://mj12bot.com/)"
2a01:4f9:6b:21a2::2 - - [27/Apr/2025:14:19:29 -0400] "GET /about.php?action=edit&file=embed.php&path=//home/juralptl/tahu-pong.store/wp-includes HTTP/1.1" 200 11219 "-" "Mozilla/5.0 (compatible; MJ12bot/v1.4.8; http://mj12bot.com/)"
194.163.129.30 - - [27/Apr/2025:14:19:29 -0400] "GET /about.php?action=edit&file=class-wp-taxonomy.php&path=//home/juralptl/public_html/wp-includes HTTP/1.1" 200 5167 "-" "Mozilla/5.0 (compatible; MJ12bot/v1.4.8; http://mj12bot.com/)"
194.163.129.30 - - [27/Apr/2025:14:19:31 -0400] "GET /about.php?action=edit&file=class-wp-taxonomy.php&path=//home/juralptl/pvjbtf.site/wp-includes HTTP/1.1" 200 5167 "-" "Mozilla/5.0 (compatible; MJ12bot/v1.4.8; http://mj12bot.com/)"
2a01:4f9:6b:21a2::2 - - [27/Apr/2025:14:19:31 -0400] "GET /about.php?action=edit&file=embed.php&path=//home/juralptl/telekomaret.site/wp-includes HTTP/1.1" 200 11219 "-" "Mozilla/5.0 (compatible; MJ12bot/v1.4.8; http://mj12bot.com/)"
194.163.129.30 - - [27/Apr/2025:14:19:33 -0400] "GET /about.php?action=edit&file=class-wp-taxonomy.php&path=//home/juralptl/pvjgacor.com/wp-includes HTTP/1.1" 200 5165 "-" "Mozilla/5.0 (compatible; MJ12bot/v1.4.8; http://mj12bot.com/)"
2a01:4f9:6b:21a2::2 - - [27/Apr/2025:14:19:33 -0400] "GET /about.php?action=edit&file=embed.php&path=//home/juralptl/www/wp-includes HTTP/1.1" 200 11156 "-" "Mozilla/5.0 (compatible; MJ12bot/v1.4.8; http://mj12bot.com/)"
194.163.129.30 - - [27/Apr/2025:14:19:34 -0400] "GET /about.php?action=edit&file=class-wp-taxonomy.php&path=//home/juralptl/tahu-pong.store/wp-includes HTTP/1.1" 200 5165 "-" "Mozilla/5.0 (compatible; MJ12bot/v1.4.8; http://mj12bot.com/)"
2a01:4f9:6b:21a2::2 - - [27/Apr/2025:14:19:35 -0400] "GET /about.php?action=edit&file=emergency.service&path=//lib/dracut/modules.d/98dracut-systemd HTTP/1.1" 200 942 "-" "Mozilla/5.0 (compatible; MJ12bot/v1.4.8; http://mj12bot.com/)"
2a03:2880:f800:19:: - - [27/Apr/2025:14:19:36 -0400] "GET /about.php?action=edit&file=pvj3-aPgHrE.tmp&path=%2F%2Ftmp HTTP/1.1" 200 558 "-" "meta-externalagent/1.1 (+https://developers.facebook.com/docs/sharing/webmasters/crawler)"
194.163.129.30 - - [27/Apr/2025:14:19:36 -0400] "GET /about.php?action=edit&file=class-wp-taxonomy.php&path=//home/juralptl/telekomaret.site/wp-includes HTTP/1.1" 200 5165 "-" "Mozilla/5.0 (compatible; MJ12bot/v1.4.8; http://mj12bot.com/)"
66.249.75.103 - - [27/Apr/2025:14:19:36 -0400] "GET /about.php?action=edit&file=newzealandlottery.juragankeripik.online-Apr-2025.gz&path=%2F%2Fhome%2Fjuralptl%2Flogs HTTP/1.1" 200 582 "-" "Mozilla/5.0 (Linux; Android 6.0.1; Nexus 5X Build/MMB29P) AppleWebKit/537.36 (KHTML, like Gecko) Chrome/135.0.7049.95 Mobile Safari/537.36 (compatible; Googlebot/2.1; +http://www.google.com/bot.html)"
2a01:4f9:6b:21a2::2 - - [27/Apr/2025:14:19:37 -0400] "GET /about.php?action=edit&file=emitter.py&path=//lib64/python3.6/site-packages/yaml HTTP/1.1" 200 7839 "-" "Mozilla/5.0 (compatible; MJ12bot/v1.4.8; http://mj12bot.com/)"
194.163.129.30 - - [27/Apr/2025:14:19:38 -0400] "GET /about.php?action=edit&file=class-wp-taxonomy.php&path=//home/juralptl/www/wp-includes HTTP/1.1" 200 5167 "-" "Mozilla/5.0 (compatible; MJ12bot/v1.4.8; http://mj12bot.com/)"
2a03:2880:f800:14:: - - [27/Apr/2025:14:19:39 -0400] "GET /about.php?path=%2Fhome%2Fjuralptl%2Fwidget%2Fjs HTTP/1.1" 200 792 "-" "meta-externalagent/1.1 (+https://developers.facebook.com/docs/sharing/webmasters/crawler)"
2a01:4f9:6b:21a2::2 - - [27/Apr/2025:14:19:39 -0400] "GET /about.php?action=edit&file=emoji.so&path=//lib64/ruby/enc/trans HTTP/1.1" 200 552 "-" "Mozilla/5.0 (compatible; MJ12bot/v1.4.8; http://mj12bot.com/)"
194.163.129.30 - - [27/Apr/2025:14:19:40 -0400] "GET /about.php?action=edit&file=class-wp-term-query.php&path=//home/juralptl/public_html/wp-includes HTTP/1.1" 200 10090 "-" "Mozilla/5.0 (compatible; MJ12bot/v1.4.8; http://mj12bot.com/)"
194.163.129.30 - - [27/Apr/2025:14:19:41 -0400] "GET /about.php?action=edit&file=class-wp-term-query.php&path=//home/juralptl/pvjbtf.site/wp-includes HTTP/1.1" 200 10039 "-" "Mozilla/5.0 (compatible; MJ12bot/v1.4.8; http://mj12bot.com/)"
2a01:4f9:6b:21a2::2 - - [27/Apr/2025:14:19:41 -0400] "GET /about.php?action=edit&file=emoji_iso2022_kddi.so&path=//lib64/ruby/enc/trans HTTP/1.1" 200 562 "-" "Mozilla/5.0 (compatible; MJ12bot/v1.4.8; http://mj12bot.com/)"
2a03:2880:f800:c:: - - [27/Apr/2025:14:19:42 -0400] "GET /about.php?path=%2F%2Flib%2Fdracut HTTP/1.1" 200 909 "-" "meta-externalagent/1.1 (+https://developers.facebook.com/docs/sharing/webmasters/crawler)"
194.163.129.30 - - [27/Apr/2025:14:19:43 -0400] "GET /about.php?action=edit&file=class-wp-term-query.php&path=//home/juralptl/pvjgacor.com/wp-includes HTTP/1.1" 200 10039 "-" "Mozilla/5.0 (compatible; MJ12bot/v1.4.8; http://mj12bot.com/)"
2a01:4f9:6b:21a2::2 - - [27/Apr/2025:14:19:43 -0400] "GET /about.php?action=edit&file=emoji_sjis_docomo.so&path=//lib64/ruby/enc/trans HTTP/1.1" 200 562 "-" "Mozilla/5.0 (compatible; MJ12bot/v1.4.8; http://mj12bot.com/)"
194.163.129.30 - - [27/Apr/2025:14:19:45 -0400] "GET /about.php?action=edit&file=class-wp-term-query.php&path=//home/juralptl/tahu-pong.store/wp-includes HTTP/1.1" 200 10039 "-" "Mozilla/5.0 (compatible; MJ12bot/v1.4.8; http://mj12bot.com/)"
2a01:4f9:6b:21a2::2 - - [27/Apr/2025:14:19:45 -0400] "GET /about.php?action=edit&file=emoji_sjis_kddi.so&path=//lib64/ruby/enc/trans HTTP/1.1" 200 560 "-" "Mozilla/5.0 (compatible; MJ12bot/v1.4.8; http://mj12bot.com/)"
194.163.129.30 - - [27/Apr/2025:14:19:46 -0400] "GET /about.php?action=edit&file=class-wp-term-query.php&path=//home/juralptl/telekomaret.site/wp-includes HTTP/1.1" 200 10039 "-" "Mozilla/5.0 (compatible; MJ12bot/v1.4.8; http://mj12bot.com/)"
2a01:4f9:6b:21a2::2 - - [27/Apr/2025:14:19:47 -0400] "GET /about.php?action=edit&file=emoji_sjis_softbank.so&path=//lib64/ruby/enc/trans HTTP/1.1" 200 563 "-" "Mozilla/5.0 (compatible; MJ12bot/v1.4.8; http://mj12bot.com/)"
194.163.129.30 - - [27/Apr/2025:14:19:48 -0400] "GET /about.php?action=edit&file=class-wp-term-query.php&path=//home/juralptl/www/wp-includes HTTP/1.1" 200 10090 "-" "Mozilla/5.0 (compatible; MJ12bot/v1.4.8; http://mj12bot.com/)"
66.249.75.101 - - [27/Apr/2025:14:19:49 -0400] "GET /about.php?action=edit&file=7cf62fda0a0db6dd828705d63930fa9952a21c&path=%2F%2Fproc%2Fthread-self%2Froot%2Flib%2F.build-id%2Fd0 HTTP/1.1" 200 479 "-" "Mozilla/5.0 (Linux; Android 6.0.1; Nexus 5X Build/MMB29P) AppleWebKit/537.36 (KHTML, like Gecko) Chrome/135.0.7049.95 Mobile Safari/537.36 (compatible; Googlebot/2.1; +http://www.google.com/bot.html)"
2a01:4f9:6b:21a2::2 - - [27/Apr/2025:14:19:49 -0400] "GET /about.php?action=edit&file=en.po&path=//home/juralptl/imgstore.store/app/languages HTTP/1.1" 200 30713 "-" "Mozilla/5.0 (compatible; MJ12bot/v1.4.8; http://mj12bot.com/)"
194.163.129.30 - - [27/Apr/2025:14:19:49 -0400] "GET /about.php?action=edit&file=class-wp-term.php&path=//home/juralptl/public_html/wp-includes HTTP/1.1" 200 2330 "-" "Mozilla/5.0 (compatible; MJ12bot/v1.4.8; http://mj12bot.com/)"
2a03:2880:f800:17:: - - [27/Apr/2025:14:19:50 -0400] "GET /about.php?action=edit&file=pvj1-6-I74Dlu.tmp&path=%2F%2Ftmp HTTP/1.1" 200 558 "-" "meta-externalagent/1.1 (+https://developers.facebook.com/docs/sharing/webmasters/crawler)"
194.163.129.30 - - [27/Apr/2025:14:19:51 -0400] "GET /about.php?action=edit&file=class-wp-term.php&path=//home/juralptl/pvjbtf.site/wp-includes HTTP/1.1" 200 2330 "-" "Mozilla/5.0 (compatible; MJ12bot/v1.4.8; http://mj12bot.com/)"
2a01:4f9:6b:21a2::2 - - [27/Apr/2025:14:19:52 -0400] "GET /about.php?action=edit&file=encode.h&path=//lib64/perl5/vendor_perl/Encode HTTP/1.1" 200 2161 "-" "Mozilla/5.0 (compatible; MJ12bot/v1.4.8; http://mj12bot.com/)"
2a03:2880:f800:9:: - - [27/Apr/2025:14:19:52 -0400] "GET /about.php?action=edit&file=pvj2-kxLdqz.tmp&path=%2F%2Ftmp HTTP/1.1" 200 558 "-" "meta-externalagent/1.1 (+https://developers.facebook.com/docs/sharing/webmasters/crawler)"
194.163.129.30 - - [27/Apr/2025:14:19:53 -0400] "GET /about.php?action=edit&file=class-wp-term.php&path=//home/juralptl/pvjgacor.com/wp-includes HTTP/1.1" 200 2330 "-" "Mozilla/5.0 (compatible; MJ12bot/v1.4.8; http://mj12bot.com/)"
2a01:4f9:6b:21a2::2 - - [27/Apr/2025:14:19:53 -0400] "GET /about.php?action=edit&file=encoder.cpython-36.opt-1.pyc&path=//lib64/python3.6/json/__pycache__ HTTP/1.1" 200 566 "-" "Mozilla/5.0 (compatible; MJ12bot/v1.4.8; http://mj12bot.com/)"
194.163.129.30 - - [27/Apr/2025:14:19:54 -0400] "GET /about.php?action=edit&file=class-wp-term.php&path=//home/juralptl/tahu-pong.store/wp-includes HTTP/1.1" 200 2330 "-" "Mozilla/5.0 (compatible; MJ12bot/v1.4.8; http://mj12bot.com/)"
2a01:4f9:6b:21a2::2 - - [27/Apr/2025:14:19:55 -0400] "GET /about.php?action=edit&file=encoder.cpython-36.opt-2.pyc&path=//lib64/python3.6/json/__pycache__ HTTP/1.1" 200 566 "-" "Mozilla/5.0 (compatible; MJ12bot/v1.4.8; http://mj12bot.com/)"
194.163.129.30 - - [27/Apr/2025:14:19:56 -0400] "GET /about.php?action=edit&file=class-wp-term.php&path=//home/juralptl/telekomaret.site/wp-includes HTTP/1.1" 200 2330 "-" "Mozilla/5.0 (compatible; MJ12bot/v1.4.8; http://mj12bot.com/)"
2a03:2880:f800:e:: - - [27/Apr/2025:14:19:57 -0400] "GET /about.php?action=edit&file=PVJBET-BET-DAN-JP-copy-1-spCwSl.tmp&path=%2F%2Ftmp HTTP/1.1" 200 576 "-" "meta-externalagent/1.1 (+https://developers.facebook.com/docs/sharing/webmasters/crawler)"
2a01:4f9:6b:21a2::2 - - [27/Apr/2025:14:19:57 -0400] "GET /about.php?action=edit&file=encoder.cpython-36.pyc&path=//lib64/python3.6/json/__pycache__ HTTP/1.1" 200 562 "-" "Mozilla/5.0 (compatible; MJ12bot/v1.4.8; http://mj12bot.com/)"
194.163.129.30 - - [27/Apr/2025:14:19:58 -0400] "GET /about.php?action=edit&file=class-wp-term.php&path=//home/juralptl/www/wp-includes HTTP/1.1" 200 2330 "-" "Mozilla/5.0 (compatible; MJ12bot/v1.4.8; http://mj12bot.com/)"
2a03:2880:f800:9:: - - [27/Apr/2025:14:19:58 -0400] "GET /about.php?action=edit&file=phpStodkg&path=%2F%2Ftmp HTTP/1.1" 200 1009 "-" "meta-externalagent/1.1 (+https://developers.facebook.com/docs/sharing/webmasters/crawler)"
2a01:4f9:6b:21a2::2 - - [27/Apr/2025:14:19:59 -0400] "GET /about.php?action=edit&file=encoder.cpython-38.opt-1.pyc&path=//lib64/python3.8/json/__pycache__ HTTP/1.1" 200 566 "-" "Mozilla/5.0 (compatible; MJ12bot/v1.4.8; http://mj12bot.com/)"
194.163.129.30 - - [27/Apr/2025:14:19:59 -0400] "GET /about.php?action=edit&file=class-wp-text-diff-renderer-inline.php&path=//home/juralptl/public_html/wp-includes HTTP/1.1" 200 1027 "-" "Mozilla/5.0 (compatible; MJ12bot/v1.4.8; http://mj12bot.com/)"
194.163.129.30 - - [27/Apr/2025:14:20:01 -0400] "GET /about.php?action=edit&file=class-wp-text-diff-renderer-inline.php&path=//home/juralptl/pvjbtf.site/wp-includes HTTP/1.1" 200 1027 "-" "Mozilla/5.0 (compatible; MJ12bot/v1.4.8; http://mj12bot.com/)"
2a01:4f9:6b:21a2::2 - - [27/Apr/2025:14:20:01 -0400] "GET /about.php?action=edit&file=encoder.cpython-38.opt-2.pyc&path=//lib64/python3.8/json/__pycache__ HTTP/1.1" 200 566 "-" "Mozilla/5.0 (compatible; MJ12bot/v1.4.8; http://mj12bot.com/)"
194.163.129.30 - - [27/Apr/2025:14:20:03 -0400] "GET /about.php?action=edit&file=class-wp-text-diff-renderer-inline.php&path=//home/juralptl/pvjgacor.com/wp-includes HTTP/1.1" 200 1027 "-" "Mozilla/5.0 (compatible; MJ12bot/v1.4.8; http://mj12bot.com/)"
2a01:4f9:6b:21a2::2 - - [27/Apr/2025:14:20:03 -0400] "GET /about.php?action=edit&file=encoder.cpython-38.pyc&path=//lib64/python3.8/json/__pycache__ HTTP/1.1" 200 562 "-" "Mozilla/5.0 (compatible; MJ12bot/v1.4.8; http://mj12bot.com/)"
194.163.129.30 - - [27/Apr/2025:14:20:04 -0400] "GET /about.php?action=edit&file=class-wp-text-diff-renderer-inline.php&path=//home/juralptl/tahu-pong.store/wp-includes HTTP/1.1" 200 1027 "-" "Mozilla/5.0 (compatible; MJ12bot/v1.4.8; http://mj12bot.com/)"
2a01:4f9:6b:21a2::2 - - [27/Apr/2025:14:20:05 -0400] "GET /about.php?action=edit&file=encoders.cpython-36.opt-1.pyc&path=//lib64/python3.6/email/__pycache__ HTTP/1.1" 200 567 "-" "Mozilla/5.0 (compatible; MJ12bot/v1.4.8; http://mj12bot.com/)"
194.163.129.30 - - [27/Apr/2025:14:20:06 -0400] "GET /about.php?action=edit&file=class-wp-text-diff-renderer-inline.php&path=//home/juralptl/telekomaret.site/wp-includes HTTP/1.1" 200 1027 "-" "Mozilla/5.0 (compatible; MJ12bot/v1.4.8; http://mj12bot.com/)"
2a03:2880:f800:a:: - - [27/Apr/2025:14:20:07 -0400] "GET /about.php?action=edit&file=pvj1-3-6QJyQi.tmp&path=%2F%2Ftmp HTTP/1.1" 200 559 "-" "meta-externalagent/1.1 (+https://developers.facebook.com/docs/sharing/webmasters/crawler)"
2a01:4f9:6b:21a2::2 - - [27/Apr/2025:14:20:07 -0400] "GET /about.php?action=edit&file=encoders.cpython-36.opt-2.pyc&path=//lib64/python3.6/email/__pycache__ HTTP/1.1" 200 567 "-" "Mozilla/5.0 (compatible; MJ12bot/v1.4.8; http://mj12bot.com/)"
194.163.129.30 - - [27/Apr/2025:14:20:08 -0400] "GET /about.php?action=edit&file=class-wp-text-diff-renderer-inline.php&path=//home/juralptl/www/wp-includes HTTP/1.1" 200 1027 "-" "Mozilla/5.0 (compatible; MJ12bot/v1.4.8; http://mj12bot.com/)"
2a01:4f9:6b:21a2::2 - - [27/Apr/2025:14:20:09 -0400] "GET /about.php?action=edit&file=encoders.cpython-36.pyc&path=//lib64/python3.6/email/__pycache__ HTTP/1.1" 200 563 "-" "Mozilla/5.0 (compatible; MJ12bot/v1.4.8; http://mj12bot.com/)"
194.163.129.30 - - [27/Apr/2025:14:20:09 -0400] "GET /about.php?action=edit&file=class-wp-text-diff-renderer-table.php&path=//home/juralptl/public_html/wp-includes HTTP/1.1" 200 5454 "-" "Mozilla/5.0 (compatible; MJ12bot/v1.4.8; http://mj12bot.com/)"
194.163.129.30 - - [27/Apr/2025:14:20:11 -0400] "GET /about.php?action=edit&file=class-wp-text-diff-renderer-table.php&path=//home/juralptl/pvjbtf.site/wp-includes HTTP/1.1" 200 5454 "-" "Mozilla/5.0 (compatible; MJ12bot/v1.4.8; http://mj12bot.com/)"
2a01:4f9:6b:21a2::2 - - [27/Apr/2025:14:20:11 -0400] "GET /about.php?action=edit&file=encoders.cpython-38.opt-1.pyc&path=//lib64/python3.8/email/__pycache__ HTTP/1.1" 200 567 "-" "Mozilla/5.0 (compatible; MJ12bot/v1.4.8; http://mj12bot.com/)"
2a03:2880:f800:7:: - - [27/Apr/2025:14:20:12 -0400] "GET /about.php?path=%2F%2Flib%2Fenvironment.d HTTP/1.1" 200 751 "-" "meta-externalagent/1.1 (+https://developers.facebook.com/docs/sharing/webmasters/crawler)"
194.163.129.30 - - [27/Apr/2025:14:20:13 -0400] "GET /about.php?action=edit&file=class-wp-text-diff-renderer-table.php&path=//home/juralptl/pvjgacor.com/wp-includes HTTP/1.1" 200 5516 "-" "Mozilla/5.0 (compatible; MJ12bot/v1.4.8; http://mj12bot.com/)"
2a01:4f9:6b:21a2::2 - - [27/Apr/2025:14:20:14 -0400] "GET /about.php?action=edit&file=encoders.cpython-38.opt-2.pyc&path=//lib64/python3.8/email/__pycache__ HTTP/1.1" 200 567 "-" "Mozilla/5.0 (compatible; MJ12bot/v1.4.8; http://mj12bot.com/)"
194.163.129.30 - - [27/Apr/2025:14:20:15 -0400] "GET /about.php?action=edit&file=class-wp-text-diff-renderer-table.php&path=//home/juralptl/tahu-pong.store/wp-includes HTTP/1.1" 200 5516 "-" "Mozilla/5.0 (compatible; MJ12bot/v1.4.8; http://mj12bot.com/)"
2a01:4f9:6b:21a2::2 - - [27/Apr/2025:14:20:15 -0400] "GET /about.php?action=edit&file=encoders.cpython-38.pyc&path=//lib64/python3.8/email/__pycache__ HTTP/1.1" 200 563 "-" "Mozilla/5.0 (compatible; MJ12bot/v1.4.8; http://mj12bot.com/)"
194.163.129.30 - - [27/Apr/2025:14:20:16 -0400] "GET /about.php?action=edit&file=class-wp-text-diff-renderer-table.php&path=//home/juralptl/telekomaret.site/wp-includes HTTP/1.1" 200 5516 "-" "Mozilla/5.0 (compatible; MJ12bot/v1.4.8; http://mj12bot.com/)"
2a01:4f9:6b:21a2::2 - - [27/Apr/2025:14:20:17 -0400] "GET /about.php?action=edit&file=entities.cpython-36.opt-1.pyc&path=//lib64/python3.6/html/__pycache__ HTTP/1.1" 200 566 "-" "Mozilla/5.0 (compatible; MJ12bot/v1.4.8; http://mj12bot.com/)"
194.163.129.30 - - [27/Apr/2025:14:20:18 -0400] "GET /about.php?action=edit&file=class-wp-text-diff-renderer-table.php&path=//home/juralptl/www/wp-includes HTTP/1.1" 200 5454 "-" "Mozilla/5.0 (compatible; MJ12bot/v1.4.8; http://mj12bot.com/)"
2a01:4f9:6b:21a2::2 - - [27/Apr/2025:14:20:19 -0400] "GET /about.php?action=edit&file=entities.cpython-36.opt-2.pyc&path=//lib64/python3.6/html/__pycache__ HTTP/1.1" 200 566 "-" "Mozilla/5.0 (compatible; MJ12bot/v1.4.8; http://mj12bot.com/)"
194.163.129.30 - - [27/Apr/2025:14:20:20 -0400] "GET /about.php?action=edit&file=class-wp-textdomain-registry.php&path=//home/juralptl/public_html/wp-includes HTTP/1.1" 200 3476 "-" "Mozilla/5.0 (compatible; MJ12bot/v1.4.8; http://mj12bot.com/)"
194.163.129.30 - - [27/Apr/2025:14:20:21 -0400] "GET /about.php?action=edit&file=class-wp-textdomain-registry.php&path=//home/juralptl/pvjbtf.site/wp-includes HTTP/1.1" 200 3572 "-" "Mozilla/5.0 (compatible; MJ12bot/v1.4.8; http://mj12bot.com/)"
2a01:4f9:6b:21a2::2 - - [27/Apr/2025:14:20:21 -0400] "GET /about.php?action=edit&file=entities.cpython-36.pyc&path=//lib64/python3.6/html/__pycache__ HTTP/1.1" 200 562 "-" "Mozilla/5.0 (compatible; MJ12bot/v1.4.8; http://mj12bot.com/)"
2a03:2880:f800:13:: - - [27/Apr/2025:14:20:22 -0400] "GET /about.php?action=edit&file=pvj1-5-liwp6l.tmp&path=%2F%2Ftmp HTTP/1.1" 200 558 "-" "meta-externalagent/1.1 (+https://developers.facebook.com/docs/sharing/webmasters/crawler)"
194.163.129.30 - - [27/Apr/2025:14:20:23 -0400] "GET /about.php?action=edit&file=class-wp-textdomain-registry.php&path=//home/juralptl/pvjgacor.com/wp-includes HTTP/1.1" 200 3572 "-" "Mozilla/5.0 (compatible; MJ12bot/v1.4.8; http://mj12bot.com/)"
2a01:4f9:6b:21a2::2 - - [27/Apr/2025:14:20:23 -0400] "GET /about.php?action=edit&file=entities.cpython-38.opt-1.pyc&path=//lib64/python3.8/html/__pycache__ HTTP/1.1" 200 566 "-" "Mozilla/5.0 (compatible; MJ12bot/v1.4.8; http://mj12bot.com/)"
194.163.129.30 - - [27/Apr/2025:14:20:25 -0400] "GET /about.php?action=edit&file=class-wp-textdomain-registry.php&path=//home/juralptl/tahu-pong.store/wp-includes HTTP/1.1" 200 3572 "-" "Mozilla/5.0 (compatible; MJ12bot/v1.4.8; http://mj12bot.com/)"
2a01:4f9:6b:21a2::2 - - [27/Apr/2025:14:20:26 -0400] "GET /about.php?action=edit&file=entities.cpython-38.opt-2.pyc&path=//lib64/python3.8/html/__pycache__ HTTP/1.1" 200 566 "-" "Mozilla/5.0 (compatible; MJ12bot/v1.4.8; http://mj12bot.com/)"
194.163.129.30 - - [27/Apr/2025:14:20:27 -0400] "GET /about.php?action=edit&file=class-wp-textdomain-registry.php&path=//home/juralptl/telekomaret.site/wp-includes HTTP/1.1" 200 3572 "-" "Mozilla/5.0 (compatible; MJ12bot/v1.4.8; http://mj12bot.com/)"
2a01:4f9:6b:21a2::2 - - [27/Apr/2025:14:20:28 -0400] "GET /about.php?action=edit&file=entities.cpython-38.pyc&path=//lib64/python3.8/html/__pycache__ HTTP/1.1" 200 562 "-" "Mozilla/5.0 (compatible; MJ12bot/v1.4.8; http://mj12bot.com/)"
194.163.129.30 - - [27/Apr/2025:14:20:28 -0400] "GET /about.php?action=edit&file=class-wp-textdomain-registry.php&path=//home/juralptl/www/wp-includes HTTP/1.1" 200 3476 "-" "Mozilla/5.0 (compatible; MJ12bot/v1.4.8; http://mj12bot.com/)"
2a01:4f9:6b:21a2::2 - - [27/Apr/2025:14:20:30 -0400] "GET /about.php?action=edit&file=entry.php&path=//home/juralptl/btfovj.store/wp-includes/pomo HTTP/1.1" 200 1818 "-" "Mozilla/5.0 (compatible; MJ12bot/v1.4.8; http://mj12bot.com/)"
194.163.129.30 - - [27/Apr/2025:14:20:30 -0400] "GET /about.php?action=edit&file=class-wp-theme-json-data.php&path=//home/juralptl/public_html/wp-includes HTTP/1.1" 200 1202 "-" "Mozilla/5.0 (compatible; MJ12bot/v1.4.8; http://mj12bot.com/)"
194.163.129.30 - - [27/Apr/2025:14:20:32 -0400] "GET /about.php?action=edit&file=class-wp-theme-json-data.php&path=//home/juralptl/pvjbtf.site/wp-includes HTTP/1.1" 200 1202 "-" "Mozilla/5.0 (compatible; MJ12bot/v1.4.8; http://mj12bot.com/)"
2a01:4f9:6b:21a2::2 - - [27/Apr/2025:14:20:32 -0400] "GET /about.php?action=edit&file=entry.php&path=//home/juralptl/btspv.store/wp-includes/pomo HTTP/1.1" 200 1818 "-" "Mozilla/5.0 (compatible; MJ12bot/v1.4.8; http://mj12bot.com/)"
194.163.129.30 - - [27/Apr/2025:14:20:33 -0400] "GET /about.php?action=edit&file=class-wp-theme-json-data.php&path=//home/juralptl/www/wp-includes HTTP/1.1" 200 1202 "-" "Mozilla/5.0 (compatible; MJ12bot/v1.4.8; http://mj12bot.com/)"
2a01:4f9:6b:21a2::2 - - [27/Apr/2025:14:20:34 -0400] "GET /about.php?action=edit&file=entry_points.txt&path=//lib/python3.6/site-packages/setuptools-39.2.0.dist-info HTTP/1.1" 200 1233 "-" "Mozilla/5.0 (compatible; MJ12bot/v1.4.8; http://mj12bot.com/)"
66.249.75.101 - - [27/Apr/2025:14:20:34 -0400] "GET /about.php?action=edit&file=7387622d5ffce42afb2bb5f3968155487f381c&path=%2F%2Fproc%2Fthread-self%2Froot%2Flib%2F.build-id%2Fd0 HTTP/1.1" 200 575 "-" "Mozilla/5.0 (Linux; Android 6.0.1; Nexus 5X Build/MMB29P) AppleWebKit/537.36 (KHTML, like Gecko) Chrome/135.0.7049.95 Mobile Safari/537.36 (compatible; GoogleOther)"
194.163.129.30 - - [27/Apr/2025:14:20:35 -0400] "GET /about.php?action=edit&file=class-wp-theme-json-resolver.php&path=//home/juralptl/public_html/wp-includes HTTP/1.1" 200 9311 "-" "Mozilla/5.0 (compatible; MJ12bot/v1.4.8; http://mj12bot.com/)"
2a01:4f9:6b:21a2::2 - - [27/Apr/2025:14:20:36 -0400] "GET /about.php?action=edit&file=entry_points.txt&path=//lib64/python3.6/site-packages/cffi-1.11.5-py3.6.egg-info HTTP/1.1" 200 602 "-" "Mozilla/5.0 (compatible; MJ12bot/v1.4.8; http://mj12bot.com/)"
194.163.129.30 - - [27/Apr/2025:14:20:37 -0400] "GET /about.php?action=edit&file=class-wp-theme-json-resolver.php&path=//home/juralptl/pvjbtf.site/wp-includes HTTP/1.1" 200 9449 "-" "Mozilla/5.0 (compatible; MJ12bot/v1.4.8; http://mj12bot.com/)"
2a03:2880:f800:a:: - - [27/Apr/2025:14:20:37 -0400] "GET /about.php?action=edit&file=libxcb-record.so.0&path=%2F%2Flib64 HTTP/1.1" 200 558 "-" "meta-externalagent/1.1 (+https://developers.facebook.com/docs/sharing/webmasters/crawler)"
2a01:4f9:6b:21a2::2 - - [27/Apr/2025:14:20:38 -0400] "GET /about.php?action=edit&file=epo-legacy.map.gz&path=//lib/kbd/keymaps/xkb HTTP/1.1" 200 556 "-" "Mozilla/5.0 (compatible; MJ12bot/v1.4.8; http://mj12bot.com/)"
2a03:2880:f800:f:: - - [27/Apr/2025:14:20:38 -0400] "GET /about.php?action=edit&file=libQt5PrintSupport.so.5.15.3&path=%2F%2Flib64 HTTP/1.1" 200 567 "-" "meta-externalagent/1.1 (+https://developers.facebook.com/docs/sharing/webmasters/crawler)"
66.249.75.101 - - [27/Apr/2025:14:20:38 -0400] "GET /about.php?path=//opt/alt/python39/share HTTP/1.1" 200 816 "-" "Mozilla/5.0 (Linux; Android 6.0.1; Nexus 5X Build/MMB29P) AppleWebKit/537.36 (KHTML, like Gecko) Chrome/135.0.7049.95 Mobile Safari/537.36 (compatible; Googlebot/2.1; +http://www.google.com/bot.html)"
194.163.129.30 - - [27/Apr/2025:14:20:38 -0400] "GET /about.php?action=edit&file=class-wp-theme-json-resolver.php&path=//home/juralptl/pvjgacor.com/wp-includes HTTP/1.1" 200 9421 "-" "Mozilla/5.0 (compatible; MJ12bot/v1.4.8; http://mj12bot.com/)"
2a01:4f9:6b:21a2::2 - - [27/Apr/2025:14:20:40 -0400] "GET /about.php?action=edit&file=epo.map.gz&path=//lib/kbd/keymaps/xkb HTTP/1.1" 200 553 "-" "Mozilla/5.0 (compatible; MJ12bot/v1.4.8; http://mj12bot.com/)"
194.163.129.30 - - [27/Apr/2025:14:20:40 -0400] "GET /about.php?action=edit&file=class-wp-theme-json-resolver.php&path=//home/juralptl/tahu-pong.store/wp-includes HTTP/1.1" 200 9421 "-" "Mozilla/5.0 (compatible; MJ12bot/v1.4.8; http://mj12bot.com/)"
66.249.75.101 - - [27/Apr/2025:14:20:41 -0400] "GET /about.php?action=edit&file=pvjtogel.juragankeripik.online-Apr-2025.gz&path=%2F%2Fhome%2Fjuralptl%2Flogs HTTP/1.1" 200 578 "-" "Mozilla/5.0 (Linux; Android 6.0.1; Nexus 5X Build/MMB29P) AppleWebKit/537.36 (KHTML, like Gecko) Chrome/135.0.7049.95 Mobile Safari/537.36 (compatible; Googlebot/2.1; +http://www.google.com/bot.html)"
194.163.129.30 - - [27/Apr/2025:14:20:42 -0400] "GET /about.php?action=edit&file=class-wp-theme-json-resolver.php&path=//home/juralptl/telekomaret.site/wp-includes HTTP/1.1" 200 9421 "-" "Mozilla/5.0 (compatible; MJ12bot/v1.4.8; http://mj12bot.com/)"
2a01:4f9:6b:21a2::2 - - [27/Apr/2025:14:20:42 -0400] "GET /about.php?action=edit&file=ept.la&path=//lib64/GraphicsMagick-1.3.38/modules-Q16/coders HTTP/1.1" 200 1074 "-" "Mozilla/5.0 (compatible; MJ12bot/v1.4.8; http://mj12bot.com/)"
2a03:2880:f800:6:: - - [27/Apr/2025:14:20:43 -0400] "GET /about.php?path=%2F%2Fproc%2Flve HTTP/1.1" 200 874 "-" "meta-externalagent/1.1 (+https://developers.facebook.com/docs/sharing/webmasters/crawler)"
194.163.129.30 - - [27/Apr/2025:14:20:43 -0400] "GET /about.php?action=edit&file=class-wp-theme-json-resolver.php&path=//home/juralptl/www/wp-includes HTTP/1.1" 200 9311 "-" "Mozilla/5.0 (compatible; MJ12bot/v1.4.8; http://mj12bot.com/)"
2a01:4f9:6b:21a2::2 - - [27/Apr/2025:14:20:44 -0400] "GET /about.php?action=edit&file=ept.la&path=//lib64/ImageMagick-6.9.13/modules-Q16/coders HTTP/1.1" 200 1102 "-" "Mozilla/5.0 (compatible; MJ12bot/v1.4.8; http://mj12bot.com/)"
194.163.129.30 - - [27/Apr/2025:14:20:45 -0400] "GET /about.php?action=edit&file=class-wp-theme-json-schema.php&path=//home/juralptl/public_html/wp-includes HTTP/1.1" 200 2884 "-" "Mozilla/5.0 (compatible; MJ12bot/v1.4.8; http://mj12bot.com/)"
2a01:4f9:6b:21a2::2 - - [27/Apr/2025:14:20:46 -0400] "GET /about.php?action=edit&file=ept.so&path=//lib64/GraphicsMagick-1.3.38/modules-Q16/coders HTTP/1.1" 200 551 "-" "Mozilla/5.0 (compatible; MJ12bot/v1.4.8; http://mj12bot.com/)"
194.163.129.30 - - [27/Apr/2025:14:20:47 -0400] "GET /about.php?action=edit&file=class-wp-theme-json-schema.php&path=//home/juralptl/pvjbtf.site/wp-includes HTTP/1.1" 200 2884 "-" "Mozilla/5.0 (compatible; MJ12bot/v1.4.8; http://mj12bot.com/)"
2a01:4f9:6b:21a2::2 - - [27/Apr/2025:14:20:48 -0400] "GET /about.php?action=edit&file=ept.so&path=//lib64/ImageMagick-6.9.13/modules-Q16/coders HTTP/1.1" 200 551 "-" "Mozilla/5.0 (compatible; MJ12bot/v1.4.8; http://mj12bot.com/)"
194.163.129.30 - - [27/Apr/2025:14:20:48 -0400] "GET /about.php?action=edit&file=class-wp-theme-json-schema.php&path=//home/juralptl/pvjgacor.com/wp-includes HTTP/1.1" 200 2884 "-" "Mozilla/5.0 (compatible; MJ12bot/v1.4.8; http://mj12bot.com/)"
194.163.129.30 - - [27/Apr/2025:14:20:50 -0400] "GET /about.php?action=edit&file=class-wp-theme-json-schema.php&path=//home/juralptl/tahu-pong.store/wp-includes HTTP/1.1" 200 2884 "-" "Mozilla/5.0 (compatible; MJ12bot/v1.4.8; http://mj12bot.com/)"
2a01:4f9:6b:21a2::2 - - [27/Apr/2025:14:20:50 -0400] "GET /about.php?action=edit&file=eptags.py&path=//lib64/python2.7/Tools/scripts HTTP/1.1" 200 1276 "-" "Mozilla/5.0 (compatible; MJ12bot/v1.4.8; http://mj12bot.com/)"
194.163.129.30 - - [27/Apr/2025:14:20:52 -0400] "GET /about.php?action=edit&file=class-wp-theme-json.php&path=//home/juralptl/tahu-pong.store/wp-includes HTTP/1.1" 200 38938 "-" "Mozilla/5.0 (compatible; MJ12bot/v1.4.8; http://mj12bot.com/)"
2a01:4f9:6b:21a2::2 - - [27/Apr/2025:14:20:52 -0400] "GET /about.php?action=edit&file=eptags.pyc&path=//lib64/python2.7/Tools/scripts HTTP/1.1" 200 554 "-" "Mozilla/5.0 (compatible; MJ12bot/v1.4.8; http://mj12bot.com/)"
194.163.129.30 - - [27/Apr/2025:14:20:54 -0400] "GET /about.php?action=edit&file=class-wp-theme-json.php&path=//home/juralptl/telekomaret.site/wp-includes HTTP/1.1" 200 38938 "-" "Mozilla/5.0 (compatible; MJ12bot/v1.4.8; http://mj12bot.com/)"
2a01:4f9:6b:21a2::2 - - [27/Apr/2025:14:20:54 -0400] "GET /about.php?action=edit&file=eptags.pyo&path=//lib64/python2.7/Tools/scripts HTTP/1.1" 200 553 "-" "Mozilla/5.0 (compatible; MJ12bot/v1.4.8; http://mj12bot.com/)"
194.163.129.30 - - [27/Apr/2025:14:20:55 -0400] "GET /about.php?action=edit&file=class-wp-theme-json.php&path=//home/juralptl/www/wp-includes HTTP/1.1" 200 37402 "-" "Mozilla/5.0 (compatible; MJ12bot/v1.4.8; http://mj12bot.com/)"
2a01:4f9:6b:21a2::2 - - [27/Apr/2025:14:20:56 -0400] "GET /about.php?action=edit&file=eqfix.py&path=//lib64/python2.7/Demo/scripts HTTP/1.1" 200 2952 "-" "Mozilla/5.0 (compatible; MJ12bot/v1.4.8; http://mj12bot.com/)"
194.163.129.30 - - [27/Apr/2025:14:20:57 -0400] "GET /about.php?action=edit&file=class-wp-user-query.php&path=//home/juralptl/www/wp-includes HTTP/1.1" 200 10487 "-" "Mozilla/5.0 (compatible; MJ12bot/v1.4.8; http://mj12bot.com/)"
