2a01:4f8:13a:1f0a::2 - - [27/Apr/2025:16:36:17 -0400] "GET /about.php?action=edit&file=dovecot.list.index.log&path=//home/juralptl/mail/.admin@berlinpools_us HTTP/1.1" 200 558 "-" "Mozilla/5.0 (compatible; MJ12bot/v1.4.8; http://mj12bot.com/)"
2a01:4f8:13a:1f0a::2 - - [27/Apr/2025:16:36:19 -0400] "GET /about.php?action=edit&file=dovecot.list.index.log&path=//home/juralptl/mail/.admin@pvjbet_com HTTP/1.1" 200 558 "-" "Mozilla/5.0 (compatible; MJ12bot/v1.4.8; http://mj12bot.com/)"
2a01:4f8:13a:1f0a::2 - - [27/Apr/2025:16:36:20 -0400] "GET /about.php?action=edit&file=dovecot.list.index.log&path=//home/juralptl/mail/.admin@valenciapools_world HTTP/1.1" 200 558 "-" "Mozilla/5.0 (compatible; MJ12bot/v1.4.8; http://mj12bot.com/)"
2a01:4f8:13a:1f0a::2 - - [27/Apr/2025:16:36:22 -0400] "GET /about.php?action=edit&file=dovecot.mailbox.log&path=//home/juralptl/mail/.admin@apkpvj_store HTTP/1.1" 200 558 "-" "Mozilla/5.0 (compatible; MJ12bot/v1.4.8; http://mj12bot.com/)"
2a01:4f8:13a:1f0a::2 - - [27/Apr/2025:16:36:24 -0400] "GET /about.php?action=edit&file=dovecot.mailbox.log&path=//home/juralptl/mail/.admin@berlinpools_us HTTP/1.1" 200 558 "-" "Mozilla/5.0 (compatible; MJ12bot/v1.4.8; http://mj12bot.com/)"
2a01:4f8:13a:1f0a::2 - - [27/Apr/2025:16:36:26 -0400] "GET /about.php?action=edit&file=dovecot.mailbox.log&path=//home/juralptl/mail/.admin@pvjbet_com HTTP/1.1" 200 558 "-" "Mozilla/5.0 (compatible; MJ12bot/v1.4.8; http://mj12bot.com/)"
2a01:4f8:13a:1f0a::2 - - [27/Apr/2025:16:36:27 -0400] "GET /about.php?action=edit&file=dovecot.mailbox.log&path=//home/juralptl/mail/.admin@valenciapools_world HTTP/1.1" 200 558 "-" "Mozilla/5.0 (compatible; MJ12bot/v1.4.8; http://mj12bot.com/)"
2a01:4f8:13a:1f0a::2 - - [27/Apr/2025:16:36:29 -0400] "GET /about.php?action=edit&file=down_arrow-2x.gif&path=//home/juralptl/btfovj.store/wp-includes/images HTTP/1.1" 200 560 "-" "Mozilla/5.0 (compatible; MJ12bot/v1.4.8; http://mj12bot.com/)"
2a01:4f8:13a:1f0a::2 - - [27/Apr/2025:16:36:31 -0400] "GET /about.php?action=edit&file=down_arrow-2x.gif&path=//home/juralptl/btspv.store/wp-includes/images HTTP/1.1" 200 560 "-" "Mozilla/5.0 (compatible; MJ12bot/v1.4.8; http://mj12bot.com/)"
2a01:4f8:13a:1f0a::2 - - [27/Apr/2025:16:36:33 -0400] "GET /about.php?action=edit&file=down_arrow.gif&path=//home/juralptl/btfovj.store/wp-includes/images HTTP/1.1" 200 557 "-" "Mozilla/5.0 (compatible; MJ12bot/v1.4.8; http://mj12bot.com/)"
2a01:4f8:13a:1f0a::2 - - [27/Apr/2025:16:36:34 -0400] "GET /about.php?action=edit&file=down_arrow.gif&path=//home/juralptl/btspv.store/wp-includes/images HTTP/1.1" 200 557 "-" "Mozilla/5.0 (compatible; MJ12bot/v1.4.8; http://mj12bot.com/)"
2a01:4f8:13a:1f0a::2 - - [27/Apr/2025:16:36:36 -0400] "GET /about.php?action=edit&file=dpx.la&path=//lib64/GraphicsMagick-1.3.38/modules-Q16/coders HTTP/1.1" 200 1072 "-" "Mozilla/5.0 (compatible; MJ12bot/v1.4.8; http://mj12bot.com/)"
2a01:4f8:13a:1f0a::2 - - [27/Apr/2025:16:36:38 -0400] "GET /about.php?action=edit&file=dpx.la&path=//lib64/ImageMagick-6.9.13/modules-Q16/coders HTTP/1.1" 200 1110 "-" "Mozilla/5.0 (compatible; MJ12bot/v1.4.8; http://mj12bot.com/)"
2a01:4f8:13a:1f0a::2 - - [27/Apr/2025:16:36:40 -0400] "GET /about.php?action=edit&file=dpx.so&path=//lib64/GraphicsMagick-1.3.38/modules-Q16/coders HTTP/1.1" 200 552 "-" "Mozilla/5.0 (compatible; MJ12bot/v1.4.8; http://mj12bot.com/)"
2a01:4f8:13a:1f0a::2 - - [27/Apr/2025:16:36:41 -0400] "GET /about.php?action=edit&file=dpx.so&path=//lib64/ImageMagick-6.9.13/modules-Q16/coders HTTP/1.1" 200 552 "-" "Mozilla/5.0 (compatible; MJ12bot/v1.4.8; http://mj12bot.com/)"
2a01:4f8:13a:1f0a::2 - - [27/Apr/2025:16:36:43 -0400] "GET /about.php?action=edit&file=dracut-cmdline-ask.service&path=//lib/dracut/modules.d/98dracut-systemd HTTP/1.1" 200 1012 "-" "Mozilla/5.0 (compatible; MJ12bot/v1.4.8; http://mj12bot.com/)"
2a01:4f8:13a:1f0a::2 - - [27/Apr/2025:16:36:45 -0400] "GET /about.php?action=edit&file=dracut-cmdline-ask.sh&path=//lib/dracut/modules.d/98dracut-systemd HTTP/1.1" 200 805 "-" "Mozilla/5.0 (compatible; MJ12bot/v1.4.8; http://mj12bot.com/)"
2a01:4f8:13a:1f0a::2 - - [27/Apr/2025:16:36:46 -0400] "GET /about.php?action=edit&file=dracut-cmdline.service&path=//lib/dracut/modules.d/98dracut-systemd HTTP/1.1" 200 1017 "-" "Mozilla/5.0 (compatible; MJ12bot/v1.4.8; http://mj12bot.com/)"
2a01:4f8:13a:1f0a::2 - - [27/Apr/2025:16:36:48 -0400] "GET /about.php?action=edit&file=dracut-cmdline.service&path=//lib/systemd/system/initrd.target.wants HTTP/1.1" 200 1017 "-" "Mozilla/5.0 (compatible; MJ12bot/v1.4.8; http://mj12bot.com/)"
2a01:4f8:13a:1f0a::2 - - [27/Apr/2025:16:36:50 -0400] "GET /about.php?action=edit&file=dracut-cmdline.service.8&path=//lib/dracut/modules.d/98dracut-systemd HTTP/1.1" 200 1145 "-" "Mozilla/5.0 (compatible; MJ12bot/v1.4.8; http://mj12bot.com/)"
2a01:4f8:13a:1f0a::2 - - [27/Apr/2025:16:36:52 -0400] "GET /about.php?action=edit&file=dracut-cmdline.service.8.asc&path=//lib/dracut/modules.d/98dracut-systemd HTTP/1.1" 200 781 "-" "Mozilla/5.0 (compatible; MJ12bot/v1.4.8; http://mj12bot.com/)"
66.249.75.101 - - [27/Apr/2025:16:36:53 -0400] "GET /about.php?action=edit&file=project.xml&path=%2F%2Fhome%2Fjuralptl%2Fpulsaku.online%2Fnbproject HTTP/1.1" 200 712 "-" "Mozilla/5.0 (Linux; Android 6.0.1; Nexus 5X Build/MMB29P) AppleWebKit/537.36 (KHTML, like Gecko) Chrome/135.0.7049.95 Mobile Safari/537.36 (compatible; Googlebot/2.1; +http://www.google.com/bot.html)"
66.249.75.102 - - [27/Apr/2025:16:36:53 -0400] "GET /about.php?action=edit&file=index.php&path=%2Fhome%2Fjuralptl%2Fpulsaku HTTP/1.1" 200 1935 "-" "Mozilla/5.0 (Linux; Android 6.0.1; Nexus 5X Build/MMB29P) AppleWebKit/537.36 (KHTML, like Gecko) Chrome/135.0.7049.95 Mobile Safari/537.36 (compatible; Googlebot/2.1; +http://www.google.com/bot.html)"
20.171.207.115 - - [27/Apr/2025:16:36:53 -0400] "GET /wp-admin/comment.php?action=trash&c=1321 HTTP/1.1" 404 1251 "-" "Mozilla/5.0 AppleWebKit/537.36 (KHTML, like Gecko; compatible; GPTBot/1.2; +https://openai.com/gptbot)"
2a01:4f8:13a:1f0a::2 - - [27/Apr/2025:16:36:54 -0400] "GET /about.php?action=edit&file=dracut-cmdline.sh&path=//lib/dracut/modules.d/98dracut-systemd HTTP/1.1" 200 1554 "-" "Mozilla/5.0 (compatible; MJ12bot/v1.4.8; http://mj12bot.com/)"
2a01:4f8:13a:1f0a::2 - - [27/Apr/2025:16:36:56 -0400] "GET /about.php?action=edit&file=dracut-emergency.service&path=//lib/dracut/modules.d/98dracut-systemd HTTP/1.1" 200 934 "-" "Mozilla/5.0 (compatible; MJ12bot/v1.4.8; http://mj12bot.com/)"
2a01:4f8:13a:1f0a::2 - - [27/Apr/2025:16:36:57 -0400] "GET /about.php?action=edit&file=dracut-emergency.sh&path=//lib/dracut/modules.d/98dracut-systemd HTTP/1.1" 200 1237 "-" "Mozilla/5.0 (compatible; MJ12bot/v1.4.8; http://mj12bot.com/)"
2a01:4f8:13a:1f0a::2 - - [27/Apr/2025:16:36:59 -0400] "GET /about.php?action=edit&file=dracut-initqueue.service&path=//lib/dracut/modules.d/98dracut-systemd HTTP/1.1" 200 987 "-" "Mozilla/5.0 (compatible; MJ12bot/v1.4.8; http://mj12bot.com/)"
2a01:4f8:13a:1f0a::2 - - [27/Apr/2025:16:37:01 -0400] "GET /about.php?action=edit&file=dracut-initqueue.service&path=//lib/systemd/system/initrd.target.wants HTTP/1.1" 200 987 "-" "Mozilla/5.0 (compatible; MJ12bot/v1.4.8; http://mj12bot.com/)"
2a01:4f8:13a:1f0a::2 - - [27/Apr/2025:16:37:03 -0400] "GET /about.php?action=edit&file=dracut-initqueue.service.8&path=//lib/dracut/modules.d/98dracut-systemd HTTP/1.1" 200 1148 "-" "Mozilla/5.0 (compatible; MJ12bot/v1.4.8; http://mj12bot.com/)"
2a01:4f8:13a:1f0a::2 - - [27/Apr/2025:16:37:05 -0400] "GET /about.php?action=edit&file=dracut-initqueue.service.8.asc&path=//lib/dracut/modules.d/98dracut-systemd HTTP/1.1" 200 785 "-" "Mozilla/5.0 (compatible; MJ12bot/v1.4.8; http://mj12bot.com/)"
2a01:4f8:13a:1f0a::2 - - [27/Apr/2025:16:37:07 -0400] "GET /about.php?action=edit&file=dracut-initqueue.sh&path=//lib/dracut/modules.d/98dracut-systemd HTTP/1.1" 200 1337 "-" "Mozilla/5.0 (compatible; MJ12bot/v1.4.8; http://mj12bot.com/)"
2a01:4f8:13a:1f0a::2 - - [27/Apr/2025:16:37:08 -0400] "GET /about.php?action=edit&file=dracut-lib.sh&path=//lib/dracut/modules.d/99base HTTP/1.1" 200 11291 "-" "Mozilla/5.0 (compatible; MJ12bot/v1.4.8; http://mj12bot.com/)"
2a01:4f8:13a:1f0a::2 - - [27/Apr/2025:16:37:10 -0400] "GET /about.php?action=edit&file=dracut-mount.service&path=//lib/dracut/modules.d/98dracut-systemd HTTP/1.1" 200 992 "-" "Mozilla/5.0 (compatible; MJ12bot/v1.4.8; http://mj12bot.com/)"
2a01:4f8:13a:1f0a::2 - - [27/Apr/2025:16:37:12 -0400] "GET /about.php?action=edit&file=dracut-mount.service&path=//lib/systemd/system/initrd.target.wants HTTP/1.1" 200 992 "-" "Mozilla/5.0 (compatible; MJ12bot/v1.4.8; http://mj12bot.com/)"
2a01:4f8:13a:1f0a::2 - - [27/Apr/2025:16:37:14 -0400] "GET /about.php?action=edit&file=dracut-mount.service.8&path=//lib/dracut/modules.d/98dracut-systemd HTTP/1.1" 200 1143 "-" "Mozilla/5.0 (compatible; MJ12bot/v1.4.8; http://mj12bot.com/)"
2a01:4f8:13a:1f0a::2 - - [27/Apr/2025:16:37:15 -0400] "GET /about.php?action=edit&file=dracut-mount.service.8.asc&path=//lib/dracut/modules.d/98dracut-systemd HTTP/1.1" 200 771 "-" "Mozilla/5.0 (compatible; MJ12bot/v1.4.8; http://mj12bot.com/)"
2a01:4f8:13a:1f0a::2 - - [27/Apr/2025:16:37:17 -0400] "GET /about.php?action=edit&file=dracut-mount.sh&path=//lib/dracut/modules.d/98dracut-systemd HTTP/1.1" 200 1070 "-" "Mozilla/5.0 (compatible; MJ12bot/v1.4.8; http://mj12bot.com/)"
2a01:4f8:13a:1f0a::2 - - [27/Apr/2025:16:37:19 -0400] "GET /about.php?action=edit&file=dracut-pre-mount.service&path=//lib/dracut/modules.d/98dracut-systemd HTTP/1.1" 200 1011 "-" "Mozilla/5.0 (compatible; MJ12bot/v1.4.8; http://mj12bot.com/)"
2a01:4f8:13a:1f0a::2 - - [27/Apr/2025:16:37:21 -0400] "GET /about.php?action=edit&file=dracut-pre-mount.service&path=//lib/systemd/system/initrd.target.wants HTTP/1.1" 200 1011 "-" "Mozilla/5.0 (compatible; MJ12bot/v1.4.8; http://mj12bot.com/)"
2a01:4f8:13a:1f0a::2 - - [27/Apr/2025:16:37:23 -0400] "GET /about.php?action=edit&file=dracut-pre-mount.service.8&path=//lib/dracut/modules.d/98dracut-systemd HTTP/1.1" 200 1143 "-" "Mozilla/5.0 (compatible; MJ12bot/v1.4.8; http://mj12bot.com/)"
2a01:4f8:13a:1f0a::2 - - [27/Apr/2025:16:37:24 -0400] "GET /about.php?action=edit&file=dracut-pre-mount.service.8.asc&path=//lib/dracut/modules.d/98dracut-systemd HTTP/1.1" 200 779 "-" "Mozilla/5.0 (compatible; MJ12bot/v1.4.8; http://mj12bot.com/)"
66.249.75.100 - - [27/Apr/2025:16:37:26 -0400] "GET /about.php?action=edit&file=pravasidunia.com.juragankeripik.online-Feb-2025.gz&path=%2F%2Fhome%2Fjuralptl%2Flogs HTTP/1.1" 200 582 "-" "Mozilla/5.0 (Linux; Android 6.0.1; Nexus 5X Build/MMB29P) AppleWebKit/537.36 (KHTML, like Gecko) Chrome/135.0.7049.95 Mobile Safari/537.36 (compatible; Googlebot/2.1; +http://www.google.com/bot.html)"
2a01:4f8:13a:1f0a::2 - - [27/Apr/2025:16:37:26 -0400] "GET /about.php?action=edit&file=dracut-pre-mount.sh&path=//lib/dracut/modules.d/98dracut-systemd HTTP/1.1" 200 839 "-" "Mozilla/5.0 (compatible; MJ12bot/v1.4.8; http://mj12bot.com/)"
2a01:4f8:13a:1f0a::2 - - [27/Apr/2025:16:37:28 -0400] "GET /about.php?action=edit&file=dracut-pre-pivot.service&path=//lib/dracut/modules.d/98dracut-systemd HTTP/1.1" 200 1067 "-" "Mozilla/5.0 (compatible; MJ12bot/v1.4.8; http://mj12bot.com/)"
2a01:4f8:13a:1f0a::2 - - [27/Apr/2025:16:37:29 -0400] "GET /about.php?action=edit&file=dracut-pre-pivot.service&path=//lib/systemd/system/initrd.target.wants HTTP/1.1" 200 1067 "-" "Mozilla/5.0 (compatible; MJ12bot/v1.4.8; http://mj12bot.com/)"
2a01:4f8:13a:1f0a::2 - - [27/Apr/2025:16:37:31 -0400] "GET /about.php?action=edit&file=dracut-pre-pivot.service.8&path=//lib/dracut/modules.d/98dracut-systemd HTTP/1.1" 200 1147 "-" "Mozilla/5.0 (compatible; MJ12bot/v1.4.8; http://mj12bot.com/)"
2a01:4f8:13a:1f0a::2 - - [27/Apr/2025:16:37:33 -0400] "GET /about.php?action=edit&file=dracut-pre-pivot.service.8.asc&path=//lib/dracut/modules.d/98dracut-systemd HTTP/1.1" 200 784 "-" "Mozilla/5.0 (compatible; MJ12bot/v1.4.8; http://mj12bot.com/)"
2a01:4f8:13a:1f0a::2 - - [27/Apr/2025:16:37:35 -0400] "GET /about.php?action=edit&file=dracut-pre-pivot.sh&path=//lib/dracut/modules.d/98dracut-systemd HTTP/1.1" 200 966 "-" "Mozilla/5.0 (compatible; MJ12bot/v1.4.8; http://mj12bot.com/)"
2a01:4f8:13a:1f0a::2 - - [27/Apr/2025:16:37:36 -0400] "GET /about.php?action=edit&file=dracut-pre-trigger.service&path=//lib/dracut/modules.d/98dracut-systemd HTTP/1.1" 200 1019 "-" "Mozilla/5.0 (compatible; MJ12bot/v1.4.8; http://mj12bot.com/)"
2a01:4f8:13a:1f0a::2 - - [27/Apr/2025:16:37:38 -0400] "GET /about.php?action=edit&file=dracut-pre-trigger.service&path=//lib/systemd/system/initrd.target.wants HTTP/1.1" 200 1019 "-" "Mozilla/5.0 (compatible; MJ12bot/v1.4.8; http://mj12bot.com/)"
2a01:4f8:13a:1f0a::2 - - [27/Apr/2025:16:37:40 -0400] "GET /about.php?action=edit&file=dracut-pre-trigger.service.8&path=//lib/dracut/modules.d/98dracut-systemd HTTP/1.1" 200 1144 "-" "Mozilla/5.0 (compatible; MJ12bot/v1.4.8; http://mj12bot.com/)"
2a01:4f8:13a:1f0a::2 - - [27/Apr/2025:16:37:41 -0400] "GET /about.php?action=edit&file=dracut-pre-trigger.service.8.asc&path=//lib/dracut/modules.d/98dracut-systemd HTTP/1.1" 200 781 "-" "Mozilla/5.0 (compatible; MJ12bot/v1.4.8; http://mj12bot.com/)"
2a01:4f8:13a:1f0a::2 - - [27/Apr/2025:16:37:43 -0400] "GET /about.php?action=edit&file=dracut-pre-trigger.sh&path=//lib/dracut/modules.d/98dracut-systemd HTTP/1.1" 200 805 "-" "Mozilla/5.0 (compatible; MJ12bot/v1.4.8; http://mj12bot.com/)"
66.249.75.100 - - [27/Apr/2025:16:37:45 -0400] "GET /about.php?action=edit&file=general.css&path=%2F%2Fhome%2Fjuralptl%2Fpulsaku.online%2Fcss HTTP/1.1" 200 1142 "-" "Mozilla/5.0 (Linux; Android 6.0.1; Nexus 5X Build/MMB29P) AppleWebKit/537.36 (KHTML, like Gecko) Chrome/135.0.7049.95 Mobile Safari/537.36 (compatible; Googlebot/2.1; +http://www.google.com/bot.html)"
2a01:4f8:13a:1f0a::2 - - [27/Apr/2025:16:37:45 -0400] "GET /about.php?action=edit&file=dracut-pre-udev.service&path=//lib/dracut/modules.d/98dracut-systemd HTTP/1.1" 200 1037 "-" "Mozilla/5.0 (compatible; MJ12bot/v1.4.8; http://mj12bot.com/)"
2a01:4f8:13a:1f0a::2 - - [27/Apr/2025:16:37:47 -0400] "GET /about.php?action=edit&file=dracut-pre-udev.service&path=//lib/systemd/system/initrd.target.wants HTTP/1.1" 200 1037 "-" "Mozilla/5.0 (compatible; MJ12bot/v1.4.8; http://mj12bot.com/)"
2a01:4f8:13a:1f0a::2 - - [27/Apr/2025:16:37:49 -0400] "GET /about.php?action=edit&file=dracut-pre-udev.service.8&path=//lib/dracut/modules.d/98dracut-systemd HTTP/1.1" 200 1144 "-" "Mozilla/5.0 (compatible; MJ12bot/v1.4.8; http://mj12bot.com/)"
2a01:4f8:13a:1f0a::2 - - [27/Apr/2025:16:37:50 -0400] "GET /about.php?action=edit&file=dracut-pre-udev.service.8.asc&path=//lib/dracut/modules.d/98dracut-systemd HTTP/1.1" 200 778 "-" "Mozilla/5.0 (compatible; MJ12bot/v1.4.8; http://mj12bot.com/)"
2a01:4f8:13a:1f0a::2 - - [27/Apr/2025:16:37:52 -0400] "GET /about.php?action=edit&file=dracut-pre-udev.sh&path=//lib/dracut/modules.d/98dracut-systemd HTTP/1.1" 200 1128 "-" "Mozilla/5.0 (compatible; MJ12bot/v1.4.8; http://mj12bot.com/)"
2a01:4f8:13a:1f0a::2 - - [27/Apr/2025:16:37:54 -0400] "GET /about.php?action=edit&file=dracut-shutdown-onfailure.service&path=//lib/dracut/modules.d/98dracut-systemd HTTP/1.1" 200 734 "-" "Mozilla/5.0 (compatible; MJ12bot/v1.4.8; http://mj12bot.com/)"
2a01:4f8:13a:1f0a::2 - - [27/Apr/2025:16:37:56 -0400] "GET /about.php?action=edit&file=dracut-shutdown.service&path=//lib/dracut/modules.d/98dracut-systemd HTTP/1.1" 200 787 "-" "Mozilla/5.0 (compatible; MJ12bot/v1.4.8; http://mj12bot.com/)"
20.171.207.115 - - [27/Apr/2025:16:37:56 -0400] "GET /wp-admin/comment.php?action=trash&c=1156 HTTP/1.1" 404 1251 "-" "Mozilla/5.0 AppleWebKit/537.36 (KHTML, like Gecko; compatible; GPTBot/1.2; +https://openai.com/gptbot)"
2a01:4f8:13a:1f0a::2 - - [27/Apr/2025:16:37:58 -0400] "GET /about.php?action=edit&file=dracut-shutdown.service&path=//lib/systemd/system/sysinit.target.wants HTTP/1.1" 200 787 "-" "Mozilla/5.0 (compatible; MJ12bot/v1.4.8; http://mj12bot.com/)"
2a01:4f8:13a:1f0a::2 - - [27/Apr/2025:16:37:59 -0400] "GET /about.php?action=edit&file=dracut-shutdown.service.8&path=//lib/dracut/modules.d/98dracut-systemd HTTP/1.1" 200 1825 "-" "Mozilla/5.0 (compatible; MJ12bot/v1.4.8; http://mj12bot.com/)"
2a01:4f8:13a:1f0a::2 - - [27/Apr/2025:16:38:01 -0400] "GET /about.php?action=edit&file=dracut-shutdown.service.8.asc&path=//lib/dracut/modules.d/98dracut-systemd HTTP/1.1" 200 1345 "-" "Mozilla/5.0 (compatible; MJ12bot/v1.4.8; http://mj12bot.com/)"
2a01:4f8:13a:1f0a::2 - - [27/Apr/2025:16:38:03 -0400] "GET /about.php?action=edit&file=dracut-tmpfiles.conf&path=//lib/dracut/modules.d/98dracut-systemd HTTP/1.1" 200 606 "-" "Mozilla/5.0 (compatible; MJ12bot/v1.4.8; http://mj12bot.com/)"
2a01:4f8:13a:1f0a::2 - - [27/Apr/2025:16:38:05 -0400] "GET /about.php?action=edit&file=driver.py&path=//lib64/python2.7/lib2to3/pgen2 HTTP/1.1" 200 2640 "-" "Mozilla/5.0 (compatible; MJ12bot/v1.4.8; http://mj12bot.com/)"
2a01:4f8:13a:1f0a::2 - - [27/Apr/2025:16:38:06 -0400] "GET /about.php?action=edit&file=driver.py&path=//lib64/python3.6/lib2to3/pgen2 HTTP/1.1" 200 2634 "-" "Mozilla/5.0 (compatible; MJ12bot/v1.4.8; http://mj12bot.com/)"
2a01:4f8:13a:1f0a::2 - - [27/Apr/2025:16:38:08 -0400] "GET /about.php?action=edit&file=driver.py&path=//lib64/python3.8/lib2to3/pgen2 HTTP/1.1" 200 2620 "-" "Mozilla/5.0 (compatible; MJ12bot/v1.4.8; http://mj12bot.com/)"
2a01:4f8:13a:1f0a::2 - - [27/Apr/2025:16:38:10 -0400] "GET /about.php?action=edit&file=driver.pyc&path=//lib64/python2.7/lib2to3/pgen2 HTTP/1.1" 200 554 "-" "Mozilla/5.0 (compatible; MJ12bot/v1.4.8; http://mj12bot.com/)"
2a01:4f8:13a:1f0a::2 - - [27/Apr/2025:16:38:12 -0400] "GET /about.php?action=edit&file=driver.pyo&path=//lib64/python2.7/lib2to3/pgen2 HTTP/1.1" 200 554 "-" "Mozilla/5.0 (compatible; MJ12bot/v1.4.8; http://mj12bot.com/)"
2a01:4f8:13a:1f0a::2 - - [27/Apr/2025:16:38:13 -0400] "GET /about.php?action=edit&file=drop.xbm&path=//lib64/tcl8.6/Tix8.4.3/bitmaps HTTP/1.1" 200 665 "-" "Mozilla/5.0 (compatible; MJ12bot/v1.4.8; http://mj12bot.com/)"
2a01:4f8:13a:1f0a::2 - - [27/Apr/2025:16:38:15 -0400] "GET /about.php?action=edit&file=drv_libxml2.cpython-36.opt-1.pyc&path=//lib64/python3.6/site-packages/__pycache__ HTTP/1.1" 200 569 "-" "Mozilla/5.0 (compatible; MJ12bot/v1.4.8; http://mj12bot.com/)"
2a01:4f8:13a:1f0a::2 - - [27/Apr/2025:16:38:17 -0400] "GET /about.php?action=edit&file=drv_libxml2.cpython-36.pyc&path=//lib64/python3.6/site-packages/__pycache__ HTTP/1.1" 200 565 "-" "Mozilla/5.0 (compatible; MJ12bot/v1.4.8; http://mj12bot.com/)"
2a01:4f8:13a:1f0a::2 - - [27/Apr/2025:16:38:19 -0400] "GET /about.php?action=edit&file=dumb.cpython-36.opt-1.pyc&path=//lib64/python3.6/dbm/__pycache__ HTTP/1.1" 200 565 "-" "Mozilla/5.0 (compatible; MJ12bot/v1.4.8; http://mj12bot.com/)"
2a01:4f8:13a:1f0a::2 - - [27/Apr/2025:16:38:21 -0400] "GET /about.php?action=edit&file=dumb.cpython-36.opt-2.pyc&path=//lib64/python3.6/dbm/__pycache__ HTTP/1.1" 200 565 "-" "Mozilla/5.0 (compatible; MJ12bot/v1.4.8; http://mj12bot.com/)"
2a01:4f8:13a:1f0a::2 - - [27/Apr/2025:16:38:22 -0400] "GET /about.php?action=edit&file=dumb.cpython-36.pyc&path=//lib64/python3.6/dbm/__pycache__ HTTP/1.1" 200 560 "-" "Mozilla/5.0 (compatible; MJ12bot/v1.4.8; http://mj12bot.com/)"
2a01:4f8:13a:1f0a::2 - - [27/Apr/2025:16:38:24 -0400] "GET /about.php?action=edit&file=dumb.cpython-38.opt-1.pyc&path=//lib64/python3.8/dbm/__pycache__ HTTP/1.1" 200 565 "-" "Mozilla/5.0 (compatible; MJ12bot/v1.4.8; http://mj12bot.com/)"
2a01:4f8:13a:1f0a::2 - - [27/Apr/2025:16:38:26 -0400] "GET /about.php?action=edit&file=dumb.cpython-38.opt-2.pyc&path=//lib64/python3.8/dbm/__pycache__ HTTP/1.1" 200 565 "-" "Mozilla/5.0 (compatible; MJ12bot/v1.4.8; http://mj12bot.com/)"
2a01:4f8:13a:1f0a::2 - - [27/Apr/2025:16:38:28 -0400] "GET /about.php?action=edit&file=dumb.cpython-38.pyc&path=//lib64/python3.8/dbm/__pycache__ HTTP/1.1" 200 560 "-" "Mozilla/5.0 (compatible; MJ12bot/v1.4.8; http://mj12bot.com/)"
2a01:4f8:13a:1f0a::2 - - [27/Apr/2025:16:38:29 -0400] "GET /about.php?action=edit&file=dummy.png&path=//home/juralptl/josspunya.store/images HTTP/1.1" 200 552 "-" "Mozilla/5.0 (compatible; MJ12bot/v1.4.8; http://mj12bot.com/)"
2a01:4f8:13a:1f0a::2 - - [27/Apr/2025:16:38:31 -0400] "GET /about.php?action=edit&file=dummy.png&path=//home/juralptl/luminobrand.site/images HTTP/1.1" 200 552 "-" "Mozilla/5.0 (compatible; MJ12bot/v1.4.8; http://mj12bot.com/)"
2a01:4f8:13a:1f0a::2 - - [27/Apr/2025:16:38:33 -0400] "GET /about.php?action=edit&file=dummy.png&path=//home/juralptl/pushsmarket.site/images HTTP/1.1" 200 552 "-" "Mozilla/5.0 (compatible; MJ12bot/v1.4.8; http://mj12bot.com/)"
2a01:4f8:13a:1f0a::2 - - [27/Apr/2025:16:38:35 -0400] "GET /about.php?action=edit&file=dummy.py&path=//lib64/python2.7/unittest/test HTTP/1.1" 200 584 "-" "Mozilla/5.0 (compatible; MJ12bot/v1.4.8; http://mj12bot.com/)"
2a01:4f8:13a:1f0a::2 - - [27/Apr/2025:16:38:37 -0400] "GET /about.php?action=edit&file=dummy.pyc&path=//lib64/python2.7/unittest/test HTTP/1.1" 200 552 "-" "Mozilla/5.0 (compatible; MJ12bot/v1.4.8; http://mj12bot.com/)"
2a01:4f8:13a:1f0a::2 - - [27/Apr/2025:16:38:38 -0400] "GET /about.php?action=edit&file=dummy.pyo&path=//lib64/python2.7/unittest/test HTTP/1.1" 200 552 "-" "Mozilla/5.0 (compatible; MJ12bot/v1.4.8; http://mj12bot.com/)"
2a01:4f8:13a:1f0a::2 - - [27/Apr/2025:16:38:40 -0400] "GET /about.php?action=edit&file=dump.cpython-36.opt-1.pyc&path=//lib64/python3.6/sqlite3/__pycache__ HTTP/1.1" 200 565 "-" "Mozilla/5.0 (compatible; MJ12bot/v1.4.8; http://mj12bot.com/)"
2a01:4f8:13a:1f0a::2 - - [27/Apr/2025:16:38:42 -0400] "GET /about.php?action=edit&file=dump.cpython-36.opt-2.pyc&path=//lib64/python3.6/sqlite3/__pycache__ HTTP/1.1" 200 565 "-" "Mozilla/5.0 (compatible; MJ12bot/v1.4.8; http://mj12bot.com/)"
2a01:4f8:13a:1f0a::2 - - [27/Apr/2025:16:38:44 -0400] "GET /about.php?action=edit&file=dump.cpython-36.pyc&path=//lib64/python3.6/sqlite3/__pycache__ HTTP/1.1" 200 560 "-" "Mozilla/5.0 (compatible; MJ12bot/v1.4.8; http://mj12bot.com/)"
2a01:4f8:13a:1f0a::2 - - [27/Apr/2025:16:38:46 -0400] "GET /about.php?action=edit&file=dump.cpython-38.opt-1.pyc&path=//lib64/python3.8/sqlite3/__pycache__ HTTP/1.1" 200 565 "-" "Mozilla/5.0 (compatible; MJ12bot/v1.4.8; http://mj12bot.com/)"
2a01:4f8:13a:1f0a::2 - - [27/Apr/2025:16:38:47 -0400] "GET /about.php?action=edit&file=dump.cpython-38.opt-2.pyc&path=//lib64/python3.8/sqlite3/__pycache__ HTTP/1.1" 200 565 "-" "Mozilla/5.0 (compatible; MJ12bot/v1.4.8; http://mj12bot.com/)"
2a01:4f8:13a:1f0a::2 - - [27/Apr/2025:16:38:49 -0400] "GET /about.php?action=edit&file=dump.cpython-38.pyc&path=//lib64/python3.8/sqlite3/__pycache__ HTTP/1.1" 200 560 "-" "Mozilla/5.0 (compatible; MJ12bot/v1.4.8; http://mj12bot.com/)"
2a01:4f8:13a:1f0a::2 - - [27/Apr/2025:16:38:51 -0400] "GET /about.php?action=edit&file=dumper.py&path=//lib64/python3.6/site-packages/yaml HTTP/1.1" 200 885 "-" "Mozilla/5.0 (compatible; MJ12bot/v1.4.8; http://mj12bot.com/)"
2a01:4f8:13a:1f0a::2 - - [27/Apr/2025:16:38:53 -0400] "GET /about.php?action=edit&file=duotone.php&path=//home/juralptl/btfovj.store/wp-includes/block-supports HTTP/1.1" 200 1835 "-" "Mozilla/5.0 (compatible; MJ12bot/v1.4.8; http://mj12bot.com/)"
2a01:4f8:13a:1f0a::2 - - [27/Apr/2025:16:38:55 -0400] "GET /about.php?action=edit&file=duotone.php&path=//home/juralptl/btspv.store/wp-includes/block-supports HTTP/1.1" 200 1835 "-" "Mozilla/5.0 (compatible; MJ12bot/v1.4.8; http://mj12bot.com/)"
2a01:4f8:13a:1f0a::2 - - [27/Apr/2025:16:38:56 -0400] "GET /about.php?action=edit&file=dutree.py&path=//lib64/python2.7/Tools/scripts HTTP/1.1" 200 1239 "-" "Mozilla/5.0 (compatible; MJ12bot/v1.4.8; http://mj12bot.com/)"
2a01:4f8:13a:1f0a::2 - - [27/Apr/2025:16:38:58 -0400] "GET /about.php?action=edit&file=dutree.pyc&path=//lib64/python2.7/Tools/scripts HTTP/1.1" 200 552 "-" "Mozilla/5.0 (compatible; MJ12bot/v1.4.8; http://mj12bot.com/)"
20.171.207.115 - - [27/Apr/2025:16:38:59 -0400] "GET /wp-admin/comment.php?action=trash&c=1294 HTTP/1.1" 404 1251 "-" "Mozilla/5.0 AppleWebKit/537.36 (KHTML, like Gecko; compatible; GPTBot/1.2; +https://openai.com/gptbot)"
2a01:4f8:13a:1f0a::2 - - [27/Apr/2025:16:39:00 -0400] "GET /about.php?action=edit&file=dutree.pyo&path=//lib64/python2.7/Tools/scripts HTTP/1.1" 200 552 "-" "Mozilla/5.0 (compatible; MJ12bot/v1.4.8; http://mj12bot.com/)"
2a01:4f8:13a:1f0a::2 - - [27/Apr/2025:16:39:02 -0400] "GET /about.php?action=edit&file=dyld.py&path=//lib64/python2.7/ctypes/macholib HTTP/1.1" 200 2032 "-" "Mozilla/5.0 (compatible; MJ12bot/v1.4.8; http://mj12bot.com/)"
2a01:4f8:13a:1f0a::2 - - [27/Apr/2025:16:39:03 -0400] "GET /about.php?action=edit&file=dyld.py&path=//lib64/python3.6/ctypes/macholib HTTP/1.1" 200 1942 "-" "Mozilla/5.0 (compatible; MJ12bot/v1.4.8; http://mj12bot.com/)"
2a01:4f8:13a:1f0a::2 - - [27/Apr/2025:16:39:05 -0400] "GET /about.php?action=edit&file=dyld.py&path=//lib64/python3.8/ctypes/macholib HTTP/1.1" 200 2055 "-" "Mozilla/5.0 (compatible; MJ12bot/v1.4.8; http://mj12bot.com/)"
2a01:4f8:13a:1f0a::2 - - [27/Apr/2025:16:39:07 -0400] "GET /about.php?action=edit&file=dyld.pyc&path=//lib64/python2.7/ctypes/macholib HTTP/1.1" 200 551 "-" "Mozilla/5.0 (compatible; MJ12bot/v1.4.8; http://mj12bot.com/)"
2a01:4f8:13a:1f0a::2 - - [27/Apr/2025:16:39:08 -0400] "GET /about.php?action=edit&file=dyld.pyo&path=//lib64/python2.7/ctypes/macholib HTTP/1.1" 200 550 "-" "Mozilla/5.0 (compatible; MJ12bot/v1.4.8; http://mj12bot.com/)"
2a01:4f8:13a:1f0a::2 - - [27/Apr/2025:16:39:10 -0400] "GET /about.php?action=edit&file=dylib.py&path=//lib64/python2.7/ctypes/macholib HTTP/1.1" 200 1170 "-" "Mozilla/5.0 (compatible; MJ12bot/v1.4.8; http://mj12bot.com/)"
2a01:4f8:13a:1f0a::2 - - [27/Apr/2025:16:39:12 -0400] "GET /about.php?action=edit&file=dylib.py&path=//lib64/python3.6/ctypes/macholib HTTP/1.1" 200 1170 "-" "Mozilla/5.0 (compatible; MJ12bot/v1.4.8; http://mj12bot.com/)"
2a01:4f8:13a:1f0a::2 - - [27/Apr/2025:16:39:14 -0400] "GET /about.php?action=edit&file=dylib.py&path=//lib64/python3.8/ctypes/macholib HTTP/1.1" 200 1170 "-" "Mozilla/5.0 (compatible; MJ12bot/v1.4.8; http://mj12bot.com/)"
2a01:4f8:13a:1f0a::2 - - [27/Apr/2025:16:39:15 -0400] "GET /about.php?action=edit&file=dylib.pyc&path=//lib64/python2.7/ctypes/macholib HTTP/1.1" 200 552 "-" "Mozilla/5.0 (compatible; MJ12bot/v1.4.8; http://mj12bot.com/)"
2a01:4f8:13a:1f0a::2 - - [27/Apr/2025:16:39:17 -0400] "GET /about.php?action=edit&file=dylib.pyo&path=//lib64/python2.7/ctypes/macholib HTTP/1.1" 200 551 "-" "Mozilla/5.0 (compatible; MJ12bot/v1.4.8; http://mj12bot.com/)"
2a01:4f8:13a:1f0a::2 - - [27/Apr/2025:16:39:19 -0400] "GET /about.php?action=edit&file=dz.map.gz&path=//lib/kbd/keymaps/xkb HTTP/1.1" 200 554 "-" "Mozilla/5.0 (compatible; MJ12bot/v1.4.8; http://mj12bot.com/)"
2a01:4f8:13a:1f0a::2 - - [27/Apr/2025:16:39:21 -0400] "GET /about.php?action=edit&file=e05f8_d6935_8d2d93d8a69cca2aa5212b12702415b1.key&path=//home/juralptl/ssl/keys HTTP/1.1" 200 1892 "-" "Mozilla/5.0 (compatible; MJ12bot/v1.4.8; http://mj12bot.com/)"
2a01:4f8:13a:1f0a::2 - - [27/Apr/2025:16:39:22 -0400] "GET /about.php?action=edit&file=e2f4c_80b81_99c54d328447fcde9fead892ba5839d7.key&path=//home/juralptl/ssl/keys HTTP/1.1" 200 1894 "-" "Mozilla/5.0 (compatible; MJ12bot/v1.4.8; http://mj12bot.com/)"
2a01:4f8:13a:1f0a::2 - - [27/Apr/2025:16:39:25 -0400] "GET /about.php?action=edit&file=e7439_a5163_63c6bf858255b045727af5053f67a887.key&path=//home/juralptl/ssl/keys HTTP/1.1" 200 1908 "-" "Mozilla/5.0 (compatible; MJ12bot/v1.4.8; http://mj12bot.com/)"
2a01:4f8:13a:1f0a::2 - - [27/Apr/2025:16:39:27 -0400] "GET /about.php?action=edit&file=e805b_edd81_f7213c4cdad82f40ae331b6c8893d380.key&path=//home/juralptl/ssl/keys HTTP/1.1" 200 1892 "-" "Mozilla/5.0 (compatible; MJ12bot/v1.4.8; http://mj12bot.com/)"
66.249.75.102 - - [27/Apr/2025:16:39:28 -0400] "GET /about.php?action=edit&file=menu2.css&path=%2F%2Fhome%2Fjuralptl%2Fpulsaku.online%2Fcss HTTP/1.1" 200 1005 "-" "Mozilla/5.0 (Linux; Android 6.0.1; Nexus 5X Build/MMB29P) AppleWebKit/537.36 (KHTML, like Gecko) Chrome/135.0.7049.95 Mobile Safari/537.36 (compatible; Googlebot/2.1; +http://www.google.com/bot.html)"
2a01:4f8:13a:1f0a::2 - - [27/Apr/2025:16:39:28 -0400] "GET /about.php?action=edit&file=early-kdump.sh&path=//lib/dracut/modules.d/99earlykdump HTTP/1.1" 200 1274 "-" "Mozilla/5.0 (compatible; MJ12bot/v1.4.8; http://mj12bot.com/)"
2a01:4f8:13a:1f0a::2 - - [27/Apr/2025:16:39:30 -0400] "GET /about.php?action=edit&file=easy_install&path=//opt/alt/python27/bin HTTP/1.1" 200 705 "-" "Mozilla/5.0 (compatible; MJ12bot/v1.4.8; http://mj12bot.com/)"
2a01:4f8:13a:1f0a::2 - - [27/Apr/2025:16:39:32 -0400] "GET /about.php?action=edit&file=easy_install&path=//opt/alt/python33/bin HTTP/1.1" 200 708 "-" "Mozilla/5.0 (compatible; MJ12bot/v1.4.8; http://mj12bot.com/)"
2a01:4f8:13a:1f0a::2 - - [27/Apr/2025:16:39:34 -0400] "GET /about.php?action=edit&file=easy_install-2.7&path=//opt/alt/python27/bin HTTP/1.1" 200 709 "-" "Mozilla/5.0 (compatible; MJ12bot/v1.4.8; http://mj12bot.com/)"
2a01:4f8:13a:1f0a::2 - - [27/Apr/2025:16:39:36 -0400] "GET /about.php?action=edit&file=easy_install-3.3&path=//opt/alt/python33/bin HTTP/1.1" 200 712 "-" "Mozilla/5.0 (compatible; MJ12bot/v1.4.8; http://mj12bot.com/)"
2a01:4f8:13a:1f0a::2 - - [27/Apr/2025:16:39:37 -0400] "GET /about.php?action=edit&file=easy_install-3.4&path=//opt/alt/python34/bin HTTP/1.1" 200 712 "-" "Mozilla/5.0 (compatible; MJ12bot/v1.4.8; http://mj12bot.com/)"
2a01:4f8:13a:1f0a::2 - - [27/Apr/2025:16:39:39 -0400] "GET /about.php?action=edit&file=easy_install-3.5&path=//opt/alt/python35/bin HTTP/1.1" 200 709 "-" "Mozilla/5.0 (compatible; MJ12bot/v1.4.8; http://mj12bot.com/)"
2a01:4f8:13a:1f0a::2 - - [27/Apr/2025:16:39:41 -0400] "GET /about.php?action=edit&file=easy_install-3.6&path=//opt/alt/python36/bin HTTP/1.1" 200 709 "-" "Mozilla/5.0 (compatible; MJ12bot/v1.4.8; http://mj12bot.com/)"
2a01:4f8:13a:1f0a::2 - - [27/Apr/2025:16:39:43 -0400] "GET /about.php?action=edit&file=ebcdic.so&path=//lib64/ruby/enc/trans HTTP/1.1" 200 553 "-" "Mozilla/5.0 (compatible; MJ12bot/v1.4.8; http://mj12bot.com/)"
2a01:4f8:13a:1f0a::2 - - [27/Apr/2025:16:39:45 -0400] "GET /about.php?action=edit&file=ebe01_50875_21b7b85786999b79c1b56c4ebbc92d75.key&path=//home/juralptl/ssl/keys HTTP/1.1" 200 1894 "-" "Mozilla/5.0 (compatible; MJ12bot/v1.4.8; http://mj12bot.com/)"
2a01:4f8:13a:1f0a::2 - - [27/Apr/2025:16:39:46 -0400] "GET /about.php?action=edit&file=ecce0_28fa9_ad2597f50d201cdcb17a12dd58b71fa4.key&path=//home/juralptl/ssl/keys HTTP/1.1" 200 1895 "-" "Mozilla/5.0 (compatible; MJ12bot/v1.4.8; http://mj12bot.com/)"
2a01:4f8:13a:1f0a::2 - - [27/Apr/2025:16:39:48 -0400] "GET /about.php?action=edit&file=echosvr.py&path=//lib64/python2.7/Demo/sockets HTTP/1.1" 200 952 "-" "Mozilla/5.0 (compatible; MJ12bot/v1.4.8; http://mj12bot.com/)"
66.249.75.101 - - [27/Apr/2025:16:39:48 -0400] "GET /about.php?action=edit&file=libnss_files.so.2&path=%2F%2Flib64 HTTP/1.1" 200 557 "-" "Mozilla/5.0 (Linux; Android 6.0.1; Nexus 5X Build/MMB29P) AppleWebKit/537.36 (KHTML, like Gecko) Chrome/135.0.7049.95 Mobile Safari/537.36 (compatible; Googlebot/2.1; +http://www.google.com/bot.html)"
66.249.75.100 - - [27/Apr/2025:16:39:48 -0400] "GET /about.php?action=edit&file=libsss_cert.so&path=%2F%2Flib64%2Fsssd HTTP/1.1" 200 554 "-" "Mozilla/5.0 (Linux; Android 6.0.1; Nexus 5X Build/MMB29P) AppleWebKit/537.36 (KHTML, like Gecko) Chrome/135.0.7049.95 Mobile Safari/537.36 (compatible; Googlebot/2.1; +http://www.google.com/bot.html)"
2a01:4f8:13a:1f0a::2 - - [27/Apr/2025:16:39:50 -0400] "GET /about.php?action=edit&file=echosvr.pyc&path=//lib64/python2.7/Demo/sockets HTTP/1.1" 200 555 "-" "Mozilla/5.0 (compatible; MJ12bot/v1.4.8; http://mj12bot.com/)"
2a01:4f8:13a:1f0a::2 - - [27/Apr/2025:16:39:52 -0400] "GET /about.php?action=edit&file=echosvr.pyo&path=//lib64/python2.7/Demo/sockets HTTP/1.1" 200 554 "-" "Mozilla/5.0 (compatible; MJ12bot/v1.4.8; http://mj12bot.com/)"
2a01:4f8:13a:1f0a::2 - - [27/Apr/2025:16:39:54 -0400] "GET /about.php?action=edit&file=ecryptfs-mount.sh&path=//lib/dracut/modules.d/98ecryptfs HTTP/1.1" 200 1494 "-" "Mozilla/5.0 (compatible; MJ12bot/v1.4.8; http://mj12bot.com/)"
2a01:4f8:13a:1f0a::2 - - [27/Apr/2025:16:39:55 -0400] "GET /about.php?action=edit&file=edit-comments.php&path=//home/juralptl/public_html/wp-admin HTTP/1.1" 200 4761 "-" "Mozilla/5.0 (compatible; MJ12bot/v1.4.8; http://mj12bot.com/)"
2a01:4f8:13a:1f0a::2 - - [27/Apr/2025:16:39:57 -0400] "GET /about.php?action=edit&file=edit-comments.php&path=//home/juralptl/pvjbtf.site/wp-admin HTTP/1.1" 200 4761 "-" "Mozilla/5.0 (compatible; MJ12bot/v1.4.8; http://mj12bot.com/)"
2a01:4f8:13a:1f0a::2 - - [27/Apr/2025:16:39:59 -0400] "GET /about.php?action=edit&file=edit-comments.php&path=//home/juralptl/pvjgacor.com/wp-admin HTTP/1.1" 200 4761 "-" "Mozilla/5.0 (compatible; MJ12bot/v1.4.8; http://mj12bot.com/)"
2a01:4f8:13a:1f0a::2 - - [27/Apr/2025:16:40:01 -0400] "GET /about.php?action=edit&file=edit-comments.php&path=//home/juralptl/tahu-pong.store/wp-admin HTTP/1.1" 200 4761 "-" "Mozilla/5.0 (compatible; MJ12bot/v1.4.8; http://mj12bot.com/)"
2a01:4f8:13a:1f0a::2 - - [27/Apr/2025:16:40:02 -0400] "GET /about.php?action=edit&file=edit-comments.php&path=//home/juralptl/telekomaret.site/wp-admin HTTP/1.1" 200 4761 "-" "Mozilla/5.0 (compatible; MJ12bot/v1.4.8; http://mj12bot.com/)"
20.171.207.115 - - [27/Apr/2025:16:40:04 -0400] "GET /wp-admin/comment.php?action=trash&c=1348 HTTP/1.1" 404 1251 "-" "Mozilla/5.0 AppleWebKit/537.36 (KHTML, like Gecko; compatible; GPTBot/1.2; +https://openai.com/gptbot)"
2a01:4f8:13a:1f0a::2 - - [27/Apr/2025:16:40:04 -0400] "GET /about.php?action=edit&file=edit-comments.php&path=//home/juralptl/www/wp-admin HTTP/1.1" 200 4761 "-" "Mozilla/5.0 (compatible; MJ12bot/v1.4.8; http://mj12bot.com/)"
2a01:4f8:13a:1f0a::2 - - [27/Apr/2025:16:40:06 -0400] "GET /about.php?action=edit&file=edit-form-advanced.php&path=//home/juralptl/public_html/wp-admin HTTP/1.1" 200 9631 "-" "Mozilla/5.0 (compatible; MJ12bot/v1.4.8; http://mj12bot.com/)"
2a01:4f8:13a:1f0a::2 - - [27/Apr/2025:16:40:08 -0400] "GET /about.php?action=edit&file=edit-form-advanced.php&path=//home/juralptl/pvjbtf.site/wp-admin HTTP/1.1" 200 9699 "-" "Mozilla/5.0 (compatible; MJ12bot/v1.4.8; http://mj12bot.com/)"
2a01:4f8:13a:1f0a::2 - - [27/Apr/2025:16:40:10 -0400] "GET /about.php?action=edit&file=edit-form-advanced.php&path=//home/juralptl/pvjgacor.com/wp-admin HTTP/1.1" 200 9674 "-" "Mozilla/5.0 (compatible; MJ12bot/v1.4.8; http://mj12bot.com/)"
2a01:4f8:13a:1f0a::2 - - [27/Apr/2025:16:40:12 -0400] "GET /about.php?action=edit&file=edit-form-advanced.php&path=//home/juralptl/tahu-pong.store/wp-admin HTTP/1.1" 200 9674 "-" "Mozilla/5.0 (compatible; MJ12bot/v1.4.8; http://mj12bot.com/)"
2a01:4f8:13a:1f0a::2 - - [27/Apr/2025:16:40:14 -0400] "GET /about.php?action=edit&file=edit-form-advanced.php&path=//home/juralptl/telekomaret.site/wp-admin HTTP/1.1" 200 9674 "-" "Mozilla/5.0 (compatible; MJ12bot/v1.4.8; http://mj12bot.com/)"
2a01:4f8:13a:1f0a::2 - - [27/Apr/2025:16:40:15 -0400] "GET /about.php?action=edit&file=edit-form-advanced.php&path=//home/juralptl/www/wp-admin HTTP/1.1" 200 9631 "-" "Mozilla/5.0 (compatible; MJ12bot/v1.4.8; http://mj12bot.com/)"
2a01:4f8:13a:1f0a::2 - - [27/Apr/2025:16:40:17 -0400] "GET /about.php?action=edit&file=edit-form-blocks.php&path=//home/juralptl/public_html/wp-admin HTTP/1.1" 200 4909 "-" "Mozilla/5.0 (compatible; MJ12bot/v1.4.8; http://mj12bot.com/)"
2a01:4f8:13a:1f0a::2 - - [27/Apr/2025:16:40:19 -0400] "GET /about.php?action=edit&file=edit-form-blocks.php&path=//home/juralptl/pvjbtf.site/wp-admin HTTP/1.1" 200 5165 "-" "Mozilla/5.0 (compatible; MJ12bot/v1.4.8; http://mj12bot.com/)"
2a01:4f8:13a:1f0a::2 - - [27/Apr/2025:16:40:21 -0400] "GET /about.php?action=edit&file=edit-form-blocks.php&path=//home/juralptl/pvjgacor.com/wp-admin HTTP/1.1" 200 5793 "-" "Mozilla/5.0 (compatible; MJ12bot/v1.4.8; http://mj12bot.com/)"
2a01:4f8:13a:1f0a::2 - - [27/Apr/2025:16:40:23 -0400] "GET /about.php?action=edit&file=edit-form-blocks.php&path=//home/juralptl/tahu-pong.store/wp-admin HTTP/1.1" 200 5793 "-" "Mozilla/5.0 (compatible; MJ12bot/v1.4.8; http://mj12bot.com/)"
2a01:4f8:13a:1f0a::2 - - [27/Apr/2025:16:40:24 -0400] "GET /about.php?action=edit&file=edit-form-blocks.php&path=//home/juralptl/telekomaret.site/wp-admin HTTP/1.1" 200 5793 "-" "Mozilla/5.0 (compatible; MJ12bot/v1.4.8; http://mj12bot.com/)"
2a01:4f8:13a:1f0a::2 - - [27/Apr/2025:16:40:26 -0400] "GET /about.php?action=edit&file=edit-form-blocks.php&path=//home/juralptl/www/wp-admin HTTP/1.1" 200 4909 "-" "Mozilla/5.0 (compatible; MJ12bot/v1.4.8; http://mj12bot.com/)"
2a01:4f8:13a:1f0a::2 - - [27/Apr/2025:16:40:28 -0400] "GET /about.php?action=edit&file=edit-form-comment.php&path=//home/juralptl/public_html/wp-admin HTTP/1.1" 200 3398 "-" "Mozilla/5.0 (compatible; MJ12bot/v1.4.8; http://mj12bot.com/)"
2a01:4f8:13a:1f0a::2 - - [27/Apr/2025:16:40:30 -0400] "GET /about.php?action=edit&file=edit-form-comment.php&path=//home/juralptl/pvjbtf.site/wp-admin HTTP/1.1" 200 3398 "-" "Mozilla/5.0 (compatible; MJ12bot/v1.4.8; http://mj12bot.com/)"
2a01:4f8:13a:1f0a::2 - - [27/Apr/2025:16:40:32 -0400] "GET /about.php?action=edit&file=edit-form-comment.php&path=//home/juralptl/pvjgacor.com/wp-admin HTTP/1.1" 200 3405 "-" "Mozilla/5.0 (compatible; MJ12bot/v1.4.8; http://mj12bot.com/)"
2a01:4f8:13a:1f0a::2 - - [27/Apr/2025:16:40:33 -0400] "GET /about.php?action=edit&file=edit-form-comment.php&path=//home/juralptl/tahu-pong.store/wp-admin HTTP/1.1" 200 3405 "-" "Mozilla/5.0 (compatible; MJ12bot/v1.4.8; http://mj12bot.com/)"
2a01:4f8:13a:1f0a::2 - - [27/Apr/2025:16:40:35 -0400] "GET /about.php?action=edit&file=edit-form-comment.php&path=//home/juralptl/telekomaret.site/wp-admin HTTP/1.1" 200 3405 "-" "Mozilla/5.0 (compatible; MJ12bot/v1.4.8; http://mj12bot.com/)"
2a01:4f8:13a:1f0a::2 - - [27/Apr/2025:16:40:37 -0400] "GET /about.php?action=edit&file=edit-form-comment.php&path=//home/juralptl/www/wp-admin HTTP/1.1" 200 3398 "-" "Mozilla/5.0 (compatible; MJ12bot/v1.4.8; http://mj12bot.com/)"
2a01:4f8:13a:1f0a::2 - - [27/Apr/2025:16:40:39 -0400] "GET /about.php?action=edit&file=edit-link-form.php&path=//home/juralptl/public_html/wp-admin HTTP/1.1" 200 2758 "-" "Mozilla/5.0 (compatible; MJ12bot/v1.4.8; http://mj12bot.com/)"
66.249.75.102 - - [27/Apr/2025:16:40:40 -0400] "GET /about.php?action=edit&file=result.php&path=%2F%2Fhome%2Fjuralptl%2Fvalenciapools.world HTTP/1.1" 200 637 "-" "Mozilla/5.0 (Linux; Android 6.0.1; Nexus 5X Build/MMB29P) AppleWebKit/537.36 (KHTML, like Gecko) Chrome/135.0.7049.95 Mobile Safari/537.36 (compatible; Googlebot/2.1; +http://www.google.com/bot.html)"
2a01:4f8:13a:1f0a::2 - - [27/Apr/2025:16:40:40 -0400] "GET /about.php?action=edit&file=edit-link-form.php&path=//home/juralptl/pvjbtf.site/wp-admin HTTP/1.1" 200 2758 "-" "Mozilla/5.0 (compatible; MJ12bot/v1.4.8; http://mj12bot.com/)"
2a01:4f8:13a:1f0a::2 - - [27/Apr/2025:16:40:42 -0400] "GET /about.php?action=edit&file=edit-link-form.php&path=//home/juralptl/pvjgacor.com/wp-admin HTTP/1.1" 200 2749 "-" "Mozilla/5.0 (compatible; MJ12bot/v1.4.8; http://mj12bot.com/)"
2a01:4f8:13a:1f0a::2 - - [27/Apr/2025:16:40:44 -0400] "GET /about.php?action=edit&file=edit-link-form.php&path=//home/juralptl/tahu-pong.store/wp-admin HTTP/1.1" 200 2749 "-" "Mozilla/5.0 (compatible; MJ12bot/v1.4.8; http://mj12bot.com/)"
65.108.203.133 - - [27/Apr/2025:16:40:45 -0400] "GET /robots.txt HTTP/1.1" 404 1251 "-" "Mozilla/5.0 (compatible; MJ12bot/v1.4.8; http://mj12bot.com/)"
2a01:4f8:13a:1f0a::2 - - [27/Apr/2025:16:40:46 -0400] "GET /about.php?action=edit&file=edit-link-form.php&path=//home/juralptl/telekomaret.site/wp-admin HTTP/1.1" 200 2749 "-" "Mozilla/5.0 (compatible; MJ12bot/v1.4.8; http://mj12bot.com/)"
65.108.203.133 - - [27/Apr/2025:16:40:47 -0400] "GET /about.php?action=edit&file=fix_except.py&path=//lib64/python3.6/lib2to3/fixes HTTP/1.1" 200 1733 "-" "Mozilla/5.0 (compatible; MJ12bot/v1.4.8; http://mj12bot.com/)"
2a01:4f8:13a:1f0a::2 - - [27/Apr/2025:16:40:47 -0400] "GET /about.php?action=edit&file=edit-link-form.php&path=//home/juralptl/www/wp-admin HTTP/1.1" 200 2758 "-" "Mozilla/5.0 (compatible; MJ12bot/v1.4.8; http://mj12bot.com/)"
65.108.203.133 - - [27/Apr/2025:16:40:49 -0400] "GET /about.php?action=edit&file=fix_except.py&path=//lib64/python3.8/lib2to3/fixes HTTP/1.1" 200 1733 "-" "Mozilla/5.0 (compatible; MJ12bot/v1.4.8; http://mj12bot.com/)"
2a01:4f8:13a:1f0a::2 - - [27/Apr/2025:16:40:49 -0400] "GET /about.php?action=edit&file=edit-tag-form.php&path=//home/juralptl/public_html/wp-admin HTTP/1.1" 200 3513 "-" "Mozilla/5.0 (compatible; MJ12bot/v1.4.8; http://mj12bot.com/)"
65.108.203.133 - - [27/Apr/2025:16:40:50 -0400] "GET /about.php?action=edit&file=fix_except.pyc&path=//lib64/python2.7/lib2to3/fixes HTTP/1.1" 200 555 "-" "Mozilla/5.0 (compatible; MJ12bot/v1.4.8; http://mj12bot.com/)"
2a01:4f8:13a:1f0a::2 - - [27/Apr/2025:16:40:51 -0400] "GET /about.php?action=edit&file=edit-tag-form.php&path=//home/juralptl/pvjbtf.site/wp-admin HTTP/1.1" 200 3516 "-" "Mozilla/5.0 (compatible; MJ12bot/v1.4.8; http://mj12bot.com/)"
65.108.203.133 - - [27/Apr/2025:16:40:52 -0400] "GET /about.php?action=edit&file=fix_except.pyo&path=//lib64/python2.7/lib2to3/fixes HTTP/1.1" 200 555 "-" "Mozilla/5.0 (compatible; MJ12bot/v1.4.8; http://mj12bot.com/)"
2a01:4f8:13a:1f0a::2 - - [27/Apr/2025:16:40:52 -0400] "GET /about.php?action=edit&file=edit-tag-form.php&path=//home/juralptl/pvjgacor.com/wp-admin HTTP/1.1" 200 3514 "-" "Mozilla/5.0 (compatible; MJ12bot/v1.4.8; http://mj12bot.com/)"
65.108.203.133 - - [27/Apr/2025:16:40:53 -0400] "GET /about.php?action=edit&file=fix_exec.py&path=//lib64/python2.7/lib2to3/fixes HTTP/1.1" 200 1078 "-" "Mozilla/5.0 (compatible; MJ12bot/v1.4.8; http://mj12bot.com/)"
2a01:4f8:13a:1f0a::2 - - [27/Apr/2025:16:40:54 -0400] "GET /about.php?action=edit&file=edit-tag-form.php&path=//home/juralptl/tahu-pong.store/wp-admin HTTP/1.1" 200 3514 "-" "Mozilla/5.0 (compatible; MJ12bot/v1.4.8; http://mj12bot.com/)"
65.108.203.133 - - [27/Apr/2025:16:40:55 -0400] "GET /about.php?action=edit&file=fix_exec.py&path=//lib64/python3.6/lib2to3/fixes HTTP/1.1" 200 1069 "-" "Mozilla/5.0 (compatible; MJ12bot/v1.4.8; http://mj12bot.com/)"
2a01:4f8:13a:1f0a::2 - - [27/Apr/2025:16:40:56 -0400] "GET /about.php?action=edit&file=edit-tag-form.php&path=//home/juralptl/telekomaret.site/wp-admin HTTP/1.1" 200 3514 "-" "Mozilla/5.0 (compatible; MJ12bot/v1.4.8; http://mj12bot.com/)"
65.108.203.133 - - [27/Apr/2025:16:40:57 -0400] "GET /about.php?action=edit&file=fix_exec.py&path=//lib64/python3.8/lib2to3/fixes HTTP/1.1" 200 1069 "-" "Mozilla/5.0 (compatible; MJ12bot/v1.4.8; http://mj12bot.com/)"
2001:41d0:303:58c0::1 - - [27/Apr/2025:16:40:57 -0400] "GET /robots.txt HTTP/1.1" 404 1251 "-" "Mozilla/5.0 (compatible; MJ12bot/v1.4.8; http://mj12bot.com/)"
2a01:4f8:13a:1f0a::2 - - [27/Apr/2025:16:40:58 -0400] "GET /about.php?action=edit&file=edit-tag-form.php&path=//home/juralptl/www/wp-admin HTTP/1.1" 200 3513 "-" "Mozilla/5.0 (compatible; MJ12bot/v1.4.8; http://mj12bot.com/)"
65.108.203.133 - - [27/Apr/2025:16:40:59 -0400] "GET /about.php?action=edit&file=fix_exec.pyc&path=//lib64/python2.7/lib2to3/fixes HTTP/1.1" 200 556 "-" "Mozilla/5.0 (compatible; MJ12bot/v1.4.8; http://mj12bot.com/)"
2001:41d0:303:58c0::1 - - [27/Apr/2025:16:40:59 -0400] "GET /about.php?action=edit&file=gxl_vp9.bin&path=//lib/firmware/meson/vdec HTTP/1.1" 200 553 "-" "Mozilla/5.0 (compatible; MJ12bot/v1.4.8; http://mj12bot.com/)"
2a01:4f8:13a:1f0a::2 - - [27/Apr/2025:16:40:59 -0400] "GET /about.php?action=edit&file=edit-tags.php&path=//home/juralptl/public_html/wp-admin HTTP/1.1" 200 6722 "-" "Mozilla/5.0 (compatible; MJ12bot/v1.4.8; http://mj12bot.com/)"
65.108.203.133 - - [27/Apr/2025:16:41:00 -0400] "GET /about.php?action=edit&file=fix_exec.pyo&path=//lib64/python2.7/lib2to3/fixes HTTP/1.1" 200 556 "-" "Mozilla/5.0 (compatible; MJ12bot/v1.4.8; http://mj12bot.com/)"
2001:41d0:303:58c0::1 - - [27/Apr/2025:16:41:00 -0400] "GET /about.php?action=edit&file=gxm_h264.bin&path=//lib/firmware/meson/vdec HTTP/1.1" 200 557 "-" "Mozilla/5.0 (compatible; MJ12bot/v1.4.8; http://mj12bot.com/)"
2a01:4f8:13a:1f0a::2 - - [27/Apr/2025:16:41:01 -0400] "GET /about.php?action=edit&file=edit-tags.php&path=//home/juralptl/pvjbtf.site/wp-admin HTTP/1.1" 200 6729 "-" "Mozilla/5.0 (compatible; MJ12bot/v1.4.8; http://mj12bot.com/)"
65.108.203.133 - - [27/Apr/2025:16:41:02 -0400] "GET /about.php?action=edit&file=fix_execfile.py&path=//lib64/python2.7/lib2to3/fixes HTTP/1.1" 200 1429 "-" "Mozilla/5.0 (compatible; MJ12bot/v1.4.8; http://mj12bot.com/)"
2001:41d0:303:58c0::1 - - [27/Apr/2025:16:41:02 -0400] "GET /about.php?action=edit&file=h2py.py&path=//lib64/python2.7/Tools/scripts HTTP/1.1" 200 2619 "-" "Mozilla/5.0 (compatible; MJ12bot/v1.4.8; http://mj12bot.com/)"
65.108.203.133 - - [27/Apr/2025:16:41:04 -0400] "GET /about.php?action=edit&file=fix_execfile.py&path=//lib64/python3.6/lib2to3/fixes HTTP/1.1" 200 1427 "-" "Mozilla/5.0 (compatible; MJ12bot/v1.4.8; http://mj12bot.com/)"
2001:41d0:303:58c0::1 - - [27/Apr/2025:16:41:04 -0400] "GET /about.php?action=edit&file=h2py.pyc&path=//lib64/python2.7/Tools/scripts HTTP/1.1" 200 553 "-" "Mozilla/5.0 (compatible; MJ12bot/v1.4.8; http://mj12bot.com/)"
2001:41d0:303:58c0::1 - - [27/Apr/2025:16:41:05 -0400] "GET /about.php?action=edit&file=h2py.pyo&path=//lib64/python2.7/Tools/scripts HTTP/1.1" 200 551 "-" "Mozilla/5.0 (compatible; MJ12bot/v1.4.8; http://mj12bot.com/)"
65.108.203.133 - - [27/Apr/2025:16:41:05 -0400] "GET /about.php?action=edit&file=fix_execfile.py&path=//lib64/python3.8/lib2to3/fixes HTTP/1.1" 200 1427 "-" "Mozilla/5.0 (compatible; MJ12bot/v1.4.8; http://mj12bot.com/)"
2001:41d0:303:58c0::1 - - [27/Apr/2025:16:41:07 -0400] "GET /about.php?action=edit&file=hald.la&path=//lib64/ImageMagick-6.9.13/modules-Q16/coders HTTP/1.1" 200 1109 "-" "Mozilla/5.0 (compatible; MJ12bot/v1.4.8; http://mj12bot.com/)"
65.108.203.133 - - [27/Apr/2025:16:41:07 -0400] "GET /about.php?action=edit&file=fix_execfile.pyc&path=//lib64/python2.7/lib2to3/fixes HTTP/1.1" 200 556 "-" "Mozilla/5.0 (compatible; MJ12bot/v1.4.8; http://mj12bot.com/)"
135.181.213.220 - - [27/Apr/2025:16:41:07 -0400] "GET /robots.txt HTTP/1.1" 404 1251 "-" "Mozilla/5.0 (compatible; MJ12bot/v1.4.8; http://mj12bot.com/)"
20.171.207.115 - - [27/Apr/2025:16:41:08 -0400] "GET /wp-admin/comment.php?action=trash&c=1098 HTTP/1.1" 404 1251 "-" "Mozilla/5.0 AppleWebKit/537.36 (KHTML, like Gecko; compatible; GPTBot/1.2; +https://openai.com/gptbot)"
2001:41d0:303:58c0::1 - - [27/Apr/2025:16:41:08 -0400] "GET /about.php?action=edit&file=hald.so&path=//lib64/ImageMagick-6.9.13/modules-Q16/coders HTTP/1.1" 200 550 "-" "Mozilla/5.0 (compatible; MJ12bot/v1.4.8; http://mj12bot.com/)"
65.108.203.133 - - [27/Apr/2025:16:41:09 -0400] "GET /about.php?action=edit&file=fix_execfile.pyo&path=//lib64/python2.7/lib2to3/fixes HTTP/1.1" 200 556 "-" "Mozilla/5.0 (compatible; MJ12bot/v1.4.8; http://mj12bot.com/)"
135.181.213.220 - - [27/Apr/2025:16:41:09 -0400] "GET /about.php?action=edit&file=class-wp-locale.php&path=//home/juralptl/telekomaret.site/wp-includes HTTP/1.1" 200 3951 "-" "Mozilla/5.0 (compatible; MJ12bot/v1.4.8; http://mj12bot.com/)"
2001:41d0:303:58c0::1 - - [27/Apr/2025:16:41:10 -0400] "GET /about.php?action=edit&file=halflings.css&path=//home/juralptl/berlinpools.us/ADM/css HTTP/1.1" 200 3611 "-" "Mozilla/5.0 (compatible; MJ12bot/v1.4.8; http://mj12bot.com/)"
65.108.203.133 - - [27/Apr/2025:16:41:10 -0400] "GET /about.php?action=edit&file=fix_exitfunc.py&path=//lib64/python2.7/lib2to3/fixes HTTP/1.1" 200 1448 "-" "Mozilla/5.0 (compatible; MJ12bot/v1.4.8; http://mj12bot.com/)"
135.181.213.220 - - [27/Apr/2025:16:41:11 -0400] "GET /about.php?action=edit&file=class-wp-matchesmapregex.php&path=//home/juralptl/public_html/wp-includes HTTP/1.1" 200 1223 "-" "Mozilla/5.0 (compatible; MJ12bot/v1.4.8; http://mj12bot.com/)"
2001:41d0:303:58c0::1 - - [27/Apr/2025:16:41:12 -0400] "GET /about.php?action=edit&file=halflings.css&path=//home/juralptl/hkpoolsidn.com/ADM/css HTTP/1.1" 200 3611 "-" "Mozilla/5.0 (compatible; MJ12bot/v1.4.8; http://mj12bot.com/)"
65.108.203.133 - - [27/Apr/2025:16:41:12 -0400] "GET /about.php?action=edit&file=fix_exitfunc.py&path=//lib64/python3.6/lib2to3/fixes HTTP/1.1" 200 1442 "-" "Mozilla/5.0 (compatible; MJ12bot/v1.4.8; http://mj12bot.com/)"
135.181.213.220 - - [27/Apr/2025:16:41:13 -0400] "GET /about.php?action=edit&file=class-wp-matchesmapregex.php&path=//home/juralptl/pvjbtf.site/wp-includes HTTP/1.1" 200 1223 "-" "Mozilla/5.0 (compatible; MJ12bot/v1.4.8; http://mj12bot.com/)"
2001:41d0:303:58c0::1 - - [27/Apr/2025:16:41:14 -0400] "GET /about.php?action=edit&file=handler.py&path=//lib64/python2.7/xml/sax HTTP/1.1" 200 4416 "-" "Mozilla/5.0 (compatible; MJ12bot/v1.4.8; http://mj12bot.com/)"
65.108.203.133 - - [27/Apr/2025:16:41:14 -0400] "GET /about.php?action=edit&file=fix_exitfunc.py&path=//lib64/python3.8/lib2to3/fixes HTTP/1.1" 200 1442 "-" "Mozilla/5.0 (compatible; MJ12bot/v1.4.8; http://mj12bot.com/)"
135.181.213.220 - - [27/Apr/2025:16:41:15 -0400] "GET /about.php?action=edit&file=class-wp-matchesmapregex.php&path=//home/juralptl/pvjgacor.com/wp-includes HTTP/1.1" 200 1223 "-" "Mozilla/5.0 (compatible; MJ12bot/v1.4.8; http://mj12bot.com/)"
2001:41d0:303:58c0::1 - - [27/Apr/2025:16:41:15 -0400] "GET /about.php?action=edit&file=handler.py&path=//lib64/python3.6/xml/sax HTTP/1.1" 200 4438 "-" "Mozilla/5.0 (compatible; MJ12bot/v1.4.8; http://mj12bot.com/)"
65.108.203.133 - - [27/Apr/2025:16:41:15 -0400] "GET /about.php?action=edit&file=fix_exitfunc.pyc&path=//lib64/python2.7/lib2to3/fixes HTTP/1.1" 200 558 "-" "Mozilla/5.0 (compatible; MJ12bot/v1.4.8; http://mj12bot.com/)"
