195.191.219.130 - - [27/Apr/2025:17:49:42 -0400] "GET /about.php?action=edit&file=gb18030.cpython-38.opt-2.pyc&path=//lib64/python3.8/encodings/__pycache__ HTTP/1.1" 200 568 "-" "Mozilla/5.0 (compatible; MJ12bot/v2.0.0; http://mj12bot.com/)"
195.191.219.130 - - [27/Apr/2025:17:49:42 -0400] "GET /about.php?action=edit&file=gb18030.cpython-38.pyc&path=//lib64/python3.8/encodings/__pycache__ HTTP/1.1" 200 563 "-" "Mozilla/5.0 (compatible; MJ12bot/v2.0.0; http://mj12bot.com/)"
195.191.219.130 - - [27/Apr/2025:17:49:44 -0400] "GET /about.php?action=edit&file=gb18030.so&path=//lib64/ruby/enc/trans HTTP/1.1" 200 554 "-" "Mozilla/5.0 (compatible; MJ12bot/v2.0.0; http://mj12bot.com/)"
195.191.219.130 - - [27/Apr/2025:17:49:45 -0400] "GET /about.php?action=edit&file=gb2312.cpython-36.opt-1.pyc&path=//lib64/python3.6/encodings/__pycache__ HTTP/1.1" 200 567 "-" "Mozilla/5.0 (compatible; MJ12bot/v2.0.0; http://mj12bot.com/)"
195.191.219.130 - - [27/Apr/2025:17:49:45 -0400] "GET /about.php?action=edit&file=gb2312.cpython-36.opt-2.pyc&path=//lib64/python3.6/encodings/__pycache__ HTTP/1.1" 200 567 "-" "Mozilla/5.0 (compatible; MJ12bot/v2.0.0; http://mj12bot.com/)"
195.191.219.130 - - [27/Apr/2025:17:49:46 -0400] "GET /about.php?action=edit&file=gb2312.cpython-36.pyc&path=//lib64/python3.6/encodings/__pycache__ HTTP/1.1" 200 563 "-" "Mozilla/5.0 (compatible; MJ12bot/v2.0.0; http://mj12bot.com/)"
195.191.219.130 - - [27/Apr/2025:17:49:49 -0400] "GET /about.php?action=edit&file=gb2312.cpython-38.opt-1.pyc&path=//lib64/python3.8/encodings/__pycache__ HTTP/1.1" 200 567 "-" "Mozilla/5.0 (compatible; MJ12bot/v2.0.0; http://mj12bot.com/)"
195.191.219.130 - - [27/Apr/2025:17:49:49 -0400] "GET /about.php?action=edit&file=gb2312.cpython-38.opt-2.pyc&path=//lib64/python3.8/encodings/__pycache__ HTTP/1.1" 200 567 "-" "Mozilla/5.0 (compatible; MJ12bot/v2.0.0; http://mj12bot.com/)"
195.191.219.130 - - [27/Apr/2025:17:49:51 -0400] "GET /about.php?action=edit&file=gb2312.cpython-38.pyc&path=//lib64/python3.8/encodings/__pycache__ HTTP/1.1" 200 563 "-" "Mozilla/5.0 (compatible; MJ12bot/v2.0.0; http://mj12bot.com/)"
195.191.219.130 - - [27/Apr/2025:17:49:51 -0400] "GET /about.php?action=edit&file=gbk.cpython-36.opt-1.pyc&path=//lib64/python3.6/encodings/__pycache__ HTTP/1.1" 200 563 "-" "Mozilla/5.0 (compatible; MJ12bot/v2.0.0; http://mj12bot.com/)"
195.191.219.130 - - [27/Apr/2025:17:49:52 -0400] "GET /about.php?action=edit&file=gbk.cpython-36.opt-2.pyc&path=//lib64/python3.6/encodings/__pycache__ HTTP/1.1" 200 563 "-" "Mozilla/5.0 (compatible; MJ12bot/v2.0.0; http://mj12bot.com/)"
195.191.219.130 - - [27/Apr/2025:17:49:53 -0400] "GET /about.php?action=edit&file=gbk.cpython-36.pyc&path=//lib64/python3.6/encodings/__pycache__ HTTP/1.1" 200 559 "-" "Mozilla/5.0 (compatible; MJ12bot/v2.0.0; http://mj12bot.com/)"
195.191.219.130 - - [27/Apr/2025:17:49:54 -0400] "GET /about.php?action=edit&file=gbk.cpython-38.opt-1.pyc&path=//lib64/python3.8/encodings/__pycache__ HTTP/1.1" 200 564 "-" "Mozilla/5.0 (compatible; MJ12bot/v2.0.0; http://mj12bot.com/)"
195.191.219.130 - - [27/Apr/2025:17:49:55 -0400] "GET /about.php?action=edit&file=gbk.cpython-38.opt-2.pyc&path=//lib64/python3.8/encodings/__pycache__ HTTP/1.1" 200 564 "-" "Mozilla/5.0 (compatible; MJ12bot/v2.0.0; http://mj12bot.com/)"
195.191.219.130 - - [27/Apr/2025:17:49:57 -0400] "GET /about.php?action=edit&file=gbk.cpython-38.pyc&path=//lib64/python3.8/encodings/__pycache__ HTTP/1.1" 200 559 "-" "Mozilla/5.0 (compatible; MJ12bot/v2.0.0; http://mj12bot.com/)"
195.191.219.130 - - [27/Apr/2025:17:49:58 -0400] "GET /about.php?action=edit&file=gbk.so&path=//lib64/ruby/enc/trans HTTP/1.1" 200 550 "-" "Mozilla/5.0 (compatible; MJ12bot/v2.0.0; http://mj12bot.com/)"
195.191.219.130 - - [27/Apr/2025:17:49:59 -0400] "GET /about.php?action=edit&file=ge-ergonomic.map.gz&path=//lib/kbd/keymaps/xkb HTTP/1.1" 200 560 "-" "Mozilla/5.0 (compatible; MJ12bot/v2.0.0; http://mj12bot.com/)"
195.191.219.130 - - [27/Apr/2025:17:49:59 -0400] "GET /about.php?action=edit&file=ge-mess.map.gz&path=//lib/kbd/keymaps/xkb HTTP/1.1" 200 556 "-" "Mozilla/5.0 (compatible; MJ12bot/v2.0.0; http://mj12bot.com/)"
195.191.219.130 - - [27/Apr/2025:17:50:00 -0400] "GET /about.php?action=edit&file=ge-ru.map.gz&path=//lib/kbd/keymaps/xkb HTTP/1.1" 200 555 "-" "Mozilla/5.0 (compatible; MJ12bot/v2.0.0; http://mj12bot.com/)"
195.191.219.130 - - [27/Apr/2025:17:50:02 -0400] "GET /about.php?action=edit&file=ge.map.gz&path=//lib/kbd/keymaps/xkb HTTP/1.1" 200 553 "-" "Mozilla/5.0 (compatible; MJ12bot/v2.0.0; http://mj12bot.com/)"
195.191.219.130 - - [27/Apr/2025:17:50:02 -0400] "GET /about.php?action=edit&file=gem&path=//opt/alt/ruby18/bin HTTP/1.1" 200 1065 "-" "Mozilla/5.0 (compatible; MJ12bot/v2.0.0; http://mj12bot.com/)"
195.191.219.130 - - [27/Apr/2025:17:50:03 -0400] "GET /about.php?action=edit&file=gem&path=//opt/alt/ruby19/bin HTTP/1.1" 200 858 "-" "Mozilla/5.0 (compatible; MJ12bot/v2.0.0; http://mj12bot.com/)"
195.191.219.130 - - [27/Apr/2025:17:50:05 -0400] "GET /about.php?action=edit&file=gem&path=//opt/alt/ruby20/bin HTTP/1.1" 200 858 "-" "Mozilla/5.0 (compatible; MJ12bot/v2.0.0; http://mj12bot.com/)"
195.191.219.130 - - [27/Apr/2025:17:50:06 -0400] "GET /about.php?action=edit&file=gem&path=//opt/alt/ruby21/bin HTTP/1.1" 200 858 "-" "Mozilla/5.0 (compatible; MJ12bot/v2.0.0; http://mj12bot.com/)"
195.191.219.130 - - [27/Apr/2025:17:50:07 -0400] "GET /about.php?action=edit&file=gem&path=//opt/alt/ruby22/bin HTTP/1.1" 200 858 "-" "Mozilla/5.0 (compatible; MJ12bot/v2.0.0; http://mj12bot.com/)"
195.191.219.130 - - [27/Apr/2025:17:50:08 -0400] "GET /about.php?action=edit&file=gem&path=//opt/alt/ruby23/bin HTTP/1.1" 200 858 "-" "Mozilla/5.0 (compatible; MJ12bot/v2.0.0; http://mj12bot.com/)"
195.191.219.130 - - [27/Apr/2025:17:50:10 -0400] "GET /about.php?action=edit&file=gem&path=//opt/alt/ruby24/bin HTTP/1.1" 200 858 "-" "Mozilla/5.0 (compatible; MJ12bot/v2.0.0; http://mj12bot.com/)"
195.191.219.130 - - [27/Apr/2025:17:50:11 -0400] "GET /about.php?action=edit&file=gem&path=//opt/alt/ruby25/bin HTTP/1.1" 200 859 "-" "Mozilla/5.0 (compatible; MJ12bot/v2.0.0; http://mj12bot.com/)"
20.171.207.115 - - [27/Apr/2025:17:50:11 -0400] "GET /wp-admin/comment.php?action=spam&c=1401 HTTP/1.1" 404 1251 "-" "Mozilla/5.0 AppleWebKit/537.36 (KHTML, like Gecko; compatible; GPTBot/1.2; +https://openai.com/gptbot)"
195.191.219.130 - - [27/Apr/2025:17:50:12 -0400] "GET /about.php?action=edit&file=gem&path=//opt/alt/ruby26/bin HTTP/1.1" 200 858 "-" "Mozilla/5.0 (compatible; MJ12bot/v2.0.0; http://mj12bot.com/)"
195.191.219.130 - - [27/Apr/2025:17:50:13 -0400] "GET /about.php?action=edit&file=gem&path=//opt/alt/ruby27/bin HTTP/1.1" 200 858 "-" "Mozilla/5.0 (compatible; MJ12bot/v2.0.0; http://mj12bot.com/)"
195.191.219.130 - - [27/Apr/2025:17:50:13 -0400] "GET /about.php?action=edit&file=gem&path=//opt/alt/ruby30/bin HTTP/1.1" 200 858 "-" "Mozilla/5.0 (compatible; MJ12bot/v2.0.0; http://mj12bot.com/)"
66.249.75.103 - - [27/Apr/2025:17:50:14 -0400] "GET /about.php?action=edit&file=.htaccess&path=%2F%2Fhome%2Fjuralptl%2Frtp-kyu.ryukyu%2Ftg HTTP/1.1" 403 1242 "-" "Mozilla/5.0 (Linux; Android 6.0.1; Nexus 5X Build/MMB29P) AppleWebKit/537.36 (KHTML, like Gecko) Chrome/135.0.7049.95 Mobile Safari/537.36 (compatible; Googlebot/2.1; +http://www.google.com/bot.html)"
195.191.219.130 - - [27/Apr/2025:17:50:14 -0400] "GET /about.php?action=edit&file=gem&path=//opt/alt/ruby31/bin HTTP/1.1" 200 858 "-" "Mozilla/5.0 (compatible; MJ12bot/v2.0.0; http://mj12bot.com/)"
195.191.219.130 - - [27/Apr/2025:17:50:16 -0400] "GET /about.php?action=edit&file=gem&path=//opt/alt/ruby32/bin HTTP/1.1" 200 700 "-" "Mozilla/5.0 (compatible; MJ12bot/v2.0.0; http://mj12bot.com/)"
195.191.219.130 - - [27/Apr/2025:17:50:16 -0400] "GET /about.php?action=edit&file=gem&path=//opt/alt/ruby33/bin HTTP/1.1" 200 722 "-" "Mozilla/5.0 (compatible; MJ12bot/v2.0.0; http://mj12bot.com/)"
195.191.219.130 - - [27/Apr/2025:17:50:17 -0400] "GET /about.php?action=edit&file=gem&path=//opt/alt/ruby34/bin HTTP/1.1" 200 722 "-" "Mozilla/5.0 (compatible; MJ12bot/v2.0.0; http://mj12bot.com/)"
195.191.219.130 - - [27/Apr/2025:17:50:18 -0400] "GET /about.php?action=edit&file=gen70500_zap.mbn&path=//lib/firmware/qcom/x1e80100 HTTP/1.1" 200 559 "-" "Mozilla/5.0 (compatible; MJ12bot/v2.0.0; http://mj12bot.com/)"
195.191.219.130 - - [27/Apr/2025:17:50:20 -0400] "GET /about.php?action=edit&file=general-template.php&path=//home/juralptl/public_html/wp-includes HTTP/1.1" 200 39392 "-" "Mozilla/5.0 (compatible; MJ12bot/v2.0.0; http://mj12bot.com/)"
195.191.219.130 - - [27/Apr/2025:17:50:21 -0400] "GET /about.php?action=edit&file=general-template.php&path=//home/juralptl/pvjbtf.site/wp-includes HTTP/1.1" 200 39453 "-" "Mozilla/5.0 (compatible; MJ12bot/v2.0.0; http://mj12bot.com/)"
195.191.219.130 - - [27/Apr/2025:17:50:22 -0400] "GET /about.php?action=edit&file=general-template.php&path=//home/juralptl/pvjgacor.com/wp-includes HTTP/1.1" 200 40034 "-" "Mozilla/5.0 (compatible; MJ12bot/v2.0.0; http://mj12bot.com/)"
195.191.219.130 - - [27/Apr/2025:17:50:24 -0400] "GET /about.php?action=edit&file=general-template.php&path=//home/juralptl/tahu-pong.store/wp-includes HTTP/1.1" 200 40034 "-" "Mozilla/5.0 (compatible; MJ12bot/v2.0.0; http://mj12bot.com/)"
195.191.219.130 - - [27/Apr/2025:17:50:24 -0400] "GET /about.php?action=edit&file=general-template.php&path=//home/juralptl/telekomaret.site/wp-includes HTTP/1.1" 200 40034 "-" "Mozilla/5.0 (compatible; MJ12bot/v2.0.0; http://mj12bot.com/)"
195.191.219.130 - - [27/Apr/2025:17:50:26 -0400] "GET /about.php?action=edit&file=general-template.php&path=//home/juralptl/www/wp-includes HTTP/1.1" 200 39392 "-" "Mozilla/5.0 (compatible; MJ12bot/v2.0.0; http://mj12bot.com/)"
195.191.219.130 - - [27/Apr/2025:17:50:27 -0400] "GET /about.php?action=edit&file=general.css&path=//home/juralptl/public_html/css HTTP/1.1" 200 1142 "-" "Mozilla/5.0 (compatible; MJ12bot/v2.0.0; http://mj12bot.com/)"
195.191.219.130 - - [27/Apr/2025:17:50:28 -0400] "GET /about.php?action=edit&file=general.css&path=//home/juralptl/pulsaku.online/css HTTP/1.1" 200 1142 "-" "Mozilla/5.0 (compatible; MJ12bot/v2.0.0; http://mj12bot.com/)"
195.191.219.130 - - [27/Apr/2025:17:50:29 -0400] "GET /about.php?action=edit&file=general.css&path=//home/juralptl/pvjtogel.sbs/css HTTP/1.1" 200 1142 "-" "Mozilla/5.0 (compatible; MJ12bot/v2.0.0; http://mj12bot.com/)"
195.191.219.130 - - [27/Apr/2025:17:50:30 -0400] "GET /about.php?action=edit&file=general.css&path=//home/juralptl/selandiapools.com/css HTTP/1.1" 200 1142 "-" "Mozilla/5.0 (compatible; MJ12bot/v2.0.0; http://mj12bot.com/)"
195.191.219.130 - - [27/Apr/2025:17:50:31 -0400] "GET /about.php?action=edit&file=general.css&path=//home/juralptl/widget/css HTTP/1.1" 200 1121 "-" "Mozilla/5.0 (compatible; MJ12bot/v2.0.0; http://mj12bot.com/)"
195.191.219.130 - - [27/Apr/2025:17:50:33 -0400] "GET /about.php?action=edit&file=general.css&path=//home/juralptl/www/css HTTP/1.1" 200 1142 "-" "Mozilla/5.0 (compatible; MJ12bot/v2.0.0; http://mj12bot.com/)"
195.191.219.130 - - [27/Apr/2025:17:50:34 -0400] "GET /about.php?action=edit&file=generated-classname.php&path=//home/juralptl/btfovj.store/wp-includes/block-supports HTTP/1.1" 200 1232 "-" "Mozilla/5.0 (compatible; MJ12bot/v2.0.0; http://mj12bot.com/)"
195.191.219.130 - - [27/Apr/2025:17:50:35 -0400] "GET /about.php?action=edit&file=generated-classname.php&path=//home/juralptl/btspv.store/wp-includes/block-supports HTTP/1.1" 200 1232 "-" "Mozilla/5.0 (compatible; MJ12bot/v2.0.0; http://mj12bot.com/)"
195.191.219.130 - - [27/Apr/2025:17:50:36 -0400] "GET /about.php?action=edit&file=generator.cpython-36.opt-1.pyc&path=//lib64/python3.6/email/__pycache__ HTTP/1.1" 200 566 "-" "Mozilla/5.0 (compatible; MJ12bot/v2.0.0; http://mj12bot.com/)"
195.191.219.130 - - [27/Apr/2025:17:50:37 -0400] "GET /about.php?action=edit&file=generator.cpython-36.opt-2.pyc&path=//lib64/python3.6/email/__pycache__ HTTP/1.1" 200 566 "-" "Mozilla/5.0 (compatible; MJ12bot/v2.0.0; http://mj12bot.com/)"
195.191.219.130 - - [27/Apr/2025:17:50:38 -0400] "GET /about.php?action=edit&file=generator.cpython-36.pyc&path=//lib64/python3.6/email/__pycache__ HTTP/1.1" 200 561 "-" "Mozilla/5.0 (compatible; MJ12bot/v2.0.0; http://mj12bot.com/)"
195.191.219.130 - - [27/Apr/2025:17:50:38 -0400] "GET /about.php?action=edit&file=generator.cpython-38.opt-1.pyc&path=//lib64/python3.8/email/__pycache__ HTTP/1.1" 200 566 "-" "Mozilla/5.0 (compatible; MJ12bot/v2.0.0; http://mj12bot.com/)"
195.191.219.130 - - [27/Apr/2025:17:50:39 -0400] "GET /about.php?action=edit&file=generator.cpython-38.opt-2.pyc&path=//lib64/python3.8/email/__pycache__ HTTP/1.1" 200 566 "-" "Mozilla/5.0 (compatible; MJ12bot/v2.0.0; http://mj12bot.com/)"
195.191.219.130 - - [27/Apr/2025:17:50:41 -0400] "GET /about.php?action=edit&file=generator.cpython-38.pyc&path=//lib64/python3.8/email/__pycache__ HTTP/1.1" 200 561 "-" "Mozilla/5.0 (compatible; MJ12bot/v2.0.0; http://mj12bot.com/)"
195.191.219.130 - - [27/Apr/2025:17:50:41 -0400] "GET /about.php?action=edit&file=generator.so&path=//lib64/ruby/json/ext HTTP/1.1" 200 553 "-" "Mozilla/5.0 (compatible; MJ12bot/v2.0.0; http://mj12bot.com/)"
195.191.219.130 - - [27/Apr/2025:17:50:43 -0400] "GET /about.php?action=edit&file=generictreemodel.py&path=//lib64/python3.6/site-packages/pygtkcompat HTTP/1.1" 200 4450 "-" "Mozilla/5.0 (compatible; MJ12bot/v2.0.0; http://mj12bot.com/)"
195.191.219.130 - - [27/Apr/2025:17:50:44 -0400] "GET /about.php?action=edit&file=getid3.lib.php&path=//home/juralptl/btfovj.store/wp-includes/ID3 HTTP/1.1" 200 13493 "-" "Mozilla/5.0 (compatible; MJ12bot/v2.0.0; http://mj12bot.com/)"
195.191.219.130 - - [27/Apr/2025:17:50:45 -0400] "GET /about.php?action=edit&file=getid3.lib.php&path=//home/juralptl/btspv.store/wp-includes/ID3 HTTP/1.1" 200 13493 "-" "Mozilla/5.0 (compatible; MJ12bot/v2.0.0; http://mj12bot.com/)"
195.191.219.130 - - [27/Apr/2025:17:50:46 -0400] "GET /about.php?action=edit&file=getid3.php&path=//home/juralptl/btfovj.store/wp-includes/ID3 HTTP/1.1" 200 21751 "-" "Mozilla/5.0 (compatible; MJ12bot/v2.0.0; http://mj12bot.com/)"
195.191.219.130 - - [27/Apr/2025:17:50:47 -0400] "GET /about.php?action=edit&file=getid3.php&path=//home/juralptl/btspv.store/wp-includes/ID3 HTTP/1.1" 200 21751 "-" "Mozilla/5.0 (compatible; MJ12bot/v2.0.0; http://mj12bot.com/)"
195.191.219.130 - - [27/Apr/2025:17:50:48 -0400] "GET /about.php?action=edit&file=getty.target&path=//lib/systemd/system/multi-user.target.wants HTTP/1.1" 200 818 "-" "Mozilla/5.0 (compatible; MJ12bot/v2.0.0; http://mj12bot.com/)"
195.191.219.130 - - [27/Apr/2025:17:50:49 -0400] "GET /about.php?action=edit&file=gh-akan.map.gz&path=//lib/kbd/keymaps/xkb HTTP/1.1" 200 555 "-" "Mozilla/5.0 (compatible; MJ12bot/v2.0.0; http://mj12bot.com/)"
195.191.219.130 - - [27/Apr/2025:17:50:50 -0400] "GET /about.php?action=edit&file=gh-avn.map.gz&path=//lib/kbd/keymaps/xkb HTTP/1.1" 200 556 "-" "Mozilla/5.0 (compatible; MJ12bot/v2.0.0; http://mj12bot.com/)"
195.191.219.130 - - [27/Apr/2025:17:50:52 -0400] "GET /about.php?action=edit&file=gh-ewe.map.gz&path=//lib/kbd/keymaps/xkb HTTP/1.1" 200 556 "-" "Mozilla/5.0 (compatible; MJ12bot/v2.0.0; http://mj12bot.com/)"
195.191.219.130 - - [27/Apr/2025:17:50:54 -0400] "GET /about.php?action=edit&file=gh-fula.map.gz&path=//lib/kbd/keymaps/xkb HTTP/1.1" 200 555 "-" "Mozilla/5.0 (compatible; MJ12bot/v2.0.0; http://mj12bot.com/)"
195.191.219.130 - - [27/Apr/2025:17:50:56 -0400] "GET /about.php?action=edit&file=gh-ga.map.gz&path=//lib/kbd/keymaps/xkb HTTP/1.1" 200 555 "-" "Mozilla/5.0 (compatible; MJ12bot/v2.0.0; http://mj12bot.com/)"
195.191.219.130 - - [27/Apr/2025:17:50:58 -0400] "GET /about.php?action=edit&file=gh-generic.map.gz&path=//lib/kbd/keymaps/xkb HTTP/1.1" 200 558 "-" "Mozilla/5.0 (compatible; MJ12bot/v2.0.0; http://mj12bot.com/)"
195.191.219.130 - - [27/Apr/2025:17:51:00 -0400] "GET /about.php?action=edit&file=gh-gillbt.map.gz&path=//lib/kbd/keymaps/xkb HTTP/1.1" 200 556 "-" "Mozilla/5.0 (compatible; MJ12bot/v2.0.0; http://mj12bot.com/)"
195.191.219.130 - - [27/Apr/2025:17:51:01 -0400] "GET /about.php?action=edit&file=gh-hausa.map.gz&path=//lib/kbd/keymaps/xkb HTTP/1.1" 200 556 "-" "Mozilla/5.0 (compatible; MJ12bot/v2.0.0; http://mj12bot.com/)"
195.191.219.130 - - [27/Apr/2025:17:51:03 -0400] "GET /about.php?action=edit&file=gh.map.gz&path=//lib/kbd/keymaps/xkb HTTP/1.1" 200 553 "-" "Mozilla/5.0 (compatible; MJ12bot/v2.0.0; http://mj12bot.com/)"
195.191.219.130 - - [27/Apr/2025:17:51:04 -0400] "GET /about.php?action=edit&file=gi_service.py&path=//lib64/python3.6/site-packages/dbus HTTP/1.1" 200 2088 "-" "Mozilla/5.0 (compatible; MJ12bot/v2.0.0; http://mj12bot.com/)"
195.191.219.130 - - [27/Apr/2025:17:51:05 -0400] "GET /about.php?action=edit&file=gif.la&path=//lib64/GraphicsMagick-1.3.38/modules-Q16/coders HTTP/1.1" 200 1073 "-" "Mozilla/5.0 (compatible; MJ12bot/v2.0.0; http://mj12bot.com/)"
195.191.219.130 - - [27/Apr/2025:17:51:06 -0400] "GET /about.php?action=edit&file=gif.la&path=//lib64/ImageMagick-6.9.13/modules-Q16/coders HTTP/1.1" 200 1104 "-" "Mozilla/5.0 (compatible; MJ12bot/v2.0.0; http://mj12bot.com/)"
66.249.75.102 - - [27/Apr/2025:17:51:06 -0400] "GET /about.php?path=%2F%2Fopt%2Falt%2Fpython312%2Flib%2Fpython3.12 HTTP/1.1" 200 780 "-" "Mozilla/5.0 (Linux; Android 6.0.1; Nexus 5X Build/MMB29P) AppleWebKit/537.36 (KHTML, like Gecko) Chrome/135.0.7049.95 Mobile Safari/537.36 (compatible; Googlebot/2.1; +http://www.google.com/bot.html)"
195.191.219.130 - - [27/Apr/2025:17:51:07 -0400] "GET /about.php?action=edit&file=gif.so&path=//lib64/GraphicsMagick-1.3.38/modules-Q16/coders HTTP/1.1" 200 551 "-" "Mozilla/5.0 (compatible; MJ12bot/v2.0.0; http://mj12bot.com/)"
195.191.219.130 - - [27/Apr/2025:17:51:08 -0400] "GET /about.php?action=edit&file=gif.so&path=//lib64/ImageMagick-6.9.13/modules-Q16/coders HTTP/1.1" 200 551 "-" "Mozilla/5.0 (compatible; MJ12bot/v2.0.0; http://mj12bot.com/)"
195.191.219.130 - - [27/Apr/2025:17:51:09 -0400] "GET /about.php?action=edit&file=glib.py&path=//lib64/python3.6/site-packages/dbus HTTP/1.1" 200 1639 "-" "Mozilla/5.0 (compatible; MJ12bot/v2.0.0; http://mj12bot.com/)"
195.191.219.130 - - [27/Apr/2025:17:51:10 -0400] "GET /about.php?action=edit&file=global-styles-and-settings.php&path=//home/juralptl/public_html/wp-includes HTTP/1.1" 200 5889 "-" "Mozilla/5.0 (compatible; MJ12bot/v2.0.0; http://mj12bot.com/)"
195.191.219.130 - - [27/Apr/2025:17:51:11 -0400] "GET /about.php?action=edit&file=global-styles-and-settings.php&path=//home/juralptl/pvjbtf.site/wp-includes HTTP/1.1" 200 6198 "-" "Mozilla/5.0 (compatible; MJ12bot/v2.0.0; http://mj12bot.com/)"
20.171.207.115 - - [27/Apr/2025:17:51:12 -0400] "GET /wp-admin/comment.php?action=spam&c=1461 HTTP/1.1" 404 1251 "-" "Mozilla/5.0 AppleWebKit/537.36 (KHTML, like Gecko; compatible; GPTBot/1.2; +https://openai.com/gptbot)"
195.191.219.130 - - [27/Apr/2025:17:51:12 -0400] "GET /about.php?action=edit&file=global-styles-and-settings.php&path=//home/juralptl/pvjgacor.com/wp-includes HTTP/1.1" 200 6229 "-" "Mozilla/5.0 (compatible; MJ12bot/v2.0.0; http://mj12bot.com/)"
195.191.219.130 - - [27/Apr/2025:17:51:13 -0400] "GET /about.php?action=edit&file=global-styles-and-settings.php&path=//home/juralptl/tahu-pong.store/wp-includes HTTP/1.1" 200 6229 "-" "Mozilla/5.0 (compatible; MJ12bot/v2.0.0; http://mj12bot.com/)"
195.191.219.130 - - [27/Apr/2025:17:51:14 -0400] "GET /about.php?action=edit&file=global-styles-and-settings.php&path=//home/juralptl/telekomaret.site/wp-includes HTTP/1.1" 200 6229 "-" "Mozilla/5.0 (compatible; MJ12bot/v2.0.0; http://mj12bot.com/)"
195.191.219.130 - - [27/Apr/2025:17:51:15 -0400] "GET /about.php?action=edit&file=global-styles-and-settings.php&path=//home/juralptl/www/wp-includes HTTP/1.1" 200 5889 "-" "Mozilla/5.0 (compatible; MJ12bot/v2.0.0; http://mj12bot.com/)"
195.191.219.130 - - [27/Apr/2025:17:51:16 -0400] "GET /about.php?action=edit&file=glyphicons-halflings-white.png&path=//home/juralptl/berlinpools.us/ADM/img HTTP/1.1" 200 566 "-" "Mozilla/5.0 (compatible; MJ12bot/v2.0.0; http://mj12bot.com/)"
195.191.219.130 - - [27/Apr/2025:17:51:17 -0400] "GET /about.php?action=edit&file=glyphicons-halflings-white.png&path=//home/juralptl/hkpoolsidn.com/ADM/img HTTP/1.1" 200 566 "-" "Mozilla/5.0 (compatible; MJ12bot/v2.0.0; http://mj12bot.com/)"
195.191.219.130 - - [27/Apr/2025:17:51:18 -0400] "GET /about.php?action=edit&file=glyphicons-halflings.png&path=//home/juralptl/berlinpools.us/ADM/img HTTP/1.1" 200 562 "-" "Mozilla/5.0 (compatible; MJ12bot/v2.0.0; http://mj12bot.com/)"
195.191.219.130 - - [27/Apr/2025:17:51:20 -0400] "GET /about.php?action=edit&file=glyphicons-halflings.png&path=//home/juralptl/hkpoolsidn.com/ADM/img HTTP/1.1" 200 562 "-" "Mozilla/5.0 (compatible; MJ12bot/v2.0.0; http://mj12bot.com/)"
195.191.219.130 - - [27/Apr/2025:17:51:20 -0400] "GET /about.php?action=edit&file=glyphicons-regular-0.eot&path=//home/juralptl/berlinpools.us/ADM/font HTTP/1.1" 200 563 "-" "Mozilla/5.0 (compatible; MJ12bot/v2.0.0; http://mj12bot.com/)"
66.249.75.101 - - [27/Apr/2025:17:51:22 -0400] "GET /about.php?action=edit&file=index.html&path=%2F%2Fhome%2Fjuralptl%2Frtp-kyu.ryukyu%2Ftg HTTP/1.1" 200 6834 "-" "Mozilla/5.0 (Linux; Android 6.0.1; Nexus 5X Build/MMB29P) AppleWebKit/537.36 (KHTML, like Gecko) Chrome/135.0.7049.95 Mobile Safari/537.36 (compatible; Googlebot/2.1; +http://www.google.com/bot.html)"
195.191.219.130 - - [27/Apr/2025:17:51:22 -0400] "GET /about.php?action=edit&file=glyphicons-regular-0.eot&path=//home/juralptl/hkpoolsidn.com/ADM/font HTTP/1.1" 200 563 "-" "Mozilla/5.0 (compatible; MJ12bot/v2.0.0; http://mj12bot.com/)"
195.191.219.130 - - [27/Apr/2025:17:51:23 -0400] "GET /about.php?action=edit&file=glyphicons-regular.eot&path=//home/juralptl/berlinpools.us/ADM/font HTTP/1.1" 200 560 "-" "Mozilla/5.0 (compatible; MJ12bot/v2.0.0; http://mj12bot.com/)"
195.191.219.130 - - [27/Apr/2025:17:51:24 -0400] "GET /about.php?action=edit&file=glyphicons-regular.eot&path=//home/juralptl/hkpoolsidn.com/ADM/font HTTP/1.1" 200 560 "-" "Mozilla/5.0 (compatible; MJ12bot/v2.0.0; http://mj12bot.com/)"
195.191.219.130 - - [27/Apr/2025:17:51:25 -0400] "GET /about.php?action=edit&file=glyphicons-regular.svg&path=//home/juralptl/berlinpools.us/ADM/font HTTP/1.1" 200 77069 "-" "Mozilla/5.0 (compatible; MJ12bot/v2.0.0; http://mj12bot.com/)"
195.191.219.130 - - [27/Apr/2025:17:51:26 -0400] "GET /about.php?action=edit&file=glyphicons-regular.svg&path=//home/juralptl/hkpoolsidn.com/ADM/font HTTP/1.1" 200 77069 "-" "Mozilla/5.0 (compatible; MJ12bot/v2.0.0; http://mj12bot.com/)"
195.191.219.130 - - [27/Apr/2025:17:51:27 -0400] "GET /about.php?action=edit&file=glyphicons-regular.ttf&path=//home/juralptl/berlinpools.us/ADM/font HTTP/1.1" 200 560 "-" "Mozilla/5.0 (compatible; MJ12bot/v2.0.0; http://mj12bot.com/)"
195.191.219.130 - - [27/Apr/2025:17:51:28 -0400] "GET /about.php?action=edit&file=glyphicons-regular.ttf&path=//home/juralptl/hkpoolsidn.com/ADM/font HTTP/1.1" 200 560 "-" "Mozilla/5.0 (compatible; MJ12bot/v2.0.0; http://mj12bot.com/)"
195.191.219.130 - - [27/Apr/2025:17:51:29 -0400] "GET /about.php?action=edit&file=glyphicons-regular.woff&path=//home/juralptl/berlinpools.us/ADM/font HTTP/1.1" 200 562 "-" "Mozilla/5.0 (compatible; MJ12bot/v2.0.0; http://mj12bot.com/)"
195.191.219.130 - - [27/Apr/2025:17:51:30 -0400] "GET /about.php?action=edit&file=glyphicons-regular.woff&path=//home/juralptl/hkpoolsidn.com/ADM/font HTTP/1.1" 200 562 "-" "Mozilla/5.0 (compatible; MJ12bot/v2.0.0; http://mj12bot.com/)"
195.191.219.130 - - [27/Apr/2025:17:51:31 -0400] "GET /about.php?action=edit&file=glyphicons-white.png&path=//home/juralptl/berlinpools.us/ADM/img HTTP/1.1" 200 560 "-" "Mozilla/5.0 (compatible; MJ12bot/v2.0.0; http://mj12bot.com/)"
195.191.219.130 - - [27/Apr/2025:17:51:32 -0400] "GET /about.php?action=edit&file=glyphicons-white.png&path=//home/juralptl/hkpoolsidn.com/ADM/img HTTP/1.1" 200 560 "-" "Mozilla/5.0 (compatible; MJ12bot/v2.0.0; http://mj12bot.com/)"
195.191.219.130 - - [27/Apr/2025:17:51:33 -0400] "GET /about.php?action=edit&file=glyphicons-white.svg&path=//home/juralptl/berlinpools.us/ADM/img HTTP/1.1" 200 111868 "-" "Mozilla/5.0 (compatible; MJ12bot/v2.0.0; http://mj12bot.com/)"
195.191.219.130 - - [27/Apr/2025:17:51:35 -0400] "GET /about.php?action=edit&file=glyphicons-white.svg&path=//home/juralptl/hkpoolsidn.com/ADM/img HTTP/1.1" 200 111822 "-" "Mozilla/5.0 (compatible; MJ12bot/v2.0.0; http://mj12bot.com/)"
195.191.219.130 - - [27/Apr/2025:17:51:38 -0400] "GET /about.php?action=edit&file=glyphicons.css&path=//home/juralptl/berlinpools.us/ADM/css HTTP/1.1" 200 7794 "-" "Mozilla/5.0 (compatible; MJ12bot/v2.0.0; http://mj12bot.com/)"
195.191.219.130 - - [27/Apr/2025:17:51:39 -0400] "GET /about.php?action=edit&file=glyphicons.css&path=//home/juralptl/hkpoolsidn.com/ADM/css HTTP/1.1" 200 7794 "-" "Mozilla/5.0 (compatible; MJ12bot/v2.0.0; http://mj12bot.com/)"
195.191.219.130 - - [27/Apr/2025:17:51:40 -0400] "GET /about.php?action=edit&file=glyphicons.png&path=//home/juralptl/berlinpools.us/ADM/img HTTP/1.1" 200 556 "-" "Mozilla/5.0 (compatible; MJ12bot/v2.0.0; http://mj12bot.com/)"
195.191.219.130 - - [27/Apr/2025:17:51:41 -0400] "GET /about.php?action=edit&file=glyphicons.png&path=//home/juralptl/hkpoolsidn.com/ADM/img HTTP/1.1" 200 556 "-" "Mozilla/5.0 (compatible; MJ12bot/v2.0.0; http://mj12bot.com/)"
195.191.219.130 - - [27/Apr/2025:17:51:43 -0400] "GET /about.php?action=edit&file=glyphicons.svg&path=//home/juralptl/berlinpools.us/ADM/img HTTP/1.1" 200 109582 "-" "Mozilla/5.0 (compatible; MJ12bot/v2.0.0; http://mj12bot.com/)"
195.191.219.130 - - [27/Apr/2025:17:51:46 -0400] "GET /about.php?action=edit&file=glyphicons.svg&path=//home/juralptl/hkpoolsidn.com/ADM/img HTTP/1.1" 200 109582 "-" "Mozilla/5.0 (compatible; MJ12bot/v2.0.0; http://mj12bot.com/)"
195.191.219.130 - - [27/Apr/2025:17:51:48 -0400] "GET /about.php?action=edit&file=glyphicons_halflings-white.png&path=//home/juralptl/berlinpools.us/ADM/img HTTP/1.1" 200 567 "-" "Mozilla/5.0 (compatible; MJ12bot/v2.0.0; http://mj12bot.com/)"
195.191.219.130 - - [27/Apr/2025:17:51:49 -0400] "GET /about.php?action=edit&file=glyphicons_halflings-white.png&path=//home/juralptl/hkpoolsidn.com/ADM/img HTTP/1.1" 200 567 "-" "Mozilla/5.0 (compatible; MJ12bot/v2.0.0; http://mj12bot.com/)"
195.191.219.130 - - [27/Apr/2025:17:51:51 -0400] "GET /about.php?action=edit&file=glyphicons_halflings-white.svg&path=//home/juralptl/berlinpools.us/ADM/img HTTP/1.1" 200 21484 "-" "Mozilla/5.0 (compatible; MJ12bot/v2.0.0; http://mj12bot.com/)"
195.191.219.130 - - [27/Apr/2025:17:51:53 -0400] "GET /about.php?action=edit&file=glyphicons_halflings-white.svg&path=//home/juralptl/hkpoolsidn.com/ADM/img HTTP/1.1" 200 21484 "-" "Mozilla/5.0 (compatible; MJ12bot/v2.0.0; http://mj12bot.com/)"
195.191.219.130 - - [27/Apr/2025:17:51:54 -0400] "GET /about.php?action=edit&file=glyphicons_halflings.png&path=//home/juralptl/berlinpools.us/ADM/img HTTP/1.1" 200 563 "-" "Mozilla/5.0 (compatible; MJ12bot/v2.0.0; http://mj12bot.com/)"
195.191.219.130 - - [27/Apr/2025:17:51:55 -0400] "GET /about.php?action=edit&file=glyphicons_halflings.png&path=//home/juralptl/hkpoolsidn.com/ADM/img HTTP/1.1" 200 563 "-" "Mozilla/5.0 (compatible; MJ12bot/v2.0.0; http://mj12bot.com/)"
195.191.219.130 - - [27/Apr/2025:17:51:58 -0400] "GET /about.php?action=edit&file=glyphicons_halflings.svg&path=//home/juralptl/berlinpools.us/ADM/img HTTP/1.1" 200 21408 "-" "Mozilla/5.0 (compatible; MJ12bot/v2.0.0; http://mj12bot.com/)"
195.191.219.130 - - [27/Apr/2025:17:51:58 -0400] "GET /about.php?action=edit&file=glyphicons_halflings.svg&path=//home/juralptl/hkpoolsidn.com/ADM/img HTTP/1.1" 200 21408 "-" "Mozilla/5.0 (compatible; MJ12bot/v2.0.0; http://mj12bot.com/)"
195.191.219.130 - - [27/Apr/2025:17:51:59 -0400] "GET /about.php?action=edit&file=glyphiconshalflings-regular-0.eot&path=//home/juralptl/berlinpools.us/ADM/font HTTP/1.1" 200 569 "-" "Mozilla/5.0 (compatible; MJ12bot/v2.0.0; http://mj12bot.com/)"
195.191.219.130 - - [27/Apr/2025:17:52:00 -0400] "GET /about.php?action=edit&file=glyphiconshalflings-regular-0.eot&path=//home/juralptl/hkpoolsidn.com/ADM/font HTTP/1.1" 200 569 "-" "Mozilla/5.0 (compatible; MJ12bot/v2.0.0; http://mj12bot.com/)"
195.191.219.130 - - [27/Apr/2025:17:52:02 -0400] "GET /about.php?action=edit&file=glyphiconshalflings-regular.eot&path=//home/juralptl/berlinpools.us/ADM/font HTTP/1.1" 200 568 "-" "Mozilla/5.0 (compatible; MJ12bot/v2.0.0; http://mj12bot.com/)"
195.191.219.130 - - [27/Apr/2025:17:52:03 -0400] "GET /about.php?action=edit&file=glyphiconshalflings-regular.eot&path=//home/juralptl/hkpoolsidn.com/ADM/font HTTP/1.1" 200 568 "-" "Mozilla/5.0 (compatible; MJ12bot/v2.0.0; http://mj12bot.com/)"
195.191.219.130 - - [27/Apr/2025:17:52:05 -0400] "GET /about.php?action=edit&file=glyphiconshalflings-regular.svg&path=//home/juralptl/berlinpools.us/ADM/font HTTP/1.1" 200 14431 "-" "Mozilla/5.0 (compatible; MJ12bot/v2.0.0; http://mj12bot.com/)"
195.191.219.130 - - [27/Apr/2025:17:52:06 -0400] "GET /about.php?action=edit&file=glyphiconshalflings-regular.svg&path=//home/juralptl/hkpoolsidn.com/ADM/font HTTP/1.1" 200 14431 "-" "Mozilla/5.0 (compatible; MJ12bot/v2.0.0; http://mj12bot.com/)"
195.191.219.130 - - [27/Apr/2025:17:52:07 -0400] "GET /about.php?action=edit&file=glyphiconshalflings-regular.ttf&path=//home/juralptl/berlinpools.us/ADM/font HTTP/1.1" 200 568 "-" "Mozilla/5.0 (compatible; MJ12bot/v2.0.0; http://mj12bot.com/)"
195.191.219.130 - - [27/Apr/2025:17:52:09 -0400] "GET /about.php?action=edit&file=glyphiconshalflings-regular.ttf&path=//home/juralptl/hkpoolsidn.com/ADM/font HTTP/1.1" 200 568 "-" "Mozilla/5.0 (compatible; MJ12bot/v2.0.0; http://mj12bot.com/)"
195.191.219.130 - - [27/Apr/2025:17:52:09 -0400] "GET /about.php?action=edit&file=glyphiconshalflings-regular.woff&path=//home/juralptl/berlinpools.us/ADM/font HTTP/1.1" 200 569 "-" "Mozilla/5.0 (compatible; MJ12bot/v2.0.0; http://mj12bot.com/)"
195.191.219.130 - - [27/Apr/2025:17:52:11 -0400] "GET /about.php?action=edit&file=glyphiconshalflings-regular.woff&path=//home/juralptl/hkpoolsidn.com/ADM/font HTTP/1.1" 200 569 "-" "Mozilla/5.0 (compatible; MJ12bot/v2.0.0; http://mj12bot.com/)"
195.191.219.130 - - [27/Apr/2025:17:52:11 -0400] "GET /about.php?action=edit&file=gnu.cpython-36.opt-1.pyc&path=//lib64/python3.6/dbm/__pycache__ HTTP/1.1" 200 565 "-" "Mozilla/5.0 (compatible; MJ12bot/v2.0.0; http://mj12bot.com/)"
20.171.207.115 - - [27/Apr/2025:17:52:12 -0400] "GET /wp-admin/comment.php?action=spam&c=1434 HTTP/1.1" 404 1251 "-" "Mozilla/5.0 AppleWebKit/537.36 (KHTML, like Gecko; compatible; GPTBot/1.2; +https://openai.com/gptbot)"
195.191.219.130 - - [27/Apr/2025:17:52:13 -0400] "GET /about.php?action=edit&file=gnu.cpython-36.opt-2.pyc&path=//lib64/python3.6/dbm/__pycache__ HTTP/1.1" 200 565 "-" "Mozilla/5.0 (compatible; MJ12bot/v2.0.0; http://mj12bot.com/)"
195.191.219.130 - - [27/Apr/2025:17:52:14 -0400] "GET /about.php?action=edit&file=gnu.cpython-36.pyc&path=//lib64/python3.6/dbm/__pycache__ HTTP/1.1" 200 559 "-" "Mozilla/5.0 (compatible; MJ12bot/v2.0.0; http://mj12bot.com/)"
195.191.219.130 - - [27/Apr/2025:17:52:14 -0400] "GET /about.php?action=edit&file=gnu.cpython-38.opt-1.pyc&path=//lib64/python3.8/dbm/__pycache__ HTTP/1.1" 200 565 "-" "Mozilla/5.0 (compatible; MJ12bot/v2.0.0; http://mj12bot.com/)"
195.191.219.130 - - [27/Apr/2025:17:52:16 -0400] "GET /about.php?action=edit&file=gnu.cpython-38.opt-2.pyc&path=//lib64/python3.8/dbm/__pycache__ HTTP/1.1" 200 565 "-" "Mozilla/5.0 (compatible; MJ12bot/v2.0.0; http://mj12bot.com/)"
195.191.219.130 - - [27/Apr/2025:17:52:16 -0400] "GET /about.php?action=edit&file=gnu.cpython-38.pyc&path=//lib64/python3.8/dbm/__pycache__ HTTP/1.1" 200 559 "-" "Mozilla/5.0 (compatible; MJ12bot/v2.0.0; http://mj12bot.com/)"
195.191.219.130 - - [27/Apr/2025:17:52:17 -0400] "GET /about.php?action=edit&file=google-play.png&path=//home/juralptl/valenciapools.world/images HTTP/1.1" 200 555 "-" "Mozilla/5.0 (compatible; MJ12bot/v2.0.0; http://mj12bot.com/)"
195.191.219.130 - - [27/Apr/2025:17:52:19 -0400] "GET /about.php?action=edit&file=google.py&path=//lib64/python2.7/Tools/scripts HTTP/1.1" 200 822 "-" "Mozilla/5.0 (compatible; MJ12bot/v2.0.0; http://mj12bot.com/)"
195.191.219.130 - - [27/Apr/2025:17:52:20 -0400] "GET /about.php?action=edit&file=google.pyc&path=//lib64/python2.7/Tools/scripts HTTP/1.1" 200 552 "-" "Mozilla/5.0 (compatible; MJ12bot/v2.0.0; http://mj12bot.com/)"
195.191.219.130 - - [27/Apr/2025:17:52:21 -0400] "GET /about.php?action=edit&file=google.pyo&path=//lib64/python2.7/Tools/scripts HTTP/1.1" 200 551 "-" "Mozilla/5.0 (compatible; MJ12bot/v2.0.0; http://mj12bot.com/)"
195.191.219.130 - - [27/Apr/2025:17:52:23 -0400] "GET /about.php?action=edit&file=gopher.py&path=//lib64/python2.7/Demo/sockets HTTP/1.1" 200 3518 "-" "Mozilla/5.0 (compatible; MJ12bot/v2.0.0; http://mj12bot.com/)"
195.191.219.130 - - [27/Apr/2025:17:52:24 -0400] "GET /about.php?action=edit&file=gopher.pyc&path=//lib64/python2.7/Demo/sockets HTTP/1.1" 200 553 "-" "Mozilla/5.0 (compatible; MJ12bot/v2.0.0; http://mj12bot.com/)"
195.191.219.130 - - [27/Apr/2025:17:52:25 -0400] "GET /about.php?action=edit&file=gopher.pyo&path=//lib64/python2.7/Demo/sockets HTTP/1.1" 200 554 "-" "Mozilla/5.0 (compatible; MJ12bot/v2.0.0; http://mj12bot.com/)"
195.191.219.130 - - [27/Apr/2025:17:52:26 -0400] "GET /about.php?action=edit&file=gpccs_data.bin&path=//lib/firmware/nvidia/gk20a HTTP/1.1" 200 558 "-" "Mozilla/5.0 (compatible; MJ12bot/v2.0.0; http://mj12bot.com/)"
195.191.219.130 - - [27/Apr/2025:17:52:27 -0400] "GET /about.php?action=edit&file=gpccs_inst.bin&path=//lib/firmware/nvidia/gk20a HTTP/1.1" 200 557 "-" "Mozilla/5.0 (compatible; MJ12bot/v2.0.0; http://mj12bot.com/)"
195.191.219.130 - - [27/Apr/2025:17:52:28 -0400] "GET /about.php?action=edit&file=gpdsp0.mbn&path=//lib/firmware/qcom/qcs8300 HTTP/1.1" 200 553 "-" "Mozilla/5.0 (compatible; MJ12bot/v2.0.0; http://mj12bot.com/)"
195.191.219.130 - - [27/Apr/2025:17:52:30 -0400] "GET /about.php?action=edit&file=gpdsp0.mbn&path=//lib/firmware/qcom/sa8775p HTTP/1.1" 200 553 "-" "Mozilla/5.0 (compatible; MJ12bot/v2.0.0; http://mj12bot.com/)"
195.191.219.130 - - [27/Apr/2025:17:52:31 -0400] "GET /about.php?action=edit&file=gpdsp1.mbn&path=//lib/firmware/qcom/sa8775p HTTP/1.1" 200 552 "-" "Mozilla/5.0 (compatible; MJ12bot/v2.0.0; http://mj12bot.com/)"
195.191.219.130 - - [27/Apr/2025:17:52:33 -0400] "GET /about.php?action=edit&file=gpdsp1r.jsn&path=//lib/firmware/qcom/sa8775p HTTP/1.1" 200 770 "-" "Mozilla/5.0 (compatible; MJ12bot/v2.0.0; http://mj12bot.com/)"
195.191.219.130 - - [27/Apr/2025:17:52:34 -0400] "GET /about.php?action=edit&file=gpdspr.jsn&path=//lib/firmware/qcom/sa8775p HTTP/1.1" 200 769 "-" "Mozilla/5.0 (compatible; MJ12bot/v2.0.0; http://mj12bot.com/)"
195.191.219.130 - - [27/Apr/2025:17:52:35 -0400] "GET /about.php?action=edit&file=gpgme.py&path=//lib64/python3.6/site-packages/gpg HTTP/1.1" 200 25891 "-" "Mozilla/5.0 (compatible; MJ12bot/v2.0.0; http://mj12bot.com/)"
195.191.219.130 - - [27/Apr/2025:17:52:36 -0400] "GET /about.php?action=edit&file=gprof2html.py&path=//lib64/python2.7/Tools/scripts HTTP/1.1" 200 1337 "-" "Mozilla/5.0 (compatible; MJ12bot/v2.0.0; http://mj12bot.com/)"
195.191.219.130 - - [27/Apr/2025:17:52:37 -0400] "GET /about.php?action=edit&file=gprof2html.pyc&path=//lib64/python2.7/Tools/scripts HTTP/1.1" 200 555 "-" "Mozilla/5.0 (compatible; MJ12bot/v2.0.0; http://mj12bot.com/)"
195.191.219.130 - - [27/Apr/2025:17:52:38 -0400] "GET /about.php?action=edit&file=gprof2html.pyo&path=//lib64/python2.7/Tools/scripts HTTP/1.1" 200 555 "-" "Mozilla/5.0 (compatible; MJ12bot/v2.0.0; http://mj12bot.com/)"
195.191.219.130 - - [27/Apr/2025:17:52:43 -0400] "GET /about.php?action=edit&file=gradient.la&path=//lib64/GraphicsMagick-1.3.38/modules-Q16/coders HTTP/1.1" 200 1073 "-" "Mozilla/5.0 (compatible; MJ12bot/v2.0.0; http://mj12bot.com/)"
66.249.75.101 - - [27/Apr/2025:17:53:07 -0400] "GET /about.php?action=edit&file=admin.php&path=%2F%2Fhome%2Fjuralptl%2Frtp-kyu.ryukyu%2Fmg HTTP/1.1" 200 4503 "-" "Mozilla/5.0 (Linux; Android 6.0.1; Nexus 5X Build/MMB29P) AppleWebKit/537.36 (KHTML, like Gecko) Chrome/135.0.7049.95 Mobile Safari/537.36 (compatible; Googlebot/2.1; +http://www.google.com/bot.html)"
20.171.207.115 - - [27/Apr/2025:17:53:15 -0400] "GET /wp-admin/comment.php?action=spam&c=1143 HTTP/1.1" 404 1251 "-" "Mozilla/5.0 AppleWebKit/537.36 (KHTML, like Gecko; compatible; GPTBot/1.2; +https://openai.com/gptbot)"
20.171.207.115 - - [27/Apr/2025:17:54:16 -0400] "GET /wp-admin/comment.php?action=spam&c=1153 HTTP/1.1" 404 1251 "-" "Mozilla/5.0 AppleWebKit/537.36 (KHTML, like Gecko; compatible; GPTBot/1.2; +https://openai.com/gptbot)"
195.191.219.130 - - [27/Apr/2025:17:54:30 -0400] "GET /about.php?action=edit&file=gradient.la&path=//lib64/ImageMagick-6.9.13/modules-Q16/coders HTTP/1.1" 200 1105 "-" "Mozilla/5.0 (compatible; MJ12bot/v2.0.0; http://mj12bot.com/)"
195.191.219.130 - - [27/Apr/2025:17:54:30 -0400] "GET /about.php?action=edit&file=gradient.so&path=//lib64/GraphicsMagick-1.3.38/modules-Q16/coders HTTP/1.1" 200 555 "-" "Mozilla/5.0 (compatible; MJ12bot/v2.0.0; http://mj12bot.com/)"
195.191.219.130 - - [27/Apr/2025:17:54:31 -0400] "GET /about.php?action=edit&file=gradient.so&path=//lib64/ImageMagick-6.9.13/modules-Q16/coders HTTP/1.1" 200 555 "-" "Mozilla/5.0 (compatible; MJ12bot/v2.0.0; http://mj12bot.com/)"
195.191.219.130 - - [27/Apr/2025:17:54:32 -0400] "GET /about.php?action=edit&file=grammar.py&path=//lib64/python2.7/lib2to3/pgen2 HTTP/1.1" 200 3049 "-" "Mozilla/5.0 (compatible; MJ12bot/v2.0.0; http://mj12bot.com/)"
195.191.219.130 - - [27/Apr/2025:17:54:33 -0400] "GET /about.php?action=edit&file=grammar.py&path=//lib64/python3.6/lib2to3/pgen2 HTTP/1.1" 200 3056 "-" "Mozilla/5.0 (compatible; MJ12bot/v2.0.0; http://mj12bot.com/)"
195.191.219.130 - - [27/Apr/2025:17:54:34 -0400] "GET /about.php?action=edit&file=grammar.py&path=//lib64/python3.8/lib2to3/pgen2 HTTP/1.1" 200 2686 "-" "Mozilla/5.0 (compatible; MJ12bot/v2.0.0; http://mj12bot.com/)"
195.191.219.130 - - [27/Apr/2025:17:54:35 -0400] "GET /about.php?action=edit&file=grammar.pyc&path=//lib64/python2.7/lib2to3/pgen2 HTTP/1.1" 200 556 "-" "Mozilla/5.0 (compatible; MJ12bot/v2.0.0; http://mj12bot.com/)"
195.191.219.130 - - [27/Apr/2025:17:54:36 -0400] "GET /about.php?action=edit&file=grammar.pyo&path=//lib64/python2.7/lib2to3/pgen2 HTTP/1.1" 200 556 "-" "Mozilla/5.0 (compatible; MJ12bot/v2.0.0; http://mj12bot.com/)"
195.191.219.130 - - [27/Apr/2025:17:54:37 -0400] "GET /about.php?action=edit&file=gray.la&path=//lib64/GraphicsMagick-1.3.38/modules-Q16/coders HTTP/1.1" 200 1069 "-" "Mozilla/5.0 (compatible; MJ12bot/v2.0.0; http://mj12bot.com/)"
195.191.219.130 - - [27/Apr/2025:17:54:38 -0400] "GET /about.php?action=edit&file=gray.la&path=//lib64/ImageMagick-6.9.13/modules-Q16/coders HTTP/1.1" 200 1104 "-" "Mozilla/5.0 (compatible; MJ12bot/v2.0.0; http://mj12bot.com/)"
195.191.219.130 - - [27/Apr/2025:17:54:39 -0400] "GET /about.php?action=edit&file=gray.so&path=//lib64/GraphicsMagick-1.3.38/modules-Q16/coders HTTP/1.1" 200 552 "-" "Mozilla/5.0 (compatible; MJ12bot/v2.0.0; http://mj12bot.com/)"
195.191.219.130 - - [27/Apr/2025:17:54:40 -0400] "GET /about.php?action=edit&file=gray.so&path=//lib64/ImageMagick-6.9.13/modules-Q16/coders HTTP/1.1" 200 552 "-" "Mozilla/5.0 (compatible; MJ12bot/v2.0.0; http://mj12bot.com/)"
195.191.219.130 - - [27/Apr/2025:17:54:41 -0400] "GET /about.php?action=edit&file=grid.py&path=//lib64/python2.7/Demo/tix HTTP/1.1" 200 861 "-" "Mozilla/5.0 (compatible; MJ12bot/v2.0.0; http://mj12bot.com/)"
195.191.219.130 - - [27/Apr/2025:17:54:42 -0400] "GET /about.php?action=edit&file=grid.pyc&path=//lib64/python2.7/Demo/tix HTTP/1.1" 200 553 "-" "Mozilla/5.0 (compatible; MJ12bot/v2.0.0; http://mj12bot.com/)"
195.191.219.130 - - [27/Apr/2025:17:54:43 -0400] "GET /about.php?action=edit&file=grid.pyo&path=//lib64/python2.7/Demo/tix HTTP/1.1" 200 553 "-" "Mozilla/5.0 (compatible; MJ12bot/v2.0.0; http://mj12bot.com/)"
195.191.219.130 - - [27/Apr/2025:17:54:44 -0400] "GET /about.php?action=edit&file=grub-boot-indeterminate.service&path=//lib/systemd/system/system-update.target.wants HTTP/1.1" 200 697 "-" "Mozilla/5.0 (compatible; MJ12bot/v2.0.0; http://mj12bot.com/)"
195.191.219.130 - - [27/Apr/2025:17:54:45 -0400] "GET /about.php?action=edit&file=grub-boot-success.timer&path=//lib/systemd/user/timers.target.wants HTTP/1.1" 200 659 "-" "Mozilla/5.0 (compatible; MJ12bot/v2.0.0; http://mj12bot.com/)"
195.191.219.130 - - [27/Apr/2025:17:54:46 -0400] "GET /about.php?action=edit&file=gxbb_h264.bin&path=//lib/firmware/meson/vdec HTTP/1.1" 200 558 "-" "Mozilla/5.0 (compatible; MJ12bot/v2.0.0; http://mj12bot.com/)"
195.191.219.130 - - [27/Apr/2025:17:54:47 -0400] "GET /about.php?action=edit&file=gxl_h263.bin&path=//lib/firmware/meson/vdec HTTP/1.1" 200 554 "-" "Mozilla/5.0 (compatible; MJ12bot/v2.0.0; http://mj12bot.com/)"
195.191.219.130 - - [27/Apr/2025:17:54:48 -0400] "GET /about.php?action=edit&file=gxl_h264.bin&path=//lib/firmware/meson/vdec HTTP/1.1" 200 554 "-" "Mozilla/5.0 (compatible; MJ12bot/v2.0.0; http://mj12bot.com/)"
195.191.219.130 - - [27/Apr/2025:17:54:49 -0400] "GET /about.php?action=edit&file=gxl_hevc.bin&path=//lib/firmware/meson/vdec HTTP/1.1" 200 554 "-" "Mozilla/5.0 (compatible; MJ12bot/v2.0.0; http://mj12bot.com/)"
195.191.219.130 - - [27/Apr/2025:17:54:50 -0400] "GET /about.php?action=edit&file=gxl_hevc_mmu.bin&path=//lib/firmware/meson/vdec HTTP/1.1" 200 558 "-" "Mozilla/5.0 (compatible; MJ12bot/v2.0.0; http://mj12bot.com/)"
195.191.219.130 - - [27/Apr/2025:17:54:51 -0400] "GET /about.php?action=edit&file=gxl_mjpeg.bin&path=//lib/firmware/meson/vdec HTTP/1.1" 200 556 "-" "Mozilla/5.0 (compatible; MJ12bot/v2.0.0; http://mj12bot.com/)"
66.249.75.101 - - [27/Apr/2025:17:54:51 -0400] "GET /about.php?action=edit&file=index.html&path=%2F%2Fhome%2Fjuralptl%2Frtp-kyu.ryukyu%2Fmg HTTP/1.1" 200 10831 "-" "Mozilla/5.0 (Linux; Android 6.0.1; Nexus 5X Build/MMB29P) AppleWebKit/537.36 (KHTML, like Gecko) Chrome/135.0.7049.95 Mobile Safari/537.36 (compatible; Googlebot/2.1; +http://www.google.com/bot.html)"
66.249.75.101 - - [27/Apr/2025:17:54:51 -0400] "GET /about.php?path=%2F%2Fproc%2Fthread-self%2Froot%2Flib%2F.build-id%2Fef HTTP/1.1" 200 1568 "-" "Mozilla/5.0 (Linux; Android 6.0.1; Nexus 5X Build/MMB29P) AppleWebKit/537.36 (KHTML, like Gecko) Chrome/135.0.7049.95 Mobile Safari/537.36 (compatible; Googlebot/2.1; +http://www.google.com/bot.html)"
195.191.219.130 - - [27/Apr/2025:17:54:52 -0400] "GET /about.php?action=edit&file=gxl_mpeg12.bin&path=//lib/firmware/meson/vdec HTTP/1.1" 200 555 "-" "Mozilla/5.0 (compatible; MJ12bot/v2.0.0; http://mj12bot.com/)"
195.191.219.130 - - [27/Apr/2025:17:54:53 -0400] "GET /about.php?action=edit&file=gxl_mpeg4_5.bin&path=//lib/firmware/meson/vdec HTTP/1.1" 200 557 "-" "Mozilla/5.0 (compatible; MJ12bot/v2.0.0; http://mj12bot.com/)"
20.171.207.115 - - [27/Apr/2025:17:55:18 -0400] "GET /wp-admin/comment.php?action=spam&c=1159 HTTP/1.1" 404 1251 "-" "Mozilla/5.0 AppleWebKit/537.36 (KHTML, like Gecko; compatible; GPTBot/1.2; +https://openai.com/gptbot)"
20.171.207.115 - - [27/Apr/2025:17:56:23 -0400] "GET /wp-admin/comment.php?action=spam&c=1363 HTTP/1.1" 404 1251 "-" "Mozilla/5.0 AppleWebKit/537.36 (KHTML, like Gecko; compatible; GPTBot/1.2; +https://openai.com/gptbot)"
66.249.75.102 - - [27/Apr/2025:17:56:35 -0400] "GET /about.php?action=edit&file=admin.php&path=%2F%2Fhome%2Fjuralptl%2Frtp-kyu.ryukyu%2Fgmw HTTP/1.1" 200 4503 "-" "Mozilla/5.0 (Linux; Android 6.0.1; Nexus 5X Build/MMB29P) AppleWebKit/537.36 (KHTML, like Gecko) Chrome/135.0.7049.95 Mobile Safari/537.36 (compatible; Googlebot/2.1; +http://www.google.com/bot.html)"
66.249.75.101 - - [27/Apr/2025:17:57:27 -0400] "GET /about.php?action=edit&file=index.html&path=%2F%2Fhome%2Fjuralptl%2Frtp-kyu.ryukyu%2Fpp HTTP/1.1" 200 11091 "-" "Mozilla/5.0 (Linux; Android 6.0.1; Nexus 5X Build/MMB29P) AppleWebKit/537.36 (KHTML, like Gecko) Chrome/135.0.7049.95 Mobile Safari/537.36 (compatible; Googlebot/2.1; +http://www.google.com/bot.html)"
20.171.207.115 - - [27/Apr/2025:17:57:28 -0400] "GET /wp-admin/comment.php?action=spam&c=1080 HTTP/1.1" 404 1251 "-" "Mozilla/5.0 AppleWebKit/537.36 (KHTML, like Gecko; compatible; GPTBot/1.2; +https://openai.com/gptbot)"
20.171.207.115 - - [27/Apr/2025:17:58:30 -0400] "GET /wp-admin/comment.php?action=spam&c=1221 HTTP/1.1" 404 1251 "-" "Mozilla/5.0 AppleWebKit/537.36 (KHTML, like Gecko; compatible; GPTBot/1.2; +https://openai.com/gptbot)"
20.171.207.115 - - [27/Apr/2025:17:59:36 -0400] "GET /wp-admin/comment.php?action=spam&c=1011 HTTP/1.1" 404 1251 "-" "Mozilla/5.0 AppleWebKit/537.36 (KHTML, like Gecko; compatible; GPTBot/1.2; +https://openai.com/gptbot)"
66.249.75.101 - - [27/Apr/2025:18:00:11 -0400] "GET /about.php?action=edit&file=hide-text.less&path=%2F%2Fhome%2Fjuralptl%2Fhkpoolsidn.com%2Fdist%2Fcss%2Fless%2Fmixins HTTP/1.1" 200 857 "-" "Mozilla/5.0 (Linux; Android 6.0.1; Nexus 5X Build/MMB29P) AppleWebKit/537.36 (KHTML, like Gecko) Chrome/135.0.7049.95 Mobile Safari/537.36 (compatible; Googlebot/2.1; +http://www.google.com/bot.html)"
20.171.207.115 - - [27/Apr/2025:18:00:40 -0400] "GET /wp-admin/comment.php?action=approve&c=1011 HTTP/1.1" 404 1251 "-" "Mozilla/5.0 AppleWebKit/537.36 (KHTML, like Gecko; compatible; GPTBot/1.2; +https://openai.com/gptbot)"
66.249.75.100 - - [27/Apr/2025:18:01:12 -0400] "GET /about.php?action=edit&file=nav-divider.less&path=%2F%2Fhome%2Fjuralptl%2Fhkpoolsidn.com%2Fdist%2Fcss%2Fless%2Fmixins HTTP/1.1" 200 672 "-" "Mozilla/5.0 (Linux; Android 6.0.1; Nexus 5X Build/MMB29P) AppleWebKit/537.36 (KHTML, like Gecko) Chrome/135.0.7049.95 Mobile Safari/537.36 (compatible; Googlebot/2.1; +http://www.google.com/bot.html)"
66.249.75.100 - - [27/Apr/2025:18:01:12 -0400] "GET /about.php?action=edit&file=libgmp.so.10.3.2&path=%2F%2Flib64 HTTP/1.1" 200 557 "-" "Mozilla/5.0 (Linux; Android 6.0.1; Nexus 5X Build/MMB29P) AppleWebKit/537.36 (KHTML, like Gecko) Chrome/135.0.7049.95 Mobile Safari/537.36 (compatible; Googlebot/2.1; +http://www.google.com/bot.html)"
20.171.207.115 - - [27/Apr/2025:18:01:41 -0400] "GET /wp-admin/comment.php?action=approve&c=1221 HTTP/1.1" 404 1251 "-" "Mozilla/5.0 AppleWebKit/537.36 (KHTML, like Gecko; compatible; GPTBot/1.2; +https://openai.com/gptbot)"
20.171.207.115 - - [27/Apr/2025:18:02:47 -0400] "GET /wp-admin/comment.php?action=approve&c=23 HTTP/1.1" 404 1251 "-" "Mozilla/5.0 AppleWebKit/537.36 (KHTML, like Gecko; compatible; GPTBot/1.2; +https://openai.com/gptbot)"
66.249.75.101 - - [27/Apr/2025:18:03:12 -0400] "GET /about.php?action=edit&file=background-variant.less&path=%2F%2Fhome%2Fjuralptl%2Fhkpoolsidn.com%2Fdist%2Fcss%2Fless%2Fmixins HTTP/1.1" 200 624 "-" "Mozilla/5.0 (Linux; Android 6.0.1; Nexus 5X Build/MMB29P) AppleWebKit/537.36 (KHTML, like Gecko) Chrome/135.0.7049.95 Mobile Safari/537.36 (compatible; Googlebot/2.1; +http://www.google.com/bot.html)"
20.171.207.115 - - [27/Apr/2025:18:03:48 -0400] "GET /wp-admin/comment.php?action=approve&c=27 HTTP/1.1" 404 1251 "-" "Mozilla/5.0 AppleWebKit/537.36 (KHTML, like Gecko; compatible; GPTBot/1.2; +https://openai.com/gptbot)"
20.171.207.115 - - [27/Apr/2025:18:04:52 -0400] "GET /wp-admin/comment.php?action=spam&c=1082 HTTP/1.1" 404 1251 "-" "Mozilla/5.0 AppleWebKit/537.36 (KHTML, like Gecko; compatible; GPTBot/1.2; +https://openai.com/gptbot)"
66.249.75.100 - - [27/Apr/2025:18:05:03 -0400] "GET /about.php?action=edit&file=termscontent.php&path=%2Fhome%2Fjuralptl%2Fselandiapools.com%2Fm HTTP/1.1" 200 15038 "-" "Mozilla/5.0 (Linux; Android 6.0.1; Nexus 5X Build/MMB29P) AppleWebKit/537.36 (KHTML, like Gecko) Chrome/135.0.7049.95 Mobile Safari/537.36 (compatible; GoogleOther)"
66.249.75.102 - - [27/Apr/2025:18:05:05 -0400] "GET /about.php?action=edit&file=indexcontent.php&path=%2Fhome%2Fjuralptl%2Fselandiapools.com HTTP/1.1" 200 665 "-" "Mozilla/5.0 (Linux; Android 6.0.1; Nexus 5X Build/MMB29P) AppleWebKit/537.36 (KHTML, like Gecko) Chrome/135.0.7049.95 Mobile Safari/537.36 (compatible; GoogleOther)"
66.249.75.100 - - [27/Apr/2025:18:05:12 -0400] "GET /about.php?action=edit&file=opacity.less&path=%2F%2Fhome%2Fjuralptl%2Fhkpoolsidn.com%2Fdist%2Fcss%2Fless%2Fmixins HTTP/1.1" 200 637 "-" "Mozilla/5.0 (Linux; Android 6.0.1; Nexus 5X Build/MMB29P) AppleWebKit/537.36 (KHTML, like Gecko) Chrome/135.0.7049.95 Mobile Safari/537.36 (compatible; Googlebot/2.1; +http://www.google.com/bot.html)"
20.171.207.115 - - [27/Apr/2025:18:05:54 -0400] "GET /wp-admin/comment.php?action=spam&c=1052 HTTP/1.1" 404 1251 "-" "Mozilla/5.0 AppleWebKit/537.36 (KHTML, like Gecko; compatible; GPTBot/1.2; +https://openai.com/gptbot)"
20.171.207.115 - - [27/Apr/2025:18:06:59 -0400] "GET /wp-admin/comment.php?action=spam&c=1034 HTTP/1.1" 404 1251 "-" "Mozilla/5.0 AppleWebKit/537.36 (KHTML, like Gecko; compatible; GPTBot/1.2; +https://openai.com/gptbot)"
66.249.75.102 - - [27/Apr/2025:18:07:13 -0400] "GET /about.php?action=edit&file=grid.less&path=%2F%2Fhome%2Fjuralptl%2Fhkpoolsidn.com%2Fdist%2Fcss%2Fless%2Fmixins HTTP/1.1" 200 1008 "-" "Mozilla/5.0 (Linux; Android 6.0.1; Nexus 5X Build/MMB29P) AppleWebKit/537.36 (KHTML, like Gecko) Chrome/135.0.7049.95 Mobile Safari/537.36 (compatible; Googlebot/2.1; +http://www.google.com/bot.html)"
66.249.75.102 - - [27/Apr/2025:18:07:47 -0400] "GET /about.php?action=edit&file=htaccess&path=%2Fhome%2Fjuralptl%2Fselandiapools.com%2Fm HTTP/1.1" 200 812 "-" "Mozilla/5.0 (Linux; Android 6.0.1; Nexus 5X Build/MMB29P) AppleWebKit/537.36 (KHTML, like Gecko) Chrome/135.0.7049.95 Mobile Safari/537.36 (compatible; GoogleOther)"
