2a03:2880:f800:3:: - - [27/Apr/2025:14:26:31 -0400] "GET /about.php?path=%2Fhome%2Fjuralptl%2F.system%2Ffcgid HTTP/1.1" 200 788 "-" "meta-externalagent/1.1 (+https://developers.facebook.com/docs/sharing/webmasters/crawler)"
2a01:4f9:6b:21a2::2 - - [27/Apr/2025:14:26:31 -0400] "GET /about.php?action=edit&file=export.php&path=//home/juralptl/tahu-pong.store/wp-admin HTTP/1.1" 200 3864 "-" "Mozilla/5.0 (compatible; MJ12bot/v1.4.8; http://mj12bot.com/)"
2a03:2880:f800:a:: - - [27/Apr/2025:14:26:33 -0400] "GET /about.php?action=edit&file=pvjbet-6-uFqZQY.tmp&path=%2F%2Ftmp HTTP/1.1" 200 564 "-" "meta-externalagent/1.1 (+https://developers.facebook.com/docs/sharing/webmasters/crawler)"
2a01:4f9:6b:21a2::2 - - [27/Apr/2025:14:26:33 -0400] "GET /about.php?action=edit&file=export.php&path=//home/juralptl/telekomaret.site/wp-admin HTTP/1.1" 200 3864 "-" "Mozilla/5.0 (compatible; MJ12bot/v1.4.8; http://mj12bot.com/)"
2a03:2880:f800:f:: - - [27/Apr/2025:14:26:35 -0400] "GET /about.php?action=edit&file=BTF-PVJBET-1-j9ZtJe.tmp&path=%2F%2Ftmp HTTP/1.1" 200 565 "-" "meta-externalagent/1.1 (+https://developers.facebook.com/docs/sharing/webmasters/crawler)"
2a01:4f9:6b:21a2::2 - - [27/Apr/2025:14:26:36 -0400] "GET /about.php?action=edit&file=export.php&path=//home/juralptl/www/wp-admin HTTP/1.1" 200 3864 "-" "Mozilla/5.0 (compatible; MJ12bot/v1.4.8; http://mj12bot.com/)"
2a03:2880:f800:19:: - - [27/Apr/2025:14:26:37 -0400] "GET /about.php?path=%2F%2Flib%2Fgcc HTTP/1.1" 200 744 "-" "meta-externalagent/1.1 (+https://developers.facebook.com/docs/sharing/webmasters/crawler)"
2a01:4f9:6b:21a2::2 - - [27/Apr/2025:14:26:38 -0400] "GET /about.php?action=edit&file=exr.la&path=//lib64/ImageMagick-6.9.13/modules-Q16/coders HTTP/1.1" 200 1129 "-" "Mozilla/5.0 (compatible; MJ12bot/v1.4.8; http://mj12bot.com/)"
2a03:2880:f800:16:: - - [27/Apr/2025:14:26:38 -0400] "GET /about.php?action=edit&file=Bukti-Pembayaran-Kemenangan-Player-di-PVJBET-10-eCHmh3.tmp&path=%2F%2Ftmp HTTP/1.1" 200 589 "-" "meta-externalagent/1.1 (+https://developers.facebook.com/docs/sharing/webmasters/crawler)"
2a01:4f9:6b:21a2::2 - - [27/Apr/2025:14:26:40 -0400] "GET /about.php?action=edit&file=exr.so&path=//lib64/ImageMagick-6.9.13/modules-Q16/coders HTTP/1.1" 200 551 "-" "Mozilla/5.0 (compatible; MJ12bot/v1.4.8; http://mj12bot.com/)"
2a03:2880:f800:2:: - - [27/Apr/2025:14:26:40 -0400] "GET /about.php?action=edit&file=libvmtools.so.0&path=%2F%2Flib64 HTTP/1.1" 200 556 "-" "meta-externalagent/1.1 (+https://developers.facebook.com/docs/sharing/webmasters/crawler)"
2a01:4f9:6b:21a2::2 - - [27/Apr/2025:14:26:41 -0400] "GET /about.php?action=edit&file=extension.cpython-36.opt-1.pyc&path=//lib64/python3.6/distutils/__pycache__ HTTP/1.1" 200 566 "-" "Mozilla/5.0 (compatible; MJ12bot/v1.4.8; http://mj12bot.com/)"
2a01:4f9:6b:21a2::2 - - [27/Apr/2025:14:26:43 -0400] "GET /about.php?action=edit&file=extension.cpython-36.opt-2.pyc&path=//lib64/python3.6/distutils/__pycache__ HTTP/1.1" 200 566 "-" "Mozilla/5.0 (compatible; MJ12bot/v1.4.8; http://mj12bot.com/)"
2a03:2880:f800:c:: - - [27/Apr/2025:14:26:44 -0400] "GET /about.php?path=%2F%2Flib%2Fexim HTTP/1.1" 200 727 "-" "meta-externalagent/1.1 (+https://developers.facebook.com/docs/sharing/webmasters/crawler)"
2a03:2880:f800:a:: - - [27/Apr/2025:14:26:45 -0400] "GET /about.php?action=edit&file=Desain-tanpa-judul-59-ccTSUp.tmp&path=%2F%2Ftmp HTTP/1.1" 200 569 "-" "meta-externalagent/1.1 (+https://developers.facebook.com/docs/sharing/webmasters/crawler)"
2a01:4f9:6b:21a2::2 - - [27/Apr/2025:14:26:46 -0400] "GET /about.php?action=edit&file=extension.cpython-36.pyc&path=//lib64/python3.6/distutils/__pycache__ HTTP/1.1" 200 563 "-" "Mozilla/5.0 (compatible; MJ12bot/v1.4.8; http://mj12bot.com/)"
2a01:4f9:6b:21a2::2 - - [27/Apr/2025:14:26:48 -0400] "GET /about.php?action=edit&file=extension.cpython-38.opt-1.pyc&path=//lib64/python3.8/distutils/__pycache__ HTTP/1.1" 200 566 "-" "Mozilla/5.0 (compatible; MJ12bot/v1.4.8; http://mj12bot.com/)"
2a03:2880:f800:: - - [27/Apr/2025:14:26:48 -0400] "GET /about.php?path=%2Fhome%2Fjuralptl%2Fmail%2F.Trash HTTP/1.1" 200 850 "-" "meta-externalagent/1.1 (+https://developers.facebook.com/docs/sharing/webmasters/crawler)"
2a01:4f9:6b:21a2::2 - - [27/Apr/2025:14:26:50 -0400] "GET /about.php?action=edit&file=extension.cpython-38.opt-2.pyc&path=//lib64/python3.8/distutils/__pycache__ HTTP/1.1" 200 566 "-" "Mozilla/5.0 (compatible; MJ12bot/v1.4.8; http://mj12bot.com/)"
2a03:2880:f800:1c:: - - [27/Apr/2025:14:26:52 -0400] "GET /about.php?path=%2F%2Flib64%2Ftraceevent HTTP/1.1" 200 730 "-" "meta-externalagent/1.1 (+https://developers.facebook.com/docs/sharing/webmasters/crawler)"
2a01:4f9:6b:21a2::2 - - [27/Apr/2025:14:26:52 -0400] "GET /about.php?action=edit&file=extension.cpython-38.pyc&path=//lib64/python3.8/distutils/__pycache__ HTTP/1.1" 200 563 "-" "Mozilla/5.0 (compatible; MJ12bot/v1.4.8; http://mj12bot.com/)"
2a03:2880:f800:2:: - - [27/Apr/2025:14:26:54 -0400] "GET /about.php?action=edit&file=libxcb-ewmh.so.2.0.0&path=%2F%2Flib64 HTTP/1.1" 200 559 "-" "meta-externalagent/1.1 (+https://developers.facebook.com/docs/sharing/webmasters/crawler)"
66.249.75.102 - - [27/Apr/2025:14:26:54 -0400] "GET /about.php?path=%2F%2Fproc%2Fthread-self%2Froot%2Flib%2Fsystemd%2Fsystem-preset HTTP/1.1" 200 922 "-" "Mozilla/5.0 (Linux; Android 6.0.1; Nexus 5X Build/MMB29P) AppleWebKit/537.36 (KHTML, like Gecko) Chrome/135.0.7049.95 Mobile Safari/537.36 (compatible; Googlebot/2.1; +http://www.google.com/bot.html)"
2a01:4f9:6b:21a2::2 - - [27/Apr/2025:14:26:54 -0400] "GET /about.php?action=edit&file=fa.po&path=//home/juralptl/imgstore.store/app/languages HTTP/1.1" 200 11453 "-" "Mozilla/5.0 (compatible; MJ12bot/v1.4.8; http://mj12bot.com/)"
2a03:2880:f800:e:: - - [27/Apr/2025:14:26:55 -0400] "GET /about.php?action=edit&file=pvj8-min-wqQfYe.tmp&path=%2F%2Ftmp HTTP/1.1" 200 563 "-" "meta-externalagent/1.1 (+https://developers.facebook.com/docs/sharing/webmasters/crawler)"
2a01:4f9:6b:21a2::2 - - [27/Apr/2025:14:26:56 -0400] "GET /about.php?action=edit&file=fact.py&path=//lib64/python2.7/Demo/scripts HTTP/1.1" 200 1065 "-" "Mozilla/5.0 (compatible; MJ12bot/v1.4.8; http://mj12bot.com/)"
2a03:2880:f800:3:: - - [27/Apr/2025:14:26:57 -0400] "GET /about.php?action=edit&file=liblcms2.so.2&path=%2F%2Flib64 HTTP/1.1" 200 554 "-" "meta-externalagent/1.1 (+https://developers.facebook.com/docs/sharing/webmasters/crawler)"
2a01:4f9:6b:21a2::2 - - [27/Apr/2025:14:26:58 -0400] "GET /about.php?action=edit&file=fact.pyc&path=//lib64/python2.7/Demo/scripts HTTP/1.1" 200 552 "-" "Mozilla/5.0 (compatible; MJ12bot/v1.4.8; http://mj12bot.com/)"
2a03:2880:f800:1c:: - - [27/Apr/2025:14:26:59 -0400] "GET /about.php?path=%2Fhome%2Fjuralptl%2Frtppvjx1000.online%2Fpp HTTP/1.1" 200 831 "-" "meta-externalagent/1.1 (+https://developers.facebook.com/docs/sharing/webmasters/crawler)"
2a01:4f9:6b:21a2::2 - - [27/Apr/2025:14:27:00 -0400] "GET /about.php?action=edit&file=fact.pyo&path=//lib64/python2.7/Demo/scripts HTTP/1.1" 200 553 "-" "Mozilla/5.0 (compatible; MJ12bot/v1.4.8; http://mj12bot.com/)"
2a01:4f9:6b:21a2::2 - - [27/Apr/2025:14:27:02 -0400] "GET /about.php?action=edit&file=fancy_getopt.cpython-36.opt-1.pyc&path=//lib64/python3.6/distutils/__pycache__ HTTP/1.1" 200 570 "-" "Mozilla/5.0 (compatible; MJ12bot/v1.4.8; http://mj12bot.com/)"
2a03:2880:f800:17:: - - [27/Apr/2025:14:27:03 -0400] "GET /about.php?action=edit&file=BUKTI-JACKPOT-2-2-6ZrXAi.tmp&path=%2F%2Ftmp HTTP/1.1" 200 570 "-" "meta-externalagent/1.1 (+https://developers.facebook.com/docs/sharing/webmasters/crawler)"
2a01:4f9:6b:21a2::2 - - [27/Apr/2025:14:27:04 -0400] "GET /about.php?action=edit&file=fancy_getopt.cpython-36.opt-2.pyc&path=//lib64/python3.6/distutils/__pycache__ HTTP/1.1" 200 570 "-" "Mozilla/5.0 (compatible; MJ12bot/v1.4.8; http://mj12bot.com/)"
2a03:2880:f800:1d:: - - [27/Apr/2025:14:27:05 -0400] "GET /about.php?action=edit&file=result.php&path=%2Fhome%2Fjuralptl%2Fwww HTTP/1.1" 200 725 "-" "meta-externalagent/1.1 (+https://developers.facebook.com/docs/sharing/webmasters/crawler)"
2a01:4f9:6b:21a2::2 - - [27/Apr/2025:14:27:06 -0400] "GET /about.php?action=edit&file=fancy_getopt.cpython-36.pyc&path=//lib64/python3.6/distutils/__pycache__ HTTP/1.1" 200 566 "-" "Mozilla/5.0 (compatible; MJ12bot/v1.4.8; http://mj12bot.com/)"
2a03:2880:f800:17:: - - [27/Apr/2025:14:27:06 -0400] "GET /about.php?path=/home/juralptl/hkpoolsidn HTTP/1.1" 200 705 "-" "meta-externalagent/1.1 (+https://developers.facebook.com/docs/sharing/webmasters/crawler)"
2a03:2880:f800:a:: - - [27/Apr/2025:14:27:07 -0400] "GET /about.php?path=%2Fhome%2Fjuralptl%2Frtppvjx1000.online%2Fassets HTTP/1.1" 200 798 "-" "meta-externalagent/1.1 (+https://developers.facebook.com/docs/sharing/webmasters/crawler)"
2a01:4f9:6b:21a2::2 - - [27/Apr/2025:14:27:08 -0400] "GET /about.php?action=edit&file=fancy_getopt.cpython-38.opt-1.pyc&path=//lib64/python3.8/distutils/__pycache__ HTTP/1.1" 200 570 "-" "Mozilla/5.0 (compatible; MJ12bot/v1.4.8; http://mj12bot.com/)"
2a01:4f9:6b:21a2::2 - - [27/Apr/2025:14:27:10 -0400] "GET /about.php?action=edit&file=fancy_getopt.cpython-38.opt-2.pyc&path=//lib64/python3.8/distutils/__pycache__ HTTP/1.1" 200 570 "-" "Mozilla/5.0 (compatible; MJ12bot/v1.4.8; http://mj12bot.com/)"
2a03:2880:f800:a:: - - [27/Apr/2025:14:27:11 -0400] "GET /about.php?action=edit&file=libwayland-client.so.0&path=%2F%2Flib64 HTTP/1.1" 200 560 "-" "meta-externalagent/1.1 (+https://developers.facebook.com/docs/sharing/webmasters/crawler)"
2a01:4f9:6b:21a2::2 - - [27/Apr/2025:14:27:12 -0400] "GET /about.php?action=edit&file=fancy_getopt.cpython-38.pyc&path=//lib64/python3.8/distutils/__pycache__ HTTP/1.1" 200 566 "-" "Mozilla/5.0 (compatible; MJ12bot/v1.4.8; http://mj12bot.com/)"
66.249.75.103 - - [27/Apr/2025:14:27:13 -0400] "GET /about.php?action=edit&file=publish_2025-02-23T16%3A17%3A47.log&path=%2F%2Fhome%2Fjuralptl%2Flogs HTTP/1.1" 200 4721 "-" "Mozilla/5.0 (Linux; Android 6.0.1; Nexus 5X Build/MMB29P) AppleWebKit/537.36 (KHTML, like Gecko) Chrome/135.0.7049.95 Mobile Safari/537.36 (compatible; Googlebot/2.1; +http://www.google.com/bot.html)"
2a03:2880:f800:4:: - - [27/Apr/2025:14:27:13 -0400] "GET /about.php?path=%2Fhome%2Fjuralptl%2FMOBILE%2Fcss HTTP/1.1" 200 840 "-" "meta-externalagent/1.1 (+https://developers.facebook.com/docs/sharing/webmasters/crawler)"
66.249.75.102 - - [27/Apr/2025:14:27:13 -0400] "GET /about.php?path=//opt/alt/pdflib-lite HTTP/1.1" 200 748 "-" "Mozilla/5.0 (Linux; Android 6.0.1; Nexus 5X Build/MMB29P) AppleWebKit/537.36 (KHTML, like Gecko) Chrome/135.0.7049.95 Mobile Safari/537.36 (compatible; Googlebot/2.1; +http://www.google.com/bot.html)"
2a01:4f9:6b:21a2::2 - - [27/Apr/2025:14:27:14 -0400] "GET /about.php?action=edit&file=fancybox-x.png&path=//home/juralptl/valenciapools.world/fancybox HTTP/1.1" 200 554 "-" "Mozilla/5.0 (compatible; MJ12bot/v1.4.8; http://mj12bot.com/)"
2a01:4f9:6b:21a2::2 - - [27/Apr/2025:14:27:15 -0400] "GET /about.php?action=edit&file=fancybox-y.png&path=//home/juralptl/valenciapools.world/fancybox HTTP/1.1" 200 554 "-" "Mozilla/5.0 (compatible; MJ12bot/v1.4.8; http://mj12bot.com/)"
2a01:4f9:6b:21a2::2 - - [27/Apr/2025:14:27:18 -0400] "GET /about.php?action=edit&file=fancybox.png&path=//home/juralptl/valenciapools.world/fancybox HTTP/1.1" 200 550 "-" "Mozilla/5.0 (compatible; MJ12bot/v1.4.8; http://mj12bot.com/)"
2a01:4f9:6b:21a2::2 - - [27/Apr/2025:14:27:19 -0400] "GET /about.php?action=edit&file=favicon-pvj.webp&path=//home/juralptl/urincontrol.com/image HTTP/1.1" 200 553 "-" "Mozilla/5.0 (compatible; MJ12bot/v1.4.8; http://mj12bot.com/)"
2a01:4f9:6b:21a2::2 - - [27/Apr/2025:14:27:21 -0400] "GET /about.php?action=edit&file=favicon.ico&path=//home/juralptl/berlinpools.us/ADM/img HTTP/1.1" 200 548 "-" "Mozilla/5.0 (compatible; MJ12bot/v1.4.8; http://mj12bot.com/)"
2a01:4f9:6b:21a2::2 - - [27/Apr/2025:14:27:23 -0400] "GET /about.php?action=edit&file=favicon.ico&path=//home/juralptl/hkpoolsidn.com/ADM/img HTTP/1.1" 200 548 "-" "Mozilla/5.0 (compatible; MJ12bot/v1.4.8; http://mj12bot.com/)"
2a01:4f9:6b:21a2::2 - - [27/Apr/2025:14:27:25 -0400] "GET /about.php?action=edit&file=favicon.ico&path=//home/juralptl/valenciapools.world/img HTTP/1.1" 200 548 "-" "Mozilla/5.0 (compatible; MJ12bot/v1.4.8; http://mj12bot.com/)"
2a03:2880:f800:1a:: - - [27/Apr/2025:14:27:27 -0400] "GET /about.php?action=edit&file=07-12-2023-BET-DAN-JP-1N1gs6.tmp&path=%2F%2Ftmp HTTP/1.1" 200 572 "-" "meta-externalagent/1.1 (+https://developers.facebook.com/docs/sharing/webmasters/crawler)"
2a01:4f9:6b:21a2::2 - - [27/Apr/2025:14:27:28 -0400] "GET /about.php?action=edit&file=favicon.png&path=//home/juralptl/lottogacor.com/img HTTP/1.1" 200 553 "-" "Mozilla/5.0 (compatible; MJ12bot/v1.4.8; http://mj12bot.com/)"
2a01:4f9:6b:21a2::2 - - [27/Apr/2025:14:27:30 -0400] "GET /about.php?action=edit&file=favicon.png&path=//home/juralptl/pvjbet.jp.net/img HTTP/1.1" 200 553 "-" "Mozilla/5.0 (compatible; MJ12bot/v1.4.8; http://mj12bot.com/)"
2a01:4f9:6b:21a2::2 - - [27/Apr/2025:14:27:32 -0400] "GET /about.php?action=edit&file=fax.la&path=//lib64/GraphicsMagick-1.3.38/modules-Q16/coders HTTP/1.1" 200 1072 "-" "Mozilla/5.0 (compatible; MJ12bot/v1.4.8; http://mj12bot.com/)"
2a03:2880:f800:9:: - - [27/Apr/2025:14:27:33 -0400] "GET /about.php?path=%2F%2Flib64%2Ftcl8.6 HTTP/1.1" 200 785 "-" "meta-externalagent/1.1 (+https://developers.facebook.com/docs/sharing/webmasters/crawler)"
2a01:4f9:6b:21a2::2 - - [27/Apr/2025:14:27:34 -0400] "GET /about.php?action=edit&file=fax.la&path=//lib64/ImageMagick-6.9.13/modules-Q16/coders HTTP/1.1" 200 1104 "-" "Mozilla/5.0 (compatible; MJ12bot/v1.4.8; http://mj12bot.com/)"
2a01:4f9:6b:21a2::2 - - [27/Apr/2025:14:27:36 -0400] "GET /about.php?action=edit&file=fax.so&path=//lib64/GraphicsMagick-1.3.38/modules-Q16/coders HTTP/1.1" 200 551 "-" "Mozilla/5.0 (compatible; MJ12bot/v1.4.8; http://mj12bot.com/)"
2a01:4f9:6b:21a2::2 - - [27/Apr/2025:14:27:38 -0400] "GET /about.php?action=edit&file=fax.so&path=//lib64/ImageMagick-6.9.13/modules-Q16/coders HTTP/1.1" 200 551 "-" "Mozilla/5.0 (compatible; MJ12bot/v1.4.8; http://mj12bot.com/)"
2a01:4f9:6b:21a2::2 - - [27/Apr/2025:14:27:40 -0400] "GET /about.php?action=edit&file=fc_transport_scan_lun.sh&path=//lib/dracut/modules.d/95lunmask HTTP/1.1" 200 898 "-" "Mozilla/5.0 (compatible; MJ12bot/v1.4.8; http://mj12bot.com/)"
2a01:4f9:6b:21a2::2 - - [27/Apr/2025:14:27:42 -0400] "GET /about.php?action=edit&file=fcmp.py&path=//lib64/python2.7/Demo/threads HTTP/1.1" 200 1159 "-" "Mozilla/5.0 (compatible; MJ12bot/v1.4.8; http://mj12bot.com/)"
2a03:2880:f800:f:: - - [27/Apr/2025:14:27:43 -0400] "GET /about.php?path=/home/juralptl/mohanna.me HTTP/1.1" 200 812 "-" "meta-externalagent/1.1 (+https://developers.facebook.com/docs/sharing/webmasters/crawler)"
2a01:4f9:6b:21a2::2 - - [27/Apr/2025:14:27:44 -0400] "GET /about.php?action=edit&file=fcmp.pyc&path=//lib64/python2.7/Demo/threads HTTP/1.1" 200 551 "-" "Mozilla/5.0 (compatible; MJ12bot/v1.4.8; http://mj12bot.com/)"
2a01:4f9:6b:21a2::2 - - [27/Apr/2025:14:27:46 -0400] "GET /about.php?action=edit&file=fcmp.pyo&path=//lib64/python2.7/Demo/threads HTTP/1.1" 200 551 "-" "Mozilla/5.0 (compatible; MJ12bot/v1.4.8; http://mj12bot.com/)"
2a01:4f9:6b:21a2::2 - - [27/Apr/2025:14:27:48 -0400] "GET /about.php?action=edit&file=fcoe-edd.sh&path=//lib/dracut/modules.d/95fcoe HTTP/1.1" 200 1076 "-" "Mozilla/5.0 (compatible; MJ12bot/v1.4.8; http://mj12bot.com/)"
2a01:4f9:6b:21a2::2 - - [27/Apr/2025:14:27:50 -0400] "GET /about.php?action=edit&file=fcoe-genrules.sh&path=//lib/dracut/modules.d/95fcoe HTTP/1.1" 200 926 "-" "Mozilla/5.0 (compatible; MJ12bot/v1.4.8; http://mj12bot.com/)"
2a01:4f9:6b:21a2::2 - - [27/Apr/2025:14:27:52 -0400] "GET /about.php?action=edit&file=fcoe-up.sh&path=//lib/dracut/modules.d/95fcoe HTTP/1.1" 200 1548 "-" "Mozilla/5.0 (compatible; MJ12bot/v1.4.8; http://mj12bot.com/)"
2a01:4f9:6b:21a2::2 - - [27/Apr/2025:14:27:53 -0400] "GET /about.php?action=edit&file=fecs_data.bin&path=//lib/firmware/nvidia/gk20a HTTP/1.1" 200 556 "-" "Mozilla/5.0 (compatible; MJ12bot/v1.4.8; http://mj12bot.com/)"
2a01:4f9:6b:21a2::2 - - [27/Apr/2025:14:27:55 -0400] "GET /about.php?action=edit&file=fecs_inst.bin&path=//lib/firmware/nvidia/gk20a HTTP/1.1" 200 555 "-" "Mozilla/5.0 (compatible; MJ12bot/v1.4.8; http://mj12bot.com/)"
2a01:4f9:6b:21a2::2 - - [27/Apr/2025:14:27:58 -0400] "GET /about.php?action=edit&file=feed-atom-comments.php&path=//home/juralptl/public_html/wp-includes HTTP/1.1" 200 2371 "-" "Mozilla/5.0 (compatible; MJ12bot/v1.4.8; http://mj12bot.com/)"
66.249.75.102 - - [27/Apr/2025:14:28:36 -0400] "GET /about.php?action=edit&file=bethepeople.org.juragankeripik.online-ssl_log-Apr-2025.gz&path=%2F%2Fhome%2Fjuralptl%2Flogs HTTP/1.1" 200 588 "-" "Mozilla/5.0 (Linux; Android 6.0.1; Nexus 5X Build/MMB29P) AppleWebKit/537.36 (KHTML, like Gecko) Chrome/135.0.7049.95 Mobile Safari/537.36 (compatible; Googlebot/2.1; +http://www.google.com/bot.html)"
196.251.116.108 - - [27/Apr/2025:14:29:12 -0400] "GET /ss.php HTTP/1.1" 404 1251 "-" "python-requests/2.27.1"
66.249.75.102 - - [27/Apr/2025:14:29:18 -0400] "GET /about.php?action=edit&file=hezalindo.juragankeripik.online-ssl_log-Oct-2024.gz&path=%2F%2Fhome%2Fjuralptl%2Flogs HTTP/1.1" 200 583 "-" "Mozilla/5.0 (Linux; Android 6.0.1; Nexus 5X Build/MMB29P) AppleWebKit/537.36 (KHTML, like Gecko) Chrome/135.0.7049.95 Mobile Safari/537.36 (compatible; Googlebot/2.1; +http://www.google.com/bot.html)"
66.249.75.102 - - [27/Apr/2025:14:29:33 -0400] "GET /about.php?action=edit&file=tgl_huc_7.0.12.bin&path=%2F%2Fproc%2Fthread-self%2Froot%2Flib%2Ffirmware%2Fi915 HTTP/1.1" 200 559 "-" "Mozilla/5.0 (Linux; Android 6.0.1; Nexus 5X Build/MMB29P) AppleWebKit/537.36 (KHTML, like Gecko) Chrome/135.0.7049.95 Mobile Safari/537.36 (compatible; GoogleOther)"
66.249.75.102 - - [27/Apr/2025:14:29:34 -0400] "GET /about.php?action=edit&file=publish_2025-02-18T11%3A22%3A26.log&path=%2F%2Fhome%2Fjuralptl%2Flogs HTTP/1.1" 200 2476 "-" "Mozilla/5.0 (Linux; Android 6.0.1; Nexus 5X Build/MMB29P) AppleWebKit/537.36 (KHTML, like Gecko) Chrome/135.0.7049.95 Mobile Safari/537.36 (compatible; GoogleOther)"
66.249.75.101 - - [27/Apr/2025:14:30:42 -0400] "GET /about.php?action=edit&file=publish_2025-03-09T08%3A42%3A14.log&path=%2F%2Fhome%2Fjuralptl%2Flogs HTTP/1.1" 200 4626 "-" "Mozilla/5.0 (Linux; Android 6.0.1; Nexus 5X Build/MMB29P) AppleWebKit/537.36 (KHTML, like Gecko) Chrome/135.0.7049.95 Mobile Safari/537.36 (compatible; Googlebot/2.1; +http://www.google.com/bot.html)"
66.249.75.102 - - [27/Apr/2025:14:32:05 -0400] "GET /about.php?action=edit&file=pvjbet3.juragankeripik.online-ssl_log-Dec-2023.gz&path=%2F%2Fhome%2Fjuralptl%2Flogs HTTP/1.1" 200 582 "-" "Mozilla/5.0 (Linux; Android 6.0.1; Nexus 5X Build/MMB29P) AppleWebKit/537.36 (KHTML, like Gecko) Chrome/135.0.7049.95 Mobile Safari/537.36 (compatible; Googlebot/2.1; +http://www.google.com/bot.html)"
51.222.253.20 - - [27/Apr/2025:14:32:07 -0400] "GET /about.php?action=edit&file=result.php&path=%2Fhome%2Fjuralptl%2Fvalenciapools.world HTTP/1.1" 200 637 "-" "Mozilla/5.0 (compatible; AhrefsBot/7.0; +http://ahrefs.com/robot/)"
66.249.75.100 - - [27/Apr/2025:14:32:27 -0400] "GET /about.php?action=edit&file=libxcb-render-util.so.0&path=%2F%2Flib64 HTTP/1.1" 200 561 "-" "Mozilla/5.0 (Linux; Android 6.0.1; Nexus 5X Build/MMB29P) AppleWebKit/537.36 (KHTML, like Gecko) Chrome/135.0.7049.95 Mobile Safari/537.36 (compatible; Googlebot/2.1; +http://www.google.com/bot.html)"
66.249.75.101 - - [27/Apr/2025:14:32:27 -0400] "GET /about.php?path=//proc/thread-self/root/lib/gems/ruby HTTP/1.1" 200 738 "-" "Mozilla/5.0 (Linux; Android 6.0.1; Nexus 5X Build/MMB29P) AppleWebKit/537.36 (KHTML, like Gecko) Chrome/135.0.7049.95 Mobile Safari/537.36 (compatible; Googlebot/2.1; +http://www.google.com/bot.html)"
66.249.75.100 - - [27/Apr/2025:14:32:27 -0400] "GET /about.php?path=%2F%2Fproc%2Fthread-self%2Froot%2Flib%2Ftuned%2Fnetwork-latency HTTP/1.1" 200 831 "-" "Mozilla/5.0 (Linux; Android 6.0.1; Nexus 5X Build/MMB29P) AppleWebKit/537.36 (KHTML, like Gecko) Chrome/135.0.7049.95 Mobile Safari/537.36 (compatible; Googlebot/2.1; +http://www.google.com/bot.html)"
66.249.75.100 - - [27/Apr/2025:14:32:34 -0400] "GET /about.php?action=edit&file=berlinpools.juragankeripik.online-Apr-2025.gz&path=%2F%2Fhome%2Fjuralptl%2Flogs HTTP/1.1" 200 578 "-" "Mozilla/5.0 (Linux; Android 6.0.1; Nexus 5X Build/MMB29P) AppleWebKit/537.36 (KHTML, like Gecko) Chrome/135.0.7049.95 Mobile Safari/537.36 (compatible; GoogleOther)"
66.249.75.100 - - [27/Apr/2025:14:32:47 -0400] "GET /about.php?action=edit&file=emangbedah.store.juragankeripik.online-Apr-2025.gz&path=%2F%2Fhome%2Fjuralptl%2Flogs HTTP/1.1" 200 583 "-" "Mozilla/5.0 (Linux; Android 6.0.1; Nexus 5X Build/MMB29P) AppleWebKit/537.36 (KHTML, like Gecko) Chrome/135.0.7049.95 Mobile Safari/537.36 (compatible; Googlebot/2.1; +http://www.google.com/bot.html)"
66.249.75.100 - - [27/Apr/2025:14:33:29 -0400] "GET /about.php?action=edit&file=0db86509f6fa3b8e7e050a083eb8f33c15a460&path=%2F%2Fproc%2Fthread-self%2Froot%2Flib%2F.build-id%2F6b HTTP/1.1" 200 574 "-" "Mozilla/5.0 (Linux; Android 6.0.1; Nexus 5X Build/MMB29P) AppleWebKit/537.36 (KHTML, like Gecko) Chrome/135.0.7049.95 Mobile Safari/537.36 (compatible; Googlebot/2.1; +http://www.google.com/bot.html)"
66.249.75.100 - - [27/Apr/2025:14:33:29 -0400] "GET /about.php?path=%2F%2Fproc%2Fthread-self%2Froot%2Flib%2F.build-id%2F9c HTTP/1.1" 200 1551 "-" "Mozilla/5.0 (Linux; Android 6.0.1; Nexus 5X Build/MMB29P) AppleWebKit/537.36 (KHTML, like Gecko) Chrome/135.0.7049.95 Mobile Safari/537.36 (compatible; Googlebot/2.1; +http://www.google.com/bot.html)"
66.249.75.102 - - [27/Apr/2025:14:34:03 -0400] "GET /about.php?path=//proc/thread-self/root/lib/tuned/hpc-compute HTTP/1.1" 200 831 "-" "Mozilla/5.0 (Linux; Android 6.0.1; Nexus 5X Build/MMB29P) AppleWebKit/537.36 (KHTML, like Gecko) Chrome/135.0.7049.95 Mobile Safari/537.36 (compatible; GoogleOther)"
66.249.75.101 - - [27/Apr/2025:14:34:12 -0400] "GET /about.php?action=edit&file=newzealandlottery.juragankeripik.online-ssl_log-Apr-2025.gz&path=%2F%2Fhome%2Fjuralptl%2Flogs HTTP/1.1" 200 589 "-" "Mozilla/5.0 (Linux; Android 6.0.1; Nexus 5X Build/MMB29P) AppleWebKit/537.36 (KHTML, like Gecko) Chrome/135.0.7049.95 Mobile Safari/537.36 (compatible; Googlebot/2.1; +http://www.google.com/bot.html)"
66.249.75.100 - - [27/Apr/2025:14:34:54 -0400] "GET /about.php?action=edit&file=apkpvj.store.juragankeripik.online-Sep-2024.gz&path=%2F%2Fhome%2Fjuralptl%2Flogs HTTP/1.1" 200 580 "-" "Mozilla/5.0 (Linux; Android 6.0.1; Nexus 5X Build/MMB29P) AppleWebKit/537.36 (KHTML, like Gecko) Chrome/135.0.7049.95 Mobile Safari/537.36 (compatible; Googlebot/2.1; +http://www.google.com/bot.html)"
66.249.75.102 - - [27/Apr/2025:14:35:55 -0400] "GET /about.php?action=edit&file=pvjbeet.juragankeripik.online-Dec-2023.gz&path=%2F%2Fhome%2Fjuralptl%2Flogs HTTP/1.1" 200 575 "-" "Mozilla/5.0 (Linux; Android 6.0.1; Nexus 5X Build/MMB29P) AppleWebKit/537.36 (KHTML, like Gecko) Chrome/135.0.7049.95 Mobile Safari/537.36 (compatible; Googlebot/2.1; +http://www.google.com/bot.html)"
66.249.75.102 - - [27/Apr/2025:14:35:55 -0400] "GET /about.php?action=edit&file=valenciapools.juragankeripik.online-ssl_log-Apr-2025.gz&path=%2F%2Fhome%2Fjuralptl%2Flogs HTTP/1.1" 200 583 "-" "Mozilla/5.0 (Linux; Android 6.0.1; Nexus 5X Build/MMB29P) AppleWebKit/537.36 (KHTML, like Gecko) Chrome/135.0.7049.95 Mobile Safari/537.36 (compatible; Googlebot/2.1; +http://www.google.com/bot.html)"
66.249.75.102 - - [27/Apr/2025:14:36:17 -0400] "GET /about.php?action=edit&file=pvjbet2.juragankeripik.online-May-2024.gz&path=%2F%2Fhome%2Fjuralptl%2Flogs HTTP/1.1" 200 577 "-" "Mozilla/5.0 (Linux; Android 6.0.1; Nexus 5X Build/MMB29P) AppleWebKit/537.36 (KHTML, like Gecko) Chrome/135.0.7049.95 Mobile Safari/537.36 (compatible; Googlebot/2.1; +http://www.google.com/bot.html)"
66.249.75.100 - - [27/Apr/2025:14:36:59 -0400] "GET /about.php?action=edit&file=publish_2025-03-05T16%3A37%3A13.log&path=%2F%2Fhome%2Fjuralptl%2Flogs HTTP/1.1" 200 4987 "-" "Mozilla/5.0 (Linux; Android 6.0.1; Nexus 5X Build/MMB29P) AppleWebKit/537.36 (KHTML, like Gecko) Chrome/135.0.7049.95 Mobile Safari/537.36 (compatible; Googlebot/2.1; +http://www.google.com/bot.html)"
2a03:2880:f800:: - - [27/Apr/2025:14:37:25 -0400] "GET /dist/css/dist/css/?ND HTTP/1.1" 200 628 "-" "meta-externalagent/1.1 (+https://developers.facebook.com/docs/sharing/webmasters/crawler)"
66.249.75.101 - - [27/Apr/2025:14:38:22 -0400] "GET /about.php?action=edit&file=publish_2025-02-18T11%3A25%3A04.log&path=%2F%2Fhome%2Fjuralptl%2Flogs HTTP/1.1" 200 2514 "-" "Mozilla/5.0 (Linux; Android 6.0.1; Nexus 5X Build/MMB29P) AppleWebKit/537.36 (KHTML, like Gecko) Chrome/135.0.7049.95 Mobile Safari/537.36 (compatible; Googlebot/2.1; +http://www.google.com/bot.html)"
66.249.75.101 - - [27/Apr/2025:14:38:22 -0400] "GET /about.php?path=//proc/thread-self/root/lib/node_modules/npm HTTP/1.1" 200 1182 "-" "Mozilla/5.0 (Linux; Android 6.0.1; Nexus 5X Build/MMB29P) AppleWebKit/537.36 (KHTML, like Gecko) Chrome/135.0.7049.95 Mobile Safari/537.36 (compatible; Googlebot/2.1; +http://www.google.com/bot.html)"
66.249.75.102 - - [27/Apr/2025:14:38:22 -0400] "GET /about.php?path=%2F%2Fproc%2Fthread-self%2Froot%2Flib%2Fnode_modules%2Fnpm%2Fnode_modules%2Fworker-farm HTTP/1.1" 200 1003 "-" "Mozilla/5.0 (Linux; Android 6.0.1; Nexus 5X Build/MMB29P) AppleWebKit/537.36 (KHTML, like Gecko) Chrome/135.0.7049.95 Mobile Safari/537.36 (compatible; Googlebot/2.1; +http://www.google.com/bot.html)"
66.249.75.100 - - [27/Apr/2025:14:38:33 -0400] "GET /about.php?action=edit&file=3e93d04d113273a9af55923feb914fda2383a5&path=%2F%2Fproc%2Fthread-self%2Froot%2Flib%2F.build-id%2F6b HTTP/1.1" 200 479 "-" "Mozilla/5.0 (Linux; Android 6.0.1; Nexus 5X Build/MMB29P) AppleWebKit/537.36 (KHTML, like Gecko) Chrome/135.0.7049.95 Mobile Safari/537.36 (compatible; GoogleOther)"
66.249.75.100 - - [27/Apr/2025:14:38:34 -0400] "GET /about.php?action=edit&file=publish_2025-03-04T15%3A26%3A39.log&path=%2F%2Fhome%2Fjuralptl%2Flogs HTTP/1.1" 200 4750 "-" "Mozilla/5.0 (Linux; Android 6.0.1; Nexus 5X Build/MMB29P) AppleWebKit/537.36 (KHTML, like Gecko) Chrome/135.0.7049.95 Mobile Safari/537.36 (compatible; GoogleOther)"
66.249.75.101 - - [27/Apr/2025:14:39:04 -0400] "GET /about.php?action=edit&file=pvjbet3.juragankeripik.online-Nov-2024.gz&path=%2F%2Fhome%2Fjuralptl%2Flogs HTTP/1.1" 200 576 "-" "Mozilla/5.0 (Linux; Android 6.0.1; Nexus 5X Build/MMB29P) AppleWebKit/537.36 (KHTML, like Gecko) Chrome/135.0.7049.95 Mobile Safari/537.36 (compatible; Googlebot/2.1; +http://www.google.com/bot.html)"
66.249.75.100 - - [27/Apr/2025:14:39:23 -0400] "GET /about.php?path=%2F%2Fopt%2Falt%2Fpython34%2Finclude HTTP/1.1" 200 763 "-" "Mozilla/5.0 (Linux; Android 6.0.1; Nexus 5X Build/MMB29P) AppleWebKit/537.36 (KHTML, like Gecko) Chrome/135.0.7049.95 Mobile Safari/537.36 (compatible; Googlebot/2.1; +http://www.google.com/bot.html)"
66.249.75.102 - - [27/Apr/2025:14:40:37 -0400] "GET /about.php?action=edit&file=meteoriteimpact.com.juragankeripik.online-ssl_log-Apr-2025.gz&path=%2F%2Fhome%2Fjuralptl%2Flogs HTTP/1.1" 200 589 "-" "Mozilla/5.0 (Linux; Android 6.0.1; Nexus 5X Build/MMB29P) AppleWebKit/537.36 (KHTML, like Gecko) Chrome/135.0.7049.95 Mobile Safari/537.36 (compatible; Googlebot/2.1; +http://www.google.com/bot.html)"
66.249.75.101 - - [27/Apr/2025:14:40:47 -0400] "GET /about.php?action=edit&file=publish_2025-02-23T16%3A22%3A32.log&path=%2F%2Fhome%2Fjuralptl%2Flogs HTTP/1.1" 200 4705 "-" "Mozilla/5.0 (Linux; Android 6.0.1; Nexus 5X Build/MMB29P) AppleWebKit/537.36 (KHTML, like Gecko) Chrome/135.0.7049.95 Mobile Safari/537.36 (compatible; Googlebot/2.1; +http://www.google.com/bot.html)"
66.249.75.100 - - [27/Apr/2025:14:41:19 -0400] "GET /about.php?action=edit&file=pulsaku.juragankeripik.online-ssl_log-Apr-2025.gz&path=%2F%2Fhome%2Fjuralptl%2Flogs HTTP/1.1" 200 583 "-" "Mozilla/5.0 (Linux; Android 6.0.1; Nexus 5X Build/MMB29P) AppleWebKit/537.36 (KHTML, like Gecko) Chrome/135.0.7049.95 Mobile Safari/537.36 (compatible; Googlebot/2.1; +http://www.google.com/bot.html)"
66.249.75.100 - - [27/Apr/2025:14:41:28 -0400] "GET /about.php?path=%2F%2Fproc%2Fthread-self%2Froot%2Flib%2F.build-id%2Fb2 HTTP/1.1" 200 1837 "-" "Mozilla/5.0 (Linux; Android 6.0.1; Nexus 5X Build/MMB29P) AppleWebKit/537.36 (KHTML, like Gecko) Chrome/135.0.7049.95 Mobile Safari/537.36 (compatible; Googlebot/2.1; +http://www.google.com/bot.html)"
66.249.75.101 - - [27/Apr/2025:14:41:29 -0400] "GET /about.php?action=edit&file=rtp-kyu.ryukyu.juragankeripik.online-ssl_log-Apr-2025.gz&path=%2F%2Fhome%2Fjuralptl%2Flogs HTTP/1.1" 200 588 "-" "Mozilla/5.0 (Linux; Android 6.0.1; Nexus 5X Build/MMB29P) AppleWebKit/537.36 (KHTML, like Gecko) Chrome/135.0.7049.95 Mobile Safari/537.36 (compatible; Googlebot/2.1; +http://www.google.com/bot.html)"
66.249.75.101 - - [27/Apr/2025:14:41:29 -0400] "GET /about.php?path=%2Fhome%2Fjuralptl%2Fselandiapools.com HTTP/1.1" 200 1391 "-" "Mozilla/5.0 (Linux; Android 6.0.1; Nexus 5X Build/MMB29P) AppleWebKit/537.36 (KHTML, like Gecko) Chrome/135.0.7049.95 Mobile Safari/537.36 (compatible; Googlebot/2.1; +http://www.google.com/bot.html)"
66.249.75.100 - - [27/Apr/2025:14:41:29 -0400] "GET /about.php?path=%2F%2Fvar%2Frun%2Fsystemd HTTP/1.1" 200 744 "-" "Mozilla/5.0 (Linux; Android 6.0.1; Nexus 5X Build/MMB29P) AppleWebKit/537.36 (KHTML, like Gecko) Chrome/135.0.7049.95 Mobile Safari/537.36 (compatible; Googlebot/2.1; +http://www.google.com/bot.html)"
66.249.75.102 - - [27/Apr/2025:14:42:01 -0400] "GET /about.php?action=edit&file=42f03764f271d2b7e5c2dc0da3d153eb248942&path=%2F%2Fproc%2Fthread-self%2Froot%2Flib%2F.build-id%2Fd0 HTTP/1.1" 200 479 "-" "Mozilla/5.0 (Linux; Android 6.0.1; Nexus 5X Build/MMB29P) AppleWebKit/537.36 (KHTML, like Gecko) Chrome/135.0.7049.95 Mobile Safari/537.36 (compatible; Googlebot/2.1; +http://www.google.com/bot.html)"
66.249.75.102 - - [27/Apr/2025:14:42:01 -0400] "GET /about.php?path=%2F%2Fopt%2Falt%2Fphp80%2Fusr HTTP/1.1" 200 798 "-" "Mozilla/5.0 (Linux; Android 6.0.1; Nexus 5X Build/MMB29P) AppleWebKit/537.36 (KHTML, like Gecko) Chrome/135.0.7049.95 Mobile Safari/537.36 (compatible; Googlebot/2.1; +http://www.google.com/bot.html)"
66.249.75.101 - - [27/Apr/2025:14:42:43 -0400] "GET /about.php?action=edit&file=pvjboss.site.juragankeripik.online-ssl_log-Apr-2025.gz&path=%2F%2Fhome%2Fjuralptl%2Flogs HTTP/1.1" 200 586 "-" "Mozilla/5.0 (Linux; Android 6.0.1; Nexus 5X Build/MMB29P) AppleWebKit/537.36 (KHTML, like Gecko) Chrome/135.0.7049.95 Mobile Safari/537.36 (compatible; Googlebot/2.1; +http://www.google.com/bot.html)"
2a03:2880:f800:1a:: - - [27/Apr/2025:14:42:49 -0400] "GET /dist/css/less/?NA HTTP/1.1" 200 1770 "-" "meta-externalagent/1.1 (+https://developers.facebook.com/docs/sharing/webmasters/crawler)"
66.249.75.100 - - [27/Apr/2025:14:42:52 -0400] "GET /about.php?action=edit&file=.pearrc&path=%2Fhome%2Fjuralptl HTTP/1.1" 200 844 "-" "Mozilla/5.0 (Linux; Android 6.0.1; Nexus 5X Build/MMB29P) AppleWebKit/537.36 (KHTML, like Gecko) Chrome/135.0.7049.95 Mobile Safari/537.36 (compatible; Googlebot/2.1; +http://www.google.com/bot.html)"
66.249.75.101 - - [27/Apr/2025:14:43:03 -0400] "GET /about.php?action=edit&file=f802f16fb8d996d1723279e06e297959fbfb17&path=%2F%2Fproc%2Fthread-self%2Froot%2Flib%2F.build-id%2Fd0 HTTP/1.1" 200 574 "-" "Mozilla/5.0 (Linux; Android 6.0.1; Nexus 5X Build/MMB29P) AppleWebKit/537.36 (KHTML, like Gecko) Chrome/135.0.7049.95 Mobile Safari/537.36 (compatible; GoogleOther)"
66.249.75.101 - - [27/Apr/2025:14:43:09 -0400] "GET /about.php?action=edit&file=berlinpools.juragankeripik.online-ssl_log-Apr-2025.gz&path=%2F%2Fhome%2Fjuralptl%2Flogs HTTP/1.1" 200 583 "-" "Mozilla/5.0 (Linux; Android 6.0.1; Nexus 5X Build/MMB29P) AppleWebKit/537.36 (KHTML, like Gecko) Chrome/135.0.7049.95 Mobile Safari/537.36 (compatible; GoogleOther)"
66.249.75.101 - - [27/Apr/2025:14:43:24 -0400] "GET /about.php?path=%2F%2Fopt%2Falt%2Fpython39%2Fshare%2Fpython-wheels HTTP/1.1" 200 858 "-" "Mozilla/5.0 (Linux; Android 6.0.1; Nexus 5X Build/MMB29P) AppleWebKit/537.36 (KHTML, like Gecko) Chrome/135.0.7049.95 Mobile Safari/537.36 (compatible; Googlebot/2.1; +http://www.google.com/bot.html)"
66.249.75.101 - - [27/Apr/2025:14:43:25 -0400] "GET /about.php?action=edit&file=selandiapools.juragankeripik.online-Feb-2023.gz&path=%2F%2Fhome%2Fjuralptl%2Flogs HTTP/1.1" 200 579 "-" "Mozilla/5.0 (Linux; Android 6.0.1; Nexus 5X Build/MMB29P) AppleWebKit/537.36 (KHTML, like Gecko) Chrome/135.0.7049.95 Mobile Safari/537.36 (compatible; Googlebot/2.1; +http://www.google.com/bot.html)"
66.249.75.101 - - [27/Apr/2025:14:43:25 -0400] "GET /about.php?path=%2F%2Fopt%2Falt%2Ftests%2Falt-php80-phpiredis_1.0.1-1.el8 HTTP/1.1" 200 1141 "-" "Mozilla/5.0 (Linux; Android 6.0.1; Nexus 5X Build/MMB29P) AppleWebKit/537.36 (KHTML, like Gecko) Chrome/135.0.7049.95 Mobile Safari/537.36 (compatible; Googlebot/2.1; +http://www.google.com/bot.html)"
66.249.75.101 - - [27/Apr/2025:14:43:25 -0400] "GET /about.php?action=edit&file=libnn.so.2&path=%2F%2Flib64 HTTP/1.1" 200 551 "-" "Mozilla/5.0 (Linux; Android 6.0.1; Nexus 5X Build/MMB29P) AppleWebKit/537.36 (KHTML, like Gecko) Chrome/135.0.7049.95 Mobile Safari/537.36 (compatible; Googlebot/2.1; +http://www.google.com/bot.html)"
66.249.75.102 - - [27/Apr/2025:14:44:15 -0400] "GET /about.php?action=edit&file=berlinpools.juragankeripik.online-Apr-2025.gz&path=%2F%2Fhome%2Fjuralptl%2Flogs HTTP/1.1" 200 578 "-" "Mozilla/5.0 (Linux; Android 6.0.1; Nexus 5X Build/MMB29P) AppleWebKit/537.36 (KHTML, like Gecko) Chrome/135.0.7049.95 Mobile Safari/537.36 (compatible; Googlebot/2.1; +http://www.google.com/bot.html)"
66.249.75.102 - - [27/Apr/2025:14:45:19 -0400] "GET /about.php?action=edit&file=juragankeripik.online-Apr-2025.gz&path=%2F%2Fhome%2Fjuralptl%2Flogs HTTP/1.1" 200 570 "-" "Mozilla/5.0 (Linux; Android 6.0.1; Nexus 5X Build/MMB29P) AppleWebKit/537.36 (KHTML, like Gecko) Chrome/135.0.7049.95 Mobile Safari/537.36 (compatible; Googlebot/2.1; +http://www.google.com/bot.html)"
66.249.75.103 - - [27/Apr/2025:14:46:20 -0400] "GET /about.php?path=%2F%2Fproc%2Fthread-self%2Froot%2Flib%2Fnode_modules%2Fnpm%2Fnode_modules%2Fdebuglog HTTP/1.1" 200 926 "-" "Mozilla/5.0 (Linux; Android 6.0.1; Nexus 5X Build/MMB29P) AppleWebKit/537.36 (KHTML, like Gecko) Chrome/135.0.7049.95 Mobile Safari/537.36 (compatible; Googlebot/2.1; +http://www.google.com/bot.html)"
66.249.75.102 - - [27/Apr/2025:14:46:21 -0400] "GET /about.php?path=//proc/net HTTP/1.1" 200 1294 "-" "Mozilla/5.0 (Linux; Android 6.0.1; Nexus 5X Build/MMB29P) AppleWebKit/537.36 (KHTML, like Gecko) Chrome/135.0.7049.95 Mobile Safari/537.36 (compatible; Googlebot/2.1; +http://www.google.com/bot.html)"
66.249.75.102 - - [27/Apr/2025:14:46:44 -0400] "GET /about.php?action=edit&file=pvjbet.com.juragankeripik.online-Dec-2024.gz&path=%2F%2Fhome%2Fjuralptl%2Flogs HTTP/1.1" 200 578 "-" "Mozilla/5.0 (Linux; Android 6.0.1; Nexus 5X Build/MMB29P) AppleWebKit/537.36 (KHTML, like Gecko) Chrome/135.0.7049.95 Mobile Safari/537.36 (compatible; Googlebot/2.1; +http://www.google.com/bot.html)"
66.249.75.102 - - [27/Apr/2025:14:47:35 -0400] "GET /about.php?action=edit&file=publish_2025-03-04T15%3A38%3A46.log&path=%2F%2Fhome%2Fjuralptl%2Flogs HTTP/1.1" 200 4619 "-" "Mozilla/5.0 (Linux; Android 6.0.1; Nexus 5X Build/MMB29P) AppleWebKit/537.36 (KHTML, like Gecko) Chrome/135.0.7049.95 Mobile Safari/537.36 (compatible; GoogleOther)"
66.249.75.101 - - [27/Apr/2025:14:47:36 -0400] "GET /about.php?path=//proc/thread-self/root/lib/.build-id/d0 HTTP/1.1" 200 1307 "-" "Mozilla/5.0 (Linux; Android 6.0.1; Nexus 5X Build/MMB29P) AppleWebKit/537.36 (KHTML, like Gecko) Chrome/135.0.7049.95 Mobile Safari/537.36 (compatible; GoogleOther)"
66.249.75.102 - - [27/Apr/2025:14:48:07 -0400] "GET /about.php?action=edit&file=pvjbet3.juragankeripik.online-Jul-2024.gz&path=%2F%2Fhome%2Fjuralptl%2Flogs HTTP/1.1" 200 575 "-" "Mozilla/5.0 (Linux; Android 6.0.1; Nexus 5X Build/MMB29P) AppleWebKit/537.36 (KHTML, like Gecko) Chrome/135.0.7049.95 Mobile Safari/537.36 (compatible; Googlebot/2.1; +http://www.google.com/bot.html)"
4.227.36.22 - - [27/Apr/2025:14:48:33 -0400] "GET /robots.txt HTTP/1.1" 404 1251 "-" "Mozilla/5.0 AppleWebKit/537.36 (KHTML, like Gecko; compatible; GPTBot/1.2; +https://openai.com/gptbot)"
20.171.207.115 - - [27/Apr/2025:14:48:48 -0400] "GET / HTTP/1.1" 200 2709 "-" "Mozilla/5.0 AppleWebKit/537.36 (KHTML, like Gecko; compatible; GPTBot/1.2; +https://openai.com/gptbot)"
66.249.75.101 - - [27/Apr/2025:14:48:49 -0400] "GET /about.php?action=edit&file=xn--pvjbt-ksa.com.juragankeripik.online-Dec-2024.gz&path=%2F%2Fhome%2Fjuralptl%2Flogs HTTP/1.1" 200 583 "-" "Mozilla/5.0 (Linux; Android 6.0.1; Nexus 5X Build/MMB29P) AppleWebKit/537.36 (KHTML, like Gecko) Chrome/135.0.7049.95 Mobile Safari/537.36 (compatible; Googlebot/2.1; +http://www.google.com/bot.html)"
66.249.75.101 - - [27/Apr/2025:14:48:49 -0400] "GET /about.php?path=%2F%2Fopt%2Falt%2Fruby30%2Fshare%2Fruby%2Fvendor_ruby HTTP/1.1" 200 731 "-" "Mozilla/5.0 (Linux; Android 6.0.1; Nexus 5X Build/MMB29P) AppleWebKit/537.36 (KHTML, like Gecko) Chrome/135.0.7049.95 Mobile Safari/537.36 (compatible; Googlebot/2.1; +http://www.google.com/bot.html)"
66.249.75.102 - - [27/Apr/2025:14:49:31 -0400] "GET /about.php?path=//proc/thread-self/root/lib/.build-id/d0 HTTP/1.1" 200 1307 "-" "Mozilla/5.0 (Linux; Android 6.0.1; Nexus 5X Build/MMB29P) AppleWebKit/537.36 (KHTML, like Gecko) Chrome/135.0.7049.95 Mobile Safari/537.36 (compatible; Googlebot/2.1; +http://www.google.com/bot.html)"
66.249.75.101 - - [27/Apr/2025:14:50:14 -0400] "GET /about.php?action=edit&file=inetbizpro.com.juragankeripik.online-Apr-2025.gz&path=%2F%2Fhome%2Fjuralptl%2Flogs HTTP/1.1" 200 581 "-" "Mozilla/5.0 (Linux; Android 6.0.1; Nexus 5X Build/MMB29P) AppleWebKit/537.36 (KHTML, like Gecko) Chrome/135.0.7049.95 Mobile Safari/537.36 (compatible; Googlebot/2.1; +http://www.google.com/bot.html)"
66.249.75.101 - - [27/Apr/2025:14:50:30 -0400] "GET /about.php?action=edit&file=xn--pvjbt-ksa.com.juragankeripik.online-ssl_log-Apr-2025.gz&path=%2F%2Fhome%2Fjuralptl%2Flogs HTTP/1.1" 200 591 "-" "Mozilla/5.0 (Linux; Android 6.0.1; Nexus 5X Build/MMB29P) AppleWebKit/537.36 (KHTML, like Gecko) Chrome/135.0.7049.95 Mobile Safari/537.36 (compatible; Googlebot/2.1; +http://www.google.com/bot.html)"
66.249.75.100 - - [27/Apr/2025:14:50:57 -0400] "GET /about.php?action=edit&file=pvjbet.support.juragankeripik.online-ssl_log-Apr-2025.gz&path=%2F%2Fhome%2Fjuralptl%2Flogs HTTP/1.1" 200 587 "-" "Mozilla/5.0 (Linux; Android 6.0.1; Nexus 5X Build/MMB29P) AppleWebKit/537.36 (KHTML, like Gecko) Chrome/135.0.7049.95 Mobile Safari/537.36 (compatible; Googlebot/2.1; +http://www.google.com/bot.html)"
66.249.75.100 - - [27/Apr/2025:14:51:53 -0400] "GET /about.php?action=edit&file=sukajos.store.juragankeripik.online-Apr-2025.gz&path=%2F%2Fhome%2Fjuralptl%2Flogs HTTP/1.1" 200 581 "-" "Mozilla/5.0 (Linux; Android 6.0.1; Nexus 5X Build/MMB29P) AppleWebKit/537.36 (KHTML, like Gecko) Chrome/135.0.7049.95 Mobile Safari/537.36 (compatible; Googlebot/2.1; +http://www.google.com/bot.html)"
66.249.75.102 - - [27/Apr/2025:14:52:03 -0400] "GET /about.php?path=//proc/thread-self/root/lib/.build-id/6b HTTP/1.1" 200 1498 "-" "Mozilla/5.0 (Linux; Android 6.0.1; Nexus 5X Build/MMB29P) AppleWebKit/537.36 (KHTML, like Gecko) Chrome/135.0.7049.95 Mobile Safari/537.36 (compatible; GoogleOther)"
66.249.75.101 - - [27/Apr/2025:14:52:21 -0400] "GET /about.php?action=edit&file=meteoriteimpact.com.juragankeripik.online-Apr-2025.gz&path=%2F%2Fhome%2Fjuralptl%2Flogs HTTP/1.1" 200 581 "-" "Mozilla/5.0 (Linux; Android 6.0.1; Nexus 5X Build/MMB29P) AppleWebKit/537.36 (KHTML, like Gecko) Chrome/135.0.7049.95 Mobile Safari/537.36 (compatible; Googlebot/2.1; +http://www.google.com/bot.html)"
2a03:2880:f800:18:: - - [27/Apr/2025:14:52:57 -0400] "GET /dist/css/dist/css/?MA HTTP/1.1" 200 635 "-" "meta-externalagent/1.1 (+https://developers.facebook.com/docs/sharing/webmasters/crawler)"
66.249.75.102 - - [27/Apr/2025:14:53:02 -0400] "GET /about.php?action=edit&file=digital-ads.store.juragankeripik.online-Apr-2025.gz&path=%2F%2Fhome%2Fjuralptl%2Flogs HTTP/1.1" 200 584 "-" "Mozilla/5.0 (Linux; Android 6.0.1; Nexus 5X Build/MMB29P) AppleWebKit/537.36 (KHTML, like Gecko) Chrome/135.0.7049.95 Mobile Safari/537.36 (compatible; Googlebot/2.1; +http://www.google.com/bot.html)"
66.249.75.100 - - [27/Apr/2025:14:53:44 -0400] "GET /about.php?action=edit&file=lottogacor.juragankeripik.online-ssl_log-Apr-2025.gz&path=%2F%2Fhome%2Fjuralptl%2Flogs HTTP/1.1" 200 584 "-" "Mozilla/5.0 (Linux; Android 6.0.1; Nexus 5X Build/MMB29P) AppleWebKit/537.36 (KHTML, like Gecko) Chrome/135.0.7049.95 Mobile Safari/537.36 (compatible; GoogleOther)"
66.249.75.101 - - [27/Apr/2025:14:54:26 -0400] "GET /about.php?action=edit&file=xn--pvjbt-ksa.com.juragankeripik.online-ssl_log-Mar-2025.gz&path=%2F%2Fhome%2Fjuralptl%2Flogs HTTP/1.1" 200 591 "-" "Mozilla/5.0 (Linux; Android 6.0.1; Nexus 5X Build/MMB29P) AppleWebKit/537.36 (KHTML, like Gecko) Chrome/135.0.7049.95 Mobile Safari/537.36 (compatible; Googlebot/2.1; +http://www.google.com/bot.html)"
66.249.75.101 - - [27/Apr/2025:14:55:08 -0400] "GET /about.php?action=edit&file=pulsaku.juragankeripik.online-Dec-2024.gz&path=%2F%2Fhome%2Fjuralptl%2Flogs HTTP/1.1" 200 575 "-" "Mozilla/5.0 (Linux; Android 6.0.1; Nexus 5X Build/MMB29P) AppleWebKit/537.36 (KHTML, like Gecko) Chrome/135.0.7049.95 Mobile Safari/537.36 (compatible; Googlebot/2.1; +http://www.google.com/bot.html)"
66.249.75.101 - - [27/Apr/2025:14:55:21 -0400] "GET /about.php?path=%2F%2Fproc%2Firq HTTP/1.1" 200 918 "-" "Mozilla/5.0 (Linux; Android 6.0.1; Nexus 5X Build/MMB29P) AppleWebKit/537.36 (KHTML, like Gecko) Chrome/135.0.7049.95 Mobile Safari/537.36 (compatible; Googlebot/2.1; +http://www.google.com/bot.html)"
66.249.75.101 - - [27/Apr/2025:14:55:21 -0400] "GET /about.php?path=%2F%2Fproc%2Fthread-self%2Froot%2Flib%2Fnode_modules%2Fnpm%2Fnode_modules%2Fasynckit HTTP/1.1" 200 1021 "-" "Mozilla/5.0 (Linux; Android 6.0.1; Nexus 5X Build/MMB29P) AppleWebKit/537.36 (KHTML, like Gecko) Chrome/135.0.7049.95 Mobile Safari/537.36 (compatible; Googlebot/2.1; +http://www.google.com/bot.html)"
66.249.75.101 - - [27/Apr/2025:14:55:22 -0400] "GET /about.php?action=edit&file=pvjbet.juragankeripik.online-Apr-2025.gz&path=%2F%2Fhome%2Fjuralptl%2Flogs HTTP/1.1" 200 575 "-" "Mozilla/5.0 (Linux; Android 6.0.1; Nexus 5X Build/MMB29P) AppleWebKit/537.36 (KHTML, like Gecko) Chrome/135.0.7049.95 Mobile Safari/537.36 (compatible; Googlebot/2.1; +http://www.google.com/bot.html)"
66.249.75.102 - - [27/Apr/2025:14:56:31 -0400] "GET /about.php?action=edit&file=apkpvj.store.juragankeripik.online-ssl_log-Sep-2024.gz&path=%2F%2Fhome%2Fjuralptl%2Flogs HTTP/1.1" 200 587 "-" "Mozilla/5.0 (Linux; Android 6.0.1; Nexus 5X Build/MMB29P) AppleWebKit/537.36 (KHTML, like Gecko) Chrome/135.0.7049.95 Mobile Safari/537.36 (compatible; Googlebot/2.1; +http://www.google.com/bot.html)"
66.249.75.102 - - [27/Apr/2025:14:56:31 -0400] "GET /about.php?action=edit&file=libevent-2.1.so.6&path=%2F%2Flib64 HTTP/1.1" 200 557 "-" "Mozilla/5.0 (Linux; Android 6.0.1; Nexus 5X Build/MMB29P) AppleWebKit/537.36 (KHTML, like Gecko) Chrome/135.0.7049.95 Mobile Safari/537.36 (compatible; Googlebot/2.1; +http://www.google.com/bot.html)"
66.249.75.103 - - [27/Apr/2025:14:56:34 -0400] "GET /about.php?action=edit&file=fdab8a7f7a81999c188144f6d82821585da60e&path=%2F%2Fproc%2Fthread-self%2Froot%2Flib%2F.build-id%2Fd0 HTTP/1.1" 200 575 "-" "Mozilla/5.0 (Linux; Android 6.0.1; Nexus 5X Build/MMB29P) AppleWebKit/537.36 (KHTML, like Gecko) Chrome/135.0.7049.95 Mobile Safari/537.36 (compatible; GoogleOther)"
66.249.75.101 - - [27/Apr/2025:14:57:13 -0400] "GET /about.php?path=%2Fhome%2Fjuralptl%2Fxn--pvjbt-ksa.com HTTP/1.1" 200 814 "-" "Mozilla/5.0 (Linux; Android 6.0.1; Nexus 5X Build/MMB29P) AppleWebKit/537.36 (KHTML, like Gecko) Chrome/135.0.7049.95 Mobile Safari/537.36 (compatible; Googlebot/2.1; +http://www.google.com/bot.html)"
66.249.75.102 - - [27/Apr/2025:14:57:13 -0400] "GET /about.php?action=edit&file=penguinspirit.com.juragankeripik.online-Nov-2024.gz&path=%2F%2Fhome%2Fjuralptl%2Flogs HTTP/1.1" 200 582 "-" "Mozilla/5.0 (Linux; Android 6.0.1; Nexus 5X Build/MMB29P) AppleWebKit/537.36 (KHTML, like Gecko) Chrome/135.0.7049.95 Mobile Safari/537.36 (compatible; Googlebot/2.1; +http://www.google.com/bot.html)"
66.249.75.101 - - [27/Apr/2025:14:57:26 -0400] "GET /about.php?action=edit&file=pvjbet1.juragankeripik.online-Sep-2023.gz&path=%2F%2Fhome%2Fjuralptl%2Flogs HTTP/1.1" 200 576 "-" "Mozilla/5.0 (Linux; Android 6.0.1; Nexus 5X Build/MMB29P) AppleWebKit/537.36 (KHTML, like Gecko) Chrome/135.0.7049.95 Mobile Safari/537.36 (compatible; Googlebot/2.1; +http://www.google.com/bot.html)"
66.249.75.101 - - [27/Apr/2025:14:58:37 -0400] "GET /about.php?action=edit&file=pvjbet1.juragankeripik.online-ssl_log-Oct-2023.gz&path=%2F%2Fhome%2Fjuralptl%2Flogs HTTP/1.1" 200 582 "-" "Mozilla/5.0 (Linux; Android 6.0.1; Nexus 5X Build/MMB29P) AppleWebKit/537.36 (KHTML, like Gecko) Chrome/135.0.7049.95 Mobile Safari/537.36 (compatible; Googlebot/2.1; +http://www.google.com/bot.html)"
66.249.75.102 - - [27/Apr/2025:14:59:18 -0400] "GET /about.php?action=edit&file=pvjbeet.juragankeripik.online-Nov-2024.gz&path=%2F%2Fhome%2Fjuralptl%2Flogs HTTP/1.1" 200 576 "-" "Mozilla/5.0 (Linux; Android 6.0.1; Nexus 5X Build/MMB29P) AppleWebKit/537.36 (KHTML, like Gecko) Chrome/135.0.7049.95 Mobile Safari/537.36 (compatible; Googlebot/2.1; +http://www.google.com/bot.html)"
66.249.75.102 - - [27/Apr/2025:15:00:42 -0400] "GET /about.php?action=edit&file=pvjbet.com.juragankeripik.online-Nov-2023.gz&path=%2F%2Fhome%2Fjuralptl%2Flogs HTTP/1.1" 200 577 "-" "Mozilla/5.0 (Linux; Android 6.0.1; Nexus 5X Build/MMB29P) AppleWebKit/537.36 (KHTML, like Gecko) Chrome/135.0.7049.95 Mobile Safari/537.36 (compatible; Googlebot/2.1; +http://www.google.com/bot.html)"
66.249.75.101 - - [27/Apr/2025:15:01:24 -0400] "GET /about.php?action=edit&file=termscontent.php&path=%2Fhome%2Fjuralptl HTTP/1.1" 200 15049 "-" "Mozilla/5.0 (Linux; Android 6.0.1; Nexus 5X Build/MMB29P) AppleWebKit/537.36 (KHTML, like Gecko) Chrome/135.0.7049.95 Mobile Safari/537.36 (compatible; Googlebot/2.1; +http://www.google.com/bot.html)"
66.249.75.101 - - [27/Apr/2025:15:01:24 -0400] "GET /about.php?action=edit&file=pvj.info.juragankeripik.online-Apr-2025.gz&path=%2F%2Fhome%2Fjuralptl%2Flogs HTTP/1.1" 200 577 "-" "Mozilla/5.0 (Linux; Android 6.0.1; Nexus 5X Build/MMB29P) AppleWebKit/537.36 (KHTML, like Gecko) Chrome/135.0.7049.95 Mobile Safari/537.36 (compatible; Googlebot/2.1; +http://www.google.com/bot.html)"
66.249.75.101 - - [27/Apr/2025:15:01:36 -0400] "GET /about.php?path=%2F%2Fproc%2Fthread-self%2Froot%2Flib%2Fnode_modules%2Fnpm%2Fnode_modules%2Fcliui%2Fnode_modules HTTP/1.1" 200 894 "-" "Mozilla/5.0 (Linux; Android 6.0.1; Nexus 5X Build/MMB29P) AppleWebKit/537.36 (KHTML, like Gecko) Chrome/135.0.7049.95 Mobile Safari/537.36 (compatible; Googlebot/2.1; +http://www.google.com/bot.html)"
66.249.75.103 - - [27/Apr/2025:15:02:28 -0400] "GET /about.php?action=edit&file=apkpvj.store.juragankeripik.online-ssl_log-Apr-2025.gz&path=%2F%2Fhome%2Fjuralptl%2Flogs HTTP/1.1" 200 587 "-" "Mozilla/5.0 (Linux; Android 6.0.1; Nexus 5X Build/MMB29P) AppleWebKit/537.36 (KHTML, like Gecko) Chrome/135.0.7049.95 Mobile Safari/537.36 (compatible; Googlebot/2.1; +http://www.google.com/bot.html)"
66.249.75.102 - - [27/Apr/2025:15:03:32 -0400] "GET /about.php?action=edit&file=laspuna.com.juragankeripik.online-ssl_log-Apr-2025.gz&path=%2F%2Fhome%2Fjuralptl%2Flogs HTTP/1.1" 200 584 "-" "Mozilla/5.0 (Linux; Android 6.0.1; Nexus 5X Build/MMB29P) AppleWebKit/537.36 (KHTML, like Gecko) Chrome/135.0.7049.95 Mobile Safari/537.36 (compatible; Googlebot/2.1; +http://www.google.com/bot.html)"
66.249.75.102 - - [27/Apr/2025:15:03:40 -0400] "GET /about.php?action=edit&file=urincontrol.com.juragankeripik.online-ssl_log-May-2024.gz&path=%2F%2Fhome%2Fjuralptl%2Flogs HTTP/1.1" 200 587 "-" "Mozilla/5.0 (Linux; Android 6.0.1; Nexus 5X Build/MMB29P) AppleWebKit/537.36 (KHTML, like Gecko) Chrome/135.0.7049.95 Mobile Safari/537.36 (compatible; Googlebot/2.1; +http://www.google.com/bot.html)"
66.249.75.102 - - [27/Apr/2025:15:03:41 -0400] "GET /about.php?path=%2F%2Fopt%2Falt%2Fphp82%2Fetc HTTP/1.1" 200 1044 "-" "Mozilla/5.0 (Linux; Android 6.0.1; Nexus 5X Build/MMB29P) AppleWebKit/537.36 (KHTML, like Gecko) Chrome/135.0.7049.95 Mobile Safari/537.36 (compatible; Googlebot/2.1; +http://www.google.com/bot.html)"
66.249.75.101 - - [27/Apr/2025:15:03:41 -0400] "GET /about.php?path=%2Fhome%2Fjuralptl%2Fpvjbet.club HTTP/1.1" 200 770 "-" "Mozilla/5.0 (Linux; Android 6.0.1; Nexus 5X Build/MMB29P) AppleWebKit/537.36 (KHTML, like Gecko) Chrome/135.0.7049.95 Mobile Safari/537.36 (compatible; Googlebot/2.1; +http://www.google.com/bot.html)"
66.249.75.102 - - [27/Apr/2025:15:04:20 -0400] "GET /about.php?action=edit&file=pvjbeet.juragankeripik.online-ssl_log-Mar-2025.gz&path=%2F%2Fhome%2Fjuralptl%2Flogs HTTP/1.1" 200 582 "-" "Mozilla/5.0 (Linux; Android 6.0.1; Nexus 5X Build/MMB29P) AppleWebKit/537.36 (KHTML, like Gecko) Chrome/135.0.7049.95 Mobile Safari/537.36 (compatible; GoogleOther)"
66.249.75.101 - - [27/Apr/2025:15:04:23 -0400] "GET /about.php?action=edit&file=app-release.apk&path=%2Fhome%2Fjuralptl%2Fapkpvj.store HTTP/1.1" 200 556 "-" "Mozilla/5.0 (Linux; Android 6.0.1; Nexus 5X Build/MMB29P) AppleWebKit/537.36 (KHTML, like Gecko) Chrome/135.0.7049.95 Mobile Safari/537.36 (compatible; Googlebot/2.1; +http://www.google.com/bot.html)"
66.249.75.103 - - [27/Apr/2025:15:04:23 -0400] "GET /about.php?path=//proc/thread-self/root/lib/node_modules HTTP/1.1" 200 790 "-" "Mozilla/5.0 (Linux; Android 6.0.1; Nexus 5X Build/MMB29P) AppleWebKit/537.36 (KHTML, like Gecko) Chrome/135.0.7049.95 Mobile Safari/537.36 (compatible; Googlebot/2.1; +http://www.google.com/bot.html)"
