66.249.75.100 - - [27/Apr/2025:17:19:29 -0400] "GET /about.php?path=//home/juralptl/hezalindo.shop HTTP/1.1" 200 845 "-" "Mozilla/5.0 (Linux; Android 6.0.1; Nexus 5X Build/MMB29P) AppleWebKit/537.36 (KHTML, like Gecko) Chrome/135.0.7049.95 Mobile Safari/537.36 (compatible; Googlebot/2.1; +http://www.google.com/bot.html)"
66.249.75.100 - - [27/Apr/2025:17:19:30 -0400] "GET /about.php?path=%2Fhome%2Fjuralptl%2Fselandiapools.com%2Fgacor HTTP/1.1" 200 849 "-" "Mozilla/5.0 (Linux; Android 6.0.1; Nexus 5X Build/MMB29P) AppleWebKit/537.36 (KHTML, like Gecko) Chrome/135.0.7049.95 Mobile Safari/537.36 (compatible; Googlebot/2.1; +http://www.google.com/bot.html)"
66.249.75.102 - - [27/Apr/2025:17:19:30 -0400] "GET /about.php?path=%2F%2Fproc%2Fthread-self%2Froot%2Flib%2F.build-id%2F47 HTTP/1.1" 200 1639 "-" "Mozilla/5.0 (Linux; Android 6.0.1; Nexus 5X Build/MMB29P) AppleWebKit/537.36 (KHTML, like Gecko) Chrome/135.0.7049.95 Mobile Safari/537.36 (compatible; Googlebot/2.1; +http://www.google.com/bot.html)"
20.171.207.115 - - [27/Apr/2025:17:19:53 -0400] "GET /wp-admin/comment.php?action=approve&c=1034 HTTP/1.1" 404 1251 "-" "Mozilla/5.0 AppleWebKit/537.36 (KHTML, like Gecko; compatible; GPTBot/1.2; +https://openai.com/gptbot)"
20.171.207.115 - - [27/Apr/2025:17:20:55 -0400] "GET /wp-admin/comment.php?action=spam&c=190 HTTP/1.1" 404 1251 "-" "Mozilla/5.0 AppleWebKit/537.36 (KHTML, like Gecko; compatible; GPTBot/1.2; +https://openai.com/gptbot)"
66.249.75.100 - - [27/Apr/2025:17:21:14 -0400] "GET /about.php?action=edit&file=print.less&path=%2F%2Fhome%2Fjuralptl%2Fhkpoolsidn.com%2Fdist%2Fcss%2Fless HTTP/1.1" 200 1165 "-" "Mozilla/5.0 (Linux; Android 6.0.1; Nexus 5X Build/MMB29P) AppleWebKit/537.36 (KHTML, like Gecko) Chrome/135.0.7049.95 Mobile Safari/537.36 (compatible; Googlebot/2.1; +http://www.google.com/bot.html)"
66.249.75.101 - - [27/Apr/2025:17:21:23 -0400] "GET /about.php?action=edit&file=indexcontentright.php&path=%2Fhome%2Fjuralptl%2Fselandiapools.com%2Fm HTTP/1.1" 200 1675 "-" "Mozilla/5.0 (Linux; Android 6.0.1; Nexus 5X Build/MMB29P) AppleWebKit/537.36 (KHTML, like Gecko) Chrome/135.0.7049.95 Mobile Safari/537.36 (compatible; GoogleOther)"
20.171.207.115 - - [27/Apr/2025:17:21:57 -0400] "GET /wp-admin/comment.php?action=approve&c=101 HTTP/1.1" 404 1251 "-" "Mozilla/5.0 AppleWebKit/537.36 (KHTML, like Gecko; compatible; GPTBot/1.2; +https://openai.com/gptbot)"
66.249.75.102 - - [27/Apr/2025:17:22:06 -0400] "GET /about.php?action=edit&file=media.less&path=%2F%2Fhome%2Fjuralptl%2Fhkpoolsidn.com%2Fdist%2Fcss%2Fless HTTP/1.1" 200 891 "-" "Mozilla/5.0 (Linux; Android 6.0.1; Nexus 5X Build/MMB29P) AppleWebKit/537.36 (KHTML, like Gecko) Chrome/135.0.7049.95 Mobile Safari/537.36 (compatible; Googlebot/2.1; +http://www.google.com/bot.html)"
20.171.207.115 - - [27/Apr/2025:17:23:01 -0400] "GET /wp-admin/comment.php?action=trash&c=1011 HTTP/1.1" 404 1251 "-" "Mozilla/5.0 AppleWebKit/537.36 (KHTML, like Gecko; compatible; GPTBot/1.2; +https://openai.com/gptbot)"
66.249.75.102 - - [27/Apr/2025:17:23:49 -0400] "GET /about.php?action=edit&file=grid.less&path=%2F%2Fhome%2Fjuralptl%2Fhkpoolsidn.com%2Fdist%2Fcss%2Fless HTTP/1.1" 200 992 "-" "Mozilla/5.0 (Linux; Android 6.0.1; Nexus 5X Build/MMB29P) AppleWebKit/537.36 (KHTML, like Gecko) Chrome/135.0.7049.95 Mobile Safari/537.36 (compatible; Googlebot/2.1; +http://www.google.com/bot.html)"
66.249.75.102 - - [27/Apr/2025:17:24:03 -0400] "GET /about.php?path=%2F%2Fhome%2Fjuralptl%2Fhkpoolsidn.com%2Fdist%2Fcss%2Fless%2Fmixins HTTP/1.1" 200 1302 "-" "Mozilla/5.0 (Linux; Android 6.0.1; Nexus 5X Build/MMB29P) AppleWebKit/537.36 (KHTML, like Gecko) Chrome/135.0.7049.95 Mobile Safari/537.36 (compatible; GoogleOther)"
20.171.207.115 - - [27/Apr/2025:17:24:06 -0400] "GET /wp-admin/comment.php?action=trash&c=1221 HTTP/1.1" 404 1251 "-" "Mozilla/5.0 AppleWebKit/537.36 (KHTML, like Gecko; compatible; GPTBot/1.2; +https://openai.com/gptbot)"
20.171.207.115 - - [27/Apr/2025:17:25:09 -0400] "GET /wp-admin/comment.php?action=trash&c=1135 HTTP/1.1" 404 1251 "-" "Mozilla/5.0 AppleWebKit/537.36 (KHTML, like Gecko; compatible; GPTBot/1.2; +https://openai.com/gptbot)"
66.249.75.101 - - [27/Apr/2025:17:25:33 -0400] "GET /about.php?action=edit&file=alerts.less&path=%2F%2Fhome%2Fjuralptl%2Fhkpoolsidn.com%2Fdist%2Fcss%2Fless HTTP/1.1" 200 1094 "-" "Mozilla/5.0 (Linux; Android 6.0.1; Nexus 5X Build/MMB29P) AppleWebKit/537.36 (KHTML, like Gecko) Chrome/135.0.7049.95 Mobile Safari/537.36 (compatible; Googlebot/2.1; +http://www.google.com/bot.html)"
20.171.207.115 - - [27/Apr/2025:17:26:13 -0400] "GET /wp-admin/comment.php?action=trash&c=1187 HTTP/1.1" 404 1251 "-" "Mozilla/5.0 AppleWebKit/537.36 (KHTML, like Gecko; compatible; GPTBot/1.2; +https://openai.com/gptbot)"
66.249.75.103 - - [27/Apr/2025:17:26:25 -0400] "GET /about.php?action=edit&file=badges.less&path=%2F%2Fhome%2Fjuralptl%2Fhkpoolsidn.com%2Fdist%2Fcss%2Fless HTTP/1.1" 200 984 "-" "Mozilla/5.0 (Linux; Android 6.0.1; Nexus 5X Build/MMB29P) AppleWebKit/537.36 (KHTML, like Gecko) Chrome/135.0.7049.95 Mobile Safari/537.36 (compatible; Googlebot/2.1; +http://www.google.com/bot.html)"
20.171.207.115 - - [27/Apr/2025:17:27:13 -0400] "GET /wp-admin/comment.php?action=trash&c=1401 HTTP/1.1" 404 1251 "-" "Mozilla/5.0 AppleWebKit/537.36 (KHTML, like Gecko; compatible; GPTBot/1.2; +https://openai.com/gptbot)"
66.249.75.101 - - [27/Apr/2025:17:28:09 -0400] "GET /about.php?action=edit&file=responsive-utilities.less&path=%2F%2Fhome%2Fjuralptl%2Fhkpoolsidn.com%2Fdist%2Fcss%2Fless HTTP/1.1" 200 1444 "-" "Mozilla/5.0 (Linux; Android 6.0.1; Nexus 5X Build/MMB29P) AppleWebKit/537.36 (KHTML, like Gecko) Chrome/135.0.7049.95 Mobile Safari/537.36 (compatible; Googlebot/2.1; +http://www.google.com/bot.html)"
20.171.207.115 - - [27/Apr/2025:17:28:18 -0400] "GET /wp-admin/comment.php?action=trash&c=1434 HTTP/1.1" 404 1251 "-" "Mozilla/5.0 AppleWebKit/537.36 (KHTML, like Gecko; compatible; GPTBot/1.2; +https://openai.com/gptbot)"
20.171.207.115 - - [27/Apr/2025:17:29:21 -0400] "GET /wp-admin/comment.php?action=trash&c=1159 HTTP/1.1" 404 1251 "-" "Mozilla/5.0 AppleWebKit/537.36 (KHTML, like Gecko; compatible; GPTBot/1.2; +https://openai.com/gptbot)"
66.249.75.102 - - [27/Apr/2025:17:29:53 -0400] "GET /about.php?path=//proc/3213575 HTTP/1.1" 200 690 "-" "Mozilla/5.0 (Linux; Android 6.0.1; Nexus 5X Build/MMB29P) AppleWebKit/537.36 (KHTML, like Gecko) Chrome/135.0.7049.95 Mobile Safari/537.36 (compatible; Googlebot/2.1; +http://www.google.com/bot.html)"
66.249.75.101 - - [27/Apr/2025:17:29:53 -0400] "GET /about.php?path=%2F%2Fproc%2Fthread-self%2Froot%2Flib%2F.build-id%2Fa2 HTTP/1.1" 200 1750 "-" "Mozilla/5.0 (Linux; Android 6.0.1; Nexus 5X Build/MMB29P) AppleWebKit/537.36 (KHTML, like Gecko) Chrome/135.0.7049.95 Mobile Safari/537.36 (compatible; Googlebot/2.1; +http://www.google.com/bot.html)"
66.249.75.102 - - [27/Apr/2025:17:29:53 -0400] "GET /about.php?action=edit&file=responsive-embed.less&path=%2F%2Fhome%2Fjuralptl%2Fhkpoolsidn.com%2Fdist%2Fcss%2Fless HTTP/1.1" 200 781 "-" "Mozilla/5.0 (Linux; Android 6.0.1; Nexus 5X Build/MMB29P) AppleWebKit/537.36 (KHTML, like Gecko) Chrome/135.0.7049.95 Mobile Safari/537.36 (compatible; Googlebot/2.1; +http://www.google.com/bot.html)"
20.171.207.115 - - [27/Apr/2025:17:30:26 -0400] "GET /wp-admin/comment.php?action=trash&c=1363 HTTP/1.1" 404 1251 "-" "Mozilla/5.0 AppleWebKit/537.36 (KHTML, like Gecko; compatible; GPTBot/1.2; +https://openai.com/gptbot)"
66.249.75.101 - - [27/Apr/2025:17:30:45 -0400] "GET /about.php?action=edit&file=wells.less&path=%2F%2Fhome%2Fjuralptl%2Fhkpoolsidn.com%2Fdist%2Fcss%2Fless HTTP/1.1" 200 740 "-" "Mozilla/5.0 (Linux; Android 6.0.1; Nexus 5X Build/MMB29P) AppleWebKit/537.36 (KHTML, like Gecko) Chrome/135.0.7049.95 Mobile Safari/537.36 (compatible; Googlebot/2.1; +http://www.google.com/bot.html)"
20.171.207.115 - - [27/Apr/2025:17:31:30 -0400] "GET /wp-admin/comment.php?action=trash&c=1080 HTTP/1.1" 404 1251 "-" "Mozilla/5.0 AppleWebKit/537.36 (KHTML, like Gecko; compatible; GPTBot/1.2; +https://openai.com/gptbot)"
66.249.75.103 - - [27/Apr/2025:17:31:37 -0400] "GET /about.php?action=edit&file=index.php&path=%2Fhome%2Fjuralptl%2Fselandiapools.com HTTP/1.1" 200 727 "-" "Mozilla/5.0 (Linux; Android 6.0.1; Nexus 5X Build/MMB29P) AppleWebKit/537.36 (KHTML, like Gecko) Chrome/135.0.7049.95 Mobile Safari/537.36 (compatible; Googlebot/2.1; +http://www.google.com/bot.html)"
66.249.75.101 - - [27/Apr/2025:17:31:38 -0400] "GET /about.php?action=edit&file=navbar.less&path=%2F%2Fhome%2Fjuralptl%2Fhkpoolsidn.com%2Fdist%2Fcss%2Fless HTTP/1.1" 200 3981 "-" "Mozilla/5.0 (Linux; Android 6.0.1; Nexus 5X Build/MMB29P) AppleWebKit/537.36 (KHTML, like Gecko) Chrome/135.0.7049.95 Mobile Safari/537.36 (compatible; Googlebot/2.1; +http://www.google.com/bot.html)"
66.249.75.103 - - [27/Apr/2025:17:32:30 -0400] "GET /about.php?path=//proc/3391625 HTTP/1.1" 200 690 "-" "Mozilla/5.0 (Linux; Android 6.0.1; Nexus 5X Build/MMB29P) AppleWebKit/537.36 (KHTML, like Gecko) Chrome/135.0.7049.95 Mobile Safari/537.36 (compatible; Googlebot/2.1; +http://www.google.com/bot.html)"
20.171.207.115 - - [27/Apr/2025:17:32:32 -0400] "GET /2021/08/13/hello-world/ HTTP/1.1" 404 1251 "-" "Mozilla/5.0 AppleWebKit/537.36 (KHTML, like Gecko; compatible; GPTBot/1.2; +https://openai.com/gptbot)"
20.171.207.115 - - [27/Apr/2025:17:33:34 -0400] "GET /wp-admin/comment.php?action=trash&c=1153 HTTP/1.1" 404 1251 "-" "Mozilla/5.0 AppleWebKit/537.36 (KHTML, like Gecko; compatible; GPTBot/1.2; +https://openai.com/gptbot)"
66.249.75.102 - - [27/Apr/2025:17:34:13 -0400] "GET /about.php?path=%2F%2Fhome%2Fjuralptl%2Fhkpoolsidn.com%2Fdist%2Fcss%2Fless%2Fmixins HTTP/1.1" 200 1302 "-" "Mozilla/5.0 (Linux; Android 6.0.1; Nexus 5X Build/MMB29P) AppleWebKit/537.36 (KHTML, like Gecko) Chrome/135.0.7049.95 Mobile Safari/537.36 (compatible; Googlebot/2.1; +http://www.google.com/bot.html)"
20.171.207.115 - - [27/Apr/2025:17:34:38 -0400] "GET /wp-admin/comment.php?action=trash&c=1108 HTTP/1.1" 404 1251 "-" "Mozilla/5.0 AppleWebKit/537.36 (KHTML, like Gecko; compatible; GPTBot/1.2; +https://openai.com/gptbot)"
51.222.253.18 - - [27/Apr/2025:17:35:06 -0400] "GET /about.php?action=edit&file=store-procedure.php&path=%2Fhome%2Fjuralptl%2Fvalenciapools.world HTTP/1.1" 200 3938 "-" "Mozilla/5.0 (compatible; AhrefsBot/7.0; +http://ahrefs.com/robot/)"
20.171.207.115 - - [27/Apr/2025:17:35:40 -0400] "GET /wp-admin/comment.php?action=trash&c=1143 HTTP/1.1" 404 1251 "-" "Mozilla/5.0 AppleWebKit/537.36 (KHTML, like Gecko; compatible; GPTBot/1.2; +https://openai.com/gptbot)"
66.249.75.100 - - [27/Apr/2025:17:35:57 -0400] "GET /about.php?action=edit&file=pager.less&path=%2F%2Fhome%2Fjuralptl%2Fhkpoolsidn.com%2Fdist%2Fcss%2Fless HTTP/1.1" 200 797 "-" "Mozilla/5.0 (Linux; Android 6.0.1; Nexus 5X Build/MMB29P) AppleWebKit/537.36 (KHTML, like Gecko) Chrome/135.0.7049.95 Mobile Safari/537.36 (compatible; Googlebot/2.1; +http://www.google.com/bot.html)"
20.171.207.115 - - [27/Apr/2025:17:36:41 -0400] "GET /wp-admin/comment.php?action=trash&c=1280 HTTP/1.1" 404 1251 "-" "Mozilla/5.0 AppleWebKit/537.36 (KHTML, like Gecko; compatible; GPTBot/1.2; +https://openai.com/gptbot)"
66.249.75.100 - - [27/Apr/2025:17:36:49 -0400] "GET /about.php?action=edit&file=carousel.less&path=%2F%2Fhome%2Fjuralptl%2Fhkpoolsidn.com%2Fdist%2Fcss%2Fless HTTP/1.1" 200 2309 "-" "Mozilla/5.0 (Linux; Android 6.0.1; Nexus 5X Build/MMB29P) AppleWebKit/537.36 (KHTML, like Gecko) Chrome/135.0.7049.95 Mobile Safari/537.36 (compatible; Googlebot/2.1; +http://www.google.com/bot.html)"
20.171.207.115 - - [27/Apr/2025:17:37:42 -0400] "GET /wp-admin/comment.php?action=trash&c=1034 HTTP/1.1" 404 1251 "-" "Mozilla/5.0 AppleWebKit/537.36 (KHTML, like Gecko; compatible; GPTBot/1.2; +https://openai.com/gptbot)"
66.249.75.100 - - [27/Apr/2025:17:37:45 -0400] "GET /about.php?action=edit&file=resultcontent.php&path=%2Fhome%2Fjuralptl%2Fselandiapools.com%2Fm HTTP/1.1" 200 2168 "-" "Mozilla/5.0 (Linux; Android 6.0.1; Nexus 5X Build/MMB29P) AppleWebKit/537.36 (KHTML, like Gecko) Chrome/135.0.7049.95 Mobile Safari/537.36 (compatible; GoogleOther)"
66.249.75.102 - - [27/Apr/2025:17:38:33 -0400] "GET /about.php?action=edit&file=dropdowns.less&path=%2F%2Fhome%2Fjuralptl%2Fhkpoolsidn.com%2Fdist%2Fcss%2Fless HTTP/1.1" 200 2286 "-" "Mozilla/5.0 (Linux; Android 6.0.1; Nexus 5X Build/MMB29P) AppleWebKit/537.36 (KHTML, like Gecko) Chrome/135.0.7049.95 Mobile Safari/537.36 (compatible; Googlebot/2.1; +http://www.google.com/bot.html)"
66.249.75.100 - - [27/Apr/2025:17:38:33 -0400] "GET /about.php?action=edit&file=publish_2025-02-18T10%3A56%3A16.log&path=%2F%2Fhome%2Fjuralptl%2Flogs HTTP/1.1" 200 2212 "-" "Mozilla/5.0 (Linux; Android 6.0.1; Nexus 5X Build/MMB29P) AppleWebKit/537.36 (KHTML, like Gecko) Chrome/135.0.7049.95 Mobile Safari/537.36 (compatible; Googlebot/2.1; +http://www.google.com/bot.html)"
20.171.207.115 - - [27/Apr/2025:17:38:43 -0400] "GET /wp-admin/comment.php?action=trash&c=1453 HTTP/1.1" 404 1251 "-" "Mozilla/5.0 AppleWebKit/537.36 (KHTML, like Gecko; compatible; GPTBot/1.2; +https://openai.com/gptbot)"
66.249.75.100 - - [27/Apr/2025:17:39:25 -0400] "GET /about.php?path=%2Fhome%2Fjuralptl%2F1stnationalonline.com%2Fjs HTTP/1.1" 200 798 "-" "Mozilla/5.0 (Linux; Android 6.0.1; Nexus 5X Build/MMB29P) AppleWebKit/537.36 (KHTML, like Gecko) Chrome/135.0.7049.95 Mobile Safari/537.36 (compatible; Googlebot/2.1; +http://www.google.com/bot.html)"
66.249.75.102 - - [27/Apr/2025:17:39:25 -0400] "GET /about.php?action=edit&file=contactuscontent.php&path=%2Fhome%2Fjuralptl%2Fselandiapools.com HTTP/1.1" 200 890 "-" "Mozilla/5.0 (Linux; Android 6.0.1; Nexus 5X Build/MMB29P) AppleWebKit/537.36 (KHTML, like Gecko) Chrome/135.0.7049.95 Mobile Safari/537.36 (compatible; Googlebot/2.1; +http://www.google.com/bot.html)"
66.249.75.100 - - [27/Apr/2025:17:39:25 -0400] "GET /about.php?action=edit&file=termscontent.php&path=%2Fhome%2Fjuralptl%2Fselandiapools.com HTTP/1.1" 200 15049 "-" "Mozilla/5.0 (Linux; Android 6.0.1; Nexus 5X Build/MMB29P) AppleWebKit/537.36 (KHTML, like Gecko) Chrome/135.0.7049.95 Mobile Safari/537.36 (compatible; Googlebot/2.1; +http://www.google.com/bot.html)"
66.249.75.100 - - [27/Apr/2025:17:39:33 -0400] "GET /about.php?action=edit&file=scaffolding.less&path=%2F%2Fhome%2Fjuralptl%2Fhkpoolsidn.com%2Fdist%2Fcss%2Fless HTTP/1.1" 200 1787 "-" "Mozilla/5.0 (Linux; Android 6.0.1; Nexus 5X Build/MMB29P) AppleWebKit/537.36 (KHTML, like Gecko) Chrome/135.0.7049.95 Mobile Safari/537.36 (compatible; Googlebot/2.1; +http://www.google.com/bot.html)"
20.171.207.115 - - [27/Apr/2025:17:39:46 -0400] "GET /wp-admin/comment.php?action=trash&c=1203 HTTP/1.1" 404 1251 "-" "Mozilla/5.0 AppleWebKit/537.36 (KHTML, like Gecko; compatible; GPTBot/1.2; +https://openai.com/gptbot)"
20.171.207.115 - - [27/Apr/2025:17:40:50 -0400] "GET /wp-admin/comment.php?action=trash&c=1082 HTTP/1.1" 404 1251 "-" "Mozilla/5.0 AppleWebKit/537.36 (KHTML, like Gecko; compatible; GPTBot/1.2; +https://openai.com/gptbot)"
66.249.75.103 - - [27/Apr/2025:17:41:34 -0400] "GET /about.php?action=edit&file=enable&path=%2F%2Fopt%2Fcpanel%2Fea-php71 HTTP/1.1" 200 622 "-" "Mozilla/5.0 (Linux; Android 6.0.1; Nexus 5X Build/MMB29P) AppleWebKit/537.36 (KHTML, like Gecko) Chrome/135.0.7049.95 Mobile Safari/537.36 (compatible; Googlebot/2.1; +http://www.google.com/bot.html)"
66.249.75.103 - - [27/Apr/2025:17:41:34 -0400] "GET /about.php?action=edit&file=libverto.so.1.0.0&path=%2F%2Flib64 HTTP/1.1" 200 557 "-" "Mozilla/5.0 (Linux; Android 6.0.1; Nexus 5X Build/MMB29P) AppleWebKit/537.36 (KHTML, like Gecko) Chrome/135.0.7049.95 Mobile Safari/537.36 (compatible; Googlebot/2.1; +http://www.google.com/bot.html)"
66.249.75.101 - - [27/Apr/2025:17:41:34 -0400] "GET /about.php?path=//opt/alt/python36/lib64 HTTP/1.1" 200 861 "-" "Mozilla/5.0 (Linux; Android 6.0.1; Nexus 5X Build/MMB29P) AppleWebKit/537.36 (KHTML, like Gecko) Chrome/135.0.7049.95 Mobile Safari/537.36 (compatible; Googlebot/2.1; +http://www.google.com/bot.html)"
20.171.207.115 - - [27/Apr/2025:17:41:53 -0400] "GET /wp-admin/comment.php?action=trash&c=1083 HTTP/1.1" 404 1251 "-" "Mozilla/5.0 AppleWebKit/537.36 (KHTML, like Gecko; compatible; GPTBot/1.2; +https://openai.com/gptbot)"
20.171.207.115 - - [27/Apr/2025:17:42:53 -0400] "GET /wp-admin/comment.php?action=trash&c=1052 HTTP/1.1" 404 1251 "-" "Mozilla/5.0 AppleWebKit/537.36 (KHTML, like Gecko; compatible; GPTBot/1.2; +https://openai.com/gptbot)"
66.249.75.101 - - [27/Apr/2025:17:43:18 -0400] "GET /about.php?action=edit&file=upgrade.php&path=%2Fhome%2Fjuralptl%2Fwww%2Fwp-admin HTTP/1.1" 200 2475 "-" "Mozilla/5.0 (Linux; Android 6.0.1; Nexus 5X Build/MMB29P) AppleWebKit/537.36 (KHTML, like Gecko) Chrome/135.0.7049.95 Mobile Safari/537.36 (compatible; Googlebot/2.1; +http://www.google.com/bot.html)"
20.171.207.115 - - [27/Apr/2025:17:43:55 -0400] "GET /wp-admin/comment.php?action=trash&c=1367 HTTP/1.1" 404 1251 "-" "Mozilla/5.0 AppleWebKit/537.36 (KHTML, like Gecko; compatible; GPTBot/1.2; +https://openai.com/gptbot)"
66.249.75.101 - - [27/Apr/2025:17:44:03 -0400] "GET /about.php?action=edit&file=code.less&path=%2F%2Fhome%2Fjuralptl%2Fhkpoolsidn.com%2Fdist%2Fcss%2Fless HTTP/1.1" 200 1042 "-" "Mozilla/5.0 (Linux; Android 6.0.1; Nexus 5X Build/MMB29P) AppleWebKit/537.36 (KHTML, like Gecko) Chrome/135.0.7049.95 Mobile Safari/537.36 (compatible; GoogleOther)"
66.249.75.101 - - [27/Apr/2025:17:44:10 -0400] "GET /about.php?action=edit&file=privacy-policy-guide.php&path=%2Fhome%2Fjuralptl%2Fwww%2Fwp-admin HTTP/1.1" 200 1983 "-" "Mozilla/5.0 (Linux; Android 6.0.1; Nexus 5X Build/MMB29P) AppleWebKit/537.36 (KHTML, like Gecko) Chrome/135.0.7049.95 Mobile Safari/537.36 (compatible; Googlebot/2.1; +http://www.google.com/bot.html)"
66.249.75.101 - - [27/Apr/2025:17:44:10 -0400] "GET /about.php?action=edit&file=uibase.css&path=%2F%2Fhome%2Fjuralptl%2Fpulsaku.online%2Fcss HTTP/1.1" 200 1229 "-" "Mozilla/5.0 (Linux; Android 6.0.1; Nexus 5X Build/MMB29P) AppleWebKit/537.36 (KHTML, like Gecko) Chrome/135.0.7049.95 Mobile Safari/537.36 (compatible; Googlebot/2.1; +http://www.google.com/bot.html)"
20.171.207.115 - - [27/Apr/2025:17:44:58 -0400] "GET /wp-admin/comment.php?action=trash&c=1435 HTTP/1.1" 404 1251 "-" "Mozilla/5.0 AppleWebKit/537.36 (KHTML, like Gecko; compatible; GPTBot/1.2; +https://openai.com/gptbot)"
66.249.75.101 - - [27/Apr/2025:17:45:02 -0400] "GET /about.php?action=edit&file=hezalindo.juragankeripik.online-Dec-2024.gz&path=%2F%2Fhome%2Fjuralptl%2Flogs HTTP/1.1" 200 576 "-" "Mozilla/5.0 (Linux; Android 6.0.1; Nexus 5X Build/MMB29P) AppleWebKit/537.36 (KHTML, like Gecko) Chrome/135.0.7049.95 Mobile Safari/537.36 (compatible; Googlebot/2.1; +http://www.google.com/bot.html)"
66.249.75.101 - - [27/Apr/2025:17:45:54 -0400] "GET /about.php?action=edit&file=site-health-info.php&path=%2Fhome%2Fjuralptl%2Fwww%2Fwp-admin HTTP/1.1" 200 2154 "-" "Mozilla/5.0 (Linux; Android 6.0.1; Nexus 5X Build/MMB29P) AppleWebKit/537.36 (KHTML, like Gecko) Chrome/135.0.7049.95 Mobile Safari/537.36 (compatible; Googlebot/2.1; +http://www.google.com/bot.html)"
20.171.207.115 - - [27/Apr/2025:17:45:58 -0400] "GET /wp-admin/comment.php?action=spam&c=1108 HTTP/1.1" 404 1251 "-" "Mozilla/5.0 AppleWebKit/537.36 (KHTML, like Gecko; compatible; GPTBot/1.2; +https://openai.com/gptbot)"
20.171.207.115 - - [27/Apr/2025:17:47:02 -0400] "GET /wp-admin/comment.php?action=spam&c=1202 HTTP/1.1" 404 1251 "-" "Mozilla/5.0 AppleWebKit/537.36 (KHTML, like Gecko; compatible; GPTBot/1.2; +https://openai.com/gptbot)"
195.191.219.130 - - [27/Apr/2025:17:47:13 -0400] "GET /robots.txt HTTP/1.1" 404 1251 "-" "Mozilla/5.0 (compatible; MJ12bot/v2.0.0; http://mj12bot.com/)"
195.191.219.130 - - [27/Apr/2025:17:47:14 -0400] "GET /about.php?action=edit&file=footer-logo.psd&path=//home/juralptl/pvjtogel.sbs/img HTTP/1.1" 200 551 "-" "Mozilla/5.0 (compatible; MJ12bot/v2.0.0; http://mj12bot.com/)"
195.191.219.130 - - [27/Apr/2025:17:47:15 -0400] "GET /about.php?action=edit&file=footer-logo.psd&path=//home/juralptl/selandiapools.com/img HTTP/1.1" 200 551 "-" "Mozilla/5.0 (compatible; MJ12bot/v2.0.0; http://mj12bot.com/)"
195.191.219.130 - - [27/Apr/2025:17:47:16 -0400] "GET /about.php?action=edit&file=footer-logo.psd&path=//home/juralptl/www/img HTTP/1.1" 200 551 "-" "Mozilla/5.0 (compatible; MJ12bot/v2.0.0; http://mj12bot.com/)"
195.191.219.130 - - [27/Apr/2025:17:47:17 -0400] "GET /about.php?action=edit&file=footer.php&path=//home/juralptl/btfovj.store/wp-includes/theme-compat HTTP/1.1" 200 1161 "-" "Mozilla/5.0 (compatible; MJ12bot/v2.0.0; http://mj12bot.com/)"
195.191.219.130 - - [27/Apr/2025:17:47:18 -0400] "GET /about.php?action=edit&file=footer.php&path=//home/juralptl/btspv.store/wp-includes/theme-compat HTTP/1.1" 200 1161 "-" "Mozilla/5.0 (compatible; MJ12bot/v2.0.0; http://mj12bot.com/)"
195.191.219.130 - - [27/Apr/2025:17:47:19 -0400] "GET /about.php?action=edit&file=footer.php&path=//home/juralptl/public_html/m HTTP/1.1" 200 944 "-" "Mozilla/5.0 (compatible; MJ12bot/v2.0.0; http://mj12bot.com/)"
195.191.219.130 - - [27/Apr/2025:17:47:20 -0400] "GET /about.php?action=edit&file=footer.php&path=//home/juralptl/pulsaku.online/m HTTP/1.1" 200 944 "-" "Mozilla/5.0 (compatible; MJ12bot/v2.0.0; http://mj12bot.com/)"
195.191.219.130 - - [27/Apr/2025:17:47:21 -0400] "GET /about.php?action=edit&file=footer.php&path=//home/juralptl/pvjtogel.sbs/m HTTP/1.1" 200 944 "-" "Mozilla/5.0 (compatible; MJ12bot/v2.0.0; http://mj12bot.com/)"
195.191.219.130 - - [27/Apr/2025:17:47:24 -0400] "GET /about.php?action=edit&file=footer.php&path=//home/juralptl/selandiapools.com/m HTTP/1.1" 200 944 "-" "Mozilla/5.0 (compatible; MJ12bot/v2.0.0; http://mj12bot.com/)"
195.191.219.130 - - [27/Apr/2025:17:47:25 -0400] "GET /about.php?action=edit&file=footer.php&path=//home/juralptl/www/m HTTP/1.1" 200 944 "-" "Mozilla/5.0 (compatible; MJ12bot/v2.0.0; http://mj12bot.com/)"
195.191.219.130 - - [27/Apr/2025:17:47:26 -0400] "GET /about.php?action=edit&file=footnotes.php&path=//home/juralptl/btfovj.store/wp-includes/blocks HTTP/1.1" 200 1869 "-" "Mozilla/5.0 (compatible; MJ12bot/v2.0.0; http://mj12bot.com/)"
195.191.219.130 - - [27/Apr/2025:17:47:27 -0400] "GET /about.php?action=edit&file=footnotes.php&path=//home/juralptl/btspv.store/wp-includes/blocks HTTP/1.1" 200 1869 "-" "Mozilla/5.0 (compatible; MJ12bot/v2.0.0; http://mj12bot.com/)"
195.191.219.130 - - [27/Apr/2025:17:47:28 -0400] "GET /about.php?action=edit&file=forest.cpython-38.opt-1.pyc&path=//lib64/python3.8/turtledemo/__pycache__ HTTP/1.1" 200 566 "-" "Mozilla/5.0 (compatible; MJ12bot/v2.0.0; http://mj12bot.com/)"
195.191.219.130 - - [27/Apr/2025:17:47:29 -0400] "GET /about.php?action=edit&file=forest.cpython-38.opt-2.pyc&path=//lib64/python3.8/turtledemo/__pycache__ HTTP/1.1" 200 566 "-" "Mozilla/5.0 (compatible; MJ12bot/v2.0.0; http://mj12bot.com/)"
195.191.219.130 - - [27/Apr/2025:17:47:30 -0400] "GET /about.php?action=edit&file=forest.cpython-38.pyc&path=//lib64/python3.8/turtledemo/__pycache__ HTTP/1.1" 200 561 "-" "Mozilla/5.0 (compatible; MJ12bot/v2.0.0; http://mj12bot.com/)"
195.191.219.130 - - [27/Apr/2025:17:47:31 -0400] "GET /about.php?action=edit&file=forkserver.cpython-36.opt-1.pyc&path=//lib64/python3.6/multiprocessing/__pycache__ HTTP/1.1" 200 568 "-" "Mozilla/5.0 (compatible; MJ12bot/v2.0.0; http://mj12bot.com/)"
195.191.219.130 - - [27/Apr/2025:17:47:33 -0400] "GET /about.php?action=edit&file=forkserver.cpython-36.opt-2.pyc&path=//lib64/python3.6/multiprocessing/__pycache__ HTTP/1.1" 200 568 "-" "Mozilla/5.0 (compatible; MJ12bot/v2.0.0; http://mj12bot.com/)"
195.191.219.130 - - [27/Apr/2025:17:47:34 -0400] "GET /about.php?action=edit&file=forkserver.cpython-36.pyc&path=//lib64/python3.6/multiprocessing/__pycache__ HTTP/1.1" 200 564 "-" "Mozilla/5.0 (compatible; MJ12bot/v2.0.0; http://mj12bot.com/)"
195.191.219.130 - - [27/Apr/2025:17:47:34 -0400] "GET /about.php?action=edit&file=forkserver.cpython-38.opt-1.pyc&path=//lib64/python3.8/multiprocessing/__pycache__ HTTP/1.1" 200 568 "-" "Mozilla/5.0 (compatible; MJ12bot/v2.0.0; http://mj12bot.com/)"
195.191.219.130 - - [27/Apr/2025:17:47:36 -0400] "GET /about.php?action=edit&file=forkserver.cpython-38.opt-2.pyc&path=//lib64/python3.8/multiprocessing/__pycache__ HTTP/1.1" 200 568 "-" "Mozilla/5.0 (compatible; MJ12bot/v2.0.0; http://mj12bot.com/)"
195.191.219.130 - - [27/Apr/2025:17:47:36 -0400] "GET /about.php?action=edit&file=forkserver.cpython-38.pyc&path=//lib64/python3.8/multiprocessing/__pycache__ HTTP/1.1" 200 564 "-" "Mozilla/5.0 (compatible; MJ12bot/v2.0.0; http://mj12bot.com/)"
195.191.219.130 - - [27/Apr/2025:17:47:37 -0400] "GET /about.php?action=edit&file=format_helpers.cpython-38.opt-1.pyc&path=//lib64/python3.8/asyncio/__pycache__ HTTP/1.1" 200 571 "-" "Mozilla/5.0 (compatible; MJ12bot/v2.0.0; http://mj12bot.com/)"
66.249.75.103 - - [27/Apr/2025:17:47:38 -0400] "GET /about.php?action=edit&file=navs.less&path=%2F%2Fhome%2Fjuralptl%2Fhkpoolsidn.com%2Fdist%2Fcss%2Fless HTTP/1.1" 200 2055 "-" "Mozilla/5.0 (Linux; Android 6.0.1; Nexus 5X Build/MMB29P) AppleWebKit/537.36 (KHTML, like Gecko) Chrome/135.0.7049.95 Mobile Safari/537.36 (compatible; Googlebot/2.1; +http://www.google.com/bot.html)"
195.191.219.130 - - [27/Apr/2025:17:47:38 -0400] "GET /about.php?action=edit&file=format_helpers.cpython-38.opt-2.pyc&path=//lib64/python3.8/asyncio/__pycache__ HTTP/1.1" 200 571 "-" "Mozilla/5.0 (compatible; MJ12bot/v2.0.0; http://mj12bot.com/)"
66.249.75.103 - - [27/Apr/2025:17:47:38 -0400] "GET /about.php?action=edit&file=pyvenv-3.3&path=%2F%2Fopt%2Falt%2Fpython33%2Fbin HTTP/1.1" 200 693 "-" "Mozilla/5.0 (Linux; Android 6.0.1; Nexus 5X Build/MMB29P) AppleWebKit/537.36 (KHTML, like Gecko) Chrome/135.0.7049.95 Mobile Safari/537.36 (compatible; Googlebot/2.1; +http://www.google.com/bot.html)"
195.191.219.130 - - [27/Apr/2025:17:47:39 -0400] "GET /about.php?action=edit&file=format_helpers.cpython-38.pyc&path=//lib64/python3.8/asyncio/__pycache__ HTTP/1.1" 200 566 "-" "Mozilla/5.0 (compatible; MJ12bot/v2.0.0; http://mj12bot.com/)"
195.191.219.130 - - [27/Apr/2025:17:47:40 -0400] "GET /about.php?action=edit&file=formatting.php&path=//home/juralptl/public_html/wp-includes HTTP/1.1" 200 61600 "-" "Mozilla/5.0 (compatible; MJ12bot/v2.0.0; http://mj12bot.com/)"
195.191.219.130 - - [27/Apr/2025:17:47:41 -0400] "GET /about.php?action=edit&file=formatting.php&path=//home/juralptl/pvjbtf.site/wp-includes HTTP/1.1" 200 61670 "-" "Mozilla/5.0 (compatible; MJ12bot/v2.0.0; http://mj12bot.com/)"
195.191.219.130 - - [27/Apr/2025:17:47:42 -0400] "GET /about.php?action=edit&file=formatting.php&path=//home/juralptl/pvjgacor.com/wp-includes HTTP/1.1" 200 62099 "-" "Mozilla/5.0 (compatible; MJ12bot/v2.0.0; http://mj12bot.com/)"
195.191.219.130 - - [27/Apr/2025:17:47:43 -0400] "GET /about.php?action=edit&file=formatting.php&path=//home/juralptl/tahu-pong.store/wp-includes HTTP/1.1" 200 62099 "-" "Mozilla/5.0 (compatible; MJ12bot/v2.0.0; http://mj12bot.com/)"
195.191.219.130 - - [27/Apr/2025:17:47:44 -0400] "GET /about.php?action=edit&file=formatting.php&path=//home/juralptl/telekomaret.site/wp-includes HTTP/1.1" 200 62047 "-" "Mozilla/5.0 (compatible; MJ12bot/v2.0.0; http://mj12bot.com/)"
195.191.219.130 - - [27/Apr/2025:17:47:45 -0400] "GET /about.php?action=edit&file=formatting.php&path=//home/juralptl/www/wp-includes HTTP/1.1" 200 61600 "-" "Mozilla/5.0 (compatible; MJ12bot/v2.0.0; http://mj12bot.com/)"
195.191.219.130 - - [27/Apr/2025:17:47:46 -0400] "GET /about.php?action=edit&file=fq_codel.so&path=//lib64/libnl/cli/qdisc HTTP/1.1" 200 553 "-" "Mozilla/5.0 (compatible; MJ12bot/v2.0.0; http://mj12bot.com/)"
195.191.219.130 - - [27/Apr/2025:17:47:47 -0400] "GET /about.php?action=edit&file=fr-afnor.map.gz&path=//lib/kbd/keymaps/xkb HTTP/1.1" 200 557 "-" "Mozilla/5.0 (compatible; MJ12bot/v2.0.0; http://mj12bot.com/)"
195.191.219.130 - - [27/Apr/2025:17:47:48 -0400] "GET /about.php?action=edit&file=fr-azerty.map.gz&path=//lib/kbd/keymaps/xkb HTTP/1.1" 200 559 "-" "Mozilla/5.0 (compatible; MJ12bot/v2.0.0; http://mj12bot.com/)"
195.191.219.130 - - [27/Apr/2025:17:47:49 -0400] "GET /about.php?action=edit&file=fr-bepo.map.gz&path=//lib/kbd/keymaps/xkb HTTP/1.1" 200 557 "-" "Mozilla/5.0 (compatible; MJ12bot/v2.0.0; http://mj12bot.com/)"
195.191.219.130 - - [27/Apr/2025:17:47:50 -0400] "GET /about.php?action=edit&file=fr-bepo_afnor.map.gz&path=//lib/kbd/keymaps/xkb HTTP/1.1" 200 561 "-" "Mozilla/5.0 (compatible; MJ12bot/v2.0.0; http://mj12bot.com/)"
195.191.219.130 - - [27/Apr/2025:17:47:51 -0400] "GET /about.php?action=edit&file=fr-bepo_latin9.map.gz&path=//lib/kbd/keymaps/xkb HTTP/1.1" 200 560 "-" "Mozilla/5.0 (compatible; MJ12bot/v2.0.0; http://mj12bot.com/)"
195.191.219.130 - - [27/Apr/2025:17:47:53 -0400] "GET /about.php?action=edit&file=fr-bre.map.gz&path=//lib/kbd/keymaps/xkb HTTP/1.1" 200 557 "-" "Mozilla/5.0 (compatible; MJ12bot/v2.0.0; http://mj12bot.com/)"
195.191.219.130 - - [27/Apr/2025:17:47:54 -0400] "GET /about.php?action=edit&file=fr-dvorak.map.gz&path=//lib/kbd/keymaps/xkb HTTP/1.1" 200 556 "-" "Mozilla/5.0 (compatible; MJ12bot/v2.0.0; http://mj12bot.com/)"
195.191.219.130 - - [27/Apr/2025:17:47:54 -0400] "GET /about.php?action=edit&file=fr-latin9.map.gz&path=//lib/kbd/keymaps/xkb HTTP/1.1" 200 556 "-" "Mozilla/5.0 (compatible; MJ12bot/v2.0.0; http://mj12bot.com/)"
195.191.219.130 - - [27/Apr/2025:17:47:56 -0400] "GET /about.php?action=edit&file=fr-latin9_nodeadkeys.map.gz&path=//lib/kbd/keymaps/xkb HTTP/1.1" 200 566 "-" "Mozilla/5.0 (compatible; MJ12bot/v2.0.0; http://mj12bot.com/)"
195.191.219.130 - - [27/Apr/2025:17:47:58 -0400] "GET /about.php?action=edit&file=fr-latin9_sundeadkeys.map.gz&path=//lib/kbd/keymaps/xkb HTTP/1.1" 200 566 "-" "Mozilla/5.0 (compatible; MJ12bot/v2.0.0; http://mj12bot.com/)"
195.191.219.130 - - [27/Apr/2025:17:47:59 -0400] "GET /about.php?action=edit&file=fr-mac.map.gz&path=//lib/kbd/keymaps/xkb HTTP/1.1" 200 556 "-" "Mozilla/5.0 (compatible; MJ12bot/v2.0.0; http://mj12bot.com/)"
195.191.219.130 - - [27/Apr/2025:17:48:01 -0400] "GET /about.php?action=edit&file=fr-nodeadkeys.map.gz&path=//lib/kbd/keymaps/xkb HTTP/1.1" 200 559 "-" "Mozilla/5.0 (compatible; MJ12bot/v2.0.0; http://mj12bot.com/)"
195.191.219.130 - - [27/Apr/2025:17:48:02 -0400] "GET /about.php?action=edit&file=fr-oci.map.gz&path=//lib/kbd/keymaps/xkb HTTP/1.1" 200 556 "-" "Mozilla/5.0 (compatible; MJ12bot/v2.0.0; http://mj12bot.com/)"
20.171.207.115 - - [27/Apr/2025:17:48:03 -0400] "GET /wp-admin/comment.php?action=spam&c=1135 HTTP/1.1" 404 1251 "-" "Mozilla/5.0 AppleWebKit/537.36 (KHTML, like Gecko; compatible; GPTBot/1.2; +https://openai.com/gptbot)"
195.191.219.130 - - [27/Apr/2025:17:48:03 -0400] "GET /about.php?action=edit&file=fr-oss.map.gz&path=//lib/kbd/keymaps/xkb HTTP/1.1" 200 556 "-" "Mozilla/5.0 (compatible; MJ12bot/v2.0.0; http://mj12bot.com/)"
195.191.219.130 - - [27/Apr/2025:17:48:04 -0400] "GET /about.php?action=edit&file=fr-oss_latin9.map.gz&path=//lib/kbd/keymaps/xkb HTTP/1.1" 200 560 "-" "Mozilla/5.0 (compatible; MJ12bot/v2.0.0; http://mj12bot.com/)"
195.191.219.130 - - [27/Apr/2025:17:48:06 -0400] "GET /about.php?action=edit&file=fr-oss_nodeadkeys.map.gz&path=//lib/kbd/keymaps/xkb HTTP/1.1" 200 562 "-" "Mozilla/5.0 (compatible; MJ12bot/v2.0.0; http://mj12bot.com/)"
195.191.219.130 - - [27/Apr/2025:17:48:07 -0400] "GET /about.php?action=edit&file=fr-oss_sundeadkeys.map.gz&path=//lib/kbd/keymaps/xkb HTTP/1.1" 200 564 "-" "Mozilla/5.0 (compatible; MJ12bot/v2.0.0; http://mj12bot.com/)"
195.191.219.130 - - [27/Apr/2025:17:48:11 -0400] "GET /about.php?action=edit&file=fr-sundeadkeys.map.gz&path=//lib/kbd/keymaps/xkb HTTP/1.1" 200 560 "-" "Mozilla/5.0 (compatible; MJ12bot/v2.0.0; http://mj12bot.com/)"
195.191.219.130 - - [27/Apr/2025:17:48:13 -0400] "GET /about.php?action=edit&file=fr-us.map.gz&path=//lib/kbd/keymaps/xkb HTTP/1.1" 200 555 "-" "Mozilla/5.0 (compatible; MJ12bot/v2.0.0; http://mj12bot.com/)"
195.191.219.130 - - [27/Apr/2025:17:48:14 -0400] "GET /about.php?action=edit&file=fr.map.gz&path=//lib/kbd/keymaps/xkb HTTP/1.1" 200 554 "-" "Mozilla/5.0 (compatible; MJ12bot/v2.0.0; http://mj12bot.com/)"
195.191.219.130 - - [27/Apr/2025:17:48:17 -0400] "GET /about.php?action=edit&file=fr.po&path=//home/juralptl/imgstore.store/app/languages HTTP/1.1" 200 34952 "-" "Mozilla/5.0 (compatible; MJ12bot/v2.0.0; http://mj12bot.com/)"
195.191.219.130 - - [27/Apr/2025:17:48:17 -0400] "GET /about.php?action=edit&file=fractalcurves.cpython-38.opt-1.pyc&path=//lib64/python3.8/turtledemo/__pycache__ HTTP/1.1" 200 570 "-" "Mozilla/5.0 (compatible; MJ12bot/v2.0.0; http://mj12bot.com/)"
195.191.219.130 - - [27/Apr/2025:17:48:19 -0400] "GET /about.php?action=edit&file=fractalcurves.cpython-38.opt-2.pyc&path=//lib64/python3.8/turtledemo/__pycache__ HTTP/1.1" 200 570 "-" "Mozilla/5.0 (compatible; MJ12bot/v2.0.0; http://mj12bot.com/)"
195.191.219.130 - - [27/Apr/2025:17:48:20 -0400] "GET /about.php?action=edit&file=fractalcurves.cpython-38.pyc&path=//lib64/python3.8/turtledemo/__pycache__ HTTP/1.1" 200 565 "-" "Mozilla/5.0 (compatible; MJ12bot/v2.0.0; http://mj12bot.com/)"
195.191.219.130 - - [27/Apr/2025:17:48:20 -0400] "GET /about.php?action=edit&file=framework.py&path=//lib64/python2.7/ctypes/macholib HTTP/1.1" 200 1213 "-" "Mozilla/5.0 (compatible; MJ12bot/v2.0.0; http://mj12bot.com/)"
195.191.219.130 - - [27/Apr/2025:17:48:23 -0400] "GET /about.php?action=edit&file=framework.py&path=//lib64/python3.6/ctypes/macholib HTTP/1.1" 200 1213 "-" "Mozilla/5.0 (compatible; MJ12bot/v2.0.0; http://mj12bot.com/)"
195.191.219.130 - - [27/Apr/2025:17:48:24 -0400] "GET /about.php?action=edit&file=framework.py&path=//lib64/python3.8/ctypes/macholib HTTP/1.1" 200 1213 "-" "Mozilla/5.0 (compatible; MJ12bot/v2.0.0; http://mj12bot.com/)"
195.191.219.130 - - [27/Apr/2025:17:48:25 -0400] "GET /about.php?action=edit&file=framework.pyc&path=//lib64/python2.7/ctypes/macholib HTTP/1.1" 200 552 "-" "Mozilla/5.0 (compatible; MJ12bot/v2.0.0; http://mj12bot.com/)"
195.191.219.130 - - [27/Apr/2025:17:48:28 -0400] "GET /about.php?action=edit&file=framework.pyo&path=//lib64/python2.7/ctypes/macholib HTTP/1.1" 200 552 "-" "Mozilla/5.0 (compatible; MJ12bot/v2.0.0; http://mj12bot.com/)"
195.191.219.130 - - [27/Apr/2025:17:48:28 -0400] "GET /about.php?action=edit&file=freedoms.php&path=//home/juralptl/public_html/wp-admin HTTP/1.1" 200 2164 "-" "Mozilla/5.0 (compatible; MJ12bot/v2.0.0; http://mj12bot.com/)"
195.191.219.130 - - [27/Apr/2025:17:48:29 -0400] "GET /about.php?action=edit&file=freedoms.php&path=//home/juralptl/pvjbtf.site/wp-admin HTTP/1.1" 200 2164 "-" "Mozilla/5.0 (compatible; MJ12bot/v2.0.0; http://mj12bot.com/)"
66.249.75.103 - - [27/Apr/2025:17:48:30 -0400] "GET /about.php?action=edit&file=forms.less&path=%2F%2Fhome%2Fjuralptl%2Fhkpoolsidn.com%2Fdist%2Fcss%2Fless%2Fmixins HTTP/1.1" 200 1579 "-" "Mozilla/5.0 (Linux; Android 6.0.1; Nexus 5X Build/MMB29P) AppleWebKit/537.36 (KHTML, like Gecko) Chrome/135.0.7049.95 Mobile Safari/537.36 (compatible; Googlebot/2.1; +http://www.google.com/bot.html)"
66.249.75.101 - - [27/Apr/2025:17:48:30 -0400] "GET /about.php?action=edit&file=selandia.zip&path=%2F%2Fhome%2Fjuralptl%2Femangbedah.store%2FChaucibai HTTP/1.1" 200 552 "-" "Mozilla/5.0 (Linux; Android 6.0.1; Nexus 5X Build/MMB29P) AppleWebKit/537.36 (KHTML, like Gecko) Chrome/135.0.7049.95 Mobile Safari/537.36 (compatible; Googlebot/2.1; +http://www.google.com/bot.html)"
195.191.219.130 - - [27/Apr/2025:17:48:30 -0400] "GET /about.php?action=edit&file=freedoms.php&path=//home/juralptl/pvjgacor.com/wp-admin HTTP/1.1" 200 2175 "-" "Mozilla/5.0 (compatible; MJ12bot/v2.0.0; http://mj12bot.com/)"
66.249.75.103 - - [27/Apr/2025:17:48:30 -0400] "GET /about.php?path=%2F%2Fproc%2F2798644 HTTP/1.1" 200 693 "-" "Mozilla/5.0 (Linux; Android 6.0.1; Nexus 5X Build/MMB29P) AppleWebKit/537.36 (KHTML, like Gecko) Chrome/135.0.7049.95 Mobile Safari/537.36 (compatible; Googlebot/2.1; +http://www.google.com/bot.html)"
195.191.219.130 - - [27/Apr/2025:17:48:32 -0400] "GET /about.php?action=edit&file=freedoms.php&path=//home/juralptl/tahu-pong.store/wp-admin HTTP/1.1" 200 2175 "-" "Mozilla/5.0 (compatible; MJ12bot/v2.0.0; http://mj12bot.com/)"
195.191.219.130 - - [27/Apr/2025:17:48:32 -0400] "GET /about.php?action=edit&file=freedoms.php&path=//home/juralptl/telekomaret.site/wp-admin HTTP/1.1" 200 2175 "-" "Mozilla/5.0 (compatible; MJ12bot/v2.0.0; http://mj12bot.com/)"
195.191.219.130 - - [27/Apr/2025:17:48:34 -0400] "GET /about.php?action=edit&file=freedoms.php&path=//home/juralptl/www/wp-admin HTTP/1.1" 200 2164 "-" "Mozilla/5.0 (compatible; MJ12bot/v2.0.0; http://mj12bot.com/)"
195.191.219.130 - - [27/Apr/2025:17:48:34 -0400] "GET /about.php?action=edit&file=freetds.conf&path=//opt/alt/freetds11/etc HTTP/1.1" 200 1160 "-" "Mozilla/5.0 (compatible; MJ12bot/v2.0.0; http://mj12bot.com/)"
195.191.219.130 - - [27/Apr/2025:17:48:36 -0400] "GET /about.php?action=edit&file=from.py&path=//lib64/python2.7/Demo/scripts HTTP/1.1" 200 965 "-" "Mozilla/5.0 (compatible; MJ12bot/v2.0.0; http://mj12bot.com/)"
195.191.219.130 - - [27/Apr/2025:17:48:36 -0400] "GET /about.php?action=edit&file=from.pyc&path=//lib64/python2.7/Demo/scripts HTTP/1.1" 200 551 "-" "Mozilla/5.0 (compatible; MJ12bot/v2.0.0; http://mj12bot.com/)"
195.191.219.130 - - [27/Apr/2025:17:48:38 -0400] "GET /about.php?action=edit&file=from.pyo&path=//lib64/python2.7/Demo/scripts HTTP/1.1" 200 551 "-" "Mozilla/5.0 (compatible; MJ12bot/v2.0.0; http://mj12bot.com/)"
195.191.219.130 - - [27/Apr/2025:17:48:38 -0400] "GET /about.php?action=edit&file=fs-lib.sh&path=//lib/dracut/modules.d/99fs-lib HTTP/1.1" 200 2798 "-" "Mozilla/5.0 (compatible; MJ12bot/v2.0.0; http://mj12bot.com/)"
195.191.219.130 - - [27/Apr/2025:17:48:40 -0400] "GET /about.php?action=edit&file=ftp.py&path=//lib64/python2.7/Demo/sockets HTTP/1.1" 200 2205 "-" "Mozilla/5.0 (compatible; MJ12bot/v2.0.0; http://mj12bot.com/)"
195.191.219.130 - - [27/Apr/2025:17:48:41 -0400] "GET /about.php?action=edit&file=ftp.pyc&path=//lib64/python2.7/Demo/sockets HTTP/1.1" 200 552 "-" "Mozilla/5.0 (compatible; MJ12bot/v2.0.0; http://mj12bot.com/)"
195.191.219.130 - - [27/Apr/2025:17:48:42 -0400] "GET /about.php?action=edit&file=ftp.pyo&path=//lib64/python2.7/Demo/sockets HTTP/1.1" 200 550 "-" "Mozilla/5.0 (compatible; MJ12bot/v2.0.0; http://mj12bot.com/)"
195.191.219.130 - - [27/Apr/2025:17:48:43 -0400] "GET /about.php?action=edit&file=fullcalendar.css&path=//home/juralptl/berlinpools.us/ADM/css HTTP/1.1" 200 3367 "-" "Mozilla/5.0 (compatible; MJ12bot/v2.0.0; http://mj12bot.com/)"
195.191.219.130 - - [27/Apr/2025:17:48:45 -0400] "GET /about.php?action=edit&file=fullcalendar.css&path=//home/juralptl/hkpoolsidn.com/ADM/css HTTP/1.1" 200 3367 "-" "Mozilla/5.0 (compatible; MJ12bot/v2.0.0; http://mj12bot.com/)"
195.191.219.130 - - [27/Apr/2025:17:48:45 -0400] "GET /about.php?action=edit&file=fullcalendar.min.js&path=//home/juralptl/berlinpools.us/ADM/js HTTP/1.1" 200 20179 "-" "Mozilla/5.0 (compatible; MJ12bot/v2.0.0; http://mj12bot.com/)"
195.191.219.130 - - [27/Apr/2025:17:48:46 -0400] "GET /about.php?action=edit&file=fullcalendar.min.js&path=//home/juralptl/hkpoolsidn.com/ADM/js HTTP/1.1" 200 20179 "-" "Mozilla/5.0 (compatible; MJ12bot/v2.0.0; http://mj12bot.com/)"
195.191.219.130 - - [27/Apr/2025:17:48:47 -0400] "GET /about.php?action=edit&file=functions.php&path=//home/juralptl/pvjbtf.site/wp-includes HTTP/1.1" 200 75215 "-" "Mozilla/5.0 (compatible; MJ12bot/v2.0.0; http://mj12bot.com/)"
195.191.219.130 - - [27/Apr/2025:17:48:48 -0400] "GET /about.php?action=edit&file=functions.php&path=//home/juralptl/pvjgacor.com/wp-includes HTTP/1.1" 200 76576 "-" "Mozilla/5.0 (compatible; MJ12bot/v2.0.0; http://mj12bot.com/)"
195.191.219.130 - - [27/Apr/2025:17:48:51 -0400] "GET /about.php?action=edit&file=functions.php&path=//home/juralptl/tahu-pong.store/wp-includes HTTP/1.1" 200 76585 "-" "Mozilla/5.0 (compatible; MJ12bot/v2.0.0; http://mj12bot.com/)"
195.191.219.130 - - [27/Apr/2025:17:48:52 -0400] "GET /about.php?action=edit&file=functions.php&path=//home/juralptl/telekomaret.site/wp-includes HTTP/1.1" 200 76576 "-" "Mozilla/5.0 (compatible; MJ12bot/v2.0.0; http://mj12bot.com/)"
195.191.219.130 - - [27/Apr/2025:17:48:54 -0400] "GET /about.php?action=edit&file=functions.wp-scripts.php&path=//home/juralptl/public_html/wp-includes HTTP/1.1" 200 4605 "-" "Mozilla/5.0 (compatible; MJ12bot/v2.0.0; http://mj12bot.com/)"
195.191.219.130 - - [27/Apr/2025:17:48:55 -0400] "GET /about.php?action=edit&file=functions.wp-scripts.php&path=//home/juralptl/pvjbtf.site/wp-includes HTTP/1.1" 200 4605 "-" "Mozilla/5.0 (compatible; MJ12bot/v2.0.0; http://mj12bot.com/)"
195.191.219.130 - - [27/Apr/2025:17:48:56 -0400] "GET /about.php?action=edit&file=functions.wp-scripts.php&path=//home/juralptl/pvjgacor.com/wp-includes HTTP/1.1" 200 4605 "-" "Mozilla/5.0 (compatible; MJ12bot/v2.0.0; http://mj12bot.com/)"
195.191.219.130 - - [27/Apr/2025:17:48:58 -0400] "GET /about.php?action=edit&file=functions.wp-scripts.php&path=//home/juralptl/tahu-pong.store/wp-includes HTTP/1.1" 200 4605 "-" "Mozilla/5.0 (compatible; MJ12bot/v2.0.0; http://mj12bot.com/)"
195.191.219.130 - - [27/Apr/2025:17:48:59 -0400] "GET /about.php?action=edit&file=functions.wp-scripts.php&path=//home/juralptl/telekomaret.site/wp-includes HTTP/1.1" 200 4605 "-" "Mozilla/5.0 (compatible; MJ12bot/v2.0.0; http://mj12bot.com/)"
195.191.219.130 - - [27/Apr/2025:17:49:00 -0400] "GET /about.php?action=edit&file=functions.wp-scripts.php&path=//home/juralptl/www/wp-includes HTTP/1.1" 200 4605 "-" "Mozilla/5.0 (compatible; MJ12bot/v2.0.0; http://mj12bot.com/)"
195.191.219.130 - - [27/Apr/2025:17:49:01 -0400] "GET /about.php?action=edit&file=functions.wp-styles.php&path=//home/juralptl/public_html/wp-includes HTTP/1.1" 200 2909 "-" "Mozilla/5.0 (compatible; MJ12bot/v2.0.0; http://mj12bot.com/)"
195.191.219.130 - - [27/Apr/2025:17:49:02 -0400] "GET /about.php?action=edit&file=functions.wp-styles.php&path=//home/juralptl/pvjbtf.site/wp-includes HTTP/1.1" 200 2909 "-" "Mozilla/5.0 (compatible; MJ12bot/v2.0.0; http://mj12bot.com/)"
195.191.219.130 - - [27/Apr/2025:17:49:03 -0400] "GET /about.php?action=edit&file=functions.wp-styles.php&path=//home/juralptl/pvjgacor.com/wp-includes HTTP/1.1" 200 2909 "-" "Mozilla/5.0 (compatible; MJ12bot/v2.0.0; http://mj12bot.com/)"
195.191.219.130 - - [27/Apr/2025:17:49:04 -0400] "GET /about.php?action=edit&file=functions.wp-styles.php&path=//home/juralptl/tahu-pong.store/wp-includes HTTP/1.1" 200 2909 "-" "Mozilla/5.0 (compatible; MJ12bot/v2.0.0; http://mj12bot.com/)"
20.171.207.115 - - [27/Apr/2025:17:49:06 -0400] "GET /wp-admin/comment.php?action=spam&c=1187 HTTP/1.1" 404 1251 "-" "Mozilla/5.0 AppleWebKit/537.36 (KHTML, like Gecko; compatible; GPTBot/1.2; +https://openai.com/gptbot)"
195.191.219.130 - - [27/Apr/2025:17:49:06 -0400] "GET /about.php?action=edit&file=functions.wp-styles.php&path=//home/juralptl/telekomaret.site/wp-includes HTTP/1.1" 200 2909 "-" "Mozilla/5.0 (compatible; MJ12bot/v2.0.0; http://mj12bot.com/)"
195.191.219.130 - - [27/Apr/2025:17:49:09 -0400] "GET /about.php?action=edit&file=functions.wp-styles.php&path=//home/juralptl/www/wp-includes HTTP/1.1" 200 2909 "-" "Mozilla/5.0 (compatible; MJ12bot/v2.0.0; http://mj12bot.com/)"
195.191.219.130 - - [27/Apr/2025:17:49:09 -0400] "GET /about.php?action=edit&file=futures.cpython-36.opt-1.pyc&path=//lib64/python3.6/asyncio/__pycache__ HTTP/1.1" 200 566 "-" "Mozilla/5.0 (compatible; MJ12bot/v2.0.0; http://mj12bot.com/)"
195.191.219.130 - - [27/Apr/2025:17:49:10 -0400] "GET /about.php?action=edit&file=futures.cpython-36.opt-2.pyc&path=//lib64/python3.6/asyncio/__pycache__ HTTP/1.1" 200 566 "-" "Mozilla/5.0 (compatible; MJ12bot/v2.0.0; http://mj12bot.com/)"
195.191.219.130 - - [27/Apr/2025:17:49:12 -0400] "GET /about.php?action=edit&file=futures.cpython-36.pyc&path=//lib64/python3.6/asyncio/__pycache__ HTTP/1.1" 200 562 "-" "Mozilla/5.0 (compatible; MJ12bot/v2.0.0; http://mj12bot.com/)"
195.191.219.130 - - [27/Apr/2025:17:49:13 -0400] "GET /about.php?action=edit&file=futures.cpython-38.opt-1.pyc&path=//lib64/python3.8/asyncio/__pycache__ HTTP/1.1" 200 566 "-" "Mozilla/5.0 (compatible; MJ12bot/v2.0.0; http://mj12bot.com/)"
195.191.219.130 - - [27/Apr/2025:17:49:14 -0400] "GET /about.php?action=edit&file=futures.cpython-38.opt-2.pyc&path=//lib64/python3.8/asyncio/__pycache__ HTTP/1.1" 200 566 "-" "Mozilla/5.0 (compatible; MJ12bot/v2.0.0; http://mj12bot.com/)"
195.191.219.130 - - [27/Apr/2025:17:49:16 -0400] "GET /about.php?action=edit&file=futures.cpython-38.pyc&path=//lib64/python3.8/asyncio/__pycache__ HTTP/1.1" 200 562 "-" "Mozilla/5.0 (compatible; MJ12bot/v2.0.0; http://mj12bot.com/)"
195.191.219.130 - - [27/Apr/2025:17:49:18 -0400] "GET /about.php?action=edit&file=futurize&path=//opt/alt/python37/bin HTTP/1.1" 200 999 "-" "Mozilla/5.0 (compatible; MJ12bot/v2.0.0; http://mj12bot.com/)"
195.191.219.130 - - [27/Apr/2025:17:49:18 -0400] "GET /about.php?action=edit&file=fw1.bin&path=//lib/firmware/qcom/aic100 HTTP/1.1" 200 552 "-" "Mozilla/5.0 (compatible; MJ12bot/v2.0.0; http://mj12bot.com/)"
195.191.219.130 - - [27/Apr/2025:17:49:19 -0400] "GET /about.php?action=edit&file=fw10.bin&path=//lib/firmware/qcom/aic100 HTTP/1.1" 200 551 "-" "Mozilla/5.0 (compatible; MJ12bot/v2.0.0; http://mj12bot.com/)"
195.191.219.130 - - [27/Apr/2025:17:49:20 -0400] "GET /about.php?action=edit&file=fw2.bin&path=//lib/firmware/qcom/aic100 HTTP/1.1" 200 552 "-" "Mozilla/5.0 (compatible; MJ12bot/v2.0.0; http://mj12bot.com/)"
195.191.219.130 - - [27/Apr/2025:17:49:21 -0400] "GET /about.php?action=edit&file=fw5.bin&path=//lib/firmware/qcom/aic100 HTTP/1.1" 200 552 "-" "Mozilla/5.0 (compatible; MJ12bot/v2.0.0; http://mj12bot.com/)"
195.191.219.130 - - [27/Apr/2025:17:49:22 -0400] "GET /about.php?action=edit&file=fw9.bin&path=//lib/firmware/qcom/aic100 HTTP/1.1" 200 552 "-" "Mozilla/5.0 (compatible; MJ12bot/v2.0.0; http://mj12bot.com/)"
195.191.219.130 - - [27/Apr/2025:17:49:23 -0400] "GET /about.php?action=edit&file=g12a_h264.bin&path=//lib/firmware/meson/vdec HTTP/1.1" 200 556 "-" "Mozilla/5.0 (compatible; MJ12bot/v2.0.0; http://mj12bot.com/)"
195.191.219.130 - - [27/Apr/2025:17:49:24 -0400] "GET /about.php?action=edit&file=g12a_hevc_mmu.bin&path=//lib/firmware/meson/vdec HTTP/1.1" 200 559 "-" "Mozilla/5.0 (compatible; MJ12bot/v2.0.0; http://mj12bot.com/)"
195.191.219.130 - - [27/Apr/2025:17:49:25 -0400] "GET /about.php?action=edit&file=g12a_vp9.bin&path=//lib/firmware/meson/vdec HTTP/1.1" 200 556 "-" "Mozilla/5.0 (compatible; MJ12bot/v2.0.0; http://mj12bot.com/)"
195.191.219.130 - - [27/Apr/2025:17:49:27 -0400] "GET /about.php?action=edit&file=gallery.php&path=//home/juralptl/btfovj.store/wp-includes/blocks HTTP/1.1" 200 2906 "-" "Mozilla/5.0 (compatible; MJ12bot/v2.0.0; http://mj12bot.com/)"
195.191.219.130 - - [27/Apr/2025:17:49:27 -0400] "GET /about.php?action=edit&file=gallery.php&path=//home/juralptl/btspv.store/wp-includes/blocks HTTP/1.1" 200 2906 "-" "Mozilla/5.0 (compatible; MJ12bot/v2.0.0; http://mj12bot.com/)"
195.191.219.130 - - [27/Apr/2025:17:49:28 -0400] "GET /about.php?action=edit&file=gb-colemak.map.gz&path=//lib/kbd/keymaps/xkb HTTP/1.1" 200 559 "-" "Mozilla/5.0 (compatible; MJ12bot/v2.0.0; http://mj12bot.com/)"
195.191.219.130 - - [27/Apr/2025:17:49:29 -0400] "GET /about.php?action=edit&file=gb-dvorak.map.gz&path=//lib/kbd/keymaps/xkb HTTP/1.1" 200 557 "-" "Mozilla/5.0 (compatible; MJ12bot/v2.0.0; http://mj12bot.com/)"
195.191.219.130 - - [27/Apr/2025:17:49:30 -0400] "GET /about.php?action=edit&file=gb-dvorakukp.map.gz&path=//lib/kbd/keymaps/xkb HTTP/1.1" 200 559 "-" "Mozilla/5.0 (compatible; MJ12bot/v2.0.0; http://mj12bot.com/)"
195.191.219.130 - - [27/Apr/2025:17:49:31 -0400] "GET /about.php?action=edit&file=gb-extd.map.gz&path=//lib/kbd/keymaps/xkb HTTP/1.1" 200 557 "-" "Mozilla/5.0 (compatible; MJ12bot/v2.0.0; http://mj12bot.com/)"
195.191.219.130 - - [27/Apr/2025:17:49:32 -0400] "GET /about.php?action=edit&file=gb-intl.map.gz&path=//lib/kbd/keymaps/xkb HTTP/1.1" 200 555 "-" "Mozilla/5.0 (compatible; MJ12bot/v2.0.0; http://mj12bot.com/)"
195.191.219.130 - - [27/Apr/2025:17:49:33 -0400] "GET /about.php?action=edit&file=gb-mac.map.gz&path=//lib/kbd/keymaps/xkb HTTP/1.1" 200 556 "-" "Mozilla/5.0 (compatible; MJ12bot/v2.0.0; http://mj12bot.com/)"
195.191.219.130 - - [27/Apr/2025:17:49:34 -0400] "GET /about.php?action=edit&file=gb-mac_intl.map.gz&path=//lib/kbd/keymaps/xkb HTTP/1.1" 200 560 "-" "Mozilla/5.0 (compatible; MJ12bot/v2.0.0; http://mj12bot.com/)"
195.191.219.130 - - [27/Apr/2025:17:49:35 -0400] "GET /about.php?action=edit&file=gb-pl.map.gz&path=//lib/kbd/keymaps/xkb HTTP/1.1" 200 553 "-" "Mozilla/5.0 (compatible; MJ12bot/v2.0.0; http://mj12bot.com/)"
195.191.219.130 - - [27/Apr/2025:17:49:36 -0400] "GET /about.php?action=edit&file=gb.map.gz&path=//lib/kbd/keymaps/xkb HTTP/1.1" 200 553 "-" "Mozilla/5.0 (compatible; MJ12bot/v2.0.0; http://mj12bot.com/)"
195.191.219.130 - - [27/Apr/2025:17:49:38 -0400] "GET /about.php?action=edit&file=gb18030.cpython-36.opt-1.pyc&path=//lib64/python3.6/encodings/__pycache__ HTTP/1.1" 200 568 "-" "Mozilla/5.0 (compatible; MJ12bot/v2.0.0; http://mj12bot.com/)"
195.191.219.130 - - [27/Apr/2025:17:49:38 -0400] "GET /about.php?action=edit&file=gb18030.cpython-36.opt-2.pyc&path=//lib64/python3.6/encodings/__pycache__ HTTP/1.1" 200 568 "-" "Mozilla/5.0 (compatible; MJ12bot/v2.0.0; http://mj12bot.com/)"
195.191.219.130 - - [27/Apr/2025:17:49:39 -0400] "GET /about.php?action=edit&file=gb18030.cpython-36.pyc&path=//lib64/python3.6/encodings/__pycache__ HTTP/1.1" 200 563 "-" "Mozilla/5.0 (compatible; MJ12bot/v2.0.0; http://mj12bot.com/)"
195.191.219.130 - - [27/Apr/2025:17:49:40 -0400] "GET /about.php?action=edit&file=gb18030.cpython-38.opt-1.pyc&path=//lib64/python3.8/encodings/__pycache__ HTTP/1.1" 200 568 "-" "Mozilla/5.0 (compatible; MJ12bot/v2.0.0; http://mj12bot.com/)"
