OwlCyberSecurity - MANAGER
Edit File: valenciapools.juragankeripik.online-ssl_log
66.249.75.103 - - [27/Apr/2025:13:02:40 -0400] "GET /about.php?path=//proc/2218919/cwd/pulsaku HTTP/1.1" 200 716 "-" "Mozilla/5.0 (Linux; Android 6.0.1; Nexus 5X Build/MMB29P) AppleWebKit/537.36 (KHTML, like Gecko) Chrome/135.0.7049.95 Mobile Safari/537.36 (compatible; GoogleOther)"
2a03:2880:f800:17:: - - [27/Apr/2025:13:03:20 -0400] "GET /dist/css/less/thumbnails.less HTTP/1.1" 200 753 "-" "meta-externalagent/1.1 (+https://developers.facebook.com/docs/sharing/webmasters/crawler)"
66.249.75.100 - - [27/Apr/2025:13:04:51 -0400] "GET /about.php?action=edit&file=e9d603180c583d9bad82bcea17aa5c6c71c662&path=%2F%2Fproc%2Fthread-self%2Froot%2Flib%2F.build-id%2F6b HTTP/1.1" 200 575 "-" "Mozilla/5.0 (Linux; Android 6.0.1; Nexus 5X Build/MMB29P) AppleWebKit/537.36 (KHTML, like Gecko) Chrome/135.0.7049.95 Mobile Safari/537.36 (compatible; Googlebot/2.1; +http://www.google.com/bot.html)"
51.222.253.11 - - [27/Apr/2025:13:05:10 -0400] "GET /about.php?action=edit&file=livedraw.php&path=%2Fhome%2Fjuralptl%2Fvalenciapools.world HTTP/1.1" 200 847 "-" "Mozilla/5.0 (compatible; AhrefsBot/7.0; +http://ahrefs.com/robot/)"
66.249.75.102 - - [27/Apr/2025:13:06:08 -0400] "GET /about.php?action=edit&file=4d-bg.png&path=%2F%2Fhome%2Fjuralptl%2Fpulsaku.online%2Fimg HTTP/1.1" 200 552 "-" "Mozilla/5.0 (Linux; Android 6.0.1; Nexus 5X Build/MMB29P) AppleWebKit/537.36 (KHTML, like Gecko) Chrome/135.0.7049.95 Mobile Safari/537.36 (compatible; GoogleOther)"
66.249.75.100 - - [27/Apr/2025:13:07:52 -0400] "GET /about.php?action=edit&file=fa8c42daab96a39b42df014e1f018bc466cf9f&path=%2F%2Fproc%2Fthread-self%2Froot%2Flib%2F.build-id%2F6b HTTP/1.1" 200 574 "-" "Mozilla/5.0 (Linux; Android 6.0.1; Nexus 5X Build/MMB29P) AppleWebKit/537.36 (KHTML, like Gecko) Chrome/135.0.7049.95 Mobile Safari/537.36 (compatible; Googlebot/2.1; +http://www.google.com/bot.html)"
66.249.75.102 - - [27/Apr/2025:13:07:52 -0400] "GET /about.php?action=edit&file=tambah-sgp.php&path=%2Fhome%2Fjuralptl%2Fpvjtogel.sbs HTTP/1.1" 200 2716 "-" "Mozilla/5.0 (Linux; Android 6.0.1; Nexus 5X Build/MMB29P) AppleWebKit/537.36 (KHTML, like Gecko) Chrome/135.0.7049.95 Mobile Safari/537.36 (compatible; Googlebot/2.1; +http://www.google.com/bot.html)"
43.173.1.57 - - [27/Apr/2025:13:07:54 -0400] "GET /result.php HTTP/1.1" 200 2999 "-" "Mozilla/5.0 (iPhone; CPU iPhone OS 13_2_3 like Mac OS X) AppleWebKit/605.1.15 (KHTML, like Gecko) Version/13.0.3 Mobile/15E148 Safari/604.1"
66.249.75.100 - - [27/Apr/2025:13:08:34 -0400] "GET /about.php?action=edit&file=ee598bdee480733c0c0af8ab423f1692f7dcc5&path=%2F%2Fproc%2Fthread-self%2Froot%2Flib%2F.build-id%2F6b HTTP/1.1" 200 574 "-" "Mozilla/5.0 (Linux; Android 6.0.1; Nexus 5X Build/MMB29P) AppleWebKit/537.36 (KHTML, like Gecko) Chrome/135.0.7049.95 Mobile Safari/537.36 (compatible; GoogleOther)"
66.249.75.100 - - [27/Apr/2025:13:08:52 -0400] "GET /about.php?path=%2F%2Fopt%2Falt%2Ftests%2Falt-php81-pecl-gmagick_2.0.6-1.RC1.el8 HTTP/1.1" 200 785 "-" "Mozilla/5.0 (Linux; Android 6.0.1; Nexus 5X Build/MMB29P) AppleWebKit/537.36 (KHTML, like Gecko) Chrome/135.0.7049.95 Mobile Safari/537.36 (compatible; Googlebot/2.1; +http://www.google.com/bot.html)"
66.249.75.100 - - [27/Apr/2025:13:08:52 -0400] "GET /about.php?path=%2F%2Fproc%2F2019414 HTTP/1.1" 200 690 "-" "Mozilla/5.0 (Linux; Android 6.0.1; Nexus 5X Build/MMB29P) AppleWebKit/537.36 (KHTML, like Gecko) Chrome/135.0.7049.95 Mobile Safari/537.36 (compatible; Googlebot/2.1; +http://www.google.com/bot.html)"
66.249.75.103 - - [27/Apr/2025:13:10:53 -0400] "GET /about.php?action=edit&file=3e93d04d113273a9af55923feb914fda2383a5&path=%2F%2Fproc%2Fthread-self%2Froot%2Flib%2F.build-id%2F6b HTTP/1.1" 200 479 "-" "Mozilla/5.0 (Linux; Android 6.0.1; Nexus 5X Build/MMB29P) AppleWebKit/537.36 (KHTML, like Gecko) Chrome/135.0.7049.95 Mobile Safari/537.36 (compatible; Googlebot/2.1; +http://www.google.com/bot.html)"
66.249.75.102 - - [27/Apr/2025:13:11:53 -0400] "GET /about.php?action=edit&file=pvjbetx1000rtp.pro.juragankeripik.online-ssl_log-Apr-2025.gz&path=%2F%2Fhome%2Fjuralptl%2Flogs HTTP/1.1" 200 591 "-" "Mozilla/5.0 (Linux; Android 6.0.1; Nexus 5X Build/MMB29P) AppleWebKit/537.36 (KHTML, like Gecko) Chrome/135.0.7049.95 Mobile Safari/537.36 (compatible; Googlebot/2.1; +http://www.google.com/bot.html)"
66.249.75.101 - - [27/Apr/2025:13:12:04 -0400] "GET /about.php?action=edit&file=josspunya.store.juragankeripik.online-Apr-2025.gz&path=%2F%2Fhome%2Fjuralptl%2Flogs HTTP/1.1" 200 583 "-" "Mozilla/5.0 (Linux; Android 6.0.1; Nexus 5X Build/MMB29P) AppleWebKit/537.36 (KHTML, like Gecko) Chrome/135.0.7049.95 Mobile Safari/537.36 (compatible; Googlebot/2.1; +http://www.google.com/bot.html)"
66.249.70.134 - - [27/Apr/2025:13:12:53 -0400] "GET /about.php?path=%2F%2Fproc%2Fthread-self%2Froot%2Flib%2F.build-id%2F94 HTTP/1.1" 200 1309 "-" "Mozilla/5.0 (Linux; Android 6.0.1; Nexus 5X Build/MMB29P) AppleWebKit/537.36 (KHTML, like Gecko) Chrome/135.0.7049.95 Mobile Safari/537.36 (compatible; Googlebot/2.1; +http://www.google.com/bot.html)"
66.249.75.101 - - [27/Apr/2025:13:12:53 -0400] "GET /about.php?action=edit&file=selandiapools.juragankeripik.online-Apr-2025.gz&path=%2F%2Fhome%2Fjuralptl%2Flogs HTTP/1.1" 200 579 "-" "Mozilla/5.0 (Linux; Android 6.0.1; Nexus 5X Build/MMB29P) AppleWebKit/537.36 (KHTML, like Gecko) Chrome/135.0.7049.95 Mobile Safari/537.36 (compatible; Googlebot/2.1; +http://www.google.com/bot.html)"
66.249.75.101 - - [27/Apr/2025:13:13:54 -0400] "GET /about.php?action=edit&file=asset.zip&path=%2F%2Fhome%2Fjuralptl%2Fpvjbetamp.site HTTP/1.1" 200 553 "-" "Mozilla/5.0 (Linux; Android 6.0.1; Nexus 5X Build/MMB29P) AppleWebKit/537.36 (KHTML, like Gecko) Chrome/135.0.7049.95 Mobile Safari/537.36 (compatible; Googlebot/2.1; +http://www.google.com/bot.html)"
66.249.75.102 - - [27/Apr/2025:13:15:21 -0400] "GET /about.php?action=edit&file=tahu-pong.store.juragankeripik.online-ssl_log-Apr-2025.gz&path=%2F%2Fhome%2Fjuralptl%2Flogs HTTP/1.1" 200 588 "-" "Mozilla/5.0 (Linux; Android 6.0.1; Nexus 5X Build/MMB29P) AppleWebKit/537.36 (KHTML, like Gecko) Chrome/135.0.7049.95 Mobile Safari/537.36 (compatible; Googlebot/2.1; +http://www.google.com/bot.html)"
66.249.75.101 - - [27/Apr/2025:13:17:17 -0400] "GET /about.php?action=edit&file=publish_2025-03-03T15%3A33%3A24.log&path=%2F%2Fhome%2Fjuralptl%2Flogs HTTP/1.1" 200 5037 "-" "Mozilla/5.0 (Linux; Android 6.0.1; Nexus 5X Build/MMB29P) AppleWebKit/537.36 (KHTML, like Gecko) Chrome/135.0.7049.95 Mobile Safari/537.36 (compatible; GoogleOther)"
66.249.75.100 - - [27/Apr/2025:13:17:54 -0400] "GET /about.php?action=edit&file=index.html&path=%2F%2Fhome%2Fjuralptl%2Fpvjbetamp.site HTTP/1.1" 200 13368 "-" "Mozilla/5.0 (Linux; Android 6.0.1; Nexus 5X Build/MMB29P) AppleWebKit/537.36 (KHTML, like Gecko) Chrome/135.0.7049.95 Mobile Safari/537.36 (compatible; Googlebot/2.1; +http://www.google.com/bot.html)"
66.249.75.102 - - [27/Apr/2025:13:18:37 -0400] "GET /about.php?action=edit&file=bethepeople.org.juragankeripik.online-Nov-2024.gz&path=%2F%2Fhome%2Fjuralptl%2Flogs HTTP/1.1" 200 581 "-" "Mozilla/5.0 (Linux; Android 6.0.1; Nexus 5X Build/MMB29P) AppleWebKit/537.36 (KHTML, like Gecko) Chrome/135.0.7049.95 Mobile Safari/537.36 (compatible; Googlebot/2.1; +http://www.google.com/bot.html)"
66.249.75.100 - - [27/Apr/2025:13:18:54 -0400] "GET /about.php?action=edit&file=livedrawcontentmiddle.php&path=%2F%2Fproc%2F2218919%2Fcwd HTTP/1.1" 200 479 "-" "Mozilla/5.0 (Linux; Android 6.0.1; Nexus 5X Build/MMB29P) AppleWebKit/537.36 (KHTML, like Gecko) Chrome/135.0.7049.95 Mobile Safari/537.36 (compatible; Googlebot/2.1; +http://www.google.com/bot.html)"
66.249.75.100 - - [27/Apr/2025:13:20:55 -0400] "GET /about.php?action=edit&file=google381a485f4c56da1e.html&path=%2F%2Fhome%2Fjuralptl%2Fpvjbetamp.site HTTP/1.1" 200 576 "-" "Mozilla/5.0 (Linux; Android 6.0.1; Nexus 5X Build/MMB29P) AppleWebKit/537.36 (KHTML, like Gecko) Chrome/135.0.7049.95 Mobile Safari/537.36 (compatible; Googlebot/2.1; +http://www.google.com/bot.html)"
66.249.75.100 - - [27/Apr/2025:13:21:53 -0400] "GET /about.php?path=//proc/thread-self/root/lib/exim HTTP/1.1" 200 783 "-" "Mozilla/5.0 (Linux; Android 6.0.1; Nexus 5X Build/MMB29P) AppleWebKit/537.36 (KHTML, like Gecko) Chrome/135.0.7049.95 Mobile Safari/537.36 (compatible; Googlebot/2.1; +http://www.google.com/bot.html)"
66.249.75.100 - - [27/Apr/2025:13:23:34 -0400] "GET /about.php?action=edit&file=7ea599f7310fa7600f250abdc49e9cd82fd2b6&path=%2F%2Fproc%2Fthread-self%2Froot%2Flib%2F.build-id%2F6b HTTP/1.1" 200 575 "-" "Mozilla/5.0 (Linux; Android 6.0.1; Nexus 5X Build/MMB29P) AppleWebKit/537.36 (KHTML, like Gecko) Chrome/135.0.7049.95 Mobile Safari/537.36 (compatible; GoogleOther)"
66.249.75.100 - - [27/Apr/2025:13:23:55 -0400] "GET /about.php?action=edit&file=htmlmobile.php&path=%2F%2Fhome%2Fjuralptl%2Fpulsaku.online HTTP/1.1" 200 772 "-" "Mozilla/5.0 (Linux; Android 6.0.1; Nexus 5X Build/MMB29P) AppleWebKit/537.36 (KHTML, like Gecko) Chrome/135.0.7049.95 Mobile Safari/537.36 (compatible; Googlebot/2.1; +http://www.google.com/bot.html)"
2a03:2880:f800:a:: - - [27/Apr/2025:13:25:05 -0400] "GET /about.php?action=edit&file=libc_nonshared.a&path=%2F%2Flib64 HTTP/1.1" 200 554 "-" "meta-externalagent/1.1 (+https://developers.facebook.com/docs/sharing/webmasters/crawler)"
2a03:2880:f800:10:: - - [27/Apr/2025:13:25:15 -0400] "GET /about.php?action=edit&file=pvjbet-bukti-trf-23-mei-nQY2TI.tmp&path=%2F%2Ftmp HTTP/1.1" 200 572 "-" "meta-externalagent/1.1 (+https://developers.facebook.com/docs/sharing/webmasters/crawler)"
2a03:2880:f800:9:: - - [27/Apr/2025:13:26:09 -0400] "GET /about.php?action=edit&file=publish_2025-03-07T11%3A30%3A25.log&path=%2Fhome%2Fjuralptl%2Flogs HTTP/1.1" 200 4960 "-" "meta-externalagent/1.1 (+https://developers.facebook.com/docs/sharing/webmasters/crawler)"
2a03:2880:f800:1a:: - - [27/Apr/2025:13:26:14 -0400] "GET /about.php?path=/home/juralptl/ssl HTTP/1.1" 200 834 "-" "meta-externalagent/1.1 (+https://developers.facebook.com/docs/sharing/webmasters/crawler)"
2a03:2880:f800:d:: - - [27/Apr/2025:13:26:24 -0400] "GET /about.php?path=%2F%2Fproc%2Fthread-self HTTP/1.1" 200 1215 "-" "meta-externalagent/1.1 (+https://developers.facebook.com/docs/sharing/webmasters/crawler)"
2a03:2880:f800:1:: - - [27/Apr/2025:13:26:31 -0400] "GET /about.php?path=/home/juralptl/.cpan HTTP/1.1" 200 700 "-" "meta-externalagent/1.1 (+https://developers.facebook.com/docs/sharing/webmasters/crawler)"
2a03:2880:f800:f:: - - [27/Apr/2025:13:26:34 -0400] "GET /about.php?action=edit&file=libxcb-xinerama.so.0&path=%2F%2Flib64 HTTP/1.1" 200 560 "-" "meta-externalagent/1.1 (+https://developers.facebook.com/docs/sharing/webmasters/crawler)"
66.249.75.102 - - [27/Apr/2025:13:27:55 -0400] "GET /about.php?action=edit&file=livedrawcontent.php&path=%2F%2Fhome%2Fjuralptl%2Fpulsaku.online HTTP/1.1" 200 633 "-" "Mozilla/5.0 (Linux; Android 6.0.1; Nexus 5X Build/MMB29P) AppleWebKit/537.36 (KHTML, like Gecko) Chrome/135.0.7049.95 Mobile Safari/537.36 (compatible; Googlebot/2.1; +http://www.google.com/bot.html)"
66.249.75.102 - - [27/Apr/2025:13:27:59 -0400] "GET /about.php?path=%2F%2Fproc%2Fthread-self%2Froot%2Flib%2Fdracut%2Fmodules.d%2F95fstab-sys HTTP/1.1" 200 880 "-" "Mozilla/5.0 (Linux; Android 6.0.1; Nexus 5X Build/MMB29P) AppleWebKit/537.36 (KHTML, like Gecko) Chrome/135.0.7049.95 Mobile Safari/537.36 (compatible; GoogleOther)"
2a03:2880:f800:1a:: - - [27/Apr/2025:13:28:48 -0400] "GET /about.php?action=edit&file=Desaintanpajudul11-ezgif.com-png-to-webp-converter-9wrvTN.tmp&path=%2F%2Ftmp HTTP/1.1" 200 592 "-" "meta-externalagent/1.1 (+https://developers.facebook.com/docs/sharing/webmasters/crawler)"
2a03:2880:f800:15:: - - [27/Apr/2025:13:28:56 -0400] "GET /about.php?action=edit&file=libpangocairo-1.0.so.0.4200.3&path=%2F%2Flib64 HTTP/1.1" 200 567 "-" "meta-externalagent/1.1 (+https://developers.facebook.com/docs/sharing/webmasters/crawler)"
2a03:2880:f800:8:: - - [27/Apr/2025:13:29:06 -0400] "GET /about.php?action=edit&file=dnssec-settime&path=%2F%2Fsbin HTTP/1.1" 200 555 "-" "meta-externalagent/1.1 (+https://developers.facebook.com/docs/sharing/webmasters/crawler)"
2a03:2880:f800:4:: - - [27/Apr/2025:13:29:12 -0400] "GET /about.php?action=edit&file=indexcontentleft.php&path=%2Fhome%2Fjuralptl%2FMOBILE HTTP/1.1" 200 923 "-" "meta-externalagent/1.1 (+https://developers.facebook.com/docs/sharing/webmasters/crawler)"
66.249.75.101 - - [27/Apr/2025:13:30:55 -0400] "GET /about.php?action=edit&file=au_extra_backups.php&path=%2F%2Fhome%2Fjuralptl%2F.softaculous HTTP/1.1" 200 1035 "-" "Mozilla/5.0 (Linux; Android 6.0.1; Nexus 5X Build/MMB29P) AppleWebKit/537.36 (KHTML, like Gecko) Chrome/135.0.7049.95 Mobile Safari/537.36 (compatible; Googlebot/2.1; +http://www.google.com/bot.html)"
66.249.75.101 - - [27/Apr/2025:13:30:56 -0400] "GET /about.php?action=edit&file=UpdateResultStatus.php&path=%2F%2Fhome%2Fjuralptl%2Fpulsaku.online HTTP/1.1" 200 982 "-" "Mozilla/5.0 (Linux; Android 6.0.1; Nexus 5X Build/MMB29P) AppleWebKit/537.36 (KHTML, like Gecko) Chrome/135.0.7049.95 Mobile Safari/537.36 (compatible; Googlebot/2.1; +http://www.google.com/bot.html)"
2a03:2880:f800:1a:: - - [27/Apr/2025:13:31:58 -0400] "GET /about.php?path=/home/juralptl/pvjbtf.site HTTP/1.1" 200 1202 "-" "meta-externalagent/1.1 (+https://developers.facebook.com/docs/sharing/webmasters/crawler)"
2a03:2880:f800:11:: - - [27/Apr/2025:13:32:02 -0400] "GET /about.php?path=%2F%2Fproc%2Ftty HTTP/1.1" 200 790 "-" "meta-externalagent/1.1 (+https://developers.facebook.com/docs/sharing/webmasters/crawler)"
2a03:2880:f800:e:: - - [27/Apr/2025:13:32:08 -0400] "GET /about.php?action=edit&file=Bukti-Pembayaran-Kemenangan-Player-di-PVJBET-min-1-1-OFwiPv.tmp&path=%2F%2Ftmp HTTP/1.1" 200 592 "-" "meta-externalagent/1.1 (+https://developers.facebook.com/docs/sharing/webmasters/crawler)"
2a03:2880:f800:13:: - - [27/Apr/2025:13:32:15 -0400] "GET /about.php?action=edit&file=dovecot-quota&path=%2Fhome%2Fjuralptl%2Fmail HTTP/1.1" 200 585 "-" "meta-externalagent/1.1 (+https://developers.facebook.com/docs/sharing/webmasters/crawler)"
2a03:2880:f800:17:: - - [27/Apr/2025:13:32:17 -0400] "GET /about.php?path=/home/juralptl/.pki HTTP/1.1" 200 746 "-" "meta-externalagent/1.1 (+https://developers.facebook.com/docs/sharing/webmasters/crawler)"
2a03:2880:f800:6:: - - [27/Apr/2025:13:32:23 -0400] "GET /about.php?path=/home/juralptl/pulsaku HTTP/1.1" 200 833 "-" "meta-externalagent/1.1 (+https://developers.facebook.com/docs/sharing/webmasters/crawler)"
2a03:2880:f800:1b:: - - [27/Apr/2025:13:32:42 -0400] "GET /about.php?action=edit&file=pvjbet-6-VzmE0u.tmp&path=%2F%2Ftmp HTTP/1.1" 200 562 "-" "meta-externalagent/1.1 (+https://developers.facebook.com/docs/sharing/webmasters/crawler)"
2a03:2880:f800:7:: - - [27/Apr/2025:13:32:43 -0400] "GET /about.php?action=edit&file=Tanpa-judul-300-x-600-piksel-20-ZA6rwi.tmp&path=%2F%2Ftmp HTTP/1.1" 200 579 "-" "meta-externalagent/1.1 (+https://developers.facebook.com/docs/sharing/webmasters/crawler)"
2a03:2880:f800:1d:: - - [27/Apr/2025:13:32:50 -0400] "GET /about.php?action=edit&file=libxcb-shm.so&path=%2F%2Flib64 HTTP/1.1" 200 554 "-" "meta-externalagent/1.1 (+https://developers.facebook.com/docs/sharing/webmasters/crawler)"
2a03:2880:f800:b:: - - [27/Apr/2025:13:32:55 -0400] "GET /about.php?action=edit&file=kutunfrust-1-2-tMkzPA.tmp&path=%2F%2Ftmp HTTP/1.1" 200 564 "-" "meta-externalagent/1.1 (+https://developers.facebook.com/docs/sharing/webmasters/crawler)"
2a03:2880:f800:9:: - - [27/Apr/2025:13:32:56 -0400] "GET /about.php?path=%2F%2Flib%2Flocale HTTP/1.1" 200 1074 "-" "meta-externalagent/1.1 (+https://developers.facebook.com/docs/sharing/webmasters/crawler)"
2a03:2880:f800:: - - [27/Apr/2025:13:33:03 -0400] "GET /about.php?action=edit&file=Desain-tanpa-judul-57-58MwFK.tmp&path=%2F%2Ftmp HTTP/1.1" 200 569 "-" "meta-externalagent/1.1 (+https://developers.facebook.com/docs/sharing/webmasters/crawler)"
51.222.253.3 - - [27/Apr/2025:13:33:09 -0400] "GET /about.php?action=edit&file=livedrawcontent.php&path=%2Fhome%2Fjuralptl%2Fvalenciapools.world HTTP/1.1" 200 1609 "-" "Mozilla/5.0 (compatible; AhrefsBot/7.0; +http://ahrefs.com/robot/)"
2a03:2880:f800:: - - [27/Apr/2025:13:33:12 -0400] "GET /about.php?action=edit&file=today-pvj-SpV4Pl.tmp&path=%2F%2Ftmp HTTP/1.1" 200 562 "-" "meta-externalagent/1.1 (+https://developers.facebook.com/docs/sharing/webmasters/crawler)"
2a03:2880:f800:5:: - - [27/Apr/2025:13:33:23 -0400] "GET /about.php?action=edit&file=libxcb-randr.so&path=%2F%2Flib64 HTTP/1.1" 200 555 "-" "meta-externalagent/1.1 (+https://developers.facebook.com/docs/sharing/webmasters/crawler)"
2a03:2880:f800:16:: - - [27/Apr/2025:13:33:24 -0400] "GET /about.php?action=edit&file=BUKTI-JACKPOT-1-3-MPlmv4.tmp&path=%2F%2Ftmp HTTP/1.1" 200 571 "-" "meta-externalagent/1.1 (+https://developers.facebook.com/docs/sharing/webmasters/crawler)"
2a03:2880:f800:12:: - - [27/Apr/2025:13:33:30 -0400] "GET /about.php?path=%2F%2Flib%2Frpm HTTP/1.1" 200 1285 "-" "meta-externalagent/1.1 (+https://developers.facebook.com/docs/sharing/webmasters/crawler)"
2a03:2880:f800:17:: - - [27/Apr/2025:13:33:31 -0400] "GET /about.php?path=%2Fhome%2Fjuralptl%2F.cpanel%2Fcaches HTTP/1.1" 200 847 "-" "meta-externalagent/1.1 (+https://developers.facebook.com/docs/sharing/webmasters/crawler)"
2a03:2880:f800:9:: - - [27/Apr/2025:13:33:49 -0400] "GET /about.php?action=edit&file=Desain-tanpa-judul-64-1-wUmQO4.tmp&path=%2F%2Ftmp HTTP/1.1" 200 572 "-" "meta-externalagent/1.1 (+https://developers.facebook.com/docs/sharing/webmasters/crawler)"
2a03:2880:f800:1a:: - - [27/Apr/2025:13:33:53 -0400] "GET /about.php?path=%2Fhome%2Fjuralptl%2Fmail%2Ftmp HTTP/1.1" 200 711 "-" "meta-externalagent/1.1 (+https://developers.facebook.com/docs/sharing/webmasters/crawler)"
2a03:2880:f800:1c:: - - [27/Apr/2025:13:33:54 -0400] "GET /about.php?action=edit&file=libxcb-xfixes.so.0&path=%2F%2Flib64 HTTP/1.1" 200 558 "-" "meta-externalagent/1.1 (+https://developers.facebook.com/docs/sharing/webmasters/crawler)"
66.249.75.101 - - [27/Apr/2025:13:33:56 -0400] "GET /about.php?path=%2Fhome%2Fjuralptl%2Fvalenciapools.world%2FADM%2Fnbproject%2Fprivate HTTP/1.1" 200 857 "-" "Mozilla/5.0 (Linux; Android 6.0.1; Nexus 5X Build/MMB29P) AppleWebKit/537.36 (KHTML, like Gecko) Chrome/135.0.7049.95 Mobile Safari/537.36 (compatible; Googlebot/2.1; +http://www.google.com/bot.html)"
2a03:2880:f800:b:: - - [27/Apr/2025:13:33:59 -0400] "GET /about.php?action=edit&file=resulthistory.php&path=%2Fhome%2Fjuralptl%2Fwidget HTTP/1.1" 200 1712 "-" "meta-externalagent/1.1 (+https://developers.facebook.com/docs/sharing/webmasters/crawler)"
2a03:2880:f800:19:: - - [27/Apr/2025:13:34:00 -0400] "GET /about.php?action=edit&file=libicutu.so.60&path=%2F%2Flib64 HTTP/1.1" 200 555 "-" "meta-externalagent/1.1 (+https://developers.facebook.com/docs/sharing/webmasters/crawler)"
2a03:2880:f800:10:: - - [27/Apr/2025:13:34:23 -0400] "GET /about.php?path=%2F%2Flib%2Fbinfmt.d HTTP/1.1" 200 690 "-" "meta-externalagent/1.1 (+https://developers.facebook.com/docs/sharing/webmasters/crawler)"
2a03:2880:f800:19:: - - [27/Apr/2025:13:34:33 -0400] "GET /about.php?action=edit&file=libGLX_system.so.0&path=%2F%2Flib64 HTTP/1.1" 200 558 "-" "meta-externalagent/1.1 (+https://developers.facebook.com/docs/sharing/webmasters/crawler)"
2a03:2880:f800:15:: - - [27/Apr/2025:13:34:34 -0400] "GET /about.php?action=edit&file=libodbcnnS.so.2&path=%2F%2Flib64 HTTP/1.1" 200 556 "-" "meta-externalagent/1.1 (+https://developers.facebook.com/docs/sharing/webmasters/crawler)"
2a03:2880:f800:1a:: - - [27/Apr/2025:13:34:38 -0400] "GET /about.php?path=%2F%2Flib%2Fsysusers.d HTTP/1.1" 200 814 "-" "meta-externalagent/1.1 (+https://developers.facebook.com/docs/sharing/webmasters/crawler)"
2a03:2880:f800:17:: - - [27/Apr/2025:13:34:45 -0400] "GET /about.php?action=edit&file=21-09-Kt0SLB.tmp&path=%2F%2Ftmp HTTP/1.1" 200 558 "-" "meta-externalagent/1.1 (+https://developers.facebook.com/docs/sharing/webmasters/crawler)"
2a03:2880:f800:1c:: - - [27/Apr/2025:13:34:54 -0400] "GET /about.php?action=edit&file=libxcb-xinput.so&path=%2F%2Flib64 HTTP/1.1" 200 554 "-" "meta-externalagent/1.1 (+https://developers.facebook.com/docs/sharing/webmasters/crawler)"
2a03:2880:f800:14:: - - [27/Apr/2025:13:34:59 -0400] "GET /about.php?action=edit&file=libcupsmime.so.1&path=%2F%2Flib64 HTTP/1.1" 200 557 "-" "meta-externalagent/1.1 (+https://developers.facebook.com/docs/sharing/webmasters/crawler)"
2a03:2880:f800:7:: - - [27/Apr/2025:13:35:00 -0400] "GET /about.php?path=%2Fhome%2Fjuralptl%2Fmail%2Fberlinpools.us HTTP/1.1" 200 772 "-" "meta-externalagent/1.1 (+https://developers.facebook.com/docs/sharing/webmasters/crawler)"
2a03:2880:f800:12:: - - [27/Apr/2025:13:35:07 -0400] "GET /about.php?action=edit&file=pvj4-min-5-lHsO8o.tmp&path=%2F%2Ftmp HTTP/1.1" 200 562 "-" "meta-externalagent/1.1 (+https://developers.facebook.com/docs/sharing/webmasters/crawler)"
2a03:2880:f800:5:: - - [27/Apr/2025:13:35:09 -0400] "GET /about.php?action=edit&file=result.php&path=%2Fhome%2Fjuralptl%2Fpvjtogel.sbs HTTP/1.1" 200 848 "-" "meta-externalagent/1.1 (+https://developers.facebook.com/docs/sharing/webmasters/crawler)"
2a03:2880:f800:17:: - - [27/Apr/2025:13:35:16 -0400] "GET /about.php?path=/home/juralptl/widget HTTP/1.1" 200 885 "-" "meta-externalagent/1.1 (+https://developers.facebook.com/docs/sharing/webmasters/crawler)"
2a03:2880:f800:3:: - - [27/Apr/2025:13:35:23 -0400] "GET /about.php?action=edit&file=libcupsimage.so.2&path=%2F%2Flib64 HTTP/1.1" 200 557 "-" "meta-externalagent/1.1 (+https://developers.facebook.com/docs/sharing/webmasters/crawler)"
2a03:2880:f800:7:: - - [27/Apr/2025:13:35:26 -0400] "GET /about.php?action=edit&file=admin.php&path=%2Fhome%2Fjuralptl%2Frtppvjx1000.online HTTP/1.1" 200 4503 "-" "meta-externalagent/1.1 (+https://developers.facebook.com/docs/sharing/webmasters/crawler)"
2a03:2880:f800:d:: - - [27/Apr/2025:13:35:34 -0400] "GET /about.php?action=edit&file=libcpupower.so.0&path=%2F%2Flib64 HTTP/1.1" 200 557 "-" "meta-externalagent/1.1 (+https://developers.facebook.com/docs/sharing/webmasters/crawler)"
2a03:2880:f800:11:: - - [27/Apr/2025:13:35:36 -0400] "GET /about.php?path=%2Fhome%2Fjuralptl%2Frtppvjx1000.online%2F.well-known HTTP/1.1" 200 786 "-" "meta-externalagent/1.1 (+https://developers.facebook.com/docs/sharing/webmasters/crawler)"
2a03:2880:f800:4:: - - [27/Apr/2025:13:35:46 -0400] "GET /about.php?action=edit&file=Desaintanpajudul21-ezgif.com-png-to-webp-converter-W0b7s5.tmp&path=%2F%2Ftmp HTTP/1.1" 200 591 "-" "meta-externalagent/1.1 (+https://developers.facebook.com/docs/sharing/webmasters/crawler)"
2a03:2880:f800:e:: - - [27/Apr/2025:13:35:50 -0400] "GET /about.php?action=edit&file=21-09-wp-1-FTDPPM.tmp&path=%2F%2Ftmp HTTP/1.1" 200 563 "-" "meta-externalagent/1.1 (+https://developers.facebook.com/docs/sharing/webmasters/crawler)"
2a03:2880:f800:16:: - - [27/Apr/2025:13:35:55 -0400] "GET /about.php?path=/home/juralptl/pvj.info HTTP/1.1" 200 943 "-" "meta-externalagent/1.1 (+https://developers.facebook.com/docs/sharing/webmasters/crawler)"
2a03:2880:f800:16:: - - [27/Apr/2025:13:36:06 -0400] "GET /about.php?action=edit&file=Bukti-Pembayaran-Kemenangan-Player-di-PVJBET-4-min-1-K2TcXT.tmp&path=%2F%2Ftmp HTTP/1.1" 200 594 "-" "meta-externalagent/1.1 (+https://developers.facebook.com/docs/sharing/webmasters/crawler)"
2a03:2880:f800:1d:: - - [27/Apr/2025:13:36:10 -0400] "GET /about.php?action=edit&file=bashrc&path=%2F%2Fetc HTTP/1.1" 200 2146 "-" "meta-externalagent/1.1 (+https://developers.facebook.com/docs/sharing/webmasters/crawler)"
2a03:2880:f800:9:: - - [27/Apr/2025:13:36:24 -0400] "GET /about.php?path=/home/juralptl/public_ftp HTTP/1.1" 200 752 "-" "meta-externalagent/1.1 (+https://developers.facebook.com/docs/sharing/webmasters/crawler)"
2a03:2880:f800:3:: - - [27/Apr/2025:13:36:25 -0400] "GET /about.php?action=edit&file=pvj1-7-aV8Jen.tmp&path=%2F%2Ftmp HTTP/1.1" 200 559 "-" "meta-externalagent/1.1 (+https://developers.facebook.com/docs/sharing/webmasters/crawler)"
2a03:2880:f800:3:: - - [27/Apr/2025:13:36:25 -0400] "GET /about.php?action=edit&file=libtdsS.so.2&path=%2F%2Flib64 HTTP/1.1" 200 553 "-" "meta-externalagent/1.1 (+https://developers.facebook.com/docs/sharing/webmasters/crawler)"
2a03:2880:f800:1b:: - - [27/Apr/2025:13:36:26 -0400] "GET /about.php?action=edit&file=stderr&path=%2F%2Fdev HTTP/1.1" 200 549 "-" "meta-externalagent/1.1 (+https://developers.facebook.com/docs/sharing/webmasters/crawler)"
2a03:2880:f800:6:: - - [27/Apr/2025:13:36:32 -0400] "GET /about.php?action=edit&file=Tanpa-judul-300-x-600-piksel-6-1-HQlABs.tmp&path=%2F%2Ftmp HTTP/1.1" 200 578 "-" "meta-externalagent/1.1 (+https://developers.facebook.com/docs/sharing/webmasters/crawler)"
2a03:2880:f800:e:: - - [27/Apr/2025:13:36:40 -0400] "GET /about.php?action=edit&file=libxcb-icccm.so.4&path=%2F%2Flib64 HTTP/1.1" 200 557 "-" "meta-externalagent/1.1 (+https://developers.facebook.com/docs/sharing/webmasters/crawler)"
2a03:2880:f800:10:: - - [27/Apr/2025:13:36:53 -0400] "GET /about.php?path=%2Fhome%2Fjuralptl%2Frtpovj.store%2Fgmw HTTP/1.1" 200 832 "-" "meta-externalagent/1.1 (+https://developers.facebook.com/docs/sharing/webmasters/crawler)"
2a03:2880:f800:1:: - - [27/Apr/2025:13:36:53 -0400] "GET /about.php?action=edit&file=Tanpa-judul-300-x-600-piksel-6-CbWIyN.tmp&path=%2F%2Ftmp HTTP/1.1" 200 577 "-" "meta-externalagent/1.1 (+https://developers.facebook.com/docs/sharing/webmasters/crawler)"
2a03:2880:f800:16:: - - [27/Apr/2025:13:36:56 -0400] "GET /about.php?path=%2F%2Fusr%2Fselector.etc HTTP/1.1" 200 753 "-" "meta-externalagent/1.1 (+https://developers.facebook.com/docs/sharing/webmasters/crawler)"
66.249.75.100 - - [27/Apr/2025:13:36:56 -0400] "GET /about.php?path=//proc/thread-self/root/lib/environment.d HTTP/1.1" 200 810 "-" "Mozilla/5.0 (Linux; Android 6.0.1; Nexus 5X Build/MMB29P) AppleWebKit/537.36 (KHTML, like Gecko) Chrome/135.0.7049.95 Mobile Safari/537.36 (compatible; Googlebot/2.1; +http://www.google.com/bot.html)"
2a03:2880:f800:a:: - - [27/Apr/2025:13:36:58 -0400] "GET /about.php?path=%2Fhome%2Fjuralptl%2Fmail%2Fapkpvj.store HTTP/1.1" 200 767 "-" "meta-externalagent/1.1 (+https://developers.facebook.com/docs/sharing/webmasters/crawler)"
2a03:2880:f800:1:: - - [27/Apr/2025:13:37:03 -0400] "GET /about.php?action=edit&file=libbabeltrace-ctf-text.so.1&path=%2F%2Flib64 HTTP/1.1" 200 563 "-" "meta-externalagent/1.1 (+https://developers.facebook.com/docs/sharing/webmasters/crawler)"
2a03:2880:f800:17:: - - [27/Apr/2025:13:37:12 -0400] "GET /about.php?path=%2Fhome%2Fjuralptl%2Fimgstore.store%2F.tinkerwell HTTP/1.1" 200 807 "-" "meta-externalagent/1.1 (+https://developers.facebook.com/docs/sharing/webmasters/crawler)"
2a03:2880:f800:: - - [27/Apr/2025:13:37:15 -0400] "GET /about.php?action=edit&file=libenchant.so.1&path=%2F%2Flib64 HTTP/1.1" 200 555 "-" "meta-externalagent/1.1 (+https://developers.facebook.com/docs/sharing/webmasters/crawler)"
2a03:2880:f800:12:: - - [27/Apr/2025:13:37:26 -0400] "GET /about.php?action=edit&file=BUKTI-JACKPOT-Z0Opa6.tmp&path=%2F%2Ftmp HTTP/1.1" 200 567 "-" "meta-externalagent/1.1 (+https://developers.facebook.com/docs/sharing/webmasters/crawler)"
2a03:2880:f800:9:: - - [27/Apr/2025:13:37:28 -0400] "GET /about.php?action=edit&file=Desain-tanpa-judul-85-Vwe4Rs.tmp&path=%2F%2Ftmp HTTP/1.1" 200 571 "-" "meta-externalagent/1.1 (+https://developers.facebook.com/docs/sharing/webmasters/crawler)"
2a03:2880:f800:17:: - - [27/Apr/2025:13:37:30 -0400] "GET /about.php?path=%2F%2Flib%2Fkdump HTTP/1.1" 200 791 "-" "meta-externalagent/1.1 (+https://developers.facebook.com/docs/sharing/webmasters/crawler)"
2a03:2880:f800:b:: - - [27/Apr/2025:13:37:33 -0400] "GET /about.php?action=edit&file=pvjbet-2-8MHR0g.tmp&path=%2F%2Ftmp HTTP/1.1" 200 562 "-" "meta-externalagent/1.1 (+https://developers.facebook.com/docs/sharing/webmasters/crawler)"
2a03:2880:f800:7:: - - [27/Apr/2025:13:37:35 -0400] "GET /about.php?action=edit&file=pvj001-2-YVxy5K.tmp&path=%2F%2Ftmp HTTP/1.1" 200 561 "-" "meta-externalagent/1.1 (+https://developers.facebook.com/docs/sharing/webmasters/crawler)"
2a03:2880:f800:10:: - - [27/Apr/2025:13:37:45 -0400] "GET /about.php?action=edit&file=Bukti-Pembayaran-Kemenangan-Player-di-PVJBET-2-2-9xba1j.tmp&path=%2F%2Ftmp HTTP/1.1" 200 590 "-" "meta-externalagent/1.1 (+https://developers.facebook.com/docs/sharing/webmasters/crawler)"
2a03:2880:f800:16:: - - [27/Apr/2025:13:37:51 -0400] "GET /about.php?action=edit&file=BUKTI-JACKPOT-1-5-uf5hag.tmp&path=%2F%2Ftmp HTTP/1.1" 200 569 "-" "meta-externalagent/1.1 (+https://developers.facebook.com/docs/sharing/webmasters/crawler)"
2a03:2880:f800:17:: - - [27/Apr/2025:13:37:58 -0400] "GET /about.php?path=%2F%2Fvar%2F.cagefs HTTP/1.1" 200 751 "-" "meta-externalagent/1.1 (+https://developers.facebook.com/docs/sharing/webmasters/crawler)"
2a03:2880:f800:14:: - - [27/Apr/2025:13:38:07 -0400] "GET /about.php?action=edit&file=libgstsctp-1.0.so.0&path=%2F%2Flib64 HTTP/1.1" 200 559 "-" "meta-externalagent/1.1 (+https://developers.facebook.com/docs/sharing/webmasters/crawler)"
2a03:2880:f800:c:: - - [27/Apr/2025:13:38:13 -0400] "GET /about.php?path=%2Fhome%2Fjuralptl%2Fimgstore.store%2Fapp HTTP/1.1" 200 1086 "-" "meta-externalagent/1.1 (+https://developers.facebook.com/docs/sharing/webmasters/crawler)"
2a03:2880:f800:1c:: - - [27/Apr/2025:13:38:14 -0400] "GET /about.php?action=edit&file=libnl-xfrm-3.so.200.26.0&path=%2F%2Flib64 HTTP/1.1" 200 563 "-" "meta-externalagent/1.1 (+https://developers.facebook.com/docs/sharing/webmasters/crawler)"
2a03:2880:f800:6:: - - [27/Apr/2025:13:38:16 -0400] "GET /about.php?action=edit&file=libcairo.so.2&path=%2F%2Flib64 HTTP/1.1" 200 554 "-" "meta-externalagent/1.1 (+https://developers.facebook.com/docs/sharing/webmasters/crawler)"
2a03:2880:f800:1d:: - - [27/Apr/2025:13:38:22 -0400] "GET /about.php?action=edit&file=libcap-ng.so.0&path=%2F%2Flib64 HTTP/1.1" 200 556 "-" "meta-externalagent/1.1 (+https://developers.facebook.com/docs/sharing/webmasters/crawler)"
2a03:2880:f800:14:: - - [27/Apr/2025:13:38:30 -0400] "GET /about.php?path=%2F%2Flib%2Fmotd.d HTTP/1.1" 200 688 "-" "meta-externalagent/1.1 (+https://developers.facebook.com/docs/sharing/webmasters/crawler)"
2a03:2880:f800:3:: - - [27/Apr/2025:13:38:30 -0400] "GET /about.php?action=edit&file=libdrm.so.2&path=%2F%2Flib64 HTTP/1.1" 200 552 "-" "meta-externalagent/1.1 (+https://developers.facebook.com/docs/sharing/webmasters/crawler)"
66.249.75.102 - - [27/Apr/2025:13:38:34 -0400] "GET /about.php?action=edit&file=d34ab3d19a5cae9a3dba485f3c7b4c40b4082f&path=%2F%2Fproc%2Fthread-self%2Froot%2Flib%2F.build-id%2F6b HTTP/1.1" 200 574 "-" "Mozilla/5.0 (Linux; Android 6.0.1; Nexus 5X Build/MMB29P) AppleWebKit/537.36 (KHTML, like Gecko) Chrome/135.0.7049.95 Mobile Safari/537.36 (compatible; GoogleOther)"
2a03:2880:f800:16:: - - [27/Apr/2025:13:38:38 -0400] "GET /about.php?path=//home2 HTTP/1.1" 200 670 "-" "meta-externalagent/1.1 (+https://developers.facebook.com/docs/sharing/webmasters/crawler)"
2a03:2880:f800:4:: - - [27/Apr/2025:13:38:50 -0400] "GET /about.php?action=edit&file=libpam_misc.so&path=%2F%2Flib64 HTTP/1.1" 200 556 "-" "meta-externalagent/1.1 (+https://developers.facebook.com/docs/sharing/webmasters/crawler)"
2a03:2880:f800:9:: - - [27/Apr/2025:13:38:51 -0400] "GET /about.php?action=edit&file=Bukti-Pembayaran-Kemenangan-Player-di-PVJBET-1-JFz3qp.tmp&path=%2F%2Ftmp HTTP/1.1" 200 589 "-" "meta-externalagent/1.1 (+https://developers.facebook.com/docs/sharing/webmasters/crawler)"
2a03:2880:f800:e:: - - [27/Apr/2025:13:38:55 -0400] "GET /about.php?action=edit&file=libgstbase-1.0.so.0&path=%2F%2Flib64 HTTP/1.1" 200 558 "-" "meta-externalagent/1.1 (+https://developers.facebook.com/docs/sharing/webmasters/crawler)"
2a03:2880:f800:d:: - - [27/Apr/2025:13:38:59 -0400] "GET /about.php?path=%2Fhome%2Fjuralptl%2Fmohanna.me%2F.well-known HTTP/1.1" 200 778 "-" "meta-externalagent/1.1 (+https://developers.facebook.com/docs/sharing/webmasters/crawler)"
2a03:2880:f800:1b:: - - [27/Apr/2025:13:39:02 -0400] "GET /about.php?path=//tmp HTTP/1.1" 200 19738 "-" "meta-externalagent/1.1 (+https://developers.facebook.com/docs/sharing/webmasters/crawler)"
2a03:2880:f800:15:: - - [27/Apr/2025:13:39:06 -0400] "GET /about.php?action=edit&file=pvjbet-16-gMoRNS.tmp&path=%2F%2Ftmp HTTP/1.1" 200 562 "-" "meta-externalagent/1.1 (+https://developers.facebook.com/docs/sharing/webmasters/crawler)"
2a03:2880:f800:14:: - - [27/Apr/2025:13:39:06 -0400] "GET /about.php?path=%2F%2Fusr%2Flocal HTTP/1.1" 200 797 "-" "meta-externalagent/1.1 (+https://developers.facebook.com/docs/sharing/webmasters/crawler)"
2a03:2880:f800:8:: - - [27/Apr/2025:13:39:08 -0400] "GET /about.php?action=edit&file=libthai.so.0&path=%2F%2Flib64 HTTP/1.1" 200 553 "-" "meta-externalagent/1.1 (+https://developers.facebook.com/docs/sharing/webmasters/crawler)"
2a03:2880:f800:b:: - - [27/Apr/2025:13:39:15 -0400] "GET /about.php?action=edit&file=libaprutil-1.so.0.6.1&path=%2F%2Flib64 HTTP/1.1" 200 560 "-" "meta-externalagent/1.1 (+https://developers.facebook.com/docs/sharing/webmasters/crawler)"
2a03:2880:f800:5:: - - [27/Apr/2025:13:39:16 -0400] "GET /about.php?action=edit&file=17-10-2023-PVJBET-BET-DAN-JP-copy-1-HyCbZp.tmp&path=%2F%2Ftmp HTTP/1.1" 200 585 "-" "meta-externalagent/1.1 (+https://developers.facebook.com/docs/sharing/webmasters/crawler)"
2a03:2880:f800:1b:: - - [27/Apr/2025:13:39:26 -0400] "GET /about.php?action=edit&file=libpsx.so.2.48&path=%2F%2Flib64 HTTP/1.1" 200 556 "-" "meta-externalagent/1.1 (+https://developers.facebook.com/docs/sharing/webmasters/crawler)"
2a03:2880:f800:3:: - - [27/Apr/2025:13:39:27 -0400] "GET /about.php?action=edit&file=pvj2-2-QoVeij.tmp&path=%2F%2Ftmp HTTP/1.1" 200 560 "-" "meta-externalagent/1.1 (+https://developers.facebook.com/docs/sharing/webmasters/crawler)"
2a03:2880:f800:a:: - - [27/Apr/2025:13:39:32 -0400] "GET /about.php?action=edit&file=libicutu.so.60.3&path=%2F%2Flib64 HTTP/1.1" 200 556 "-" "meta-externalagent/1.1 (+https://developers.facebook.com/docs/sharing/webmasters/crawler)"
66.249.75.101 - - [27/Apr/2025:13:39:37 -0400] "GET /about.php?action=edit&file=xn--mgbu6c.com.juragankeripik.online-Feb-2025.gz&path=%2F%2Fhome%2Fjuralptl%2Flogs HTTP/1.1" 200 581 "-" "Mozilla/5.0 (Linux; Android 6.0.1; Nexus 5X Build/MMB29P) AppleWebKit/537.36 (KHTML, like Gecko) Chrome/135.0.7049.95 Mobile Safari/537.36 (compatible; GoogleOther)"
2a03:2880:f800:4:: - - [27/Apr/2025:13:39:37 -0400] "GET /about.php?path=%2F%2Flib%2Fsse2 HTTP/1.1" 200 686 "-" "meta-externalagent/1.1 (+https://developers.facebook.com/docs/sharing/webmasters/crawler)"
2a03:2880:f800:14:: - - [27/Apr/2025:13:39:43 -0400] "GET /about.php?path=%2Fhome%2Fjuralptl%2Fmail%2Fcur HTTP/1.1" 200 712 "-" "meta-externalagent/1.1 (+https://developers.facebook.com/docs/sharing/webmasters/crawler)"
2a03:2880:f800:13:: - - [27/Apr/2025:13:39:45 -0400] "GET /about.php?action=edit&file=libxcb-xvmc.so.0&path=%2F%2Flib64 HTTP/1.1" 200 557 "-" "meta-externalagent/1.1 (+https://developers.facebook.com/docs/sharing/webmasters/crawler)"
66.249.75.101 - - [27/Apr/2025:13:39:47 -0400] "GET /about.php?path=//opt/alt/tests/alt-php81-pecl-bitset_3.2.0-1.el8 HTTP/1.1" 200 777 "-" "Mozilla/5.0 (Linux; Android 6.0.1; Nexus 5X Build/MMB29P) AppleWebKit/537.36 (KHTML, like Gecko) Chrome/135.0.7049.95 Mobile Safari/537.36 (compatible; Googlebot/2.1; +http://www.google.com/bot.html)"
2a03:2880:f800:f:: - - [27/Apr/2025:13:39:50 -0400] "GET /about.php?action=edit&file=null&path=%2F%2Fdev HTTP/1.1" 200 547 "-" "meta-externalagent/1.1 (+https://developers.facebook.com/docs/sharing/webmasters/crawler)"
2a03:2880:f800:16:: - - [27/Apr/2025:13:39:51 -0400] "GET /about.php?path=//bin HTTP/1.1" 200 6742 "-" "meta-externalagent/1.1 (+https://developers.facebook.com/docs/sharing/webmasters/crawler)"
2a03:2880:f800:a:: - - [27/Apr/2025:13:39:59 -0400] "GET /about.php?action=edit&file=interrupts&path=%2F%2Fproc HTTP/1.1" 200 479 "-" "meta-externalagent/1.1 (+https://developers.facebook.com/docs/sharing/webmasters/crawler)"
2a03:2880:f800:7:: - - [27/Apr/2025:13:39:59 -0400] "GET /about.php?action=edit&file=PVJBET-BET-DAN-JP-copy-7MqolC.tmp&path=%2F%2Ftmp HTTP/1.1" 200 575 "-" "meta-externalagent/1.1 (+https://developers.facebook.com/docs/sharing/webmasters/crawler)"
2a03:2880:f800:: - - [27/Apr/2025:13:40:07 -0400] "GET /about.php?path=%2Fhome%2Fjuralptl%2Frtppvjx1000.online%2Fplaystar HTTP/1.1" 200 834 "-" "meta-externalagent/1.1 (+https://developers.facebook.com/docs/sharing/webmasters/crawler)"
2a03:2880:f800:14:: - - [27/Apr/2025:13:40:11 -0400] "GET /about.php?path=/home/juralptl/access-logs HTTP/1.1" 200 2242 "-" "meta-externalagent/1.1 (+https://developers.facebook.com/docs/sharing/webmasters/crawler)"
2a03:2880:f800:1a:: - - [27/Apr/2025:13:40:15 -0400] "GET /about.php?path=%2F%2Flib%2Fmodules HTTP/1.1" 200 803 "-" "meta-externalagent/1.1 (+https://developers.facebook.com/docs/sharing/webmasters/crawler)"
2a03:2880:f800:f:: - - [27/Apr/2025:13:40:17 -0400] "GET /about.php?path=%2F%2Fproc%2Fscsi HTTP/1.1" 200 781 "-" "meta-externalagent/1.1 (+https://developers.facebook.com/docs/sharing/webmasters/crawler)"
2a03:2880:f800:f:: - - [27/Apr/2025:13:40:22 -0400] "GET /about.php?action=edit&file=BTF-PVJBET-8-1qxJOX.tmp&path=%2F%2Ftmp HTTP/1.1" 200 566 "-" "meta-externalagent/1.1 (+https://developers.facebook.com/docs/sharing/webmasters/crawler)"
2a03:2880:f800:9:: - - [27/Apr/2025:13:40:33 -0400] "GET /about.php?path=%2F%2Fproc%2F1358695 HTTP/1.1" 200 691 "-" "meta-externalagent/1.1 (+https://developers.facebook.com/docs/sharing/webmasters/crawler)"
2a03:2880:f800:1a:: - - [27/Apr/2025:13:40:36 -0400] "GET /about.php?action=edit&file=libSvtAv1Dec.so.0&path=%2F%2Flib64 HTTP/1.1" 200 558 "-" "meta-externalagent/1.1 (+https://developers.facebook.com/docs/sharing/webmasters/crawler)"
2a03:2880:f800:c:: - - [27/Apr/2025:13:40:38 -0400] "GET /about.php?action=edit&file=btf-pvj-16-mei-WzxYcF.tmp&path=%2F%2Ftmp HTTP/1.1" 200 565 "-" "meta-externalagent/1.1 (+https://developers.facebook.com/docs/sharing/webmasters/crawler)"
2a03:2880:f800:8:: - - [27/Apr/2025:13:40:41 -0400] "GET /about.php?path=%2F%2Flib64%2Fwireshark HTTP/1.1" 200 935 "-" "meta-externalagent/1.1 (+https://developers.facebook.com/docs/sharing/webmasters/crawler)"
2a03:2880:f800:18:: - - [27/Apr/2025:13:40:44 -0400] "GET /about.php?action=edit&file=Desain-tanpa-judul-53-UhD77F.tmp&path=%2F%2Ftmp HTTP/1.1" 200 570 "-" "meta-externalagent/1.1 (+https://developers.facebook.com/docs/sharing/webmasters/crawler)"
2a03:2880:f800:f:: - - [27/Apr/2025:13:40:56 -0400] "GET /about.php?action=edit&file=libxcb-xf86dri.so&path=%2F%2Flib64 HTTP/1.1" 200 558 "-" "meta-externalagent/1.1 (+https://developers.facebook.com/docs/sharing/webmasters/crawler)"
66.249.75.100 - - [27/Apr/2025:13:40:57 -0400] "GET /about.php?path=//opt/alt/php80 HTTP/1.1" 200 772 "-" "Mozilla/5.0 (Linux; Android 6.0.1; Nexus 5X Build/MMB29P) AppleWebKit/537.36 (KHTML, like Gecko) Chrome/135.0.7049.95 Mobile Safari/537.36 (compatible; Googlebot/2.1; +http://www.google.com/bot.html)"
66.249.75.100 - - [27/Apr/2025:13:40:57 -0400] "GET /about.php?action=edit&file=schedstat&path=%2F%2Fproc%2F2218919 HTTP/1.1" 200 479 "-" "Mozilla/5.0 (Linux; Android 6.0.1; Nexus 5X Build/MMB29P) AppleWebKit/537.36 (KHTML, like Gecko) Chrome/135.0.7049.95 Mobile Safari/537.36 (compatible; Googlebot/2.1; +http://www.google.com/bot.html)"
2a03:2880:f800:9:: - - [27/Apr/2025:13:41:01 -0400] "GET /about.php?path=/home/juralptl/.system HTTP/1.1" 200 747 "-" "meta-externalagent/1.1 (+https://developers.facebook.com/docs/sharing/webmasters/crawler)"
2a03:2880:f800:7:: - - [27/Apr/2025:13:41:04 -0400] "GET /about.php?action=edit&file=pvj2-min-min-AmdyqP.tmp&path=%2F%2Ftmp HTTP/1.1" 200 562 "-" "meta-externalagent/1.1 (+https://developers.facebook.com/docs/sharing/webmasters/crawler)"
2a03:2880:f800:14:: - - [27/Apr/2025:13:41:06 -0400] "GET /about.php?action=edit&file=Desaintanpajudul20-ezgif.com-png-to-webp-converter-iCjFQ1.tmp&path=%2F%2Ftmp HTTP/1.1" 200 591 "-" "meta-externalagent/1.1 (+https://developers.facebook.com/docs/sharing/webmasters/crawler)"
2a03:2880:f800:16:: - - [27/Apr/2025:13:41:12 -0400] "GET /about.php?action=edit&file=libcares.so.2&path=%2F%2Flib64 HTTP/1.1" 200 554 "-" "meta-externalagent/1.1 (+https://developers.facebook.com/docs/sharing/webmasters/crawler)"
2a03:2880:f800:3:: - - [27/Apr/2025:13:41:13 -0400] "GET /about.php?action=edit&file=Screenshot_2023-11-12-10-33-31-114_id.co_.bri_.brimo_-mcBfjJ.tmp&path=%2F%2Ftmp HTTP/1.1" 200 594 "-" "meta-externalagent/1.1 (+https://developers.facebook.com/docs/sharing/webmasters/crawler)"
2a03:2880:f800:f:: - - [27/Apr/2025:13:41:15 -0400] "GET /about.php?action=edit&file=contactus.php&path=%2Fhome%2Fjuralptl%2FMOBILE HTTP/1.1" 200 717 "-" "meta-externalagent/1.1 (+https://developers.facebook.com/docs/sharing/webmasters/crawler)"
2a03:2880:f800:7:: - - [27/Apr/2025:13:41:16 -0400] "GET /about.php?action=edit&file=pvjbet-DmQhtv.tmp&path=%2F%2Ftmp HTTP/1.1" 200 559 "-" "meta-externalagent/1.1 (+https://developers.facebook.com/docs/sharing/webmasters/crawler)"
2a03:2880:f800:2:: - - [27/Apr/2025:13:41:25 -0400] "GET /about.php?path=/home/juralptl/telekomaret.site HTTP/1.1" 200 1181 "-" "meta-externalagent/1.1 (+https://developers.facebook.com/docs/sharing/webmasters/crawler)"
2a03:2880:f800:18:: - - [27/Apr/2025:13:41:47 -0400] "GET /about.php?action=edit&file=admin.php&path=%2Fhome%2Fjuralptl%2FMOBILE HTTP/1.1" 200 4503 "-" "meta-externalagent/1.1 (+https://developers.facebook.com/docs/sharing/webmasters/crawler)"
66.249.75.100 - - [27/Apr/2025:13:41:48 -0400] "GET /about.php?action=edit&file=pushsmarket.site.juragankeripik.online-ssl_log-Apr-2025.gz&path=%2F%2Fhome%2Fjuralptl%2Flogs HTTP/1.1" 200 586 "-" "Mozilla/5.0 (Linux; Android 6.0.1; Nexus 5X Build/MMB29P) AppleWebKit/537.36 (KHTML, like Gecko) Chrome/135.0.7049.95 Mobile Safari/537.36 (compatible; Googlebot/2.1; +http://www.google.com/bot.html)"
2a03:2880:f800:1:: - - [27/Apr/2025:13:41:58 -0400] "GET /about.php?action=edit&file=libmnl.so.0&path=%2F%2Flib64 HTTP/1.1" 200 553 "-" "meta-externalagent/1.1 (+https://developers.facebook.com/docs/sharing/webmasters/crawler)"
2a03:2880:f800:12:: - - [27/Apr/2025:13:42:27 -0400] "GET /about.php?path=/home/juralptl/josspunya.store HTTP/1.1" 200 971 "-" "meta-externalagent/1.1 (+https://developers.facebook.com/docs/sharing/webmasters/crawler)"
2a03:2880:f800:5:: - - [27/Apr/2025:13:42:35 -0400] "GET /about.php?action=edit&file=Desaintanpajudul16-ezgif.com-png-to-webp-converter-UKMduI.tmp&path=%2F%2Ftmp HTTP/1.1" 200 591 "-" "meta-externalagent/1.1 (+https://developers.facebook.com/docs/sharing/webmasters/crawler)"
66.249.75.103 - - [27/Apr/2025:13:42:57 -0400] "GET /about.php?path=%2F%2Fvar%2Frun%2Fconsole HTTP/1.1" 200 699 "-" "Mozilla/5.0 (Linux; Android 6.0.1; Nexus 5X Build/MMB29P) AppleWebKit/537.36 (KHTML, like Gecko) Chrome/135.0.7049.95 Mobile Safari/537.36 (compatible; Googlebot/2.1; +http://www.google.com/bot.html)"
2a03:2880:f800:9:: - - [27/Apr/2025:13:43:25 -0400] "GET /about.php?path=%2Fhome%2Fjuralptl%2Fjosspunya.store%2Fsubpage HTTP/1.1" 200 830 "-" "meta-externalagent/1.1 (+https://developers.facebook.com/docs/sharing/webmasters/crawler)"
2a03:2880:f800:1c:: - - [27/Apr/2025:13:43:41 -0400] "GET /about.php?action=edit&file=pvj1-3-XFDZXj.tmp&path=%2F%2Ftmp HTTP/1.1" 200 561 "-" "meta-externalagent/1.1 (+https://developers.facebook.com/docs/sharing/webmasters/crawler)"
2a03:2880:f800:17:: - - [27/Apr/2025:13:43:46 -0400] "GET /about.php?action=edit&file=26-01-pvjbet-1-1-bvkWhE.tmp&path=%2F%2Ftmp HTTP/1.1" 200 567 "-" "meta-externalagent/1.1 (+https://developers.facebook.com/docs/sharing/webmasters/crawler)"
2a03:2880:f800:16:: - - [27/Apr/2025:13:43:46 -0400] "GET /about.php?action=edit&file=Bukti-Pembayaran-Kemenangan-Player-di-PVJBET-oqDgU8.tmp&path=%2F%2Ftmp HTTP/1.1" 200 587 "-" "meta-externalagent/1.1 (+https://developers.facebook.com/docs/sharing/webmasters/crawler)"
2a03:2880:f800:16:: - - [27/Apr/2025:13:43:47 -0400] "GET /about.php?action=edit&file=Desaintanpajudul17-ezgif.com-png-to-webp-converter-hrNPtH.tmp&path=%2F%2Ftmp HTTP/1.1" 200 591 "-" "meta-externalagent/1.1 (+https://developers.facebook.com/docs/sharing/webmasters/crawler)"
66.249.75.102 - - [27/Apr/2025:13:43:48 -0400] "GET /about.php?action=edit&file=pvjtogel.juragankeripik.online-ssl_log-Apr-2025.gz&path=%2F%2Fhome%2Fjuralptl%2Flogs HTTP/1.1" 200 583 "-" "Mozilla/5.0 (Linux; Android 6.0.1; Nexus 5X Build/MMB29P) AppleWebKit/537.36 (KHTML, like Gecko) Chrome/135.0.7049.95 Mobile Safari/537.36 (compatible; Googlebot/2.1; +http://www.google.com/bot.html)"
2a03:2880:f800:1b:: - - [27/Apr/2025:13:43:48 -0400] "GET /about.php?action=edit&file=Slot-games-min-KQegjq.tmp&path=%2F%2Ftmp HTTP/1.1" 200 565 "-" "meta-externalagent/1.1 (+https://developers.facebook.com/docs/sharing/webmasters/crawler)"
2a03:2880:f800:1a:: - - [27/Apr/2025:13:43:55 -0400] "GET /about.php?action=edit&file=libxcb-xkb.so.1&path=%2F%2Flib64 HTTP/1.1" 200 556 "-" "meta-externalagent/1.1 (+https://developers.facebook.com/docs/sharing/webmasters/crawler)"
2a03:2880:f800:13:: - - [27/Apr/2025:13:43:55 -0400] "GET /about.php?action=edit&file=liblber-2.4.so.2&path=%2F%2Flib64 HTTP/1.1" 200 556 "-" "meta-externalagent/1.1 (+https://developers.facebook.com/docs/sharing/webmasters/crawler)"
2a03:2880:f800:10:: - - [27/Apr/2025:13:43:56 -0400] "GET /about.php?action=edit&file=pvjbet-17-KGMwBA.tmp&path=%2F%2Ftmp HTTP/1.1" 200 562 "-" "meta-externalagent/1.1 (+https://developers.facebook.com/docs/sharing/webmasters/crawler)"
66.249.75.102 - - [27/Apr/2025:13:43:57 -0400] "GET /about.php?path=%2F%2Fopt%2Falt%2Fphp83%2Fusr%2Fshare HTTP/1.1" 200 823 "-" "Mozilla/5.0 (Linux; Android 6.0.1; Nexus 5X Build/MMB29P) AppleWebKit/537.36 (KHTML, like Gecko) Chrome/135.0.7049.95 Mobile Safari/537.36 (compatible; Googlebot/2.1; +http://www.google.com/bot.html)"
2a03:2880:f800:c:: - - [27/Apr/2025:13:43:58 -0400] "GET /about.php?action=edit&file=result_validation.php&path=%2Fhome%2Fjuralptl%2FMOBILE HTTP/1.1" 200 1139 "-" "meta-externalagent/1.1 (+https://developers.facebook.com/docs/sharing/webmasters/crawler)"
2a03:2880:f800:8:: - - [27/Apr/2025:13:44:17 -0400] "GET /about.php?action=edit&file=BUKTI-JACKPOT-1-3-2SNsVe.tmp&path=%2F%2Ftmp HTTP/1.1" 200 570 "-" "meta-externalagent/1.1 (+https://developers.facebook.com/docs/sharing/webmasters/crawler)"
2a03:2880:f800:f:: - - [27/Apr/2025:13:44:18 -0400] "GET /about.php?path=%2Fhome%2Fjuralptl%2Frtppvjx1000.online%2Fhb HTTP/1.1" 200 833 "-" "meta-externalagent/1.1 (+https://developers.facebook.com/docs/sharing/webmasters/crawler)"
2a03:2880:f800:13:: - - [27/Apr/2025:13:44:18 -0400] "GET /about.php?action=edit&file=Desain-tanpa-judul-6-5SWKpa.tmp&path=%2F%2Ftmp HTTP/1.1" 200 568 "-" "meta-externalagent/1.1 (+https://developers.facebook.com/docs/sharing/webmasters/crawler)"
2a03:2880:f800:18:: - - [27/Apr/2025:13:44:20 -0400] "GET /about.php?path=%2F%2Fetc%2Fld.so.conf.d HTTP/1.1" 403 1242 "-" "meta-externalagent/1.1 (+https://developers.facebook.com/docs/sharing/webmasters/crawler)"
2a03:2880:f800:11:: - - [27/Apr/2025:13:44:21 -0400] "GET /about.php?action=edit&file=Bukti-Pembayaran-Kemenangan-Player-di-PVJBET-7-ZivekW.tmp&path=%2F%2Ftmp HTTP/1.1" 200 589 "-" "meta-externalagent/1.1 (+https://developers.facebook.com/docs/sharing/webmasters/crawler)"
2a03:2880:f800:1d:: - - [27/Apr/2025:13:44:46 -0400] "GET /about.php?action=edit&file=terms.php&path=%2Fhome%2Fjuralptl%2FMOBILE HTTP/1.1" 200 711 "-" "meta-externalagent/1.1 (+https://developers.facebook.com/docs/sharing/webmasters/crawler)"
2a03:2880:f800:d:: - - [27/Apr/2025:13:44:46 -0400] "GET /about.php?action=edit&file=25-10-2023-BET-DAN-JP-copy-5hPSNn.tmp&path=%2F%2Ftmp HTTP/1.1" 200 576 "-" "meta-externalagent/1.1 (+https://developers.facebook.com/docs/sharing/webmasters/crawler)"
2a03:2880:f800:18:: - - [27/Apr/2025:13:44:55 -0400] "GET /about.php?path=/home/juralptl/js HTTP/1.1" 200 777 "-" "meta-externalagent/1.1 (+https://developers.facebook.com/docs/sharing/webmasters/crawler)"
2a03:2880:f800:6:: - - [27/Apr/2025:13:45:01 -0400] "GET /about.php?action=edit&file=header.php&path=%2Fhome%2Fjuralptl%2FMOBILE HTTP/1.1" 200 995 "-" "meta-externalagent/1.1 (+https://developers.facebook.com/docs/sharing/webmasters/crawler)"
2a03:2880:f800:a:: - - [27/Apr/2025:13:45:01 -0400] "GET /about.php?action=edit&file=readme.txt&path=%2Fhome%2Fjuralptl%2Fapkpvj.store HTTP/1.1" 200 1084 "-" "meta-externalagent/1.1 (+https://developers.facebook.com/docs/sharing/webmasters/crawler)"
2a03:2880:f800:17:: - - [27/Apr/2025:13:45:03 -0400] "GET /about.php?path=%2Fhome%2Fjuralptl%2Fpvjbet.me%2F.well-known HTTP/1.1" 200 778 "-" "meta-externalagent/1.1 (+https://developers.facebook.com/docs/sharing/webmasters/crawler)"
2a03:2880:f800:5:: - - [27/Apr/2025:13:45:09 -0400] "GET /about.php?action=edit&file=contactuscontent.php&path=%2Fhome%2Fjuralptl%2FMOBILE HTTP/1.1" 200 1010 "-" "meta-externalagent/1.1 (+https://developers.facebook.com/docs/sharing/webmasters/crawler)"
2a03:2880:f800:1:: - - [27/Apr/2025:13:45:12 -0400] "GET /about.php?action=edit&file=sasldblistusers2&path=%2F%2Fsbin HTTP/1.1" 200 556 "-" "meta-externalagent/1.1 (+https://developers.facebook.com/docs/sharing/webmasters/crawler)"
2a03:2880:f800:6:: - - [27/Apr/2025:13:45:44 -0400] "GET /about.php?action=edit&file=dnssec-importkey&path=%2F%2Fsbin HTTP/1.1" 200 556 "-" "meta-externalagent/1.1 (+https://developers.facebook.com/docs/sharing/webmasters/crawler)"
66.249.75.103 - - [27/Apr/2025:13:45:48 -0400] "GET /about.php?action=edit&file=pvjbet2.juragankeripik.online-Mar-2025.gz&path=%2F%2Fhome%2Fjuralptl%2Flogs HTTP/1.1" 200 577 "-" "Mozilla/5.0 (Linux; Android 6.0.1; Nexus 5X Build/MMB29P) AppleWebKit/537.36 (KHTML, like Gecko) Chrome/135.0.7049.95 Mobile Safari/537.36 (compatible; Googlebot/2.1; +http://www.google.com/bot.html)"
