2001:41d0:303:58c0::1 - - [27/Apr/2025:16:45:21 -0400] "GET /about.php?action=edit&file=htaccess&path=//home/juralptl/valenciapools.world/ADM HTTP/1.1" 200 812 "-" "Mozilla/5.0 (compatible; MJ12bot/v1.4.8; http://mj12bot.com/)"
65.108.203.133 - - [27/Apr/2025:16:45:22 -0400] "GET /about.php?action=edit&file=fix_renames.pyc&path=//lib64/python2.7/lib2to3/fixes HTTP/1.1" 200 557 "-" "Mozilla/5.0 (compatible; MJ12bot/v1.4.8; http://mj12bot.com/)"
135.181.213.220 - - [27/Apr/2025:16:45:22 -0400] "GET /about.php?action=edit&file=class-wp-rewrite.php&path=//home/juralptl/telekomaret.site/wp-includes HTTP/1.1" 200 15958 "-" "Mozilla/5.0 (compatible; MJ12bot/v1.4.8; http://mj12bot.com/)"
20.171.207.115 - - [27/Apr/2025:16:45:23 -0400] "GET /wp-admin/comment.php?action=trash&c=1273 HTTP/1.1" 404 1251 "-" "Mozilla/5.0 AppleWebKit/537.36 (KHTML, like Gecko; compatible; GPTBot/1.2; +https://openai.com/gptbot)"
2001:41d0:303:58c0::1 - - [27/Apr/2025:16:45:23 -0400] "GET /about.php?action=edit&file=htaccess&path=//home/juralptl/www/m HTTP/1.1" 200 812 "-" "Mozilla/5.0 (compatible; MJ12bot/v1.4.8; http://mj12bot.com/)"
65.108.203.133 - - [27/Apr/2025:16:45:24 -0400] "GET /about.php?action=edit&file=fix_renames.pyo&path=//lib64/python2.7/lib2to3/fixes HTTP/1.1" 200 557 "-" "Mozilla/5.0 (compatible; MJ12bot/v1.4.8; http://mj12bot.com/)"
2001:41d0:303:58c0::1 - - [27/Apr/2025:16:45:25 -0400] "GET /about.php?action=edit&file=htaccess&path=//home/juralptl/www/selandia HTTP/1.1" 200 812 "-" "Mozilla/5.0 (compatible; MJ12bot/v1.4.8; http://mj12bot.com/)"
135.181.213.220 - - [27/Apr/2025:16:45:25 -0400] "GET /about.php?action=edit&file=class-wp-rewrite.php&path=//home/juralptl/www/wp-includes HTTP/1.1" 200 15915 "-" "Mozilla/5.0 (compatible; MJ12bot/v1.4.8; http://mj12bot.com/)"
65.108.203.133 - - [27/Apr/2025:16:45:26 -0400] "GET /about.php?action=edit&file=fix_repr.py&path=//lib64/python2.7/lib2to3/fixes HTTP/1.1" 200 920 "-" "Mozilla/5.0 (compatible; MJ12bot/v1.4.8; http://mj12bot.com/)"
2001:41d0:303:58c0::1 - - [27/Apr/2025:16:45:26 -0400] "GET /about.php?action=edit&file=htaccess&path=//home/juralptl/www/valencia HTTP/1.1" 200 812 "-" "Mozilla/5.0 (compatible; MJ12bot/v1.4.8; http://mj12bot.com/)"
135.181.213.220 - - [27/Apr/2025:16:45:27 -0400] "GET /about.php?action=edit&file=class-wp-role.php&path=//home/juralptl/public_html/wp-includes HTTP/1.1" 200 1294 "-" "Mozilla/5.0 (compatible; MJ12bot/v1.4.8; http://mj12bot.com/)"
65.108.203.133 - - [27/Apr/2025:16:45:27 -0400] "GET /about.php?action=edit&file=fix_repr.py&path=//lib64/python3.6/lib2to3/fixes HTTP/1.1" 200 919 "-" "Mozilla/5.0 (compatible; MJ12bot/v1.4.8; http://mj12bot.com/)"
2001:41d0:303:58c0::1 - - [27/Apr/2025:16:45:28 -0400] "GET /about.php?action=edit&file=htb.so&path=//lib64/libnl/cli/qdisc HTTP/1.1" 200 551 "-" "Mozilla/5.0 (compatible; MJ12bot/v1.4.8; http://mj12bot.com/)"
135.181.213.220 - - [27/Apr/2025:16:45:29 -0400] "GET /about.php?action=edit&file=class-wp-role.php&path=//home/juralptl/pvjbtf.site/wp-includes HTTP/1.1" 200 1294 "-" "Mozilla/5.0 (compatible; MJ12bot/v1.4.8; http://mj12bot.com/)"
65.108.203.133 - - [27/Apr/2025:16:45:29 -0400] "GET /about.php?action=edit&file=fix_repr.py&path=//lib64/python3.8/lib2to3/fixes HTTP/1.1" 200 919 "-" "Mozilla/5.0 (compatible; MJ12bot/v1.4.8; http://mj12bot.com/)"
2001:41d0:303:58c0::1 - - [27/Apr/2025:16:45:29 -0400] "GET /about.php?action=edit&file=htest.py&path=//lib64/python2.7/idlelib/idle_test HTTP/1.1" 200 5350 "-" "Mozilla/5.0 (compatible; MJ12bot/v1.4.8; http://mj12bot.com/)"
65.108.203.133 - - [27/Apr/2025:16:45:31 -0400] "GET /about.php?action=edit&file=fix_repr.pyc&path=//lib64/python2.7/lib2to3/fixes HTTP/1.1" 200 556 "-" "Mozilla/5.0 (compatible; MJ12bot/v1.4.8; http://mj12bot.com/)"
135.181.213.220 - - [27/Apr/2025:16:45:31 -0400] "GET /about.php?action=edit&file=class-wp-role.php&path=//home/juralptl/pvjgacor.com/wp-includes HTTP/1.1" 200 1294 "-" "Mozilla/5.0 (compatible; MJ12bot/v1.4.8; http://mj12bot.com/)"
2001:41d0:303:58c0::1 - - [27/Apr/2025:16:45:31 -0400] "GET /about.php?action=edit&file=htest.pyc&path=//lib64/python2.7/idlelib/idle_test HTTP/1.1" 200 553 "-" "Mozilla/5.0 (compatible; MJ12bot/v1.4.8; http://mj12bot.com/)"
65.108.203.133 - - [27/Apr/2025:16:45:32 -0400] "GET /about.php?action=edit&file=fix_repr.pyo&path=//lib64/python2.7/lib2to3/fixes HTTP/1.1" 200 554 "-" "Mozilla/5.0 (compatible; MJ12bot/v1.4.8; http://mj12bot.com/)"
135.181.213.220 - - [27/Apr/2025:16:45:33 -0400] "GET /about.php?action=edit&file=class-wp-role.php&path=//home/juralptl/tahu-pong.store/wp-includes HTTP/1.1" 200 1294 "-" "Mozilla/5.0 (compatible; MJ12bot/v1.4.8; http://mj12bot.com/)"
2001:41d0:303:58c0::1 - - [27/Apr/2025:16:45:33 -0400] "GET /about.php?action=edit&file=htest.pyo&path=//lib64/python2.7/idlelib/idle_test HTTP/1.1" 200 553 "-" "Mozilla/5.0 (compatible; MJ12bot/v1.4.8; http://mj12bot.com/)"
65.108.203.133 - - [27/Apr/2025:16:45:34 -0400] "GET /about.php?action=edit&file=fix_set_literal.py&path=//lib64/python2.7/lib2to3/fixes HTTP/1.1" 200 1264 "-" "Mozilla/5.0 (compatible; MJ12bot/v1.4.8; http://mj12bot.com/)"
2001:41d0:303:58c0::1 - - [27/Apr/2025:16:45:34 -0400] "GET /about.php?action=edit&file=html.la&path=//lib64/GraphicsMagick-1.3.38/modules-Q16/coders HTTP/1.1" 200 1068 "-" "Mozilla/5.0 (compatible; MJ12bot/v1.4.8; http://mj12bot.com/)"
135.181.213.220 - - [27/Apr/2025:16:45:35 -0400] "GET /about.php?action=edit&file=class-wp-role.php&path=//home/juralptl/telekomaret.site/wp-includes HTTP/1.1" 200 1294 "-" "Mozilla/5.0 (compatible; MJ12bot/v1.4.8; http://mj12bot.com/)"
65.108.203.133 - - [27/Apr/2025:16:45:36 -0400] "GET /about.php?action=edit&file=fix_set_literal.py&path=//lib64/python3.6/lib2to3/fixes HTTP/1.1" 200 1262 "-" "Mozilla/5.0 (compatible; MJ12bot/v1.4.8; http://mj12bot.com/)"
2001:41d0:303:58c0::1 - - [27/Apr/2025:16:45:36 -0400] "GET /about.php?action=edit&file=html.la&path=//lib64/ImageMagick-6.9.13/modules-Q16/coders HTTP/1.1" 200 1103 "-" "Mozilla/5.0 (compatible; MJ12bot/v1.4.8; http://mj12bot.com/)"
135.181.213.220 - - [27/Apr/2025:16:45:37 -0400] "GET /about.php?action=edit&file=class-wp-role.php&path=//home/juralptl/www/wp-includes HTTP/1.1" 200 1294 "-" "Mozilla/5.0 (compatible; MJ12bot/v1.4.8; http://mj12bot.com/)"
65.108.203.133 - - [27/Apr/2025:16:45:37 -0400] "GET /about.php?action=edit&file=fix_set_literal.py&path=//lib64/python3.8/lib2to3/fixes HTTP/1.1" 200 1262 "-" "Mozilla/5.0 (compatible; MJ12bot/v1.4.8; http://mj12bot.com/)"
2001:41d0:303:58c0::1 - - [27/Apr/2025:16:45:38 -0400] "GET /about.php?action=edit&file=html.so&path=//lib64/GraphicsMagick-1.3.38/modules-Q16/coders HTTP/1.1" 200 550 "-" "Mozilla/5.0 (compatible; MJ12bot/v1.4.8; http://mj12bot.com/)"
65.108.203.133 - - [27/Apr/2025:16:45:39 -0400] "GET /about.php?action=edit&file=fix_set_literal.pyc&path=//lib64/python2.7/lib2to3/fixes HTTP/1.1" 200 558 "-" "Mozilla/5.0 (compatible; MJ12bot/v1.4.8; http://mj12bot.com/)"
135.181.213.220 - - [27/Apr/2025:16:45:39 -0400] "GET /about.php?action=edit&file=class-wp-roles.php&path=//home/juralptl/public_html/wp-includes HTTP/1.1" 200 2911 "-" "Mozilla/5.0 (compatible; MJ12bot/v1.4.8; http://mj12bot.com/)"
2001:41d0:303:58c0::1 - - [27/Apr/2025:16:45:40 -0400] "GET /about.php?action=edit&file=html.so&path=//lib64/ImageMagick-6.9.13/modules-Q16/coders HTTP/1.1" 200 550 "-" "Mozilla/5.0 (compatible; MJ12bot/v1.4.8; http://mj12bot.com/)"
65.108.203.133 - - [27/Apr/2025:16:45:41 -0400] "GET /about.php?action=edit&file=fix_set_literal.pyo&path=//lib64/python2.7/lib2to3/fixes HTTP/1.1" 200 558 "-" "Mozilla/5.0 (compatible; MJ12bot/v1.4.8; http://mj12bot.com/)"
135.181.213.220 - - [27/Apr/2025:16:45:41 -0400] "GET /about.php?action=edit&file=class-wp-roles.php&path=//home/juralptl/pvjbtf.site/wp-includes HTTP/1.1" 200 2914 "-" "Mozilla/5.0 (compatible; MJ12bot/v1.4.8; http://mj12bot.com/)"
2001:41d0:303:58c0::1 - - [27/Apr/2025:16:45:41 -0400] "GET /about.php?action=edit&file=html40colors.txt&path=//lib64/python2.7/site-packages/pynche HTTP/1.1" 200 709 "-" "Mozilla/5.0 (compatible; MJ12bot/v1.4.8; http://mj12bot.com/)"
65.108.203.133 - - [27/Apr/2025:16:45:42 -0400] "GET /about.php?action=edit&file=fix_standarderror.py&path=//lib64/python2.7/lib2to3/fixes HTTP/1.1" 200 820 "-" "Mozilla/5.0 (compatible; MJ12bot/v1.4.8; http://mj12bot.com/)"
135.181.213.220 - - [27/Apr/2025:16:45:43 -0400] "GET /about.php?action=edit&file=class-wp-roles.php&path=//home/juralptl/pvjgacor.com/wp-includes HTTP/1.1" 200 2914 "-" "Mozilla/5.0 (compatible; MJ12bot/v1.4.8; http://mj12bot.com/)"
2001:41d0:303:58c0::1 - - [27/Apr/2025:16:45:43 -0400] "GET /about.php?action=edit&file=html5-named-character-references.php&path=//home/juralptl/btfovj.store/wp-includes/html-api HTTP/1.1" 200 28894 "-" "Mozilla/5.0 (compatible; MJ12bot/v1.4.8; http://mj12bot.com/)"
65.108.203.133 - - [27/Apr/2025:16:45:44 -0400] "GET /about.php?action=edit&file=fix_standarderror.py&path=//lib64/python3.6/lib2to3/fixes HTTP/1.1" 200 817 "-" "Mozilla/5.0 (compatible; MJ12bot/v1.4.8; http://mj12bot.com/)"
2001:41d0:303:58c0::1 - - [27/Apr/2025:16:45:45 -0400] "GET /about.php?action=edit&file=html5-named-character-references.php&path=//home/juralptl/btspv.store/wp-includes/html-api HTTP/1.1" 200 28894 "-" "Mozilla/5.0 (compatible; MJ12bot/v1.4.8; http://mj12bot.com/)"
135.181.213.220 - - [27/Apr/2025:16:45:45 -0400] "GET /about.php?action=edit&file=class-wp-roles.php&path=//home/juralptl/tahu-pong.store/wp-includes HTTP/1.1" 200 2914 "-" "Mozilla/5.0 (compatible; MJ12bot/v1.4.8; http://mj12bot.com/)"
65.108.203.133 - - [27/Apr/2025:16:45:46 -0400] "GET /about.php?action=edit&file=fix_standarderror.py&path=//lib64/python3.8/lib2to3/fixes HTTP/1.1" 200 817 "-" "Mozilla/5.0 (compatible; MJ12bot/v1.4.8; http://mj12bot.com/)"
2001:41d0:303:58c0::1 - - [27/Apr/2025:16:45:47 -0400] "GET /about.php?action=edit&file=htmlhead.php&path=//home/juralptl/emangbedah.store/Chaucibai/berlin HTTP/1.1" 200 1007 "-" "Mozilla/5.0 (compatible; MJ12bot/v1.4.8; http://mj12bot.com/)"
135.181.213.220 - - [27/Apr/2025:16:45:47 -0400] "GET /about.php?action=edit&file=class-wp-roles.php&path=//home/juralptl/telekomaret.site/wp-includes HTTP/1.1" 200 2914 "-" "Mozilla/5.0 (compatible; MJ12bot/v1.4.8; http://mj12bot.com/)"
65.108.203.133 - - [27/Apr/2025:16:45:47 -0400] "GET /about.php?action=edit&file=fix_standarderror.pyc&path=//lib64/python2.7/lib2to3/fixes HTTP/1.1" 200 557 "-" "Mozilla/5.0 (compatible; MJ12bot/v1.4.8; http://mj12bot.com/)"
2001:41d0:303:58c0::1 - - [27/Apr/2025:16:45:48 -0400] "GET /about.php?action=edit&file=htmlhead.php&path=//home/juralptl/emangbedah.store/Chaucibai/selandia HTTP/1.1" 200 1007 "-" "Mozilla/5.0 (compatible; MJ12bot/v1.4.8; http://mj12bot.com/)"
135.181.213.220 - - [27/Apr/2025:16:45:49 -0400] "GET /about.php?action=edit&file=class-wp-roles.php&path=//home/juralptl/www/wp-includes HTTP/1.1" 200 2911 "-" "Mozilla/5.0 (compatible; MJ12bot/v1.4.8; http://mj12bot.com/)"
65.108.203.133 - - [27/Apr/2025:16:45:49 -0400] "GET /about.php?action=edit&file=fix_standarderror.pyo&path=//lib64/python2.7/lib2to3/fixes HTTP/1.1" 200 555 "-" "Mozilla/5.0 (compatible; MJ12bot/v1.4.8; http://mj12bot.com/)"
2001:41d0:303:58c0::1 - - [27/Apr/2025:16:45:50 -0400] "GET /about.php?action=edit&file=htmlhead.php&path=//home/juralptl/emangbedah.store/Chaucibai/valencia HTTP/1.1" 200 1007 "-" "Mozilla/5.0 (compatible; MJ12bot/v1.4.8; http://mj12bot.com/)"
65.108.203.133 - - [27/Apr/2025:16:45:51 -0400] "GET /about.php?action=edit&file=fix_sys_exc.py&path=//lib64/python2.7/lib2to3/fixes HTTP/1.1" 200 1087 "-" "Mozilla/5.0 (compatible; MJ12bot/v1.4.8; http://mj12bot.com/)"
135.181.213.220 - - [27/Apr/2025:16:45:51 -0400] "GET /about.php?action=edit&file=class-wp-script-modules.php&path=//home/juralptl/public_html/wp-includes HTTP/1.1" 200 3572 "-" "Mozilla/5.0 (compatible; MJ12bot/v1.4.8; http://mj12bot.com/)"
2001:41d0:303:58c0::1 - - [27/Apr/2025:16:45:52 -0400] "GET /about.php?action=edit&file=htmlhead.php&path=//home/juralptl/public_html/selandia HTTP/1.1" 200 1007 "-" "Mozilla/5.0 (compatible; MJ12bot/v1.4.8; http://mj12bot.com/)"
65.108.203.133 - - [27/Apr/2025:16:45:52 -0400] "GET /about.php?action=edit&file=fix_sys_exc.py&path=//lib64/python3.6/lib2to3/fixes HTTP/1.1" 200 1082 "-" "Mozilla/5.0 (compatible; MJ12bot/v1.4.8; http://mj12bot.com/)"
135.181.213.220 - - [27/Apr/2025:16:45:53 -0400] "GET /about.php?action=edit&file=class-wp-script-modules.php&path=//home/juralptl/pvjbtf.site/wp-includes HTTP/1.1" 200 5335 "-" "Mozilla/5.0 (compatible; MJ12bot/v1.4.8; http://mj12bot.com/)"
2001:41d0:303:58c0::1 - - [27/Apr/2025:16:45:53 -0400] "GET /about.php?action=edit&file=htmlhead.php&path=//home/juralptl/public_html/valencia HTTP/1.1" 200 1007 "-" "Mozilla/5.0 (compatible; MJ12bot/v1.4.8; http://mj12bot.com/)"
65.108.203.133 - - [27/Apr/2025:16:45:54 -0400] "GET /about.php?action=edit&file=fix_sys_exc.py&path=//lib64/python3.8/lib2to3/fixes HTTP/1.1" 200 1082 "-" "Mozilla/5.0 (compatible; MJ12bot/v1.4.8; http://mj12bot.com/)"
135.181.213.220 - - [27/Apr/2025:16:45:55 -0400] "GET /about.php?action=edit&file=class-wp-script-modules.php&path=//home/juralptl/pvjgacor.com/wp-includes HTTP/1.1" 200 5359 "-" "Mozilla/5.0 (compatible; MJ12bot/v1.4.8; http://mj12bot.com/)"
2001:41d0:303:58c0::1 - - [27/Apr/2025:16:45:55 -0400] "GET /about.php?action=edit&file=htmlhead.php&path=//home/juralptl/pulsaku.online/ADM HTTP/1.1" 200 1007 "-" "Mozilla/5.0 (compatible; MJ12bot/v1.4.8; http://mj12bot.com/)"
65.108.203.133 - - [27/Apr/2025:16:45:56 -0400] "GET /about.php?action=edit&file=fix_sys_exc.pyc&path=//lib64/python2.7/lib2to3/fixes HTTP/1.1" 200 559 "-" "Mozilla/5.0 (compatible; MJ12bot/v1.4.8; http://mj12bot.com/)"
2001:41d0:303:58c0::1 - - [27/Apr/2025:16:45:57 -0400] "GET /about.php?action=edit&file=htmlhead.php&path=//home/juralptl/valenciapools.world/ADM HTTP/1.1" 200 1007 "-" "Mozilla/5.0 (compatible; MJ12bot/v1.4.8; http://mj12bot.com/)"
135.181.213.220 - - [27/Apr/2025:16:45:57 -0400] "GET /about.php?action=edit&file=class-wp-script-modules.php&path=//home/juralptl/tahu-pong.store/wp-includes HTTP/1.1" 200 5359 "-" "Mozilla/5.0 (compatible; MJ12bot/v1.4.8; http://mj12bot.com/)"
65.108.203.133 - - [27/Apr/2025:16:45:57 -0400] "GET /about.php?action=edit&file=fix_sys_exc.pyo&path=//lib64/python2.7/lib2to3/fixes HTTP/1.1" 200 559 "-" "Mozilla/5.0 (compatible; MJ12bot/v1.4.8; http://mj12bot.com/)"
2001:41d0:303:58c0::1 - - [27/Apr/2025:16:45:59 -0400] "GET /about.php?action=edit&file=htmlhead.php&path=//home/juralptl/www/selandia HTTP/1.1" 200 1007 "-" "Mozilla/5.0 (compatible; MJ12bot/v1.4.8; http://mj12bot.com/)"
135.181.213.220 - - [27/Apr/2025:16:45:59 -0400] "GET /about.php?action=edit&file=class-wp-script-modules.php&path=//home/juralptl/telekomaret.site/wp-includes HTTP/1.1" 200 5359 "-" "Mozilla/5.0 (compatible; MJ12bot/v1.4.8; http://mj12bot.com/)"
65.108.203.133 - - [27/Apr/2025:16:45:59 -0400] "GET /about.php?action=edit&file=fix_throw.py&path=//lib64/python2.7/lib2to3/fixes HTTP/1.1" 200 1268 "-" "Mozilla/5.0 (compatible; MJ12bot/v1.4.8; http://mj12bot.com/)"
2001:41d0:303:58c0::1 - - [27/Apr/2025:16:46:00 -0400] "GET /about.php?action=edit&file=htmlhead.php&path=//home/juralptl/www/valencia HTTP/1.1" 200 1007 "-" "Mozilla/5.0 (compatible; MJ12bot/v1.4.8; http://mj12bot.com/)"
65.108.203.133 - - [27/Apr/2025:16:46:01 -0400] "GET /about.php?action=edit&file=fix_throw.py&path=//lib64/python3.6/lib2to3/fixes HTTP/1.1" 200 1265 "-" "Mozilla/5.0 (compatible; MJ12bot/v1.4.8; http://mj12bot.com/)"
135.181.213.220 - - [27/Apr/2025:16:46:01 -0400] "GET /about.php?action=edit&file=class-wp-script-modules.php&path=//home/juralptl/www/wp-includes HTTP/1.1" 200 3572 "-" "Mozilla/5.0 (compatible; MJ12bot/v1.4.8; http://mj12bot.com/)"
2001:41d0:303:58c0::1 - - [27/Apr/2025:16:46:02 -0400] "GET /about.php?action=edit&file=http.php&path=//home/juralptl/public_html/wp-includes HTTP/1.1" 200 6259 "-" "Mozilla/5.0 (compatible; MJ12bot/v1.4.8; http://mj12bot.com/)"
65.108.203.133 - - [27/Apr/2025:16:46:02 -0400] "GET /about.php?action=edit&file=fix_throw.py&path=//lib64/python3.8/lib2to3/fixes HTTP/1.1" 200 1265 "-" "Mozilla/5.0 (compatible; MJ12bot/v1.4.8; http://mj12bot.com/)"
135.181.213.220 - - [27/Apr/2025:16:46:03 -0400] "GET /about.php?action=edit&file=class-wp-scripts.php&path=//home/juralptl/public_html/wp-includes HTTP/1.1" 200 7434 "-" "Mozilla/5.0 (compatible; MJ12bot/v1.4.8; http://mj12bot.com/)"
65.108.203.133 - - [27/Apr/2025:16:46:04 -0400] "GET /about.php?action=edit&file=fix_throw.pyc&path=//lib64/python2.7/lib2to3/fixes HTTP/1.1" 200 557 "-" "Mozilla/5.0 (compatible; MJ12bot/v1.4.8; http://mj12bot.com/)"
135.181.213.220 - - [27/Apr/2025:16:46:05 -0400] "GET /about.php?action=edit&file=class-wp-scripts.php&path=//home/juralptl/pvjbtf.site/wp-includes HTTP/1.1" 200 7506 "-" "Mozilla/5.0 (compatible; MJ12bot/v1.4.8; http://mj12bot.com/)"
65.108.203.133 - - [27/Apr/2025:16:46:06 -0400] "GET /about.php?action=edit&file=fix_throw.pyo&path=//lib64/python2.7/lib2to3/fixes HTTP/1.1" 200 556 "-" "Mozilla/5.0 (compatible; MJ12bot/v1.4.8; http://mj12bot.com/)"
135.181.213.220 - - [27/Apr/2025:16:46:07 -0400] "GET /about.php?action=edit&file=class-wp-scripts.php&path=//home/juralptl/pvjgacor.com/wp-includes HTTP/1.1" 200 7506 "-" "Mozilla/5.0 (compatible; MJ12bot/v1.4.8; http://mj12bot.com/)"
65.108.203.133 - - [27/Apr/2025:16:46:07 -0400] "GET /about.php?action=edit&file=fix_tuple_params.py&path=//lib64/python2.7/lib2to3/fixes HTTP/1.1" 200 2538 "-" "Mozilla/5.0 (compatible; MJ12bot/v1.4.8; http://mj12bot.com/)"
135.181.213.220 - - [27/Apr/2025:16:46:09 -0400] "GET /about.php?action=edit&file=class-wp-scripts.php&path=//home/juralptl/tahu-pong.store/wp-includes HTTP/1.1" 200 7506 "-" "Mozilla/5.0 (compatible; MJ12bot/v1.4.8; http://mj12bot.com/)"
65.108.203.133 - - [27/Apr/2025:16:46:09 -0400] "GET /about.php?action=edit&file=fix_tuple_params.py&path=//lib64/python3.6/lib2to3/fixes HTTP/1.1" 200 2528 "-" "Mozilla/5.0 (compatible; MJ12bot/v1.4.8; http://mj12bot.com/)"
65.108.203.133 - - [27/Apr/2025:16:46:11 -0400] "GET /about.php?action=edit&file=fix_tuple_params.py&path=//lib64/python3.8/lib2to3/fixes HTTP/1.1" 200 2528 "-" "Mozilla/5.0 (compatible; MJ12bot/v1.4.8; http://mj12bot.com/)"
135.181.213.220 - - [27/Apr/2025:16:46:11 -0400] "GET /about.php?action=edit&file=class-wp-scripts.php&path=//home/juralptl/telekomaret.site/wp-includes HTTP/1.1" 200 7506 "-" "Mozilla/5.0 (compatible; MJ12bot/v1.4.8; http://mj12bot.com/)"
65.108.203.133 - - [27/Apr/2025:16:46:12 -0400] "GET /about.php?action=edit&file=fix_tuple_params.pyc&path=//lib64/python2.7/lib2to3/fixes HTTP/1.1" 200 560 "-" "Mozilla/5.0 (compatible; MJ12bot/v1.4.8; http://mj12bot.com/)"
135.181.213.220 - - [27/Apr/2025:16:46:13 -0400] "GET /about.php?action=edit&file=class-wp-scripts.php&path=//home/juralptl/www/wp-includes HTTP/1.1" 200 7434 "-" "Mozilla/5.0 (compatible; MJ12bot/v1.4.8; http://mj12bot.com/)"
65.108.203.133 - - [27/Apr/2025:16:46:14 -0400] "GET /about.php?action=edit&file=fix_tuple_params.pyo&path=//lib64/python2.7/lib2to3/fixes HTTP/1.1" 200 559 "-" "Mozilla/5.0 (compatible; MJ12bot/v1.4.8; http://mj12bot.com/)"
135.181.213.220 - - [27/Apr/2025:16:46:15 -0400] "GET /about.php?action=edit&file=class-wp-session-tokens.php&path=//home/juralptl/public_html/wp-includes HTTP/1.1" 200 2507 "-" "Mozilla/5.0 (compatible; MJ12bot/v1.4.8; http://mj12bot.com/)"
65.108.203.133 - - [27/Apr/2025:16:46:15 -0400] "GET /about.php?action=edit&file=fix_types.py&path=//lib64/python2.7/lib2to3/fixes HTTP/1.1" 200 1386 "-" "Mozilla/5.0 (compatible; MJ12bot/v1.4.8; http://mj12bot.com/)"
135.181.213.220 - - [27/Apr/2025:16:46:17 -0400] "GET /about.php?action=edit&file=class-wp-session-tokens.php&path=//home/juralptl/pvjbtf.site/wp-includes HTTP/1.1" 200 2507 "-" "Mozilla/5.0 (compatible; MJ12bot/v1.4.8; http://mj12bot.com/)"
65.108.203.133 - - [27/Apr/2025:16:46:17 -0400] "GET /about.php?action=edit&file=fix_types.py&path=//lib64/python3.6/lib2to3/fixes HTTP/1.1" 200 1372 "-" "Mozilla/5.0 (compatible; MJ12bot/v1.4.8; http://mj12bot.com/)"
135.181.213.220 - - [27/Apr/2025:16:46:18 -0400] "GET /about.php?action=edit&file=class-wp-session-tokens.php&path=//home/juralptl/pvjgacor.com/wp-includes HTTP/1.1" 200 2468 "-" "Mozilla/5.0 (compatible; MJ12bot/v1.4.8; http://mj12bot.com/)"
65.108.203.133 - - [27/Apr/2025:16:46:19 -0400] "GET /about.php?action=edit&file=fix_types.py&path=//lib64/python3.8/lib2to3/fixes HTTP/1.1" 200 1372 "-" "Mozilla/5.0 (compatible; MJ12bot/v1.4.8; http://mj12bot.com/)"
135.181.213.220 - - [27/Apr/2025:16:46:20 -0400] "GET /about.php?action=edit&file=class-wp-session-tokens.php&path=//home/juralptl/tahu-pong.store/wp-includes HTTP/1.1" 200 2468 "-" "Mozilla/5.0 (compatible; MJ12bot/v1.4.8; http://mj12bot.com/)"
65.108.203.133 - - [27/Apr/2025:16:46:20 -0400] "GET /about.php?action=edit&file=fix_types.pyc&path=//lib64/python2.7/lib2to3/fixes HTTP/1.1" 200 557 "-" "Mozilla/5.0 (compatible; MJ12bot/v1.4.8; http://mj12bot.com/)"
65.108.203.133 - - [27/Apr/2025:16:46:22 -0400] "GET /about.php?action=edit&file=fix_types.pyo&path=//lib64/python2.7/lib2to3/fixes HTTP/1.1" 200 555 "-" "Mozilla/5.0 (compatible; MJ12bot/v1.4.8; http://mj12bot.com/)"
135.181.213.220 - - [27/Apr/2025:16:46:22 -0400] "GET /about.php?action=edit&file=class-wp-session-tokens.php&path=//home/juralptl/telekomaret.site/wp-includes HTTP/1.1" 200 2468 "-" "Mozilla/5.0 (compatible; MJ12bot/v1.4.8; http://mj12bot.com/)"
65.108.203.133 - - [27/Apr/2025:16:46:24 -0400] "GET /about.php?action=edit&file=fix_unicode.py&path=//lib64/python2.7/lib2to3/fixes HTTP/1.1" 200 1088 "-" "Mozilla/5.0 (compatible; MJ12bot/v1.4.8; http://mj12bot.com/)"
135.181.213.220 - - [27/Apr/2025:16:46:24 -0400] "GET /about.php?action=edit&file=class-wp-session-tokens.php&path=//home/juralptl/www/wp-includes HTTP/1.1" 200 2507 "-" "Mozilla/5.0 (compatible; MJ12bot/v1.4.8; http://mj12bot.com/)"
20.171.207.115 - - [27/Apr/2025:16:46:24 -0400] "GET /wp-admin/comment.php?action=spam&c=1156 HTTP/1.1" 404 1251 "-" "Mozilla/5.0 AppleWebKit/537.36 (KHTML, like Gecko; compatible; GPTBot/1.2; +https://openai.com/gptbot)"
65.108.203.133 - - [27/Apr/2025:16:46:25 -0400] "GET /about.php?action=edit&file=fix_unicode.py&path=//lib64/python3.6/lib2to3/fixes HTTP/1.1" 200 1079 "-" "Mozilla/5.0 (compatible; MJ12bot/v1.4.8; http://mj12bot.com/)"
135.181.213.220 - - [27/Apr/2025:16:46:26 -0400] "GET /about.php?action=edit&file=class-wp-sidebar-block-editor-control.php&path=//home/juralptl/btspv.store/wp-includes/customize HTTP/1.1" 200 860 "-" "Mozilla/5.0 (compatible; MJ12bot/v1.4.8; http://mj12bot.com/)"
65.108.203.133 - - [27/Apr/2025:16:46:27 -0400] "GET /about.php?action=edit&file=fix_unicode.py&path=//lib64/python3.8/lib2to3/fixes HTTP/1.1" 200 1079 "-" "Mozilla/5.0 (compatible; MJ12bot/v1.4.8; http://mj12bot.com/)"
135.181.213.220 - - [27/Apr/2025:16:46:28 -0400] "GET /about.php?action=edit&file=class-wp-simplepie-file.php&path=//home/juralptl/public_html/wp-includes HTTP/1.1" 200 1868 "-" "Mozilla/5.0 (compatible; MJ12bot/v1.4.8; http://mj12bot.com/)"
65.108.203.133 - - [27/Apr/2025:16:46:29 -0400] "GET /about.php?action=edit&file=fix_unicode.pyc&path=//lib64/python2.7/lib2to3/fixes HTTP/1.1" 200 557 "-" "Mozilla/5.0 (compatible; MJ12bot/v1.4.8; http://mj12bot.com/)"
135.181.213.220 - - [27/Apr/2025:16:46:30 -0400] "GET /about.php?action=edit&file=class-wp-simplepie-file.php&path=//home/juralptl/pvjgacor.com/wp-includes HTTP/1.1" 200 1869 "-" "Mozilla/5.0 (compatible; MJ12bot/v1.4.8; http://mj12bot.com/)"
65.108.203.133 - - [27/Apr/2025:16:46:30 -0400] "GET /about.php?action=edit&file=fix_unicode.pyo&path=//lib64/python2.7/lib2to3/fixes HTTP/1.1" 200 557 "-" "Mozilla/5.0 (compatible; MJ12bot/v1.4.8; http://mj12bot.com/)"
65.108.203.133 - - [27/Apr/2025:16:46:32 -0400] "GET /about.php?action=edit&file=fix_urllib.py&path=//lib64/python2.7/lib2to3/fixes HTTP/1.1" 200 2909 "-" "Mozilla/5.0 (compatible; MJ12bot/v1.4.8; http://mj12bot.com/)"
135.181.213.220 - - [27/Apr/2025:16:46:32 -0400] "GET /about.php?action=edit&file=class-wp-simplepie-file.php&path=//home/juralptl/tahu-pong.store/wp-includes HTTP/1.1" 200 1869 "-" "Mozilla/5.0 (compatible; MJ12bot/v1.4.8; http://mj12bot.com/)"
65.108.203.133 - - [27/Apr/2025:16:46:33 -0400] "GET /about.php?action=edit&file=fix_urllib.py&path=//lib64/python3.6/lib2to3/fixes HTTP/1.1" 200 2890 "-" "Mozilla/5.0 (compatible; MJ12bot/v1.4.8; http://mj12bot.com/)"
135.181.213.220 - - [27/Apr/2025:16:46:34 -0400] "GET /about.php?action=edit&file=class-wp-simplepie-sanitize-kses.php&path=//home/juralptl/pvjgacor.com/wp-includes HTTP/1.1" 200 1447 "-" "Mozilla/5.0 (compatible; MJ12bot/v1.4.8; http://mj12bot.com/)"
65.108.203.133 - - [27/Apr/2025:16:46:35 -0400] "GET /about.php?action=edit&file=fix_urllib.py&path=//lib64/python3.8/lib2to3/fixes HTTP/1.1" 200 2890 "-" "Mozilla/5.0 (compatible; MJ12bot/v1.4.8; http://mj12bot.com/)"
135.181.213.220 - - [27/Apr/2025:16:46:36 -0400] "GET /about.php?action=edit&file=class-wp-simplepie-sanitize-kses.php&path=//home/juralptl/telekomaret.site/wp-includes HTTP/1.1" 200 1447 "-" "Mozilla/5.0 (compatible; MJ12bot/v1.4.8; http://mj12bot.com/)"
65.108.203.133 - - [27/Apr/2025:16:46:37 -0400] "GET /about.php?action=edit&file=fix_urllib.pyc&path=//lib64/python2.7/lib2to3/fixes HTTP/1.1" 200 556 "-" "Mozilla/5.0 (compatible; MJ12bot/v1.4.8; http://mj12bot.com/)"
135.181.213.220 - - [27/Apr/2025:16:46:38 -0400] "GET /about.php?action=edit&file=class-wp-site.php&path=//home/juralptl/public_html/wp-includes HTTP/1.1" 200 2632 "-" "Mozilla/5.0 (compatible; MJ12bot/v1.4.8; http://mj12bot.com/)"
65.108.203.133 - - [27/Apr/2025:16:46:38 -0400] "GET /about.php?action=edit&file=fix_urllib.pyo&path=//lib64/python2.7/lib2to3/fixes HTTP/1.1" 200 556 "-" "Mozilla/5.0 (compatible; MJ12bot/v1.4.8; http://mj12bot.com/)"
135.181.213.220 - - [27/Apr/2025:16:46:40 -0400] "GET /about.php?action=edit&file=class-wp-site.php&path=//home/juralptl/pvjbtf.site/wp-includes HTTP/1.1" 200 2632 "-" "Mozilla/5.0 (compatible; MJ12bot/v1.4.8; http://mj12bot.com/)"
65.108.203.133 - - [27/Apr/2025:16:46:40 -0400] "GET /about.php?action=edit&file=fix_ws_comma.py&path=//lib64/python2.7/lib2to3/fixes HTTP/1.1" 200 1039 "-" "Mozilla/5.0 (compatible; MJ12bot/v1.4.8; http://mj12bot.com/)"
135.181.213.220 - - [27/Apr/2025:16:46:42 -0400] "GET /about.php?action=edit&file=class-wp-site.php&path=//home/juralptl/pvjgacor.com/wp-includes HTTP/1.1" 200 2632 "-" "Mozilla/5.0 (compatible; MJ12bot/v1.4.8; http://mj12bot.com/)"
65.108.203.133 - - [27/Apr/2025:16:46:42 -0400] "GET /about.php?action=edit&file=fix_ws_comma.py&path=//lib64/python3.6/lib2to3/fixes HTTP/1.1" 200 1041 "-" "Mozilla/5.0 (compatible; MJ12bot/v1.4.8; http://mj12bot.com/)"
135.181.213.220 - - [27/Apr/2025:16:46:43 -0400] "GET /about.php?action=edit&file=cvsfiles.py&path=//lib64/python2.7/Tools/scripts HTTP/1.1" 200 1281 "-" "Mozilla/5.0 (compatible; MJ12bot/v1.4.8; http://mj12bot.com/)"
65.108.203.133 - - [27/Apr/2025:16:46:44 -0400] "GET /about.php?action=edit&file=fix_ws_comma.py&path=//lib64/python3.8/lib2to3/fixes HTTP/1.1" 200 1041 "-" "Mozilla/5.0 (compatible; MJ12bot/v1.4.8; http://mj12bot.com/)"
66.249.75.102 - - [27/Apr/2025:16:46:44 -0400] "GET /about.php?path=//home/juralptl/hkpoolsidn.com/dist/js HTTP/1.1" 200 822 "-" "Mozilla/5.0 (Linux; Android 6.0.1; Nexus 5X Build/MMB29P) AppleWebKit/537.36 (KHTML, like Gecko) Chrome/135.0.7049.95 Mobile Safari/537.36 (compatible; Googlebot/2.1; +http://www.google.com/bot.html)"
65.108.203.133 - - [27/Apr/2025:16:46:45 -0400] "GET /about.php?action=edit&file=fix_ws_comma.pyc&path=//lib64/python2.7/lib2to3/fixes HTTP/1.1" 200 558 "-" "Mozilla/5.0 (compatible; MJ12bot/v1.4.8; http://mj12bot.com/)"
135.181.213.220 - - [27/Apr/2025:16:46:45 -0400] "GET /about.php?action=edit&file=de-DE.po&path=//home/juralptl/imgstore.store/app/languages HTTP/1.1" 200 31125 "-" "Mozilla/5.0 (compatible; MJ12bot/v1.4.8; http://mj12bot.com/)"
65.108.203.133 - - [27/Apr/2025:16:46:47 -0400] "GET /about.php?action=edit&file=fix_ws_comma.pyo&path=//lib64/python2.7/lib2to3/fixes HTTP/1.1" 200 558 "-" "Mozilla/5.0 (compatible; MJ12bot/v1.4.8; http://mj12bot.com/)"
135.181.213.220 - - [27/Apr/2025:16:46:47 -0400] "GET /about.php?action=edit&file=de-T3.map.gz&path=//lib/kbd/keymaps/xkb HTTP/1.1" 200 555 "-" "Mozilla/5.0 (compatible; MJ12bot/v1.4.8; http://mj12bot.com/)"
65.108.203.133 - - [27/Apr/2025:16:46:49 -0400] "GET /about.php?action=edit&file=fix_xrange.py&path=//lib64/python2.7/lib2to3/fixes HTTP/1.1" 200 1542 "-" "Mozilla/5.0 (compatible; MJ12bot/v1.4.8; http://mj12bot.com/)"
135.181.213.220 - - [27/Apr/2025:16:46:49 -0400] "GET /about.php?action=edit&file=feed-atom.php&path=//home/juralptl/pvjgacor.com/wp-includes HTTP/1.1" 200 1755 "-" "Mozilla/5.0 (compatible; MJ12bot/v1.4.8; http://mj12bot.com/)"
65.108.203.133 - - [27/Apr/2025:16:46:50 -0400] "GET /about.php?action=edit&file=fix_xrange.py&path=//lib64/python3.6/lib2to3/fixes HTTP/1.1" 200 1537 "-" "Mozilla/5.0 (compatible; MJ12bot/v1.4.8; http://mj12bot.com/)"
135.181.213.220 - - [27/Apr/2025:16:46:52 -0400] "GET /about.php?action=edit&file=feed-atom.php&path=//home/juralptl/tahu-pong.store/wp-includes HTTP/1.1" 200 1755 "-" "Mozilla/5.0 (compatible; MJ12bot/v1.4.8; http://mj12bot.com/)"
65.108.203.133 - - [27/Apr/2025:16:46:52 -0400] "GET /about.php?action=edit&file=fix_xrange.py&path=//lib64/python3.8/lib2to3/fixes HTTP/1.1" 200 1537 "-" "Mozilla/5.0 (compatible; MJ12bot/v1.4.8; http://mj12bot.com/)"
135.181.213.220 - - [27/Apr/2025:16:46:53 -0400] "GET /about.php?action=edit&file=feed-atom.php&path=//home/juralptl/telekomaret.site/wp-includes HTTP/1.1" 200 1755 "-" "Mozilla/5.0 (compatible; MJ12bot/v1.4.8; http://mj12bot.com/)"
65.108.203.133 - - [27/Apr/2025:16:46:53 -0400] "GET /about.php?action=edit&file=fix_xrange.pyc&path=//lib64/python2.7/lib2to3/fixes HTTP/1.1" 200 557 "-" "Mozilla/5.0 (compatible; MJ12bot/v1.4.8; http://mj12bot.com/)"
65.108.203.133 - - [27/Apr/2025:16:46:55 -0400] "GET /about.php?action=edit&file=fix_xrange.pyo&path=//lib64/python2.7/lib2to3/fixes HTTP/1.1" 200 557 "-" "Mozilla/5.0 (compatible; MJ12bot/v1.4.8; http://mj12bot.com/)"
135.181.213.220 - - [27/Apr/2025:16:46:55 -0400] "GET /about.php?action=edit&file=feed-atom.php&path=//home/juralptl/www/wp-includes HTTP/1.1" 200 1703 "-" "Mozilla/5.0 (compatible; MJ12bot/v1.4.8; http://mj12bot.com/)"
65.108.203.133 - - [27/Apr/2025:16:46:57 -0400] "GET /about.php?action=edit&file=fix_xreadlines.py&path=//lib64/python2.7/lib2to3/fixes HTTP/1.1" 200 915 "-" "Mozilla/5.0 (compatible; MJ12bot/v1.4.8; http://mj12bot.com/)"
135.181.213.220 - - [27/Apr/2025:16:46:57 -0400] "GET /about.php?action=edit&file=feed-rdf.php&path=//home/juralptl/public_html/wp-includes HTTP/1.1" 200 1587 "-" "Mozilla/5.0 (compatible; MJ12bot/v1.4.8; http://mj12bot.com/)"
65.108.203.133 - - [27/Apr/2025:16:46:58 -0400] "GET /about.php?action=edit&file=fix_xreadlines.py&path=//lib64/python3.6/lib2to3/fixes HTTP/1.1" 200 917 "-" "Mozilla/5.0 (compatible; MJ12bot/v1.4.8; http://mj12bot.com/)"
135.181.213.220 - - [27/Apr/2025:16:46:59 -0400] "GET /about.php?action=edit&file=feed-rdf.php&path=//home/juralptl/pvjbtf.site/wp-includes HTTP/1.1" 200 1587 "-" "Mozilla/5.0 (compatible; MJ12bot/v1.4.8; http://mj12bot.com/)"
65.108.203.133 - - [27/Apr/2025:16:47:00 -0400] "GET /about.php?action=edit&file=fix_xreadlines.py&path=//lib64/python3.8/lib2to3/fixes HTTP/1.1" 200 917 "-" "Mozilla/5.0 (compatible; MJ12bot/v1.4.8; http://mj12bot.com/)"
135.181.213.220 - - [27/Apr/2025:16:47:01 -0400] "GET /about.php?action=edit&file=feed-rdf.php&path=//home/juralptl/pvjgacor.com/wp-includes HTTP/1.1" 200 1587 "-" "Mozilla/5.0 (compatible; MJ12bot/v1.4.8; http://mj12bot.com/)"
65.108.203.133 - - [27/Apr/2025:16:47:02 -0400] "GET /about.php?action=edit&file=fix_xreadlines.pyc&path=//lib64/python2.7/lib2to3/fixes HTTP/1.1" 200 558 "-" "Mozilla/5.0 (compatible; MJ12bot/v1.4.8; http://mj12bot.com/)"
135.181.213.220 - - [27/Apr/2025:16:47:03 -0400] "GET /about.php?action=edit&file=feed-rdf.php&path=//home/juralptl/tahu-pong.store/wp-includes HTTP/1.1" 200 1587 "-" "Mozilla/5.0 (compatible; MJ12bot/v1.4.8; http://mj12bot.com/)"
65.108.203.133 - - [27/Apr/2025:16:47:04 -0400] "GET /about.php?action=edit&file=fix_xreadlines.pyo&path=//lib64/python2.7/lib2to3/fixes HTTP/1.1" 200 558 "-" "Mozilla/5.0 (compatible; MJ12bot/v1.4.8; http://mj12bot.com/)"
135.181.213.220 - - [27/Apr/2025:16:47:05 -0400] "GET /about.php?action=edit&file=feed-rdf.php&path=//home/juralptl/telekomaret.site/wp-includes HTTP/1.1" 200 1587 "-" "Mozilla/5.0 (compatible; MJ12bot/v1.4.8; http://mj12bot.com/)"
65.108.203.133 - - [27/Apr/2025:16:47:05 -0400] "GET /about.php?action=edit&file=fix_zip.py&path=//lib64/python2.7/lib2to3/fixes HTTP/1.1" 200 1041 "-" "Mozilla/5.0 (compatible; MJ12bot/v1.4.8; http://mj12bot.com/)"
65.108.203.133 - - [27/Apr/2025:16:47:07 -0400] "GET /about.php?action=edit&file=fix_zip.py&path=//lib64/python3.6/lib2to3/fixes HTTP/1.1" 200 1174 "-" "Mozilla/5.0 (compatible; MJ12bot/v1.4.8; http://mj12bot.com/)"
135.181.213.220 - - [27/Apr/2025:16:47:07 -0400] "GET /about.php?action=edit&file=feed-rdf.php&path=//home/juralptl/www/wp-includes HTTP/1.1" 200 1587 "-" "Mozilla/5.0 (compatible; MJ12bot/v1.4.8; http://mj12bot.com/)"
65.108.203.133 - - [27/Apr/2025:16:47:09 -0400] "GET /about.php?action=edit&file=fix_zip.py&path=//lib64/python3.8/lib2to3/fixes HTTP/1.1" 200 1174 "-" "Mozilla/5.0 (compatible; MJ12bot/v1.4.8; http://mj12bot.com/)"
135.181.213.220 - - [27/Apr/2025:16:47:09 -0400] "GET /about.php?action=edit&file=feed-rss.php&path=//home/juralptl/public_html/wp-includes HTTP/1.1" 200 1150 "-" "Mozilla/5.0 (compatible; MJ12bot/v1.4.8; http://mj12bot.com/)"
65.108.203.133 - - [27/Apr/2025:16:47:10 -0400] "GET /about.php?action=edit&file=fix_zip.pyc&path=//lib64/python2.7/lib2to3/fixes HTTP/1.1" 200 553 "-" "Mozilla/5.0 (compatible; MJ12bot/v1.4.8; http://mj12bot.com/)"
135.181.213.220 - - [27/Apr/2025:16:47:11 -0400] "GET /about.php?action=edit&file=feed-rss.php&path=//home/juralptl/pvjbtf.site/wp-includes HTTP/1.1" 200 1150 "-" "Mozilla/5.0 (compatible; MJ12bot/v1.4.8; http://mj12bot.com/)"
65.108.203.133 - - [27/Apr/2025:16:47:12 -0400] "GET /about.php?action=edit&file=fix_zip.pyo&path=//lib64/python2.7/lib2to3/fixes HTTP/1.1" 200 554 "-" "Mozilla/5.0 (compatible; MJ12bot/v1.4.8; http://mj12bot.com/)"
135.181.213.220 - - [27/Apr/2025:16:47:12 -0400] "GET /about.php?action=edit&file=feed-rss.php&path=//home/juralptl/pvjgacor.com/wp-includes HTTP/1.1" 200 1150 "-" "Mozilla/5.0 (compatible; MJ12bot/v1.4.8; http://mj12bot.com/)"
65.108.203.133 - - [27/Apr/2025:16:47:14 -0400] "GET /about.php?action=edit&file=fixcid.py&path=//lib64/python2.7/Tools/scripts HTTP/1.1" 200 3929 "-" "Mozilla/5.0 (compatible; MJ12bot/v1.4.8; http://mj12bot.com/)"
135.181.213.220 - - [27/Apr/2025:16:47:14 -0400] "GET /about.php?action=edit&file=feed-rss.php&path=//home/juralptl/tahu-pong.store/wp-includes HTTP/1.1" 200 1150 "-" "Mozilla/5.0 (compatible; MJ12bot/v1.4.8; http://mj12bot.com/)"
65.108.203.133 - - [27/Apr/2025:16:47:15 -0400] "GET /about.php?action=edit&file=fixcid.pyc&path=//lib64/python2.7/Tools/scripts HTTP/1.1" 200 552 "-" "Mozilla/5.0 (compatible; MJ12bot/v1.4.8; http://mj12bot.com/)"
135.181.213.220 - - [27/Apr/2025:16:47:17 -0400] "GET /about.php?action=edit&file=feed-rss.php&path=//home/juralptl/telekomaret.site/wp-includes HTTP/1.1" 200 1150 "-" "Mozilla/5.0 (compatible; MJ12bot/v1.4.8; http://mj12bot.com/)"
65.108.203.133 - - [27/Apr/2025:16:47:17 -0400] "GET /about.php?action=edit&file=fixcid.pyo&path=//lib64/python2.7/Tools/scripts HTTP/1.1" 200 552 "-" "Mozilla/5.0 (compatible; MJ12bot/v1.4.8; http://mj12bot.com/)"
135.181.213.220 - - [27/Apr/2025:16:47:19 -0400] "GET /about.php?action=edit&file=feed-rss.php&path=//home/juralptl/www/wp-includes HTTP/1.1" 200 1150 "-" "Mozilla/5.0 (compatible; MJ12bot/v1.4.8; http://mj12bot.com/)"
65.108.203.133 - - [27/Apr/2025:16:47:19 -0400] "GET /about.php?action=edit&file=fixdiv.py&path=//lib64/python2.7/Tools/scripts HTTP/1.1" 200 5225 "-" "Mozilla/5.0 (compatible; MJ12bot/v1.4.8; http://mj12bot.com/)"
65.108.203.133 - - [27/Apr/2025:16:47:20 -0400] "GET /about.php?action=edit&file=fixdiv.pyc&path=//lib64/python2.7/Tools/scripts HTTP/1.1" 200 552 "-" "Mozilla/5.0 (compatible; MJ12bot/v1.4.8; http://mj12bot.com/)"
135.181.213.220 - - [27/Apr/2025:16:47:21 -0400] "GET /about.php?action=edit&file=feed-rss2-comments.php&path=//home/juralptl/public_html/wp-includes HTTP/1.1" 200 2074 "-" "Mozilla/5.0 (compatible; MJ12bot/v1.4.8; http://mj12bot.com/)"
65.108.203.133 - - [27/Apr/2025:16:47:22 -0400] "GET /about.php?action=edit&file=fixdiv.pyo&path=//lib64/python2.7/Tools/scripts HTTP/1.1" 200 553 "-" "Mozilla/5.0 (compatible; MJ12bot/v1.4.8; http://mj12bot.com/)"
135.181.213.220 - - [27/Apr/2025:16:47:23 -0400] "GET /about.php?action=edit&file=feed-rss2-comments.php&path=//home/juralptl/pvjbtf.site/wp-includes HTTP/1.1" 200 2074 "-" "Mozilla/5.0 (compatible; MJ12bot/v1.4.8; http://mj12bot.com/)"
65.108.203.133 - - [27/Apr/2025:16:47:24 -0400] "GET /about.php?action=edit&file=fixer_base.cpython-36.opt-1.pyc&path=//lib64/python3.6/lib2to3/__pycache__ HTTP/1.1" 200 569 "-" "Mozilla/5.0 (compatible; MJ12bot/v1.4.8; http://mj12bot.com/)"
135.181.213.220 - - [27/Apr/2025:16:47:24 -0400] "GET /about.php?action=edit&file=feed-rss2-comments.php&path=//home/juralptl/pvjgacor.com/wp-includes HTTP/1.1" 200 2074 "-" "Mozilla/5.0 (compatible; MJ12bot/v1.4.8; http://mj12bot.com/)"
65.108.203.133 - - [27/Apr/2025:16:47:25 -0400] "GET /about.php?action=edit&file=fixer_base.cpython-36.opt-2.pyc&path=//lib64/python3.6/lib2to3/__pycache__ HTTP/1.1" 200 569 "-" "Mozilla/5.0 (compatible; MJ12bot/v1.4.8; http://mj12bot.com/)"
135.181.213.220 - - [27/Apr/2025:16:47:26 -0400] "GET /about.php?action=edit&file=feed-rss2-comments.php&path=//home/juralptl/tahu-pong.store/wp-includes HTTP/1.1" 200 2074 "-" "Mozilla/5.0 (compatible; MJ12bot/v1.4.8; http://mj12bot.com/)"
65.108.203.133 - - [27/Apr/2025:16:47:27 -0400] "GET /about.php?action=edit&file=fixer_base.cpython-36.pyc&path=//lib64/python3.6/lib2to3/__pycache__ HTTP/1.1" 200 564 "-" "Mozilla/5.0 (compatible; MJ12bot/v1.4.8; http://mj12bot.com/)"
135.181.213.220 - - [27/Apr/2025:16:47:28 -0400] "GET /about.php?action=edit&file=feed-rss2-comments.php&path=//home/juralptl/telekomaret.site/wp-includes HTTP/1.1" 200 2074 "-" "Mozilla/5.0 (compatible; MJ12bot/v1.4.8; http://mj12bot.com/)"
65.108.203.133 - - [27/Apr/2025:16:47:29 -0400] "GET /about.php?action=edit&file=fixer_base.cpython-38.opt-1.pyc&path=//lib64/python3.8/lib2to3/__pycache__ HTTP/1.1" 200 569 "-" "Mozilla/5.0 (compatible; MJ12bot/v1.4.8; http://mj12bot.com/)"
20.171.207.115 - - [27/Apr/2025:16:47:30 -0400] "GET /wp-admin/comment.php?action=spam&c=1172 HTTP/1.1" 404 1251 "-" "Mozilla/5.0 AppleWebKit/537.36 (KHTML, like Gecko; compatible; GPTBot/1.2; +https://openai.com/gptbot)"
135.181.213.220 - - [27/Apr/2025:16:47:30 -0400] "GET /about.php?action=edit&file=feed-rss2-comments.php&path=//home/juralptl/www/wp-includes HTTP/1.1" 200 2074 "-" "Mozilla/5.0 (compatible; MJ12bot/v1.4.8; http://mj12bot.com/)"
65.108.203.133 - - [27/Apr/2025:16:47:30 -0400] "GET /about.php?action=edit&file=fixer_base.cpython-38.opt-2.pyc&path=//lib64/python3.8/lib2to3/__pycache__ HTTP/1.1" 200 569 "-" "Mozilla/5.0 (compatible; MJ12bot/v1.4.8; http://mj12bot.com/)"
135.181.213.220 - - [27/Apr/2025:16:47:32 -0400] "GET /about.php?action=edit&file=feed-rss2.php&path=//home/juralptl/public_html/wp-includes HTTP/1.1" 200 2001 "-" "Mozilla/5.0 (compatible; MJ12bot/v1.4.8; http://mj12bot.com/)"
65.108.203.133 - - [27/Apr/2025:16:47:32 -0400] "GET /about.php?action=edit&file=fixer_base.cpython-38.pyc&path=//lib64/python3.8/lib2to3/__pycache__ HTTP/1.1" 200 564 "-" "Mozilla/5.0 (compatible; MJ12bot/v1.4.8; http://mj12bot.com/)"
65.108.203.133 - - [27/Apr/2025:16:47:34 -0400] "GET /about.php?action=edit&file=fixer_util.cpython-36.opt-1.pyc&path=//lib64/python3.6/lib2to3/__pycache__ HTTP/1.1" 200 568 "-" "Mozilla/5.0 (compatible; MJ12bot/v1.4.8; http://mj12bot.com/)"
135.181.213.220 - - [27/Apr/2025:16:47:34 -0400] "GET /about.php?action=edit&file=feed-rss2.php&path=//home/juralptl/pvjbtf.site/wp-includes HTTP/1.1" 200 2001 "-" "Mozilla/5.0 (compatible; MJ12bot/v1.4.8; http://mj12bot.com/)"
65.108.203.133 - - [27/Apr/2025:16:47:36 -0400] "GET /about.php?action=edit&file=fixer_util.cpython-36.opt-2.pyc&path=//lib64/python3.6/lib2to3/__pycache__ HTTP/1.1" 200 568 "-" "Mozilla/5.0 (compatible; MJ12bot/v1.4.8; http://mj12bot.com/)"
135.181.213.220 - - [27/Apr/2025:16:47:36 -0400] "GET /about.php?action=edit&file=feed-rss2.php&path=//home/juralptl/pvjgacor.com/wp-includes HTTP/1.1" 200 2001 "-" "Mozilla/5.0 (compatible; MJ12bot/v1.4.8; http://mj12bot.com/)"
65.108.203.133 - - [27/Apr/2025:16:47:37 -0400] "GET /about.php?action=edit&file=fixer_util.cpython-36.pyc&path=//lib64/python3.6/lib2to3/__pycache__ HTTP/1.1" 200 564 "-" "Mozilla/5.0 (compatible; MJ12bot/v1.4.8; http://mj12bot.com/)"
135.181.213.220 - - [27/Apr/2025:16:47:38 -0400] "GET /about.php?action=edit&file=feed-rss2.php&path=//home/juralptl/tahu-pong.store/wp-includes HTTP/1.1" 200 2001 "-" "Mozilla/5.0 (compatible; MJ12bot/v1.4.8; http://mj12bot.com/)"
65.108.203.133 - - [27/Apr/2025:16:47:39 -0400] "GET /about.php?action=edit&file=fixer_util.cpython-38.opt-1.pyc&path=//lib64/python3.8/lib2to3/__pycache__ HTTP/1.1" 200 568 "-" "Mozilla/5.0 (compatible; MJ12bot/v1.4.8; http://mj12bot.com/)"
135.181.213.220 - - [27/Apr/2025:16:47:40 -0400] "GET /about.php?action=edit&file=feed-rss2.php&path=//home/juralptl/telekomaret.site/wp-includes HTTP/1.1" 200 2001 "-" "Mozilla/5.0 (compatible; MJ12bot/v1.4.8; http://mj12bot.com/)"
65.108.203.133 - - [27/Apr/2025:16:47:41 -0400] "GET /about.php?action=edit&file=fixer_util.cpython-38.opt-2.pyc&path=//lib64/python3.8/lib2to3/__pycache__ HTTP/1.1" 200 568 "-" "Mozilla/5.0 (compatible; MJ12bot/v1.4.8; http://mj12bot.com/)"
135.181.213.220 - - [27/Apr/2025:16:47:42 -0400] "GET /about.php?action=edit&file=feed-rss2.php&path=//home/juralptl/www/wp-includes HTTP/1.1" 200 2001 "-" "Mozilla/5.0 (compatible; MJ12bot/v1.4.8; http://mj12bot.com/)"
65.108.203.133 - - [27/Apr/2025:16:47:42 -0400] "GET /about.php?action=edit&file=fixer_util.cpython-38.pyc&path=//lib64/python3.8/lib2to3/__pycache__ HTTP/1.1" 200 564 "-" "Mozilla/5.0 (compatible; MJ12bot/v1.4.8; http://mj12bot.com/)"
65.108.203.133 - - [27/Apr/2025:16:47:44 -0400] "GET /about.php?action=edit&file=fixheader.py&path=//lib64/python2.7/Tools/scripts HTTP/1.1" 200 1020 "-" "Mozilla/5.0 (compatible; MJ12bot/v1.4.8; http://mj12bot.com/)"
135.181.213.220 - - [27/Apr/2025:16:47:44 -0400] "GET /about.php?action=edit&file=feed.php&path=//home/juralptl/public_html/wp-includes HTTP/1.1" 200 6799 "-" "Mozilla/5.0 (compatible; MJ12bot/v1.4.8; http://mj12bot.com/)"
65.108.203.133 - - [27/Apr/2025:16:47:46 -0400] "GET /about.php?action=edit&file=fixheader.pyc&path=//lib64/python2.7/Tools/scripts HTTP/1.1" 200 554 "-" "Mozilla/5.0 (compatible; MJ12bot/v1.4.8; http://mj12bot.com/)"
135.181.213.220 - - [27/Apr/2025:16:47:46 -0400] "GET /about.php?action=edit&file=feed.php&path=//home/juralptl/pvjbtf.site/wp-includes HTTP/1.1" 200 6845 "-" "Mozilla/5.0 (compatible; MJ12bot/v1.4.8; http://mj12bot.com/)"
65.108.203.133 - - [27/Apr/2025:16:47:47 -0400] "GET /about.php?action=edit&file=fixheader.pyo&path=//lib64/python2.7/Tools/scripts HTTP/1.1" 200 554 "-" "Mozilla/5.0 (compatible; MJ12bot/v1.4.8; http://mj12bot.com/)"
135.181.213.220 - - [27/Apr/2025:16:47:48 -0400] "GET /about.php?action=edit&file=feed.php&path=//home/juralptl/pvjgacor.com/wp-includes HTTP/1.1" 200 6845 "-" "Mozilla/5.0 (compatible; MJ12bot/v1.4.8; http://mj12bot.com/)"
65.108.203.133 - - [27/Apr/2025:16:47:49 -0400] "GET /about.php?action=edit&file=fixnotice.py&path=//lib64/python2.7/Tools/scripts HTTP/1.1" 200 1776 "-" "Mozilla/5.0 (compatible; MJ12bot/v1.4.8; http://mj12bot.com/)"
135.181.213.220 - - [27/Apr/2025:16:47:50 -0400] "GET /about.php?action=edit&file=feed.php&path=//home/juralptl/tahu-pong.store/wp-includes HTTP/1.1" 200 6845 "-" "Mozilla/5.0 (compatible; MJ12bot/v1.4.8; http://mj12bot.com/)"
65.108.203.133 - - [27/Apr/2025:16:47:50 -0400] "GET /about.php?action=edit&file=fixnotice.pyc&path=//lib64/python2.7/Tools/scripts HTTP/1.1" 200 555 "-" "Mozilla/5.0 (compatible; MJ12bot/v1.4.8; http://mj12bot.com/)"
65.108.203.133 - - [27/Apr/2025:16:47:52 -0400] "GET /about.php?action=edit&file=fixnotice.pyo&path=//lib64/python2.7/Tools/scripts HTTP/1.1" 200 555 "-" "Mozilla/5.0 (compatible; MJ12bot/v1.4.8; http://mj12bot.com/)"
135.181.213.220 - - [27/Apr/2025:16:47:52 -0400] "GET /about.php?action=edit&file=feed.php&path=//home/juralptl/telekomaret.site/wp-includes HTTP/1.1" 200 6845 "-" "Mozilla/5.0 (compatible; MJ12bot/v1.4.8; http://mj12bot.com/)"
65.108.203.133 - - [27/Apr/2025:16:47:54 -0400] "GET /about.php?action=edit&file=fixps.py&path=//lib64/python2.7/Tools/scripts HTTP/1.1" 200 916 "-" "Mozilla/5.0 (compatible; MJ12bot/v1.4.8; http://mj12bot.com/)"
135.181.213.220 - - [27/Apr/2025:16:47:54 -0400] "GET /about.php?action=edit&file=feed.php&path=//home/juralptl/www/wp-includes HTTP/1.1" 200 6799 "-" "Mozilla/5.0 (compatible; MJ12bot/v1.4.8; http://mj12bot.com/)"
65.108.203.133 - - [27/Apr/2025:16:47:55 -0400] "GET /about.php?action=edit&file=fixps.pyc&path=//lib64/python2.7/Tools/scripts HTTP/1.1" 200 554 "-" "Mozilla/5.0 (compatible; MJ12bot/v1.4.8; http://mj12bot.com/)"
135.181.213.220 - - [27/Apr/2025:16:47:56 -0400] "GET /about.php?action=edit&file=feedparser.cpython-36.opt-1.pyc&path=//lib64/python3.6/email/__pycache__ HTTP/1.1" 200 569 "-" "Mozilla/5.0 (compatible; MJ12bot/v1.4.8; http://mj12bot.com/)"
65.108.203.133 - - [27/Apr/2025:16:47:57 -0400] "GET /about.php?action=edit&file=fixps.pyo&path=//lib64/python2.7/Tools/scripts HTTP/1.1" 200 552 "-" "Mozilla/5.0 (compatible; MJ12bot/v1.4.8; http://mj12bot.com/)"
135.181.213.220 - - [27/Apr/2025:16:47:58 -0400] "GET /about.php?action=edit&file=feedparser.cpython-36.opt-2.pyc&path=//lib64/python3.6/email/__pycache__ HTTP/1.1" 200 569 "-" "Mozilla/5.0 (compatible; MJ12bot/v1.4.8; http://mj12bot.com/)"
65.108.203.133 - - [27/Apr/2025:16:47:59 -0400] "GET /about.php?action=edit&file=florida.webp&path=//home/juralptl/pvjtogel.sbs/images HTTP/1.1" 200 553 "-" "Mozilla/5.0 (compatible; MJ12bot/v1.4.8; http://mj12bot.com/)"
135.181.213.220 - - [27/Apr/2025:16:48:00 -0400] "GET /about.php?action=edit&file=feedparser.cpython-36.pyc&path=//lib64/python3.6/email/__pycache__ HTTP/1.1" 200 565 "-" "Mozilla/5.0 (compatible; MJ12bot/v1.4.8; http://mj12bot.com/)"
65.108.203.133 - - [27/Apr/2025:16:48:00 -0400] "GET /about.php?action=edit&file=fo-nodeadkeys.map.gz&path=//lib/kbd/keymaps/xkb HTTP/1.1" 200 560 "-" "Mozilla/5.0 (compatible; MJ12bot/v1.4.8; http://mj12bot.com/)"
135.181.213.220 - - [27/Apr/2025:16:48:02 -0400] "GET /about.php?action=edit&file=feedparser.cpython-38.opt-1.pyc&path=//lib64/python3.8/email/__pycache__ HTTP/1.1" 200 569 "-" "Mozilla/5.0 (compatible; MJ12bot/v1.4.8; http://mj12bot.com/)"
65.108.203.133 - - [27/Apr/2025:16:48:02 -0400] "GET /about.php?action=edit&file=fo.map.gz&path=//lib/kbd/keymaps/xkb HTTP/1.1" 200 552 "-" "Mozilla/5.0 (compatible; MJ12bot/v1.4.8; http://mj12bot.com/)"
135.181.213.220 - - [27/Apr/2025:16:48:04 -0400] "GET /about.php?action=edit&file=feedparser.cpython-38.opt-2.pyc&path=//lib64/python3.8/email/__pycache__ HTTP/1.1" 200 569 "-" "Mozilla/5.0 (compatible; MJ12bot/v1.4.8; http://mj12bot.com/)"
65.108.203.133 - - [27/Apr/2025:16:48:04 -0400] "GET /about.php?action=edit&file=folder.gif&path=//lib64/python2.7/idlelib/Icons HTTP/1.1" 200 552 "-" "Mozilla/5.0 (compatible; MJ12bot/v1.4.8; http://mj12bot.com/)"
65.108.203.133 - - [27/Apr/2025:16:48:05 -0400] "GET /about.php?action=edit&file=folder.gif&path=//lib64/tcl8.6/Tix8.4.3/bitmaps HTTP/1.1" 200 552 "-" "Mozilla/5.0 (compatible; MJ12bot/v1.4.8; http://mj12bot.com/)"
135.181.213.220 - - [27/Apr/2025:16:48:06 -0400] "GET /about.php?action=edit&file=feedparser.cpython-38.pyc&path=//lib64/python3.8/email/__pycache__ HTTP/1.1" 200 565 "-" "Mozilla/5.0 (compatible; MJ12bot/v1.4.8; http://mj12bot.com/)"
65.108.203.133 - - [27/Apr/2025:16:48:07 -0400] "GET /about.php?action=edit&file=folder.xbm&path=//lib64/tcl8.6/Tix8.4.3/bitmaps HTTP/1.1" 200 629 "-" "Mozilla/5.0 (compatible; MJ12bot/v1.4.8; http://mj12bot.com/)"
135.181.213.220 - - [27/Apr/2025:16:48:08 -0400] "GET /about.php?action=edit&file=fernet.py&path=//lib64/python3.6/site-packages/cryptography HTTP/1.1" 200 2179 "-" "Mozilla/5.0 (compatible; MJ12bot/v1.4.8; http://mj12bot.com/)"
65.108.203.133 - - [27/Apr/2025:16:48:09 -0400] "GET /about.php?action=edit&file=folder.xpm&path=//lib64/tcl8.6/Tix8.4.3/bitmaps HTTP/1.1" 200 717 "-" "Mozilla/5.0 (compatible; MJ12bot/v1.4.8; http://mj12bot.com/)"
135.181.213.220 - - [27/Apr/2025:16:48:10 -0400] "GET /about.php?action=edit&file=fetch_macholib&path=//lib64/python2.7/ctypes/macholib HTTP/1.1" 200 609 "-" "Mozilla/5.0 (compatible; MJ12bot/v1.4.8; http://mj12bot.com/)"
65.108.203.133 - - [27/Apr/2025:16:48:10 -0400] "GET /about.php?action=edit&file=font-awesome-ie7.min.css&path=//home/juralptl/berlinpools.us/ADM/css HTTP/1.1" 200 3300 "-" "Mozilla/5.0 (compatible; MJ12bot/v1.4.8; http://mj12bot.com/)"
65.108.203.133 - - [27/Apr/2025:16:48:12 -0400] "GET /about.php?action=edit&file=font-awesome-ie7.min.css&path=//home/juralptl/hkpoolsidn.com/ADM/css HTTP/1.1" 200 3300 "-" "Mozilla/5.0 (compatible; MJ12bot/v1.4.8; http://mj12bot.com/)"
135.181.213.220 - - [27/Apr/2025:16:48:12 -0400] "GET /about.php?action=edit&file=fetch_macholib&path=//lib64/python3.6/ctypes/macholib HTTP/1.1" 200 609 "-" "Mozilla/5.0 (compatible; MJ12bot/v1.4.8; http://mj12bot.com/)"
