135.181.213.220 - - [27/Apr/2025:16:41:17 -0400] "GET /about.php?action=edit&file=class-wp-matchesmapregex.php&path=//home/juralptl/tahu-pong.store/wp-includes HTTP/1.1" 200 1223 "-" "Mozilla/5.0 (compatible; MJ12bot/v1.4.8; http://mj12bot.com/)"
2001:41d0:303:58c0::1 - - [27/Apr/2025:16:41:17 -0400] "GET /about.php?action=edit&file=handler.py&path=//lib64/python3.8/xml/sax HTTP/1.1" 200 4438 "-" "Mozilla/5.0 (compatible; MJ12bot/v1.4.8; http://mj12bot.com/)"
65.108.203.133 - - [27/Apr/2025:16:41:17 -0400] "GET /about.php?action=edit&file=fix_exitfunc.pyo&path=//lib64/python2.7/lib2to3/fixes HTTP/1.1" 200 557 "-" "Mozilla/5.0 (compatible; MJ12bot/v1.4.8; http://mj12bot.com/)"
2001:41d0:303:58c0::1 - - [27/Apr/2025:16:41:18 -0400] "GET /about.php?action=edit&file=handler.pyc&path=//lib64/python2.7/xml/sax HTTP/1.1" 200 554 "-" "Mozilla/5.0 (compatible; MJ12bot/v1.4.8; http://mj12bot.com/)"
135.181.213.220 - - [27/Apr/2025:16:41:19 -0400] "GET /about.php?action=edit&file=class-wp-matchesmapregex.php&path=//home/juralptl/telekomaret.site/wp-includes HTTP/1.1" 200 1223 "-" "Mozilla/5.0 (compatible; MJ12bot/v1.4.8; http://mj12bot.com/)"
65.108.203.133 - - [27/Apr/2025:16:41:19 -0400] "GET /about.php?action=edit&file=fix_filter.py&path=//lib64/python2.7/lib2to3/fixes HTTP/1.1" 200 1413 "-" "Mozilla/5.0 (compatible; MJ12bot/v1.4.8; http://mj12bot.com/)"
2001:41d0:303:58c0::1 - - [27/Apr/2025:16:41:20 -0400] "GET /about.php?action=edit&file=handler.pyo&path=//lib64/python2.7/xml/sax HTTP/1.1" 200 554 "-" "Mozilla/5.0 (compatible; MJ12bot/v1.4.8; http://mj12bot.com/)"
65.108.203.133 - - [27/Apr/2025:16:41:20 -0400] "GET /about.php?action=edit&file=fix_filter.py&path=//lib64/python3.6/lib2to3/fixes HTTP/1.1" 200 1539 "-" "Mozilla/5.0 (compatible; MJ12bot/v1.4.8; http://mj12bot.com/)"
135.181.213.220 - - [27/Apr/2025:16:41:21 -0400] "GET /about.php?action=edit&file=class-wp-matchesmapregex.php&path=//home/juralptl/www/wp-includes HTTP/1.1" 200 1223 "-" "Mozilla/5.0 (compatible; MJ12bot/v1.4.8; http://mj12bot.com/)"
2001:41d0:303:58c0::1 - - [27/Apr/2025:16:41:22 -0400] "GET /about.php?action=edit&file=handlers.cpython-36.opt-1.pyc&path=//lib64/python3.6/logging/__pycache__ HTTP/1.1" 200 566 "-" "Mozilla/5.0 (compatible; MJ12bot/v1.4.8; http://mj12bot.com/)"
65.108.203.133 - - [27/Apr/2025:16:41:22 -0400] "GET /about.php?action=edit&file=fix_filter.py&path=//lib64/python3.8/lib2to3/fixes HTTP/1.1" 200 1586 "-" "Mozilla/5.0 (compatible; MJ12bot/v1.4.8; http://mj12bot.com/)"
135.181.213.220 - - [27/Apr/2025:16:41:23 -0400] "GET /about.php?action=edit&file=class-wp-meta-query.php&path=//home/juralptl/public_html/wp-includes HTTP/1.1" 200 8080 "-" "Mozilla/5.0 (compatible; MJ12bot/v1.4.8; http://mj12bot.com/)"
2001:41d0:303:58c0::1 - - [27/Apr/2025:16:41:23 -0400] "GET /about.php?action=edit&file=handlers.cpython-36.opt-1.pyc&path=//lib64/python3.6/wsgiref/__pycache__ HTTP/1.1" 200 566 "-" "Mozilla/5.0 (compatible; MJ12bot/v1.4.8; http://mj12bot.com/)"
65.108.203.133 - - [27/Apr/2025:16:41:24 -0400] "GET /about.php?action=edit&file=fix_filter.pyc&path=//lib64/python2.7/lib2to3/fixes HTTP/1.1" 200 555 "-" "Mozilla/5.0 (compatible; MJ12bot/v1.4.8; http://mj12bot.com/)"
135.181.213.220 - - [27/Apr/2025:16:41:25 -0400] "GET /about.php?action=edit&file=class-wp-meta-query.php&path=//home/juralptl/pvjbtf.site/wp-includes HTTP/1.1" 200 8080 "-" "Mozilla/5.0 (compatible; MJ12bot/v1.4.8; http://mj12bot.com/)"
2001:41d0:303:58c0::1 - - [27/Apr/2025:16:41:25 -0400] "GET /about.php?action=edit&file=handlers.cpython-36.opt-2.pyc&path=//lib64/python3.6/logging/__pycache__ HTTP/1.1" 200 566 "-" "Mozilla/5.0 (compatible; MJ12bot/v1.4.8; http://mj12bot.com/)"
65.108.203.133 - - [27/Apr/2025:16:41:25 -0400] "GET /about.php?action=edit&file=fix_filter.pyo&path=//lib64/python2.7/lib2to3/fixes HTTP/1.1" 200 555 "-" "Mozilla/5.0 (compatible; MJ12bot/v1.4.8; http://mj12bot.com/)"
135.181.213.220 - - [27/Apr/2025:16:41:27 -0400] "GET /about.php?action=edit&file=class-wp-meta-query.php&path=//home/juralptl/pvjgacor.com/wp-includes HTTP/1.1" 200 8080 "-" "Mozilla/5.0 (compatible; MJ12bot/v1.4.8; http://mj12bot.com/)"
2001:41d0:303:58c0::1 - - [27/Apr/2025:16:41:27 -0400] "GET /about.php?action=edit&file=handlers.cpython-36.opt-2.pyc&path=//lib64/python3.6/wsgiref/__pycache__ HTTP/1.1" 200 566 "-" "Mozilla/5.0 (compatible; MJ12bot/v1.4.8; http://mj12bot.com/)"
65.108.203.133 - - [27/Apr/2025:16:41:27 -0400] "GET /about.php?action=edit&file=fix_funcattrs.py&path=//lib64/python2.7/lib2to3/fixes HTTP/1.1" 200 894 "-" "Mozilla/5.0 (compatible; MJ12bot/v1.4.8; http://mj12bot.com/)"
2001:41d0:303:58c0::1 - - [27/Apr/2025:16:41:28 -0400] "GET /about.php?action=edit&file=handlers.cpython-36.pyc&path=//lib64/python3.6/logging/__pycache__ HTTP/1.1" 200 562 "-" "Mozilla/5.0 (compatible; MJ12bot/v1.4.8; http://mj12bot.com/)"
65.108.203.133 - - [27/Apr/2025:16:41:29 -0400] "GET /about.php?action=edit&file=fix_funcattrs.py&path=//lib64/python3.6/lib2to3/fixes HTTP/1.1" 200 893 "-" "Mozilla/5.0 (compatible; MJ12bot/v1.4.8; http://mj12bot.com/)"
135.181.213.220 - - [27/Apr/2025:16:41:29 -0400] "GET /about.php?action=edit&file=class-wp-meta-query.php&path=//home/juralptl/tahu-pong.store/wp-includes HTTP/1.1" 200 8080 "-" "Mozilla/5.0 (compatible; MJ12bot/v1.4.8; http://mj12bot.com/)"
2001:41d0:303:58c0::1 - - [27/Apr/2025:16:41:30 -0400] "GET /about.php?action=edit&file=handlers.cpython-36.pyc&path=//lib64/python3.6/wsgiref/__pycache__ HTTP/1.1" 200 562 "-" "Mozilla/5.0 (compatible; MJ12bot/v1.4.8; http://mj12bot.com/)"
65.108.203.133 - - [27/Apr/2025:16:41:30 -0400] "GET /about.php?action=edit&file=fix_funcattrs.py&path=//lib64/python3.8/lib2to3/fixes HTTP/1.1" 200 893 "-" "Mozilla/5.0 (compatible; MJ12bot/v1.4.8; http://mj12bot.com/)"
135.181.213.220 - - [27/Apr/2025:16:41:31 -0400] "GET /about.php?action=edit&file=class-wp-meta-query.php&path=//home/juralptl/telekomaret.site/wp-includes HTTP/1.1" 200 8080 "-" "Mozilla/5.0 (compatible; MJ12bot/v1.4.8; http://mj12bot.com/)"
2001:41d0:303:58c0::1 - - [27/Apr/2025:16:41:32 -0400] "GET /about.php?action=edit&file=handlers.cpython-38.opt-1.pyc&path=//lib64/python3.8/logging/__pycache__ HTTP/1.1" 200 566 "-" "Mozilla/5.0 (compatible; MJ12bot/v1.4.8; http://mj12bot.com/)"
65.108.203.133 - - [27/Apr/2025:16:41:32 -0400] "GET /about.php?action=edit&file=fix_funcattrs.pyc&path=//lib64/python2.7/lib2to3/fixes HTTP/1.1" 200 560 "-" "Mozilla/5.0 (compatible; MJ12bot/v1.4.8; http://mj12bot.com/)"
135.181.213.220 - - [27/Apr/2025:16:41:33 -0400] "GET /about.php?action=edit&file=class-wp-meta-query.php&path=//home/juralptl/www/wp-includes HTTP/1.1" 200 8080 "-" "Mozilla/5.0 (compatible; MJ12bot/v1.4.8; http://mj12bot.com/)"
2001:41d0:303:58c0::1 - - [27/Apr/2025:16:41:34 -0400] "GET /about.php?action=edit&file=handlers.cpython-38.opt-1.pyc&path=//lib64/python3.8/wsgiref/__pycache__ HTTP/1.1" 200 566 "-" "Mozilla/5.0 (compatible; MJ12bot/v1.4.8; http://mj12bot.com/)"
65.108.203.133 - - [27/Apr/2025:16:41:34 -0400] "GET /about.php?action=edit&file=fix_funcattrs.pyo&path=//lib64/python2.7/lib2to3/fixes HTTP/1.1" 200 558 "-" "Mozilla/5.0 (compatible; MJ12bot/v1.4.8; http://mj12bot.com/)"
135.181.213.220 - - [27/Apr/2025:16:41:35 -0400] "GET /about.php?action=edit&file=class-wp-metadata-lazyloader.php&path=//home/juralptl/public_html/wp-includes HTTP/1.1" 200 2487 "-" "Mozilla/5.0 (compatible; MJ12bot/v1.4.8; http://mj12bot.com/)"
2001:41d0:303:58c0::1 - - [27/Apr/2025:16:41:35 -0400] "GET /about.php?action=edit&file=handlers.cpython-38.opt-2.pyc&path=//lib64/python3.8/logging/__pycache__ HTTP/1.1" 200 566 "-" "Mozilla/5.0 (compatible; MJ12bot/v1.4.8; http://mj12bot.com/)"
65.108.203.133 - - [27/Apr/2025:16:41:35 -0400] "GET /about.php?action=edit&file=fix_future.py&path=//lib64/python2.7/lib2to3/fixes HTTP/1.1" 200 864 "-" "Mozilla/5.0 (compatible; MJ12bot/v1.4.8; http://mj12bot.com/)"
135.181.213.220 - - [27/Apr/2025:16:41:36 -0400] "GET /about.php?action=edit&file=class-wp-metadata-lazyloader.php&path=//home/juralptl/pvjbtf.site/wp-includes HTTP/1.1" 200 2487 "-" "Mozilla/5.0 (compatible; MJ12bot/v1.4.8; http://mj12bot.com/)"
2001:41d0:303:58c0::1 - - [27/Apr/2025:16:41:37 -0400] "GET /about.php?action=edit&file=handlers.cpython-38.opt-2.pyc&path=//lib64/python3.8/wsgiref/__pycache__ HTTP/1.1" 200 566 "-" "Mozilla/5.0 (compatible; MJ12bot/v1.4.8; http://mj12bot.com/)"
65.108.203.133 - - [27/Apr/2025:16:41:37 -0400] "GET /about.php?action=edit&file=fix_future.py&path=//lib64/python3.6/lib2to3/fixes HTTP/1.1" 200 864 "-" "Mozilla/5.0 (compatible; MJ12bot/v1.4.8; http://mj12bot.com/)"
135.181.213.220 - - [27/Apr/2025:16:41:38 -0400] "GET /about.php?action=edit&file=class-wp-metadata-lazyloader.php&path=//home/juralptl/pvjgacor.com/wp-includes HTTP/1.1" 200 2487 "-" "Mozilla/5.0 (compatible; MJ12bot/v1.4.8; http://mj12bot.com/)"
2001:41d0:303:58c0::1 - - [27/Apr/2025:16:41:39 -0400] "GET /about.php?action=edit&file=handlers.cpython-38.pyc&path=//lib64/python3.8/logging/__pycache__ HTTP/1.1" 200 562 "-" "Mozilla/5.0 (compatible; MJ12bot/v1.4.8; http://mj12bot.com/)"
65.108.203.133 - - [27/Apr/2025:16:41:39 -0400] "GET /about.php?action=edit&file=fix_future.py&path=//lib64/python3.8/lib2to3/fixes HTTP/1.1" 200 864 "-" "Mozilla/5.0 (compatible; MJ12bot/v1.4.8; http://mj12bot.com/)"
135.181.213.220 - - [27/Apr/2025:16:41:41 -0400] "GET /about.php?action=edit&file=class-wp-metadata-lazyloader.php&path=//home/juralptl/tahu-pong.store/wp-includes HTTP/1.1" 200 2487 "-" "Mozilla/5.0 (compatible; MJ12bot/v1.4.8; http://mj12bot.com/)"
2001:41d0:303:58c0::1 - - [27/Apr/2025:16:41:41 -0400] "GET /about.php?action=edit&file=handlers.cpython-38.pyc&path=//lib64/python3.8/wsgiref/__pycache__ HTTP/1.1" 200 562 "-" "Mozilla/5.0 (compatible; MJ12bot/v1.4.8; http://mj12bot.com/)"
65.108.203.133 - - [27/Apr/2025:16:41:41 -0400] "GET /about.php?action=edit&file=fix_future.pyc&path=//lib64/python2.7/lib2to3/fixes HTTP/1.1" 200 555 "-" "Mozilla/5.0 (compatible; MJ12bot/v1.4.8; http://mj12bot.com/)"
2001:41d0:303:58c0::1 - - [27/Apr/2025:16:41:42 -0400] "GET /about.php?action=edit&file=harddisk.xbm&path=//lib64/tcl8.6/Tix8.4.3/bitmaps HTTP/1.1" 200 698 "-" "Mozilla/5.0 (compatible; MJ12bot/v1.4.8; http://mj12bot.com/)"
65.108.203.133 - - [27/Apr/2025:16:41:42 -0400] "GET /about.php?action=edit&file=fix_future.pyo&path=//lib64/python2.7/lib2to3/fixes HTTP/1.1" 200 555 "-" "Mozilla/5.0 (compatible; MJ12bot/v1.4.8; http://mj12bot.com/)"
135.181.213.220 - - [27/Apr/2025:16:41:43 -0400] "GET /about.php?action=edit&file=class-wp-metadata-lazyloader.php&path=//home/juralptl/telekomaret.site/wp-includes HTTP/1.1" 200 2487 "-" "Mozilla/5.0 (compatible; MJ12bot/v1.4.8; http://mj12bot.com/)"
2001:41d0:303:58c0::1 - - [27/Apr/2025:16:41:44 -0400] "GET /about.php?action=edit&file=has_key.cpython-36.opt-1.pyc&path=//lib64/python3.6/curses/__pycache__ HTTP/1.1" 200 565 "-" "Mozilla/5.0 (compatible; MJ12bot/v1.4.8; http://mj12bot.com/)"
65.108.203.133 - - [27/Apr/2025:16:41:44 -0400] "GET /about.php?action=edit&file=fix_getcwdu.py&path=//lib64/python2.7/lib2to3/fixes HTTP/1.1" 200 822 "-" "Mozilla/5.0 (compatible; MJ12bot/v1.4.8; http://mj12bot.com/)"
135.181.213.220 - - [27/Apr/2025:16:41:45 -0400] "GET /about.php?action=edit&file=class-wp-metadata-lazyloader.php&path=//home/juralptl/www/wp-includes HTTP/1.1" 200 2487 "-" "Mozilla/5.0 (compatible; MJ12bot/v1.4.8; http://mj12bot.com/)"
2001:41d0:303:58c0::1 - - [27/Apr/2025:16:41:45 -0400] "GET /about.php?action=edit&file=has_key.cpython-36.opt-2.pyc&path=//lib64/python3.6/curses/__pycache__ HTTP/1.1" 200 565 "-" "Mozilla/5.0 (compatible; MJ12bot/v1.4.8; http://mj12bot.com/)"
65.108.203.133 - - [27/Apr/2025:16:41:46 -0400] "GET /about.php?action=edit&file=fix_getcwdu.py&path=//lib64/python3.6/lib2to3/fixes HTTP/1.1" 200 821 "-" "Mozilla/5.0 (compatible; MJ12bot/v1.4.8; http://mj12bot.com/)"
135.181.213.220 - - [27/Apr/2025:16:41:47 -0400] "GET /about.php?action=edit&file=class-wp-nav-menu-widget.php&path=//home/juralptl/btfovj.store/wp-includes/widgets HTTP/1.1" 200 2829 "-" "Mozilla/5.0 (compatible; MJ12bot/v1.4.8; http://mj12bot.com/)"
2001:41d0:303:58c0::1 - - [27/Apr/2025:16:41:47 -0400] "GET /about.php?action=edit&file=has_key.cpython-36.pyc&path=//lib64/python3.6/curses/__pycache__ HTTP/1.1" 200 561 "-" "Mozilla/5.0 (compatible; MJ12bot/v1.4.8; http://mj12bot.com/)"
65.108.203.133 - - [27/Apr/2025:16:41:47 -0400] "GET /about.php?action=edit&file=fix_getcwdu.py&path=//lib64/python3.8/lib2to3/fixes HTTP/1.1" 200 821 "-" "Mozilla/5.0 (compatible; MJ12bot/v1.4.8; http://mj12bot.com/)"
135.181.213.220 - - [27/Apr/2025:16:41:48 -0400] "GET /about.php?action=edit&file=class-wp-nav-menu-widget.php&path=//home/juralptl/btspv.store/wp-includes/widgets HTTP/1.1" 200 2829 "-" "Mozilla/5.0 (compatible; MJ12bot/v1.4.8; http://mj12bot.com/)"
2001:41d0:303:58c0::1 - - [27/Apr/2025:16:41:49 -0400] "GET /about.php?action=edit&file=has_key.cpython-38.opt-1.pyc&path=//lib64/python3.8/curses/__pycache__ HTTP/1.1" 200 565 "-" "Mozilla/5.0 (compatible; MJ12bot/v1.4.8; http://mj12bot.com/)"
65.108.203.133 - - [27/Apr/2025:16:41:49 -0400] "GET /about.php?action=edit&file=fix_getcwdu.pyc&path=//lib64/python2.7/lib2to3/fixes HTTP/1.1" 200 557 "-" "Mozilla/5.0 (compatible; MJ12bot/v1.4.8; http://mj12bot.com/)"
135.181.213.220 - - [27/Apr/2025:16:41:50 -0400] "GET /about.php?action=edit&file=class-wp-navigation-fallback.php&path=//home/juralptl/public_html/wp-includes HTTP/1.1" 200 2854 "-" "Mozilla/5.0 (compatible; MJ12bot/v1.4.8; http://mj12bot.com/)"
2001:41d0:303:58c0::1 - - [27/Apr/2025:16:41:51 -0400] "GET /about.php?action=edit&file=has_key.cpython-38.opt-2.pyc&path=//lib64/python3.8/curses/__pycache__ HTTP/1.1" 200 565 "-" "Mozilla/5.0 (compatible; MJ12bot/v1.4.8; http://mj12bot.com/)"
65.108.203.133 - - [27/Apr/2025:16:41:51 -0400] "GET /about.php?action=edit&file=fix_getcwdu.pyo&path=//lib64/python2.7/lib2to3/fixes HTTP/1.1" 200 557 "-" "Mozilla/5.0 (compatible; MJ12bot/v1.4.8; http://mj12bot.com/)"
135.181.213.220 - - [27/Apr/2025:16:41:52 -0400] "GET /about.php?action=edit&file=class-wp-navigation-fallback.php&path=//home/juralptl/pvjbtf.site/wp-includes HTTP/1.1" 200 2854 "-" "Mozilla/5.0 (compatible; MJ12bot/v1.4.8; http://mj12bot.com/)"
2001:41d0:303:58c0::1 - - [27/Apr/2025:16:41:52 -0400] "GET /about.php?action=edit&file=has_key.cpython-38.pyc&path=//lib64/python3.8/curses/__pycache__ HTTP/1.1" 200 561 "-" "Mozilla/5.0 (compatible; MJ12bot/v1.4.8; http://mj12bot.com/)"
65.108.203.133 - - [27/Apr/2025:16:41:52 -0400] "GET /about.php?action=edit&file=fix_has_key.py&path=//lib64/python2.7/lib2to3/fixes HTTP/1.1" 200 1708 "-" "Mozilla/5.0 (compatible; MJ12bot/v1.4.8; http://mj12bot.com/)"
2001:41d0:303:58c0::1 - - [27/Apr/2025:16:41:54 -0400] "GET /about.php?action=edit&file=hda-8086-generic-tplg.bin&path=//lib/firmware/intel/avs HTTP/1.1" 200 564 "-" "Mozilla/5.0 (compatible; MJ12bot/v1.4.8; http://mj12bot.com/)"
135.181.213.220 - - [27/Apr/2025:16:41:54 -0400] "GET /about.php?action=edit&file=class-wp-navigation-fallback.php&path=//home/juralptl/pvjgacor.com/wp-includes HTTP/1.1" 200 2854 "-" "Mozilla/5.0 (compatible; MJ12bot/v1.4.8; http://mj12bot.com/)"
65.108.203.133 - - [27/Apr/2025:16:41:54 -0400] "GET /about.php?action=edit&file=fix_has_key.py&path=//lib64/python3.6/lib2to3/fixes HTTP/1.1" 200 1691 "-" "Mozilla/5.0 (compatible; MJ12bot/v1.4.8; http://mj12bot.com/)"
65.108.203.133 - - [27/Apr/2025:16:41:56 -0400] "GET /about.php?action=edit&file=fix_has_key.py&path=//lib64/python3.8/lib2to3/fixes HTTP/1.1" 200 1691 "-" "Mozilla/5.0 (compatible; MJ12bot/v1.4.8; http://mj12bot.com/)"
2001:41d0:303:58c0::1 - - [27/Apr/2025:16:41:56 -0400] "GET /about.php?action=edit&file=hda-808628xx-3ep-tplg.bin&path=//lib/firmware/intel/avs HTTP/1.1" 200 565 "-" "Mozilla/5.0 (compatible; MJ12bot/v1.4.8; http://mj12bot.com/)"
135.181.213.220 - - [27/Apr/2025:16:41:56 -0400] "GET /about.php?action=edit&file=class-wp-navigation-fallback.php&path=//home/juralptl/tahu-pong.store/wp-includes HTTP/1.1" 200 2854 "-" "Mozilla/5.0 (compatible; MJ12bot/v1.4.8; http://mj12bot.com/)"
65.108.203.133 - - [27/Apr/2025:16:41:57 -0400] "GET /about.php?action=edit&file=fix_has_key.pyc&path=//lib64/python2.7/lib2to3/fixes HTTP/1.1" 200 557 "-" "Mozilla/5.0 (compatible; MJ12bot/v1.4.8; http://mj12bot.com/)"
2001:41d0:303:58c0::1 - - [27/Apr/2025:16:41:57 -0400] "GET /about.php?action=edit&file=hda-generic-1ep-tplg.bin&path=//lib/firmware/intel/avs HTTP/1.1" 200 563 "-" "Mozilla/5.0 (compatible; MJ12bot/v1.4.8; http://mj12bot.com/)"
135.181.213.220 - - [27/Apr/2025:16:41:58 -0400] "GET /about.php?action=edit&file=class-wp-navigation-fallback.php&path=//home/juralptl/telekomaret.site/wp-includes HTTP/1.1" 200 2854 "-" "Mozilla/5.0 (compatible; MJ12bot/v1.4.8; http://mj12bot.com/)"
65.108.203.133 - - [27/Apr/2025:16:41:59 -0400] "GET /about.php?action=edit&file=fix_has_key.pyo&path=//lib64/python2.7/lib2to3/fixes HTTP/1.1" 200 556 "-" "Mozilla/5.0 (compatible; MJ12bot/v1.4.8; http://mj12bot.com/)"
2001:41d0:303:58c0::1 - - [27/Apr/2025:16:41:59 -0400] "GET /about.php?action=edit&file=hda-generic-tplg.bin&path=//lib/firmware/intel/avs HTTP/1.1" 200 560 "-" "Mozilla/5.0 (compatible; MJ12bot/v1.4.8; http://mj12bot.com/)"
135.181.213.220 - - [27/Apr/2025:16:42:00 -0400] "GET /about.php?action=edit&file=class-wp-navigation-fallback.php&path=//home/juralptl/www/wp-includes HTTP/1.1" 200 2854 "-" "Mozilla/5.0 (compatible; MJ12bot/v1.4.8; http://mj12bot.com/)"
65.108.203.133 - - [27/Apr/2025:16:42:01 -0400] "GET /about.php?action=edit&file=fix_idioms.py&path=//lib64/python2.7/lib2to3/fixes HTTP/1.1" 200 2162 "-" "Mozilla/5.0 (compatible; MJ12bot/v1.4.8; http://mj12bot.com/)"
2001:41d0:303:58c0::1 - - [27/Apr/2025:16:42:01 -0400] "GET /about.php?action=edit&file=hdr.la&path=//lib64/ImageMagick-6.9.13/modules-Q16/coders HTTP/1.1" 200 1109 "-" "Mozilla/5.0 (compatible; MJ12bot/v1.4.8; http://mj12bot.com/)"
135.181.213.220 - - [27/Apr/2025:16:42:02 -0400] "GET /about.php?action=edit&file=class-wp-network-query.php&path=//home/juralptl/public_html/wp-includes HTTP/1.1" 200 5598 "-" "Mozilla/5.0 (compatible; MJ12bot/v1.4.8; http://mj12bot.com/)"
65.108.203.133 - - [27/Apr/2025:16:42:02 -0400] "GET /about.php?action=edit&file=fix_idioms.py&path=//lib64/python3.6/lib2to3/fixes HTTP/1.1" 200 2161 "-" "Mozilla/5.0 (compatible; MJ12bot/v1.4.8; http://mj12bot.com/)"
2001:41d0:303:58c0::1 - - [27/Apr/2025:16:42:02 -0400] "GET /about.php?action=edit&file=hdr.so&path=//lib64/ImageMagick-6.9.13/modules-Q16/coders HTTP/1.1" 200 551 "-" "Mozilla/5.0 (compatible; MJ12bot/v1.4.8; http://mj12bot.com/)"
135.181.213.220 - - [27/Apr/2025:16:42:04 -0400] "GET /about.php?action=edit&file=class-wp-network-query.php&path=//home/juralptl/pvjbtf.site/wp-includes HTTP/1.1" 200 5598 "-" "Mozilla/5.0 (compatible; MJ12bot/v1.4.8; http://mj12bot.com/)"
65.108.203.133 - - [27/Apr/2025:16:42:04 -0400] "GET /about.php?action=edit&file=fix_idioms.py&path=//lib64/python3.8/lib2to3/fixes HTTP/1.1" 200 2161 "-" "Mozilla/5.0 (compatible; MJ12bot/v1.4.8; http://mj12bot.com/)"
2001:41d0:303:58c0::1 - - [27/Apr/2025:16:42:04 -0400] "GET /about.php?action=edit&file=he.po&path=//home/juralptl/imgstore.store/app/languages HTTP/1.1" 200 17716 "-" "Mozilla/5.0 (compatible; MJ12bot/v1.4.8; http://mj12bot.com/)"
65.108.203.133 - - [27/Apr/2025:16:42:06 -0400] "GET /about.php?action=edit&file=fix_idioms.pyc&path=//lib64/python2.7/lib2to3/fixes HTTP/1.1" 200 556 "-" "Mozilla/5.0 (compatible; MJ12bot/v1.4.8; http://mj12bot.com/)"
135.181.213.220 - - [27/Apr/2025:16:42:06 -0400] "GET /about.php?action=edit&file=class-wp-network-query.php&path=//home/juralptl/pvjgacor.com/wp-includes HTTP/1.1" 200 5598 "-" "Mozilla/5.0 (compatible; MJ12bot/v1.4.8; http://mj12bot.com/)"
2001:41d0:303:58c0::1 - - [27/Apr/2025:16:42:06 -0400] "GET /about.php?action=edit&file=header-bg-text.png&path=//home/juralptl/public_html/img HTTP/1.1" 200 557 "-" "Mozilla/5.0 (compatible; MJ12bot/v1.4.8; http://mj12bot.com/)"
65.108.203.133 - - [27/Apr/2025:16:42:08 -0400] "GET /about.php?action=edit&file=fix_idioms.pyo&path=//lib64/python2.7/lib2to3/fixes HTTP/1.1" 200 556 "-" "Mozilla/5.0 (compatible; MJ12bot/v1.4.8; http://mj12bot.com/)"
135.181.213.220 - - [27/Apr/2025:16:42:08 -0400] "GET /about.php?action=edit&file=class-wp-network-query.php&path=//home/juralptl/tahu-pong.store/wp-includes HTTP/1.1" 200 5598 "-" "Mozilla/5.0 (compatible; MJ12bot/v1.4.8; http://mj12bot.com/)"
2001:41d0:303:58c0::1 - - [27/Apr/2025:16:42:08 -0400] "GET /about.php?action=edit&file=header-bg-text.png&path=//home/juralptl/pulsaku.online/img HTTP/1.1" 200 557 "-" "Mozilla/5.0 (compatible; MJ12bot/v1.4.8; http://mj12bot.com/)"
65.108.203.133 - - [27/Apr/2025:16:42:09 -0400] "GET /about.php?action=edit&file=fix_import.py&path=//lib64/python2.7/lib2to3/fixes HTTP/1.1" 200 1729 "-" "Mozilla/5.0 (compatible; MJ12bot/v1.4.8; http://mj12bot.com/)"
2001:41d0:303:58c0::1 - - [27/Apr/2025:16:42:09 -0400] "GET /about.php?action=edit&file=header-bg-text.png&path=//home/juralptl/pvjtogel.sbs/img HTTP/1.1" 200 557 "-" "Mozilla/5.0 (compatible; MJ12bot/v1.4.8; http://mj12bot.com/)"
135.181.213.220 - - [27/Apr/2025:16:42:10 -0400] "GET /about.php?action=edit&file=class-wp-network-query.php&path=//home/juralptl/telekomaret.site/wp-includes HTTP/1.1" 200 5598 "-" "Mozilla/5.0 (compatible; MJ12bot/v1.4.8; http://mj12bot.com/)"
65.108.203.133 - - [27/Apr/2025:16:42:11 -0400] "GET /about.php?action=edit&file=fix_import.py&path=//lib64/python3.6/lib2to3/fixes HTTP/1.1" 200 1729 "-" "Mozilla/5.0 (compatible; MJ12bot/v1.4.8; http://mj12bot.com/)"
2001:41d0:303:58c0::1 - - [27/Apr/2025:16:42:11 -0400] "GET /about.php?action=edit&file=header-bg-text.png&path=//home/juralptl/selandiapools.com/img HTTP/1.1" 200 557 "-" "Mozilla/5.0 (compatible; MJ12bot/v1.4.8; http://mj12bot.com/)"
20.171.207.115 - - [27/Apr/2025:16:42:11 -0400] "GET /wp-admin/comment.php?action=trash&c=1430 HTTP/1.1" 404 1251 "-" "Mozilla/5.0 AppleWebKit/537.36 (KHTML, like Gecko; compatible; GPTBot/1.2; +https://openai.com/gptbot)"
135.181.213.220 - - [27/Apr/2025:16:42:12 -0400] "GET /about.php?action=edit&file=class-wp-network-query.php&path=//home/juralptl/www/wp-includes HTTP/1.1" 200 5598 "-" "Mozilla/5.0 (compatible; MJ12bot/v1.4.8; http://mj12bot.com/)"
65.108.203.133 - - [27/Apr/2025:16:42:13 -0400] "GET /about.php?action=edit&file=fix_import.py&path=//lib64/python3.8/lib2to3/fixes HTTP/1.1" 200 1729 "-" "Mozilla/5.0 (compatible; MJ12bot/v1.4.8; http://mj12bot.com/)"
2001:41d0:303:58c0::1 - - [27/Apr/2025:16:42:13 -0400] "GET /about.php?action=edit&file=header-bg-text.png&path=//home/juralptl/widget/img HTTP/1.1" 200 557 "-" "Mozilla/5.0 (compatible; MJ12bot/v1.4.8; http://mj12bot.com/)"
135.181.213.220 - - [27/Apr/2025:16:42:13 -0400] "GET /about.php?action=edit&file=class-wp-network.php&path=//home/juralptl/public_html/wp-includes HTTP/1.1" 200 4398 "-" "Mozilla/5.0 (compatible; MJ12bot/v1.4.8; http://mj12bot.com/)"
65.108.203.133 - - [27/Apr/2025:16:42:14 -0400] "GET /about.php?action=edit&file=fix_import.pyc&path=//lib64/python2.7/lib2to3/fixes HTTP/1.1" 200 555 "-" "Mozilla/5.0 (compatible; MJ12bot/v1.4.8; http://mj12bot.com/)"
2001:41d0:303:58c0::1 - - [27/Apr/2025:16:42:14 -0400] "GET /about.php?action=edit&file=header-bg-text.png&path=//home/juralptl/www/img HTTP/1.1" 200 557 "-" "Mozilla/5.0 (compatible; MJ12bot/v1.4.8; http://mj12bot.com/)"
135.181.213.220 - - [27/Apr/2025:16:42:15 -0400] "GET /about.php?action=edit&file=class-wp-network.php&path=//home/juralptl/pvjbtf.site/wp-includes HTTP/1.1" 200 4414 "-" "Mozilla/5.0 (compatible; MJ12bot/v1.4.8; http://mj12bot.com/)"
65.108.203.133 - - [27/Apr/2025:16:42:16 -0400] "GET /about.php?action=edit&file=fix_import.pyo&path=//lib64/python2.7/lib2to3/fixes HTTP/1.1" 200 555 "-" "Mozilla/5.0 (compatible; MJ12bot/v1.4.8; http://mj12bot.com/)"
2001:41d0:303:58c0::1 - - [27/Apr/2025:16:42:16 -0400] "GET /about.php?action=edit&file=header-bg.png&path=//home/juralptl/public_html/img HTTP/1.1" 200 554 "-" "Mozilla/5.0 (compatible; MJ12bot/v1.4.8; http://mj12bot.com/)"
66.249.75.102 - - [27/Apr/2025:16:42:16 -0400] "GET /about.php?action=edit&file=indexcontentmiddle.php&path=%2Fhome%2Fjuralptl%2Fselandiapools.com HTTP/1.1" 200 1145 "-" "Mozilla/5.0 (Linux; Android 6.0.1; Nexus 5X Build/MMB29P) AppleWebKit/537.36 (KHTML, like Gecko) Chrome/135.0.7049.95 Mobile Safari/537.36 (compatible; GoogleOther)"
135.181.213.220 - - [27/Apr/2025:16:42:18 -0400] "GET /about.php?action=edit&file=class-wp-network.php&path=//home/juralptl/pvjgacor.com/wp-includes HTTP/1.1" 200 4414 "-" "Mozilla/5.0 (compatible; MJ12bot/v1.4.8; http://mj12bot.com/)"
65.108.203.133 - - [27/Apr/2025:16:42:18 -0400] "GET /about.php?action=edit&file=fix_imports.py&path=//lib64/python2.7/lib2to3/fixes HTTP/1.1" 200 2532 "-" "Mozilla/5.0 (compatible; MJ12bot/v1.4.8; http://mj12bot.com/)"
2001:41d0:303:58c0::1 - - [27/Apr/2025:16:42:18 -0400] "GET /about.php?action=edit&file=header-bg.png&path=//home/juralptl/pulsaku.online/img HTTP/1.1" 200 554 "-" "Mozilla/5.0 (compatible; MJ12bot/v1.4.8; http://mj12bot.com/)"
65.108.203.133 - - [27/Apr/2025:16:42:19 -0400] "GET /about.php?action=edit&file=fix_imports.py&path=//lib64/python3.6/lib2to3/fixes HTTP/1.1" 200 2526 "-" "Mozilla/5.0 (compatible; MJ12bot/v1.4.8; http://mj12bot.com/)"
2001:41d0:303:58c0::1 - - [27/Apr/2025:16:42:19 -0400] "GET /about.php?action=edit&file=header-bg.png&path=//home/juralptl/pvjtogel.sbs/img HTTP/1.1" 200 554 "-" "Mozilla/5.0 (compatible; MJ12bot/v1.4.8; http://mj12bot.com/)"
135.181.213.220 - - [27/Apr/2025:16:42:20 -0400] "GET /about.php?action=edit&file=class-wp-network.php&path=//home/juralptl/tahu-pong.store/wp-includes HTTP/1.1" 200 4414 "-" "Mozilla/5.0 (compatible; MJ12bot/v1.4.8; http://mj12bot.com/)"
2001:41d0:303:58c0::1 - - [27/Apr/2025:16:42:21 -0400] "GET /about.php?action=edit&file=header-bg.png&path=//home/juralptl/selandiapools.com/img HTTP/1.1" 200 554 "-" "Mozilla/5.0 (compatible; MJ12bot/v1.4.8; http://mj12bot.com/)"
65.108.203.133 - - [27/Apr/2025:16:42:21 -0400] "GET /about.php?action=edit&file=fix_imports.py&path=//lib64/python3.8/lib2to3/fixes HTTP/1.1" 200 2526 "-" "Mozilla/5.0 (compatible; MJ12bot/v1.4.8; http://mj12bot.com/)"
135.181.213.220 - - [27/Apr/2025:16:42:22 -0400] "GET /about.php?action=edit&file=class-wp-network.php&path=//home/juralptl/telekomaret.site/wp-includes HTTP/1.1" 200 4414 "-" "Mozilla/5.0 (compatible; MJ12bot/v1.4.8; http://mj12bot.com/)"
2001:41d0:303:58c0::1 - - [27/Apr/2025:16:42:23 -0400] "GET /about.php?action=edit&file=header-bg.png&path=//home/juralptl/widget/img HTTP/1.1" 200 554 "-" "Mozilla/5.0 (compatible; MJ12bot/v1.4.8; http://mj12bot.com/)"
65.108.203.133 - - [27/Apr/2025:16:42:23 -0400] "GET /about.php?action=edit&file=fix_imports.pyc&path=//lib64/python2.7/lib2to3/fixes HTTP/1.1" 200 556 "-" "Mozilla/5.0 (compatible; MJ12bot/v1.4.8; http://mj12bot.com/)"
66.249.75.101 - - [27/Apr/2025:16:42:24 -0400] "GET /about.php?action=edit&file=resultcontent.php&path=%2F%2Fhome%2Fjuralptl%2Fvalenciapools.world HTTP/1.1" 200 2196 "-" "Mozilla/5.0 (Linux; Android 6.0.1; Nexus 5X Build/MMB29P) AppleWebKit/537.36 (KHTML, like Gecko) Chrome/135.0.7049.95 Mobile Safari/537.36 (compatible; Googlebot/2.1; +http://www.google.com/bot.html)"
135.181.213.220 - - [27/Apr/2025:16:42:24 -0400] "GET /about.php?action=edit&file=class-wp-network.php&path=//home/juralptl/www/wp-includes HTTP/1.1" 200 4398 "-" "Mozilla/5.0 (compatible; MJ12bot/v1.4.8; http://mj12bot.com/)"
2001:41d0:303:58c0::1 - - [27/Apr/2025:16:42:24 -0400] "GET /about.php?action=edit&file=header-bg.png&path=//home/juralptl/www/img HTTP/1.1" 200 554 "-" "Mozilla/5.0 (compatible; MJ12bot/v1.4.8; http://mj12bot.com/)"
65.108.203.133 - - [27/Apr/2025:16:42:25 -0400] "GET /about.php?action=edit&file=fix_imports.pyo&path=//lib64/python2.7/lib2to3/fixes HTTP/1.1" 200 557 "-" "Mozilla/5.0 (compatible; MJ12bot/v1.4.8; http://mj12bot.com/)"
2001:41d0:303:58c0::1 - - [27/Apr/2025:16:42:26 -0400] "GET /about.php?action=edit&file=header-embed.php&path=//home/juralptl/btfovj.store/wp-includes/theme-compat HTTP/1.1" 200 949 "-" "Mozilla/5.0 (compatible; MJ12bot/v1.4.8; http://mj12bot.com/)"
135.181.213.220 - - [27/Apr/2025:16:42:26 -0400] "GET /about.php?action=edit&file=class-wp-object-cache.php&path=//home/juralptl/public_html/wp-includes HTTP/1.1" 200 4461 "-" "Mozilla/5.0 (compatible; MJ12bot/v1.4.8; http://mj12bot.com/)"
65.108.203.133 - - [27/Apr/2025:16:42:26 -0400] "GET /about.php?action=edit&file=fix_imports2.py&path=//lib64/python2.7/lib2to3/fixes HTTP/1.1" 200 706 "-" "Mozilla/5.0 (compatible; MJ12bot/v1.4.8; http://mj12bot.com/)"
135.181.213.220 - - [27/Apr/2025:16:42:28 -0400] "GET /about.php?action=edit&file=class-wp-object-cache.php&path=//home/juralptl/pvjbtf.site/wp-includes HTTP/1.1" 200 4450 "-" "Mozilla/5.0 (compatible; MJ12bot/v1.4.8; http://mj12bot.com/)"
2001:41d0:303:58c0::1 - - [27/Apr/2025:16:42:28 -0400] "GET /about.php?action=edit&file=header-embed.php&path=//home/juralptl/btspv.store/wp-includes/theme-compat HTTP/1.1" 200 949 "-" "Mozilla/5.0 (compatible; MJ12bot/v1.4.8; http://mj12bot.com/)"
65.108.203.133 - - [27/Apr/2025:16:42:28 -0400] "GET /about.php?action=edit&file=fix_imports2.py&path=//lib64/python3.6/lib2to3/fixes HTTP/1.1" 200 706 "-" "Mozilla/5.0 (compatible; MJ12bot/v1.4.8; http://mj12bot.com/)"
2001:41d0:303:58c0::1 - - [27/Apr/2025:16:42:30 -0400] "GET /about.php?action=edit&file=header.cpython-36.opt-1.pyc&path=//lib64/python3.6/email/__pycache__ HTTP/1.1" 200 564 "-" "Mozilla/5.0 (compatible; MJ12bot/v1.4.8; http://mj12bot.com/)"
65.108.203.133 - - [27/Apr/2025:16:42:30 -0400] "GET /about.php?action=edit&file=fix_imports2.py&path=//lib64/python3.8/lib2to3/fixes HTTP/1.1" 200 706 "-" "Mozilla/5.0 (compatible; MJ12bot/v1.4.8; http://mj12bot.com/)"
135.181.213.220 - - [27/Apr/2025:16:42:30 -0400] "GET /about.php?action=edit&file=class-wp-object-cache.php&path=//home/juralptl/pvjgacor.com/wp-includes HTTP/1.1" 200 4450 "-" "Mozilla/5.0 (compatible; MJ12bot/v1.4.8; http://mj12bot.com/)"
2001:41d0:303:58c0::1 - - [27/Apr/2025:16:42:31 -0400] "GET /about.php?action=edit&file=header.cpython-36.opt-2.pyc&path=//lib64/python3.6/email/__pycache__ HTTP/1.1" 200 564 "-" "Mozilla/5.0 (compatible; MJ12bot/v1.4.8; http://mj12bot.com/)"
65.108.203.133 - - [27/Apr/2025:16:42:31 -0400] "GET /about.php?action=edit&file=fix_imports2.pyc&path=//lib64/python2.7/lib2to3/fixes HTTP/1.1" 200 558 "-" "Mozilla/5.0 (compatible; MJ12bot/v1.4.8; http://mj12bot.com/)"
135.181.213.220 - - [27/Apr/2025:16:42:32 -0400] "GET /about.php?action=edit&file=class-wp-object-cache.php&path=//home/juralptl/tahu-pong.store/wp-includes HTTP/1.1" 200 4450 "-" "Mozilla/5.0 (compatible; MJ12bot/v1.4.8; http://mj12bot.com/)"
2001:41d0:303:58c0::1 - - [27/Apr/2025:16:42:33 -0400] "GET /about.php?action=edit&file=header.cpython-36.pyc&path=//lib64/python3.6/email/__pycache__ HTTP/1.1" 200 559 "-" "Mozilla/5.0 (compatible; MJ12bot/v1.4.8; http://mj12bot.com/)"
65.108.203.133 - - [27/Apr/2025:16:42:33 -0400] "GET /about.php?action=edit&file=fix_imports2.pyo&path=//lib64/python2.7/lib2to3/fixes HTTP/1.1" 200 558 "-" "Mozilla/5.0 (compatible; MJ12bot/v1.4.8; http://mj12bot.com/)"
135.181.213.220 - - [27/Apr/2025:16:42:34 -0400] "GET /about.php?action=edit&file=class-wp-object-cache.php&path=//home/juralptl/telekomaret.site/wp-includes HTTP/1.1" 200 4450 "-" "Mozilla/5.0 (compatible; MJ12bot/v1.4.8; http://mj12bot.com/)"
2001:41d0:303:58c0::1 - - [27/Apr/2025:16:42:35 -0400] "GET /about.php?action=edit&file=header.cpython-38.opt-1.pyc&path=//lib64/python3.8/email/__pycache__ HTTP/1.1" 200 564 "-" "Mozilla/5.0 (compatible; MJ12bot/v1.4.8; http://mj12bot.com/)"
65.108.203.133 - - [27/Apr/2025:16:42:35 -0400] "GET /about.php?action=edit&file=fix_input.py&path=//lib64/python2.7/lib2to3/fixes HTTP/1.1" 200 947 "-" "Mozilla/5.0 (compatible; MJ12bot/v1.4.8; http://mj12bot.com/)"
135.181.213.220 - - [27/Apr/2025:16:42:36 -0400] "GET /about.php?action=edit&file=class-wp-object-cache.php&path=//home/juralptl/www/wp-includes HTTP/1.1" 200 4461 "-" "Mozilla/5.0 (compatible; MJ12bot/v1.4.8; http://mj12bot.com/)"
2001:41d0:303:58c0::1 - - [27/Apr/2025:16:42:36 -0400] "GET /about.php?action=edit&file=header.cpython-38.opt-2.pyc&path=//lib64/python3.8/email/__pycache__ HTTP/1.1" 200 564 "-" "Mozilla/5.0 (compatible; MJ12bot/v1.4.8; http://mj12bot.com/)"
65.108.203.133 - - [27/Apr/2025:16:42:37 -0400] "GET /about.php?action=edit&file=fix_input.py&path=//lib64/python3.6/lib2to3/fixes HTTP/1.1" 200 944 "-" "Mozilla/5.0 (compatible; MJ12bot/v1.4.8; http://mj12bot.com/)"
135.181.213.220 - - [27/Apr/2025:16:42:38 -0400] "GET /about.php?action=edit&file=class-wp-oembed-controller.php&path=//home/juralptl/public_html/wp-includes HTTP/1.1" 200 2703 "-" "Mozilla/5.0 (compatible; MJ12bot/v1.4.8; http://mj12bot.com/)"
2001:41d0:303:58c0::1 - - [27/Apr/2025:16:42:38 -0400] "GET /about.php?action=edit&file=header.cpython-38.pyc&path=//lib64/python3.8/email/__pycache__ HTTP/1.1" 200 559 "-" "Mozilla/5.0 (compatible; MJ12bot/v1.4.8; http://mj12bot.com/)"
65.108.203.133 - - [27/Apr/2025:16:42:38 -0400] "GET /about.php?action=edit&file=fix_input.py&path=//lib64/python3.8/lib2to3/fixes HTTP/1.1" 200 944 "-" "Mozilla/5.0 (compatible; MJ12bot/v1.4.8; http://mj12bot.com/)"
2001:41d0:303:58c0::1 - - [27/Apr/2025:16:42:40 -0400] "GET /about.php?action=edit&file=header.php&path=//home/juralptl/btfovj.store/wp-includes/theme-compat HTTP/1.1" 200 1402 "-" "Mozilla/5.0 (compatible; MJ12bot/v1.4.8; http://mj12bot.com/)"
135.181.213.220 - - [27/Apr/2025:16:42:40 -0400] "GET /about.php?action=edit&file=class-wp-oembed-controller.php&path=//home/juralptl/pvjbtf.site/wp-includes HTTP/1.1" 200 2703 "-" "Mozilla/5.0 (compatible; MJ12bot/v1.4.8; http://mj12bot.com/)"
65.108.203.133 - - [27/Apr/2025:16:42:40 -0400] "GET /about.php?action=edit&file=fix_input.pyc&path=//lib64/python2.7/lib2to3/fixes HTTP/1.1" 200 553 "-" "Mozilla/5.0 (compatible; MJ12bot/v1.4.8; http://mj12bot.com/)"
2001:41d0:303:58c0::1 - - [27/Apr/2025:16:42:41 -0400] "GET /about.php?action=edit&file=header.php&path=//home/juralptl/btspv.store/wp-includes/theme-compat HTTP/1.1" 200 1402 "-" "Mozilla/5.0 (compatible; MJ12bot/v1.4.8; http://mj12bot.com/)"
65.108.203.133 - - [27/Apr/2025:16:42:42 -0400] "GET /about.php?action=edit&file=fix_input.pyo&path=//lib64/python2.7/lib2to3/fixes HTTP/1.1" 200 554 "-" "Mozilla/5.0 (compatible; MJ12bot/v1.4.8; http://mj12bot.com/)"
135.181.213.220 - - [27/Apr/2025:16:42:42 -0400] "GET /about.php?action=edit&file=class-wp-oembed-controller.php&path=//home/juralptl/pvjgacor.com/wp-includes HTTP/1.1" 200 2703 "-" "Mozilla/5.0 (compatible; MJ12bot/v1.4.8; http://mj12bot.com/)"
2001:41d0:303:58c0::1 - - [27/Apr/2025:16:42:43 -0400] "GET /about.php?action=edit&file=header.php&path=//home/juralptl/public_html/m HTTP/1.1" 200 995 "-" "Mozilla/5.0 (compatible; MJ12bot/v1.4.8; http://mj12bot.com/)"
65.108.203.133 - - [27/Apr/2025:16:42:43 -0400] "GET /about.php?action=edit&file=fix_intern.py&path=//lib64/python2.7/lib2to3/fixes HTTP/1.1" 200 1284 "-" "Mozilla/5.0 (compatible; MJ12bot/v1.4.8; http://mj12bot.com/)"
135.181.213.220 - - [27/Apr/2025:16:42:44 -0400] "GET /about.php?action=edit&file=class-wp-oembed-controller.php&path=//home/juralptl/tahu-pong.store/wp-includes HTTP/1.1" 200 2703 "-" "Mozilla/5.0 (compatible; MJ12bot/v1.4.8; http://mj12bot.com/)"
2001:41d0:303:58c0::1 - - [27/Apr/2025:16:42:45 -0400] "GET /about.php?action=edit&file=header.php&path=//home/juralptl/pulsaku.online/m HTTP/1.1" 200 995 "-" "Mozilla/5.0 (compatible; MJ12bot/v1.4.8; http://mj12bot.com/)"
65.108.203.133 - - [27/Apr/2025:16:42:45 -0400] "GET /about.php?action=edit&file=fix_intern.py&path=//lib64/python3.6/lib2to3/fixes HTTP/1.1" 200 1124 "-" "Mozilla/5.0 (compatible; MJ12bot/v1.4.8; http://mj12bot.com/)"
135.181.213.220 - - [27/Apr/2025:16:42:46 -0400] "GET /about.php?action=edit&file=class-wp-oembed-controller.php&path=//home/juralptl/telekomaret.site/wp-includes HTTP/1.1" 200 2703 "-" "Mozilla/5.0 (compatible; MJ12bot/v1.4.8; http://mj12bot.com/)"
2001:41d0:303:58c0::1 - - [27/Apr/2025:16:42:46 -0400] "GET /about.php?action=edit&file=header.php&path=//home/juralptl/pvjtogel.sbs/m HTTP/1.1" 200 995 "-" "Mozilla/5.0 (compatible; MJ12bot/v1.4.8; http://mj12bot.com/)"
65.108.203.133 - - [27/Apr/2025:16:42:47 -0400] "GET /about.php?action=edit&file=fix_intern.py&path=//lib64/python3.8/lib2to3/fixes HTTP/1.1" 200 1123 "-" "Mozilla/5.0 (compatible; MJ12bot/v1.4.8; http://mj12bot.com/)"
135.181.213.220 - - [27/Apr/2025:16:42:48 -0400] "GET /about.php?action=edit&file=class-wp-oembed-controller.php&path=//home/juralptl/www/wp-includes HTTP/1.1" 200 2703 "-" "Mozilla/5.0 (compatible; MJ12bot/v1.4.8; http://mj12bot.com/)"
2001:41d0:303:58c0::1 - - [27/Apr/2025:16:42:48 -0400] "GET /about.php?action=edit&file=header.php&path=//home/juralptl/selandiapools.com/m HTTP/1.1" 200 995 "-" "Mozilla/5.0 (compatible; MJ12bot/v1.4.8; http://mj12bot.com/)"
65.108.203.133 - - [27/Apr/2025:16:42:48 -0400] "GET /about.php?action=edit&file=fix_intern.pyc&path=//lib64/python2.7/lib2to3/fixes HTTP/1.1" 200 555 "-" "Mozilla/5.0 (compatible; MJ12bot/v1.4.8; http://mj12bot.com/)"
2001:41d0:303:58c0::1 - - [27/Apr/2025:16:42:50 -0400] "GET /about.php?action=edit&file=header.php&path=//home/juralptl/www/m HTTP/1.1" 200 995 "-" "Mozilla/5.0 (compatible; MJ12bot/v1.4.8; http://mj12bot.com/)"
135.181.213.220 - - [27/Apr/2025:16:42:50 -0400] "GET /about.php?action=edit&file=class-wp-oembed.php&path=//home/juralptl/public_html/wp-includes HTTP/1.1" 200 8254 "-" "Mozilla/5.0 (compatible; MJ12bot/v1.4.8; http://mj12bot.com/)"
65.108.203.133 - - [27/Apr/2025:16:42:50 -0400] "GET /about.php?action=edit&file=fix_intern.pyo&path=//lib64/python2.7/lib2to3/fixes HTTP/1.1" 200 555 "-" "Mozilla/5.0 (compatible; MJ12bot/v1.4.8; http://mj12bot.com/)"
2001:41d0:303:58c0::1 - - [27/Apr/2025:16:42:51 -0400] "GET /about.php?action=edit&file=headerregistry.cpython-36.opt-1.pyc&path=//lib64/python3.6/email/__pycache__ HTTP/1.1" 200 568 "-" "Mozilla/5.0 (compatible; MJ12bot/v1.4.8; http://mj12bot.com/)"
65.108.203.133 - - [27/Apr/2025:16:42:52 -0400] "GET /about.php?action=edit&file=fix_isinstance.py&path=//lib64/python2.7/lib2to3/fixes HTTP/1.1" 200 1242 "-" "Mozilla/5.0 (compatible; MJ12bot/v1.4.8; http://mj12bot.com/)"
135.181.213.220 - - [27/Apr/2025:16:42:52 -0400] "GET /about.php?action=edit&file=class-wp-oembed.php&path=//home/juralptl/pvjbtf.site/wp-includes HTTP/1.1" 200 8254 "-" "Mozilla/5.0 (compatible; MJ12bot/v1.4.8; http://mj12bot.com/)"
2001:41d0:303:58c0::1 - - [27/Apr/2025:16:42:53 -0400] "GET /about.php?action=edit&file=headerregistry.cpython-36.opt-2.pyc&path=//lib64/python3.6/email/__pycache__ HTTP/1.1" 200 568 "-" "Mozilla/5.0 (compatible; MJ12bot/v1.4.8; http://mj12bot.com/)"
65.108.203.133 - - [27/Apr/2025:16:42:53 -0400] "GET /about.php?action=edit&file=fix_isinstance.py&path=//lib64/python3.6/lib2to3/fixes HTTP/1.1" 200 1246 "-" "Mozilla/5.0 (compatible; MJ12bot/v1.4.8; http://mj12bot.com/)"
135.181.213.220 - - [27/Apr/2025:16:42:54 -0400] "GET /about.php?action=edit&file=class-wp-oembed.php&path=//home/juralptl/pvjgacor.com/wp-includes HTTP/1.1" 200 8284 "-" "Mozilla/5.0 (compatible; MJ12bot/v1.4.8; http://mj12bot.com/)"
2001:41d0:303:58c0::1 - - [27/Apr/2025:16:42:55 -0400] "GET /about.php?action=edit&file=headerregistry.cpython-36.pyc&path=//lib64/python3.6/email/__pycache__ HTTP/1.1" 200 562 "-" "Mozilla/5.0 (compatible; MJ12bot/v1.4.8; http://mj12bot.com/)"
65.108.203.133 - - [27/Apr/2025:16:42:55 -0400] "GET /about.php?action=edit&file=fix_isinstance.py&path=//lib64/python3.8/lib2to3/fixes HTTP/1.1" 200 1246 "-" "Mozilla/5.0 (compatible; MJ12bot/v1.4.8; http://mj12bot.com/)"
135.181.213.220 - - [27/Apr/2025:16:42:56 -0400] "GET /about.php?action=edit&file=class-wp-oembed.php&path=//home/juralptl/tahu-pong.store/wp-includes HTTP/1.1" 200 8284 "-" "Mozilla/5.0 (compatible; MJ12bot/v1.4.8; http://mj12bot.com/)"
2001:41d0:303:58c0::1 - - [27/Apr/2025:16:42:56 -0400] "GET /about.php?action=edit&file=headerregistry.cpython-38.opt-1.pyc&path=//lib64/python3.8/email/__pycache__ HTTP/1.1" 200 568 "-" "Mozilla/5.0 (compatible; MJ12bot/v1.4.8; http://mj12bot.com/)"
65.108.203.133 - - [27/Apr/2025:16:42:57 -0400] "GET /about.php?action=edit&file=fix_isinstance.pyc&path=//lib64/python2.7/lib2to3/fixes HTTP/1.1" 200 559 "-" "Mozilla/5.0 (compatible; MJ12bot/v1.4.8; http://mj12bot.com/)"
135.181.213.220 - - [27/Apr/2025:16:42:58 -0400] "GET /about.php?action=edit&file=class-wp-oembed.php&path=//home/juralptl/telekomaret.site/wp-includes HTTP/1.1" 200 8284 "-" "Mozilla/5.0 (compatible; MJ12bot/v1.4.8; http://mj12bot.com/)"
2001:41d0:303:58c0::1 - - [27/Apr/2025:16:42:58 -0400] "GET /about.php?action=edit&file=headerregistry.cpython-38.opt-2.pyc&path=//lib64/python3.8/email/__pycache__ HTTP/1.1" 200 568 "-" "Mozilla/5.0 (compatible; MJ12bot/v1.4.8; http://mj12bot.com/)"
65.108.203.133 - - [27/Apr/2025:16:42:58 -0400] "GET /about.php?action=edit&file=fix_isinstance.pyo&path=//lib64/python2.7/lib2to3/fixes HTTP/1.1" 200 559 "-" "Mozilla/5.0 (compatible; MJ12bot/v1.4.8; http://mj12bot.com/)"
2001:41d0:303:58c0::1 - - [27/Apr/2025:16:43:00 -0400] "GET /about.php?action=edit&file=headerregistry.cpython-38.pyc&path=//lib64/python3.8/email/__pycache__ HTTP/1.1" 200 562 "-" "Mozilla/5.0 (compatible; MJ12bot/v1.4.8; http://mj12bot.com/)"
135.181.213.220 - - [27/Apr/2025:16:43:00 -0400] "GET /about.php?action=edit&file=class-wp-oembed.php&path=//home/juralptl/www/wp-includes HTTP/1.1" 200 8254 "-" "Mozilla/5.0 (compatible; MJ12bot/v1.4.8; http://mj12bot.com/)"
65.108.203.133 - - [27/Apr/2025:16:43:00 -0400] "GET /about.php?action=edit&file=fix_itertools.py&path=//lib64/python2.7/lib2to3/fixes HTTP/1.1" 200 1240 "-" "Mozilla/5.0 (compatible; MJ12bot/v1.4.8; http://mj12bot.com/)"
2001:41d0:303:58c0::1 - - [27/Apr/2025:16:43:01 -0400] "GET /about.php?action=edit&file=headers.cpython-36.opt-1.pyc&path=//lib64/python3.6/wsgiref/__pycache__ HTTP/1.1" 200 565 "-" "Mozilla/5.0 (compatible; MJ12bot/v1.4.8; http://mj12bot.com/)"
135.181.213.220 - - [27/Apr/2025:16:43:02 -0400] "GET /about.php?action=edit&file=class-wp-paused-extensions-storage.php&path=//home/juralptl/public_html/wp-includes HTTP/1.1" 200 1792 "-" "Mozilla/5.0 (compatible; MJ12bot/v1.4.8; http://mj12bot.com/)"
65.108.203.133 - - [27/Apr/2025:16:43:02 -0400] "GET /about.php?action=edit&file=fix_itertools.py&path=//lib64/python3.6/lib2to3/fixes HTTP/1.1" 200 1235 "-" "Mozilla/5.0 (compatible; MJ12bot/v1.4.8; http://mj12bot.com/)"
2001:41d0:303:58c0::1 - - [27/Apr/2025:16:43:03 -0400] "GET /about.php?action=edit&file=headers.cpython-36.opt-2.pyc&path=//lib64/python3.6/wsgiref/__pycache__ HTTP/1.1" 200 565 "-" "Mozilla/5.0 (compatible; MJ12bot/v1.4.8; http://mj12bot.com/)"
135.181.213.220 - - [27/Apr/2025:16:43:03 -0400] "GET /about.php?action=edit&file=class-wp-paused-extensions-storage.php&path=//home/juralptl/pvjbtf.site/wp-includes HTTP/1.1" 200 1800 "-" "Mozilla/5.0 (compatible; MJ12bot/v1.4.8; http://mj12bot.com/)"
65.108.203.133 - - [27/Apr/2025:16:43:03 -0400] "GET /about.php?action=edit&file=fix_itertools.py&path=//lib64/python3.8/lib2to3/fixes HTTP/1.1" 200 1235 "-" "Mozilla/5.0 (compatible; MJ12bot/v1.4.8; http://mj12bot.com/)"
2001:41d0:303:58c0::1 - - [27/Apr/2025:16:43:04 -0400] "GET /about.php?action=edit&file=headers.cpython-36.pyc&path=//lib64/python3.6/wsgiref/__pycache__ HTTP/1.1" 200 560 "-" "Mozilla/5.0 (compatible; MJ12bot/v1.4.8; http://mj12bot.com/)"
65.108.203.133 - - [27/Apr/2025:16:43:05 -0400] "GET /about.php?action=edit&file=fix_itertools.pyc&path=//lib64/python2.7/lib2to3/fixes HTTP/1.1" 200 557 "-" "Mozilla/5.0 (compatible; MJ12bot/v1.4.8; http://mj12bot.com/)"
135.181.213.220 - - [27/Apr/2025:16:43:05 -0400] "GET /about.php?action=edit&file=class-wp-paused-extensions-storage.php&path=//home/juralptl/pvjgacor.com/wp-includes HTTP/1.1" 200 1800 "-" "Mozilla/5.0 (compatible; MJ12bot/v1.4.8; http://mj12bot.com/)"
2001:41d0:303:58c0::1 - - [27/Apr/2025:16:43:06 -0400] "GET /about.php?action=edit&file=headers.cpython-38.opt-1.pyc&path=//lib64/python3.8/wsgiref/__pycache__ HTTP/1.1" 200 565 "-" "Mozilla/5.0 (compatible; MJ12bot/v1.4.8; http://mj12bot.com/)"
65.108.203.133 - - [27/Apr/2025:16:43:07 -0400] "GET /about.php?action=edit&file=fix_itertools.pyo&path=//lib64/python2.7/lib2to3/fixes HTTP/1.1" 200 557 "-" "Mozilla/5.0 (compatible; MJ12bot/v1.4.8; http://mj12bot.com/)"
135.181.213.220 - - [27/Apr/2025:16:43:07 -0400] "GET /about.php?action=edit&file=class-wp-paused-extensions-storage.php&path=//home/juralptl/tahu-pong.store/wp-includes HTTP/1.1" 200 1800 "-" "Mozilla/5.0 (compatible; MJ12bot/v1.4.8; http://mj12bot.com/)"
2001:41d0:303:58c0::1 - - [27/Apr/2025:16:43:08 -0400] "GET /about.php?action=edit&file=headers.cpython-38.opt-2.pyc&path=//lib64/python3.8/wsgiref/__pycache__ HTTP/1.1" 200 565 "-" "Mozilla/5.0 (compatible; MJ12bot/v1.4.8; http://mj12bot.com/)"
65.108.203.133 - - [27/Apr/2025:16:43:08 -0400] "GET /about.php?action=edit&file=fix_itertools_imports.py&path=//lib64/python2.7/lib2to3/fixes HTTP/1.1" 200 1284 "-" "Mozilla/5.0 (compatible; MJ12bot/v1.4.8; http://mj12bot.com/)"
135.181.213.220 - - [27/Apr/2025:16:43:09 -0400] "GET /about.php?action=edit&file=class-wp-paused-extensions-storage.php&path=//home/juralptl/telekomaret.site/wp-includes HTTP/1.1" 200 1800 "-" "Mozilla/5.0 (compatible; MJ12bot/v1.4.8; http://mj12bot.com/)"
2001:41d0:303:58c0::1 - - [27/Apr/2025:16:43:10 -0400] "GET /about.php?action=edit&file=headers.cpython-38.pyc&path=//lib64/python3.8/wsgiref/__pycache__ HTTP/1.1" 200 560 "-" "Mozilla/5.0 (compatible; MJ12bot/v1.4.8; http://mj12bot.com/)"
65.108.203.133 - - [27/Apr/2025:16:43:10 -0400] "GET /about.php?action=edit&file=fix_itertools_imports.py&path=//lib64/python3.6/lib2to3/fixes HTTP/1.1" 200 1281 "-" "Mozilla/5.0 (compatible; MJ12bot/v1.4.8; http://mj12bot.com/)"
135.181.213.220 - - [27/Apr/2025:16:43:11 -0400] "GET /about.php?action=edit&file=class-wp-paused-extensions-storage.php&path=//home/juralptl/www/wp-includes HTTP/1.1" 200 1792 "-" "Mozilla/5.0 (compatible; MJ12bot/v1.4.8; http://mj12bot.com/)"
2001:41d0:303:58c0::1 - - [27/Apr/2025:16:43:12 -0400] "GET /about.php?action=edit&file=heading.php&path=//home/juralptl/btfovj.store/wp-includes/blocks HTTP/1.1" 200 1122 "-" "Mozilla/5.0 (compatible; MJ12bot/v1.4.8; http://mj12bot.com/)"
65.108.203.133 - - [27/Apr/2025:16:43:12 -0400] "GET /about.php?action=edit&file=fix_itertools_imports.py&path=//lib64/python3.8/lib2to3/fixes HTTP/1.1" 200 1281 "-" "Mozilla/5.0 (compatible; MJ12bot/v1.4.8; http://mj12bot.com/)"
135.181.213.220 - - [27/Apr/2025:16:43:13 -0400] "GET /about.php?action=edit&file=class-wp-phpmailer.php&path=//home/juralptl/pvjgacor.com/wp-includes HTTP/1.1" 200 1642 "-" "Mozilla/5.0 (compatible; MJ12bot/v1.4.8; http://mj12bot.com/)"
2001:41d0:303:58c0::1 - - [27/Apr/2025:16:43:13 -0400] "GET /about.php?action=edit&file=heading.php&path=//home/juralptl/btspv.store/wp-includes/blocks HTTP/1.1" 200 1122 "-" "Mozilla/5.0 (compatible; MJ12bot/v1.4.8; http://mj12bot.com/)"
65.108.203.133 - - [27/Apr/2025:16:43:14 -0400] "GET /about.php?action=edit&file=fix_itertools_imports.pyc&path=//lib64/python2.7/lib2to3/fixes HTTP/1.1" 200 562 "-" "Mozilla/5.0 (compatible; MJ12bot/v1.4.8; http://mj12bot.com/)"
135.181.213.220 - - [27/Apr/2025:16:43:14 -0400] "GET /about.php?action=edit&file=class-wp-phpmailer.php&path=//home/juralptl/tahu-pong.store/wp-includes HTTP/1.1" 200 1642 "-" "Mozilla/5.0 (compatible; MJ12bot/v1.4.8; http://mj12bot.com/)"
2001:41d0:303:58c0::1 - - [27/Apr/2025:16:43:15 -0400] "GET /about.php?action=edit&file=heap.cpython-36.opt-1.pyc&path=//lib64/python3.6/multiprocessing/__pycache__ HTTP/1.1" 200 564 "-" "Mozilla/5.0 (compatible; MJ12bot/v1.4.8; http://mj12bot.com/)"
65.108.203.133 - - [27/Apr/2025:16:43:15 -0400] "GET /about.php?action=edit&file=fix_itertools_imports.pyo&path=//lib64/python2.7/lib2to3/fixes HTTP/1.1" 200 562 "-" "Mozilla/5.0 (compatible; MJ12bot/v1.4.8; http://mj12bot.com/)"
66.249.75.102 - - [27/Apr/2025:16:43:16 -0400] "GET /about.php?action=edit&file=__init__.cpython-33.pyc&path=%2F%2Fopt%2Falt%2Fpython33%2Flib64%2Fpython3.3%2Ftest%2F__pycache__ HTTP/1.1" 200 564 "-" "Mozilla/5.0 (Linux; Android 6.0.1; Nexus 5X Build/MMB29P) AppleWebKit/537.36 (KHTML, like Gecko) Chrome/135.0.7049.95 Mobile Safari/537.36 (compatible; Googlebot/2.1; +http://www.google.com/bot.html)"
66.249.75.101 - - [27/Apr/2025:16:43:16 -0400] "GET /about.php?action=edit&file=libtemplate.so.2&path=%2F%2Flib64 HTTP/1.1" 200 553 "-" "Mozilla/5.0 (Linux; Android 6.0.1; Nexus 5X Build/MMB29P) AppleWebKit/537.36 (KHTML, like Gecko) Chrome/135.0.7049.95 Mobile Safari/537.36 (compatible; Googlebot/2.1; +http://www.google.com/bot.html)"
20.171.207.115 - - [27/Apr/2025:16:43:16 -0400] "GET /wp-admin/comment.php?action=trash&c=1308 HTTP/1.1" 404 1251 "-" "Mozilla/5.0 AppleWebKit/537.36 (KHTML, like Gecko; compatible; GPTBot/1.2; +https://openai.com/gptbot)"
135.181.213.220 - - [27/Apr/2025:16:43:16 -0400] "GET /about.php?action=edit&file=class-wp-phpmailer.php&path=//home/juralptl/telekomaret.site/wp-includes HTTP/1.1" 200 1642 "-" "Mozilla/5.0 (compatible; MJ12bot/v1.4.8; http://mj12bot.com/)"
2001:41d0:303:58c0::1 - - [27/Apr/2025:16:43:17 -0400] "GET /about.php?action=edit&file=heap.cpython-36.opt-2.pyc&path=//lib64/python3.6/multiprocessing/__pycache__ HTTP/1.1" 200 564 "-" "Mozilla/5.0 (compatible; MJ12bot/v1.4.8; http://mj12bot.com/)"
65.108.203.133 - - [27/Apr/2025:16:43:17 -0400] "GET /about.php?action=edit&file=fix_long.py&path=//lib64/python2.7/lib2to3/fixes HTTP/1.1" 200 841 "-" "Mozilla/5.0 (compatible; MJ12bot/v1.4.8; http://mj12bot.com/)"
