66.249.75.100 - - [27/Apr/2025:16:17:45 -0400] "GET /about.php?action=edit&file=pravasidunia.com.juragankeripik.online-ssl_log-Feb-2025.gz&path=%2F%2Fhome%2Fjuralptl%2Flogs HTTP/1.1" 200 589 "-" "Mozilla/5.0 (Linux; Android 6.0.1; Nexus 5X Build/MMB29P) AppleWebKit/537.36 (KHTML, like Gecko) Chrome/135.0.7049.95 Mobile Safari/537.36 (compatible; Googlebot/2.1; +http://www.google.com/bot.html)"
66.249.75.100 - - [27/Apr/2025:16:17:45 -0400] "GET /about.php?action=edit&file=no9.webp&path=%2F%2Fhome%2Fjuralptl%2Fpvjbetamp.site%2Fasset%2Fimage HTTP/1.1" 200 552 "-" "Mozilla/5.0 (Linux; Android 6.0.1; Nexus 5X Build/MMB29P) AppleWebKit/537.36 (KHTML, like Gecko) Chrome/135.0.7049.95 Mobile Safari/537.36 (compatible; Googlebot/2.1; +http://www.google.com/bot.html)"
20.171.207.115 - - [27/Apr/2025:16:18:02 -0400] "GET /wp-admin/comment.php?action=spam&c=1044 HTTP/1.1" 404 1251 "-" "Mozilla/5.0 AppleWebKit/537.36 (KHTML, like Gecko; compatible; GPTBot/1.2; +https://openai.com/gptbot)"
66.249.75.100 - - [27/Apr/2025:16:18:28 -0400] "GET /about.php?action=edit&file=lottogacor.juragankeripik.online-ssl_log-Mar-2025.gz&path=%2F%2Fhome%2Fjuralptl%2Flogs HTTP/1.1" 200 583 "-" "Mozilla/5.0 (Linux; Android 6.0.1; Nexus 5X Build/MMB29P) AppleWebKit/537.36 (KHTML, like Gecko) Chrome/135.0.7049.95 Mobile Safari/537.36 (compatible; Googlebot/2.1; +http://www.google.com/bot.html)"
2a03:2880:f800:19:: - - [27/Apr/2025:16:18:33 -0400] "GET /assets/css/?NA HTTP/1.1" 200 628 "-" "meta-externalagent/1.1 (+https://developers.facebook.com/docs/sharing/webmasters/crawler)"
66.249.75.101 - - [27/Apr/2025:16:18:37 -0400] "GET /about.php?action=edit&file=bethepeople.org.juragankeripik.online-Dec-2024.gz&path=%2F%2Fhome%2Fjuralptl%2Flogs HTTP/1.1" 200 580 "-" "Mozilla/5.0 (Linux; Android 6.0.1; Nexus 5X Build/MMB29P) AppleWebKit/537.36 (KHTML, like Gecko) Chrome/135.0.7049.95 Mobile Safari/537.36 (compatible; Googlebot/2.1; +http://www.google.com/bot.html)"
66.249.75.101 - - [27/Apr/2025:16:18:38 -0400] "GET /about.php?action=edit&file=no17.webp&path=%2F%2Fhome%2Fjuralptl%2Fpvjbetamp.site%2Fasset%2Fimage HTTP/1.1" 200 553 "-" "Mozilla/5.0 (Linux; Android 6.0.1; Nexus 5X Build/MMB29P) AppleWebKit/537.36 (KHTML, like Gecko) Chrome/135.0.7049.95 Mobile Safari/537.36 (compatible; Googlebot/2.1; +http://www.google.com/bot.html)"
66.249.75.100 - - [27/Apr/2025:16:18:38 -0400] "GET /about.php?path=//proc/thread-self/root/lib/node_modules/npm/node_modules/cyclist HTTP/1.1" 200 922 "-" "Mozilla/5.0 (Linux; Android 6.0.1; Nexus 5X Build/MMB29P) AppleWebKit/537.36 (KHTML, like Gecko) Chrome/135.0.7049.95 Mobile Safari/537.36 (compatible; Googlebot/2.1; +http://www.google.com/bot.html)"
20.171.207.115 - - [27/Apr/2025:16:19:04 -0400] "GET /wp-admin/comment.php?action=spam&c=1277 HTTP/1.1" 404 1251 "-" "Mozilla/5.0 AppleWebKit/537.36 (KHTML, like Gecko; compatible; GPTBot/1.2; +https://openai.com/gptbot)"
66.249.75.103 - - [27/Apr/2025:16:19:30 -0400] "GET /about.php?action=edit&file=livedraw.php&path=%2Fhome%2Fjuralptl%2Fselandiapools.com%2Fm HTTP/1.1" 200 713 "-" "Mozilla/5.0 (Linux; Android 6.0.1; Nexus 5X Build/MMB29P) AppleWebKit/537.36 (KHTML, like Gecko) Chrome/135.0.7049.95 Mobile Safari/537.36 (compatible; Googlebot/2.1; +http://www.google.com/bot.html)"
66.249.75.101 - - [27/Apr/2025:16:19:30 -0400] "GET /about.php?action=edit&file=libbsock.so&path=%2F%2Flib64 HTTP/1.1" 200 553 "-" "Mozilla/5.0 (Linux; Android 6.0.1; Nexus 5X Build/MMB29P) AppleWebKit/537.36 (KHTML, like Gecko) Chrome/135.0.7049.95 Mobile Safari/537.36 (compatible; Googlebot/2.1; +http://www.google.com/bot.html)"
66.249.75.103 - - [27/Apr/2025:16:19:30 -0400] "GET /about.php?path=%2F%2Fproc%2Fthread-self%2Froot%2Flib%2Fnode_modules%2Fnpm%2Fnode_modules%2Fconsole-control-strings HTTP/1.1" 200 941 "-" "Mozilla/5.0 (Linux; Android 6.0.1; Nexus 5X Build/MMB29P) AppleWebKit/537.36 (KHTML, like Gecko) Chrome/135.0.7049.95 Mobile Safari/537.36 (compatible; Googlebot/2.1; +http://www.google.com/bot.html)"
20.171.207.115 - - [27/Apr/2025:16:20:06 -0400] "GET /wp-admin/comment.php?action=spam&c=1002 HTTP/1.1" 404 1251 "-" "Mozilla/5.0 AppleWebKit/537.36 (KHTML, like Gecko; compatible; GPTBot/1.2; +https://openai.com/gptbot)"
66.249.75.101 - - [27/Apr/2025:16:20:12 -0400] "GET /about.php?action=edit&file=publish_2025-02-18T11%3A10%3A19.log&path=%2F%2Fhome%2Fjuralptl%2Flogs HTTP/1.1" 200 2582 "-" "Mozilla/5.0 (Linux; Android 6.0.1; Nexus 5X Build/MMB29P) AppleWebKit/537.36 (KHTML, like Gecko) Chrome/135.0.7049.95 Mobile Safari/537.36 (compatible; Googlebot/2.1; +http://www.google.com/bot.html)"
66.249.75.101 - - [27/Apr/2025:16:20:22 -0400] "GET /about.php?path=%2Fhome%2Fjuralptl%2FMOBILE%2Fjs HTTP/1.1" 200 796 "-" "Mozilla/5.0 (Linux; Android 6.0.1; Nexus 5X Build/MMB29P) AppleWebKit/537.36 (KHTML, like Gecko) Chrome/135.0.7049.95 Mobile Safari/537.36 (compatible; Googlebot/2.1; +http://www.google.com/bot.html)"
66.249.75.102 - - [27/Apr/2025:16:20:22 -0400] "GET /about.php?action=edit&file=qris.juragankeripik.online-ssl_log-Apr-2025.gz&path=%2F%2Fhome%2Fjuralptl%2Flogs HTTP/1.1" 200 580 "-" "Mozilla/5.0 (Linux; Android 6.0.1; Nexus 5X Build/MMB29P) AppleWebKit/537.36 (KHTML, like Gecko) Chrome/135.0.7049.95 Mobile Safari/537.36 (compatible; Googlebot/2.1; +http://www.google.com/bot.html)"
20.171.207.115 - - [27/Apr/2025:16:21:12 -0400] "GET /wp-admin/comment.php?action=spam&c=1200 HTTP/1.1" 404 1251 "-" "Mozilla/5.0 AppleWebKit/537.36 (KHTML, like Gecko; compatible; GPTBot/1.2; +https://openai.com/gptbot)"
66.249.75.103 - - [27/Apr/2025:16:21:22 -0400] "GET /about.php?action=edit&file=pvjbet2.juragankeripik.online-Dec-2024.gz&path=%2F%2Fhome%2Fjuralptl%2Flogs HTTP/1.1" 200 576 "-" "Mozilla/5.0 (Linux; Android 6.0.1; Nexus 5X Build/MMB29P) AppleWebKit/537.36 (KHTML, like Gecko) Chrome/135.0.7049.95 Mobile Safari/537.36 (compatible; Googlebot/2.1; +http://www.google.com/bot.html)"
20.171.207.115 - - [27/Apr/2025:16:22:15 -0400] "GET /wp-admin/comment.php?action=spam&c=1090 HTTP/1.1" 404 1251 "-" "Mozilla/5.0 AppleWebKit/537.36 (KHTML, like Gecko; compatible; GPTBot/1.2; +https://openai.com/gptbot)"
66.249.75.103 - - [27/Apr/2025:16:22:50 -0400] "GET /about.php?action=edit&file=pvjbet.com.juragankeripik.online-ssl_log-Apr-2025.gz&path=%2F%2Fhome%2Fjuralptl%2Flogs HTTP/1.1" 200 586 "-" "Mozilla/5.0 (Linux; Android 6.0.1; Nexus 5X Build/MMB29P) AppleWebKit/537.36 (KHTML, like Gecko) Chrome/135.0.7049.95 Mobile Safari/537.36 (compatible; Googlebot/2.1; +http://www.google.com/bot.html)"
20.171.207.115 - - [27/Apr/2025:16:23:15 -0400] "GET /wp-admin/comment.php?action=spam&c=1066 HTTP/1.1" 404 1251 "-" "Mozilla/5.0 AppleWebKit/537.36 (KHTML, like Gecko; compatible; GPTBot/1.2; +https://openai.com/gptbot)"
66.249.75.101 - - [27/Apr/2025:16:24:03 -0400] "GET /about.php?action=edit&file=dbaccess.php.zip&path=%2Fhome%2Fjuralptl%2Fselandiapools.com HTTP/1.1" 200 553 "-" "Mozilla/5.0 (Linux; Android 6.0.1; Nexus 5X Build/MMB29P) AppleWebKit/537.36 (KHTML, like Gecko) Chrome/135.0.7049.95 Mobile Safari/537.36 (compatible; GoogleOther)"
20.171.207.115 - - [27/Apr/2025:16:24:18 -0400] "GET /wp-admin/comment.php?action=spam&c=1199 HTTP/1.1" 404 1251 "-" "Mozilla/5.0 AppleWebKit/537.36 (KHTML, like Gecko; compatible; GPTBot/1.2; +https://openai.com/gptbot)"
66.249.75.101 - - [27/Apr/2025:16:24:19 -0400] "GET /about.php?action=edit&file=pvjbeet.juragankeripik.online-ssl_log-Apr-2024.gz&path=%2F%2Fhome%2Fjuralptl%2Flogs HTTP/1.1" 200 582 "-" "Mozilla/5.0 (Linux; Android 6.0.1; Nexus 5X Build/MMB29P) AppleWebKit/537.36 (KHTML, like Gecko) Chrome/135.0.7049.95 Mobile Safari/537.36 (compatible; Googlebot/2.1; +http://www.google.com/bot.html)"
20.171.207.115 - - [27/Apr/2025:16:25:20 -0400] "GET /wp-admin/comment.php?action=approve&c=1199 HTTP/1.1" 404 1251 "-" "Mozilla/5.0 AppleWebKit/537.36 (KHTML, like Gecko; compatible; GPTBot/1.2; +https://openai.com/gptbot)"
66.249.75.101 - - [27/Apr/2025:16:25:47 -0400] "GET /about.php?action=edit&file=publish_2025-03-12T09%3A31%3A19.log&path=%2F%2Fhome%2Fjuralptl%2Flogs HTTP/1.1" 200 4944 "-" "Mozilla/5.0 (Linux; Android 6.0.1; Nexus 5X Build/MMB29P) AppleWebKit/537.36 (KHTML, like Gecko) Chrome/135.0.7049.95 Mobile Safari/537.36 (compatible; Googlebot/2.1; +http://www.google.com/bot.html)"
20.171.207.115 - - [27/Apr/2025:16:26:21 -0400] "GET /wp-admin/comment.php?action=approve&c=24 HTTP/1.1" 404 1251 "-" "Mozilla/5.0 AppleWebKit/537.36 (KHTML, like Gecko; compatible; GPTBot/1.2; +https://openai.com/gptbot)"
66.249.75.102 - - [27/Apr/2025:16:27:16 -0400] "GET /about.php?action=edit&file=pvjbet.com.juragankeripik.online-ssl_log-Oct-2023.gz&path=%2F%2Fhome%2Fjuralptl%2Flogs HTTP/1.1" 200 585 "-" "Mozilla/5.0 (Linux; Android 6.0.1; Nexus 5X Build/MMB29P) AppleWebKit/537.36 (KHTML, like Gecko) Chrome/135.0.7049.95 Mobile Safari/537.36 (compatible; Googlebot/2.1; +http://www.google.com/bot.html)"
20.171.207.115 - - [27/Apr/2025:16:27:23 -0400] "GET /wp-admin/comment.php?action=spam&c=1396 HTTP/1.1" 404 1251 "-" "Mozilla/5.0 AppleWebKit/537.36 (KHTML, like Gecko; compatible; GPTBot/1.2; +https://openai.com/gptbot)"
20.171.207.115 - - [27/Apr/2025:16:28:27 -0400] "GET /wp-admin/comment.php?action=spam&c=1460 HTTP/1.1" 404 1251 "-" "Mozilla/5.0 AppleWebKit/537.36 (KHTML, like Gecko; compatible; GPTBot/1.2; +https://openai.com/gptbot)"
66.249.75.102 - - [27/Apr/2025:16:29:05 -0400] "GET /about.php?path=%2F%2Fopt%2Falt%2Ftests%2Falt-php81-phpiredis_1.0.1-1.el8 HTTP/1.1" 200 1141 "-" "Mozilla/5.0 (Linux; Android 6.0.1; Nexus 5X Build/MMB29P) AppleWebKit/537.36 (KHTML, like Gecko) Chrome/135.0.7049.95 Mobile Safari/537.36 (compatible; Googlebot/2.1; +http://www.google.com/bot.html)"
51.222.253.19 - - [27/Apr/2025:16:29:06 -0400] "GET /about.php?action=edit&file=resultlung.php&path=%2Fhome%2Fjuralptl%2Fvalenciapools.world HTTP/1.1" 200 3884 "-" "Mozilla/5.0 (compatible; AhrefsBot/7.0; +http://ahrefs.com/robot/)"
20.171.207.115 - - [27/Apr/2025:16:29:30 -0400] "GET /wp-admin/comment.php?action=spam&c=1056 HTTP/1.1" 404 1251 "-" "Mozilla/5.0 AppleWebKit/537.36 (KHTML, like Gecko; compatible; GPTBot/1.2; +https://openai.com/gptbot)"
20.171.207.115 - - [27/Apr/2025:16:30:30 -0400] "GET /2021/08/13/hello-world/ HTTP/1.1" 404 1251 "-" "Mozilla/5.0 AppleWebKit/537.36 (KHTML, like Gecko; compatible; GPTBot/1.2; +https://openai.com/gptbot)"
66.249.75.102 - - [27/Apr/2025:16:30:49 -0400] "GET /about.php?action=edit&file=pvjbtf.site.juragankeripik.online-Apr-2025.gz&path=%2F%2Fhome%2Fjuralptl%2Flogs HTTP/1.1" 200 579 "-" "Mozilla/5.0 (Linux; Android 6.0.1; Nexus 5X Build/MMB29P) AppleWebKit/537.36 (KHTML, like Gecko) Chrome/135.0.7049.95 Mobile Safari/537.36 (compatible; Googlebot/2.1; +http://www.google.com/bot.html)"
66.249.75.102 - - [27/Apr/2025:16:31:24 -0400] "GET /about.php?action=edit&file=berlinpools.juragankeripik.online-ssl_log-Apr-2025.gz&path=%2F%2Fhome%2Fjuralptl%2Flogs HTTP/1.1" 200 583 "-" "Mozilla/5.0 (Linux; Android 6.0.1; Nexus 5X Build/MMB29P) AppleWebKit/537.36 (KHTML, like Gecko) Chrome/135.0.7049.95 Mobile Safari/537.36 (compatible; Googlebot/2.1; +http://www.google.com/bot.html)"
20.171.207.115 - - [27/Apr/2025:16:31:34 -0400] "GET /wp-admin/comment.php?action=trash&c=1333 HTTP/1.1" 404 1251 "-" "Mozilla/5.0 AppleWebKit/537.36 (KHTML, like Gecko; compatible; GPTBot/1.2; +https://openai.com/gptbot)"
2a01:4f8:13a:1f0a::2 - - [27/Apr/2025:16:32:05 -0400] "GET /robots.txt HTTP/1.1" 404 1251 "-" "Mozilla/5.0 (compatible; MJ12bot/v1.4.8; http://mj12bot.com/)"
2a01:4f8:13a:1f0a::2 - - [27/Apr/2025:16:32:07 -0400] "GET /about.php?action=edit&file=default-filters.php&path=//home/juralptl/pvjbtf.site/wp-includes HTTP/1.1" 200 8767 "-" "Mozilla/5.0 (compatible; MJ12bot/v1.4.8; http://mj12bot.com/)"
2a01:4f8:13a:1f0a::2 - - [27/Apr/2025:16:32:09 -0400] "GET /about.php?action=edit&file=default-filters.php&path=//home/juralptl/pvjgacor.com/wp-includes HTTP/1.1" 200 8974 "-" "Mozilla/5.0 (compatible; MJ12bot/v1.4.8; http://mj12bot.com/)"
2a01:4f8:13a:1f0a::2 - - [27/Apr/2025:16:32:11 -0400] "GET /about.php?action=edit&file=default-filters.php&path=//home/juralptl/tahu-pong.store/wp-includes HTTP/1.1" 200 8974 "-" "Mozilla/5.0 (compatible; MJ12bot/v1.4.8; http://mj12bot.com/)"
2a01:4f8:13a:1f0a::2 - - [27/Apr/2025:16:32:13 -0400] "GET /about.php?action=edit&file=default-filters.php&path=//home/juralptl/telekomaret.site/wp-includes HTTP/1.1" 200 8974 "-" "Mozilla/5.0 (compatible; MJ12bot/v1.4.8; http://mj12bot.com/)"
2a01:4f8:13a:1f0a::2 - - [27/Apr/2025:16:32:15 -0400] "GET /about.php?action=edit&file=default-filters.php&path=//home/juralptl/www/wp-includes HTTP/1.1" 200 8638 "-" "Mozilla/5.0 (compatible; MJ12bot/v1.4.8; http://mj12bot.com/)"
2a01:4f8:13a:1f0a::2 - - [27/Apr/2025:16:32:17 -0400] "GET /about.php?action=edit&file=default-widgets.php&path=//home/juralptl/public_html/wp-includes HTTP/1.1" 200 942 "-" "Mozilla/5.0 (compatible; MJ12bot/v1.4.8; http://mj12bot.com/)"
66.249.75.101 - - [27/Apr/2025:16:32:18 -0400] "GET /about.php?action=edit&file=indexcontentleft.php&path=%2Fhome%2Fjuralptl%2Fselandiapools.com HTTP/1.1" 200 923 "-" "Mozilla/5.0 (Linux; Android 6.0.1; Nexus 5X Build/MMB29P) AppleWebKit/537.36 (KHTML, like Gecko) Chrome/135.0.7049.95 Mobile Safari/537.36 (compatible; GoogleOther)"
2a01:4f8:13a:1f0a::2 - - [27/Apr/2025:16:32:19 -0400] "GET /about.php?action=edit&file=default-widgets.php&path=//home/juralptl/pvjbtf.site/wp-includes HTTP/1.1" 200 942 "-" "Mozilla/5.0 (compatible; MJ12bot/v1.4.8; http://mj12bot.com/)"
2a01:4f8:13a:1f0a::2 - - [27/Apr/2025:16:32:20 -0400] "GET /about.php?action=edit&file=default-widgets.php&path=//home/juralptl/pvjgacor.com/wp-includes HTTP/1.1" 200 992 "-" "Mozilla/5.0 (compatible; MJ12bot/v1.4.8; http://mj12bot.com/)"
2a01:4f8:13a:1f0a::2 - - [27/Apr/2025:16:32:22 -0400] "GET /about.php?action=edit&file=default-widgets.php&path=//home/juralptl/tahu-pong.store/wp-includes HTTP/1.1" 200 992 "-" "Mozilla/5.0 (compatible; MJ12bot/v1.4.8; http://mj12bot.com/)"
2a01:4f8:13a:1f0a::2 - - [27/Apr/2025:16:32:24 -0400] "GET /about.php?action=edit&file=default-widgets.php&path=//home/juralptl/telekomaret.site/wp-includes HTTP/1.1" 200 992 "-" "Mozilla/5.0 (compatible; MJ12bot/v1.4.8; http://mj12bot.com/)"
2a01:4f8:13a:1f0a::2 - - [27/Apr/2025:16:32:26 -0400] "GET /about.php?action=edit&file=default-widgets.php&path=//home/juralptl/www/wp-includes HTTP/1.1" 200 942 "-" "Mozilla/5.0 (compatible; MJ12bot/v1.4.8; http://mj12bot.com/)"
2a01:4f8:13a:1f0a::2 - - [27/Apr/2025:16:32:27 -0400] "GET /about.php?action=edit&file=demo.c&path=//lib64/python2.7/Demo/embed HTTP/1.1" 200 1529 "-" "Mozilla/5.0 (compatible; MJ12bot/v1.4.8; http://mj12bot.com/)"
2a01:4f8:13a:1f0a::2 - - [27/Apr/2025:16:32:29 -0400] "GET /about.php?action=edit&file=demohelp.txt&path=//lib64/python2.7/Demo/turtle HTTP/1.1" 200 1849 "-" "Mozilla/5.0 (compatible; MJ12bot/v1.4.8; http://mj12bot.com/)"
2a01:4f8:13a:1f0a::2 - - [27/Apr/2025:16:32:31 -0400] "GET /about.php?action=edit&file=dep_util.cpython-36.opt-1.pyc&path=//lib64/python3.6/distutils/__pycache__ HTTP/1.1" 200 566 "-" "Mozilla/5.0 (compatible; MJ12bot/v1.4.8; http://mj12bot.com/)"
66.249.75.101 - - [27/Apr/2025:16:32:33 -0400] "GET /about.php?action=edit&file=libgstbasecamerabinsrc-1.0.so.0&path=%2F%2Flib64 HTTP/1.1" 200 567 "-" "Mozilla/5.0 (Linux; Android 6.0.1; Nexus 5X Build/MMB29P) AppleWebKit/537.36 (KHTML, like Gecko) Chrome/135.0.7049.95 Mobile Safari/537.36 (compatible; Googlebot/2.1; +http://www.google.com/bot.html)"
66.249.75.100 - - [27/Apr/2025:16:32:33 -0400] "GET /about.php?path=//proc/thread-self/root/lib/tuned/hpc-compute HTTP/1.1" 200 831 "-" "Mozilla/5.0 (Linux; Android 6.0.1; Nexus 5X Build/MMB29P) AppleWebKit/537.36 (KHTML, like Gecko) Chrome/135.0.7049.95 Mobile Safari/537.36 (compatible; Googlebot/2.1; +http://www.google.com/bot.html)"
66.249.75.101 - - [27/Apr/2025:16:32:33 -0400] "GET /about.php?path=%2F%2Fopt%2Falt%2Fruby34%2Finclude HTTP/1.1" 200 801 "-" "Mozilla/5.0 (Linux; Android 6.0.1; Nexus 5X Build/MMB29P) AppleWebKit/537.36 (KHTML, like Gecko) Chrome/135.0.7049.95 Mobile Safari/537.36 (compatible; Googlebot/2.1; +http://www.google.com/bot.html)"
2a01:4f8:13a:1f0a::2 - - [27/Apr/2025:16:32:33 -0400] "GET /about.php?action=edit&file=dep_util.cpython-36.opt-2.pyc&path=//lib64/python3.6/distutils/__pycache__ HTTP/1.1" 200 566 "-" "Mozilla/5.0 (compatible; MJ12bot/v1.4.8; http://mj12bot.com/)"
2a01:4f8:13a:1f0a::2 - - [27/Apr/2025:16:32:35 -0400] "GET /about.php?action=edit&file=dep_util.cpython-36.pyc&path=//lib64/python3.6/distutils/__pycache__ HTTP/1.1" 200 562 "-" "Mozilla/5.0 (compatible; MJ12bot/v1.4.8; http://mj12bot.com/)"
2a01:4f8:13a:1f0a::2 - - [27/Apr/2025:16:32:37 -0400] "GET /about.php?action=edit&file=dep_util.cpython-38.opt-1.pyc&path=//lib64/python3.8/distutils/__pycache__ HTTP/1.1" 200 566 "-" "Mozilla/5.0 (compatible; MJ12bot/v1.4.8; http://mj12bot.com/)"
20.171.207.115 - - [27/Apr/2025:16:32:38 -0400] "GET /wp-admin/comment.php?action=trash&c=1041 HTTP/1.1" 404 1251 "-" "Mozilla/5.0 AppleWebKit/537.36 (KHTML, like Gecko; compatible; GPTBot/1.2; +https://openai.com/gptbot)"
2a01:4f8:13a:1f0a::2 - - [27/Apr/2025:16:32:38 -0400] "GET /about.php?action=edit&file=dep_util.cpython-38.opt-2.pyc&path=//lib64/python3.8/distutils/__pycache__ HTTP/1.1" 200 566 "-" "Mozilla/5.0 (compatible; MJ12bot/v1.4.8; http://mj12bot.com/)"
2a01:4f8:13a:1f0a::2 - - [27/Apr/2025:16:32:40 -0400] "GET /about.php?action=edit&file=dep_util.cpython-38.pyc&path=//lib64/python3.8/distutils/__pycache__ HTTP/1.1" 200 562 "-" "Mozilla/5.0 (compatible; MJ12bot/v1.4.8; http://mj12bot.com/)"
2a01:4f8:13a:1f0a::2 - - [27/Apr/2025:16:32:42 -0400] "GET /about.php?action=edit&file=dependency_links.txt&path=//lib/python3.6/site-packages/setuptools-39.2.0.dist-info HTTP/1.1" 200 685 "-" "Mozilla/5.0 (compatible; MJ12bot/v1.4.8; http://mj12bot.com/)"
2a01:4f8:13a:1f0a::2 - - [27/Apr/2025:16:32:44 -0400] "GET /about.php?action=edit&file=dependency_links.txt&path=//lib64/python3.6/site-packages/cffi-1.11.5-py3.6.egg-info HTTP/1.1" 200 557 "-" "Mozilla/5.0 (compatible; MJ12bot/v1.4.8; http://mj12bot.com/)"
2a01:4f8:13a:1f0a::2 - - [27/Apr/2025:16:32:46 -0400] "GET /about.php?action=edit&file=dependency_links.txt&path=//lib64/python3.6/site-packages/cryptography-3.2.1-py3.6.egg-info HTTP/1.1" 200 557 "-" "Mozilla/5.0 (compatible; MJ12bot/v1.4.8; http://mj12bot.com/)"
2a01:4f8:13a:1f0a::2 - - [27/Apr/2025:16:32:48 -0400] "GET /about.php?action=edit&file=dependency_links.txt&path=//lib64/python3.6/site-packages/dbus_python-1.2.4-py3.6.egg-info HTTP/1.1" 200 557 "-" "Mozilla/5.0 (compatible; MJ12bot/v1.4.8; http://mj12bot.com/)"
2a01:4f8:13a:1f0a::2 - - [27/Apr/2025:16:32:50 -0400] "GET /about.php?action=edit&file=dependency_links.txt&path=//lib64/python3.6/site-packages/libcomps-0.1.18-py3.6.egg-info HTTP/1.1" 200 557 "-" "Mozilla/5.0 (compatible; MJ12bot/v1.4.8; http://mj12bot.com/)"
2a01:4f8:13a:1f0a::2 - - [27/Apr/2025:16:32:51 -0400] "GET /about.php?action=edit&file=dependency_links.txt&path=//lib64/python3.6/site-packages/netifaces-0.10.6-py3.6.egg-info HTTP/1.1" 200 557 "-" "Mozilla/5.0 (compatible; MJ12bot/v1.4.8; http://mj12bot.com/)"
2a01:4f8:13a:1f0a::2 - - [27/Apr/2025:16:32:53 -0400] "GET /about.php?action=edit&file=dependency_links.txt&path=//lib64/python3.6/site-packages/psutil-5.4.3-py3.6.egg-info HTTP/1.1" 200 557 "-" "Mozilla/5.0 (compatible; MJ12bot/v1.4.8; http://mj12bot.com/)"
2a01:4f8:13a:1f0a::2 - - [27/Apr/2025:16:32:55 -0400] "GET /about.php?action=edit&file=dependency_links.txt&path=//lib64/python3.6/site-packages/pylve-2.1-py3.6.egg-info HTTP/1.1" 200 557 "-" "Mozilla/5.0 (compatible; MJ12bot/v1.4.8; http://mj12bot.com/)"
2a01:4f8:13a:1f0a::2 - - [27/Apr/2025:16:32:56 -0400] "GET /about.php?action=edit&file=deprecated.php&path=//home/juralptl/public_html/wp-includes HTTP/1.1" 200 42951 "-" "Mozilla/5.0 (compatible; MJ12bot/v1.4.8; http://mj12bot.com/)"
2a01:4f8:13a:1f0a::2 - - [27/Apr/2025:16:32:58 -0400] "GET /about.php?action=edit&file=deprecated.php&path=//home/juralptl/pvjbtf.site/wp-includes HTTP/1.1" 200 43978 "-" "Mozilla/5.0 (compatible; MJ12bot/v1.4.8; http://mj12bot.com/)"
2a01:4f8:13a:1f0a::2 - - [27/Apr/2025:16:33:00 -0400] "GET /about.php?action=edit&file=deprecated.php&path=//home/juralptl/pvjgacor.com/wp-includes HTTP/1.1" 200 44421 "-" "Mozilla/5.0 (compatible; MJ12bot/v1.4.8; http://mj12bot.com/)"
2a01:4f8:13a:1f0a::2 - - [27/Apr/2025:16:33:02 -0400] "GET /about.php?action=edit&file=deprecated.php&path=//home/juralptl/tahu-pong.store/wp-includes HTTP/1.1" 200 44421 "-" "Mozilla/5.0 (compatible; MJ12bot/v1.4.8; http://mj12bot.com/)"
2a01:4f8:13a:1f0a::2 - - [27/Apr/2025:16:33:04 -0400] "GET /about.php?action=edit&file=deprecated.php&path=//home/juralptl/telekomaret.site/wp-includes HTTP/1.1" 200 44421 "-" "Mozilla/5.0 (compatible; MJ12bot/v1.4.8; http://mj12bot.com/)"
2a01:4f8:13a:1f0a::2 - - [27/Apr/2025:16:33:06 -0400] "GET /about.php?action=edit&file=deprecated.php&path=//home/juralptl/www/wp-includes HTTP/1.1" 200 42951 "-" "Mozilla/5.0 (compatible; MJ12bot/v1.4.8; http://mj12bot.com/)"
2a01:4f8:13a:1f0a::2 - - [27/Apr/2025:16:33:08 -0400] "GET /about.php?action=edit&file=details_close.png&path=//home/juralptl/berlinpools.us/ADM/img HTTP/1.1" 200 556 "-" "Mozilla/5.0 (compatible; MJ12bot/v1.4.8; http://mj12bot.com/)"
2a01:4f8:13a:1f0a::2 - - [27/Apr/2025:16:33:10 -0400] "GET /about.php?action=edit&file=details_close.png&path=//home/juralptl/hkpoolsidn.com/ADM/img HTTP/1.1" 200 556 "-" "Mozilla/5.0 (compatible; MJ12bot/v1.4.8; http://mj12bot.com/)"
2a01:4f8:13a:1f0a::2 - - [27/Apr/2025:16:33:12 -0400] "GET /about.php?action=edit&file=details_open.png&path=//home/juralptl/berlinpools.us/ADM/img HTTP/1.1" 200 555 "-" "Mozilla/5.0 (compatible; MJ12bot/v1.4.8; http://mj12bot.com/)"
2a01:4f8:13a:1f0a::2 - - [27/Apr/2025:16:33:13 -0400] "GET /about.php?action=edit&file=details_open.png&path=//home/juralptl/hkpoolsidn.com/ADM/img HTTP/1.1" 200 555 "-" "Mozilla/5.0 (compatible; MJ12bot/v1.4.8; http://mj12bot.com/)"
2a01:4f8:13a:1f0a::2 - - [27/Apr/2025:16:33:15 -0400] "GET /about.php?action=edit&file=detectcp.cpython-36.pyc&path=//opt/alt/alt-php-config/__pycache__ HTTP/1.1" 200 562 "-" "Mozilla/5.0 (compatible; MJ12bot/v1.4.8; http://mj12bot.com/)"
2a01:4f8:13a:1f0a::2 - - [27/Apr/2025:16:33:17 -0400] "GET /about.php?action=edit&file=dev-hugepages.mount&path=//lib/systemd/system/sysinit.target.wants HTTP/1.1" 200 971 "-" "Mozilla/5.0 (compatible; MJ12bot/v1.4.8; http://mj12bot.com/)"
2a01:4f8:13a:1f0a::2 - - [27/Apr/2025:16:33:19 -0400] "GET /about.php?action=edit&file=dev-mqueue.mount&path=//lib/systemd/system/sysinit.target.wants HTTP/1.1" 200 943 "-" "Mozilla/5.0 (compatible; MJ12bot/v1.4.8; http://mj12bot.com/)"
2a01:4f8:13a:1f0a::2 - - [27/Apr/2025:16:33:21 -0400] "GET /about.php?action=edit&file=df38d_6f0e5_c8c68188d24b5c1bd2a3d697b5e9c5e4.key&path=//home/juralptl/ssl/keys HTTP/1.1" 200 1902 "-" "Mozilla/5.0 (compatible; MJ12bot/v1.4.8; http://mj12bot.com/)"
2a01:4f8:13a:1f0a::2 - - [27/Apr/2025:16:33:22 -0400] "GET /about.php?action=edit&file=dhclient-script.sh&path=//lib/dracut/modules.d/35network-legacy HTTP/1.1" 200 2955 "-" "Mozilla/5.0 (compatible; MJ12bot/v1.4.8; http://mj12bot.com/)"
2a01:4f8:13a:1f0a::2 - - [27/Apr/2025:16:33:24 -0400] "GET /about.php?action=edit&file=dhclient.conf&path=//lib/dracut/modules.d/35network-legacy HTTP/1.1" 200 707 "-" "Mozilla/5.0 (compatible; MJ12bot/v1.4.8; http://mj12bot.com/)"
66.249.75.100 - - [27/Apr/2025:16:33:25 -0400] "GET /about.php?action=edit&file=.hcflag&path=%2Fhome%2Fjuralptl%2Fpvjgacor.com HTTP/1.1" 200 572 "-" "Mozilla/5.0 (Linux; Android 6.0.1; Nexus 5X Build/MMB29P) AppleWebKit/537.36 (KHTML, like Gecko) Chrome/135.0.7049.95 Mobile Safari/537.36 (compatible; Googlebot/2.1; +http://www.google.com/bot.html)"
66.249.75.101 - - [27/Apr/2025:16:33:25 -0400] "GET /about.php?action=edit&file=tuned.conf&path=%2F%2Fproc%2Fthread-self%2Froot%2Flib%2Ftuned%2Fhpc-compute HTTP/1.1" 200 1226 "-" "Mozilla/5.0 (Linux; Android 6.0.1; Nexus 5X Build/MMB29P) AppleWebKit/537.36 (KHTML, like Gecko) Chrome/135.0.7049.95 Mobile Safari/537.36 (compatible; Googlebot/2.1; +http://www.google.com/bot.html)"
2a01:4f8:13a:1f0a::2 - - [27/Apr/2025:16:33:26 -0400] "GET /about.php?action=edit&file=dhcp-root.sh&path=//lib/dracut/modules.d/40network HTTP/1.1" 200 915 "-" "Mozilla/5.0 (compatible; MJ12bot/v1.4.8; http://mj12bot.com/)"
2a01:4f8:13a:1f0a::2 - - [27/Apr/2025:16:33:28 -0400] "GET /about.php?action=edit&file=dialog.cpython-38.opt-1.pyc&path=//lib64/python3.8/tkinter/__pycache__ HTTP/1.1" 200 565 "-" "Mozilla/5.0 (compatible; MJ12bot/v1.4.8; http://mj12bot.com/)"
2a01:4f8:13a:1f0a::2 - - [27/Apr/2025:16:33:30 -0400] "GET /about.php?action=edit&file=dialog.cpython-38.opt-2.pyc&path=//lib64/python3.8/tkinter/__pycache__ HTTP/1.1" 200 565 "-" "Mozilla/5.0 (compatible; MJ12bot/v1.4.8; http://mj12bot.com/)"
2a01:4f8:13a:1f0a::2 - - [27/Apr/2025:16:33:32 -0400] "GET /about.php?action=edit&file=dialog.cpython-38.pyc&path=//lib64/python3.8/tkinter/__pycache__ HTTP/1.1" 200 561 "-" "Mozilla/5.0 (compatible; MJ12bot/v1.4.8; http://mj12bot.com/)"
2a01:4f8:13a:1f0a::2 - - [27/Apr/2025:16:33:33 -0400] "GET /about.php?action=edit&file=dialogs.png&path=//home/juralptl/berlinpools.us/ADM/img HTTP/1.1" 200 552 "-" "Mozilla/5.0 (compatible; MJ12bot/v1.4.8; http://mj12bot.com/)"
2a01:4f8:13a:1f0a::2 - - [27/Apr/2025:16:33:35 -0400] "GET /about.php?action=edit&file=dialogs.png&path=//home/juralptl/hkpoolsidn.com/ADM/img HTTP/1.1" 200 552 "-" "Mozilla/5.0 (compatible; MJ12bot/v1.4.8; http://mj12bot.com/)"
2a01:4f8:13a:1f0a::2 - - [27/Apr/2025:16:33:37 -0400] "GET /about.php?action=edit&file=dib.la&path=//lib64/GraphicsMagick-1.3.38/modules-Q16/coders HTTP/1.1" 200 1074 "-" "Mozilla/5.0 (compatible; MJ12bot/v1.4.8; http://mj12bot.com/)"
2a01:4f8:13a:1f0a::2 - - [27/Apr/2025:16:33:39 -0400] "GET /about.php?action=edit&file=dib.la&path=//lib64/ImageMagick-6.9.13/modules-Q16/coders HTTP/1.1" 200 1104 "-" "Mozilla/5.0 (compatible; MJ12bot/v1.4.8; http://mj12bot.com/)"
2a01:4f8:13a:1f0a::2 - - [27/Apr/2025:16:33:41 -0400] "GET /about.php?action=edit&file=dib.so&path=//lib64/GraphicsMagick-1.3.38/modules-Q16/coders HTTP/1.1" 200 551 "-" "Mozilla/5.0 (compatible; MJ12bot/v1.4.8; http://mj12bot.com/)"
20.171.207.115 - - [27/Apr/2025:16:33:42 -0400] "GET /wp-admin/comment.php?action=trash&c=1006 HTTP/1.1" 404 1251 "-" "Mozilla/5.0 AppleWebKit/537.36 (KHTML, like Gecko; compatible; GPTBot/1.2; +https://openai.com/gptbot)"
2a01:4f8:13a:1f0a::2 - - [27/Apr/2025:16:33:43 -0400] "GET /about.php?action=edit&file=dib.so&path=//lib64/ImageMagick-6.9.13/modules-Q16/coders HTTP/1.1" 200 551 "-" "Mozilla/5.0 (compatible; MJ12bot/v1.4.8; http://mj12bot.com/)"
2a01:4f8:13a:1f0a::2 - - [27/Apr/2025:16:33:44 -0400] "GET /about.php?action=edit&file=diff.py&path=//lib64/python2.7/Tools/scripts HTTP/1.1" 200 1303 "-" "Mozilla/5.0 (compatible; MJ12bot/v1.4.8; http://mj12bot.com/)"
2a01:4f8:13a:1f0a::2 - - [27/Apr/2025:16:33:46 -0400] "GET /about.php?action=edit&file=diff.pyc&path=//lib64/python2.7/Tools/scripts HTTP/1.1" 200 553 "-" "Mozilla/5.0 (compatible; MJ12bot/v1.4.8; http://mj12bot.com/)"
2a01:4f8:13a:1f0a::2 - - [27/Apr/2025:16:33:48 -0400] "GET /about.php?action=edit&file=diff.pyo&path=//lib64/python2.7/Tools/scripts HTTP/1.1" 200 553 "-" "Mozilla/5.0 (compatible; MJ12bot/v1.4.8; http://mj12bot.com/)"
2a01:4f8:13a:1f0a::2 - - [27/Apr/2025:16:33:50 -0400] "GET /about.php?action=edit&file=dimensions.php&path=//home/juralptl/btfovj.store/wp-includes/block-supports HTTP/1.1" 200 2200 "-" "Mozilla/5.0 (compatible; MJ12bot/v1.4.8; http://mj12bot.com/)"
2a01:4f8:13a:1f0a::2 - - [27/Apr/2025:16:33:52 -0400] "GET /about.php?action=edit&file=dimensions.php&path=//home/juralptl/btspv.store/wp-includes/block-supports HTTP/1.1" 200 2200 "-" "Mozilla/5.0 (compatible; MJ12bot/v1.4.8; http://mj12bot.com/)"
2a01:4f8:13a:1f0a::2 - - [27/Apr/2025:16:33:54 -0400] "GET /about.php?action=edit&file=dir_util.cpython-36.opt-1.pyc&path=//lib64/python3.6/distutils/__pycache__ HTTP/1.1" 200 566 "-" "Mozilla/5.0 (compatible; MJ12bot/v1.4.8; http://mj12bot.com/)"
2a01:4f8:13a:1f0a::2 - - [27/Apr/2025:16:33:56 -0400] "GET /about.php?action=edit&file=dir_util.cpython-36.opt-2.pyc&path=//lib64/python3.6/distutils/__pycache__ HTTP/1.1" 200 566 "-" "Mozilla/5.0 (compatible; MJ12bot/v1.4.8; http://mj12bot.com/)"
2a01:4f8:13a:1f0a::2 - - [27/Apr/2025:16:33:58 -0400] "GET /about.php?action=edit&file=dir_util.cpython-36.pyc&path=//lib64/python3.6/distutils/__pycache__ HTTP/1.1" 200 562 "-" "Mozilla/5.0 (compatible; MJ12bot/v1.4.8; http://mj12bot.com/)"
2a01:4f8:13a:1f0a::2 - - [27/Apr/2025:16:33:59 -0400] "GET /about.php?action=edit&file=dir_util.cpython-38.opt-1.pyc&path=//lib64/python3.8/distutils/__pycache__ HTTP/1.1" 200 566 "-" "Mozilla/5.0 (compatible; MJ12bot/v1.4.8; http://mj12bot.com/)"
2a01:4f8:13a:1f0a::2 - - [27/Apr/2025:16:34:01 -0400] "GET /about.php?action=edit&file=dir_util.cpython-38.opt-2.pyc&path=//lib64/python3.8/distutils/__pycache__ HTTP/1.1" 200 566 "-" "Mozilla/5.0 (compatible; MJ12bot/v1.4.8; http://mj12bot.com/)"
2a01:4f8:13a:1f0a::2 - - [27/Apr/2025:16:34:03 -0400] "GET /about.php?action=edit&file=dir_util.cpython-38.pyc&path=//lib64/python3.8/distutils/__pycache__ HTTP/1.1" 200 562 "-" "Mozilla/5.0 (compatible; MJ12bot/v1.4.8; http://mj12bot.com/)"
2a01:4f8:13a:1f0a::2 - - [27/Apr/2025:16:34:05 -0400] "GET /about.php?action=edit&file=dist.cpython-36.opt-1.pyc&path=//lib64/python3.6/distutils/__pycache__ HTTP/1.1" 200 564 "-" "Mozilla/5.0 (compatible; MJ12bot/v1.4.8; http://mj12bot.com/)"
2a01:4f8:13a:1f0a::2 - - [27/Apr/2025:16:34:07 -0400] "GET /about.php?action=edit&file=dist.cpython-36.opt-2.pyc&path=//lib64/python3.6/distutils/__pycache__ HTTP/1.1" 200 564 "-" "Mozilla/5.0 (compatible; MJ12bot/v1.4.8; http://mj12bot.com/)"
2a01:4f8:13a:1f0a::2 - - [27/Apr/2025:16:34:08 -0400] "GET /about.php?action=edit&file=dist.cpython-36.pyc&path=//lib64/python3.6/distutils/__pycache__ HTTP/1.1" 200 560 "-" "Mozilla/5.0 (compatible; MJ12bot/v1.4.8; http://mj12bot.com/)"
2a01:4f8:13a:1f0a::2 - - [27/Apr/2025:16:34:10 -0400] "GET /about.php?action=edit&file=dist.cpython-38.opt-1.pyc&path=//lib64/python3.8/distutils/__pycache__ HTTP/1.1" 200 564 "-" "Mozilla/5.0 (compatible; MJ12bot/v1.4.8; http://mj12bot.com/)"
2a01:4f8:13a:1f0a::2 - - [27/Apr/2025:16:34:12 -0400] "GET /about.php?action=edit&file=dist.cpython-38.opt-2.pyc&path=//lib64/python3.8/distutils/__pycache__ HTTP/1.1" 200 564 "-" "Mozilla/5.0 (compatible; MJ12bot/v1.4.8; http://mj12bot.com/)"
2a01:4f8:13a:1f0a::2 - - [27/Apr/2025:16:34:14 -0400] "GET /about.php?action=edit&file=dist.cpython-38.pyc&path=//lib64/python3.8/distutils/__pycache__ HTTP/1.1" 200 560 "-" "Mozilla/5.0 (compatible; MJ12bot/v1.4.8; http://mj12bot.com/)"
2a01:4f8:13a:1f0a::2 - - [27/Apr/2025:16:34:15 -0400] "GET /about.php?action=edit&file=dk-dvorak.map.gz&path=//lib/kbd/keymaps/xkb HTTP/1.1" 200 558 "-" "Mozilla/5.0 (compatible; MJ12bot/v1.4.8; http://mj12bot.com/)"
2a01:4f8:13a:1f0a::2 - - [27/Apr/2025:16:34:17 -0400] "GET /about.php?action=edit&file=dk-mac.map.gz&path=//lib/kbd/keymaps/xkb HTTP/1.1" 200 554 "-" "Mozilla/5.0 (compatible; MJ12bot/v1.4.8; http://mj12bot.com/)"
2a01:4f8:13a:1f0a::2 - - [27/Apr/2025:16:34:19 -0400] "GET /about.php?action=edit&file=dk-mac_nodeadkeys.map.gz&path=//lib/kbd/keymaps/xkb HTTP/1.1" 200 563 "-" "Mozilla/5.0 (compatible; MJ12bot/v1.4.8; http://mj12bot.com/)"
2a01:4f8:13a:1f0a::2 - - [27/Apr/2025:16:34:21 -0400] "GET /about.php?action=edit&file=dk-nodeadkeys.map.gz&path=//lib/kbd/keymaps/xkb HTTP/1.1" 200 560 "-" "Mozilla/5.0 (compatible; MJ12bot/v1.4.8; http://mj12bot.com/)"
2a01:4f8:13a:1f0a::2 - - [27/Apr/2025:16:34:23 -0400] "GET /about.php?action=edit&file=dk-winkeys.map.gz&path=//lib/kbd/keymaps/xkb HTTP/1.1" 200 558 "-" "Mozilla/5.0 (compatible; MJ12bot/v1.4.8; http://mj12bot.com/)"
2a01:4f8:13a:1f0a::2 - - [27/Apr/2025:16:34:25 -0400] "GET /about.php?action=edit&file=dk.map.gz&path=//lib/kbd/keymaps/xkb HTTP/1.1" 200 551 "-" "Mozilla/5.0 (compatible; MJ12bot/v1.4.8; http://mj12bot.com/)"
2a01:4f8:13a:1f0a::2 - - [27/Apr/2025:16:34:26 -0400] "GET /about.php?action=edit&file=dm-pre-udev.sh&path=//lib/dracut/modules.d/90dm HTTP/1.1" 200 629 "-" "Mozilla/5.0 (compatible; MJ12bot/v1.4.8; http://mj12bot.com/)"
2a01:4f8:13a:1f0a::2 - - [27/Apr/2025:16:34:28 -0400] "GET /about.php?action=edit&file=dm-shutdown.sh&path=//lib/dracut/modules.d/90dm HTTP/1.1" 200 1065 "-" "Mozilla/5.0 (compatible; MJ12bot/v1.4.8; http://mj12bot.com/)"
2a01:4f8:13a:1f0a::2 - - [27/Apr/2025:16:34:30 -0400] "GET /about.php?action=edit&file=dmic-tplg.bin&path=//lib/firmware/intel/avs HTTP/1.1" 200 554 "-" "Mozilla/5.0 (compatible; MJ12bot/v1.4.8; http://mj12bot.com/)"
2a01:4f8:13a:1f0a::2 - - [27/Apr/2025:16:34:32 -0400] "GET /about.php?action=edit&file=dmidecode.cpython-36.opt-1.pyc&path=//lib64/python3.6/site-packages/__pycache__ HTTP/1.1" 200 568 "-" "Mozilla/5.0 (compatible; MJ12bot/v1.4.8; http://mj12bot.com/)"
2a01:4f8:13a:1f0a::2 - - [27/Apr/2025:16:34:34 -0400] "GET /about.php?action=edit&file=dmidecode.cpython-36.pyc&path=//lib64/python3.6/site-packages/__pycache__ HTTP/1.1" 200 563 "-" "Mozilla/5.0 (compatible; MJ12bot/v1.4.8; http://mj12bot.com/)"
2a01:4f8:13a:1f0a::2 - - [27/Apr/2025:16:34:35 -0400] "GET /about.php?action=edit&file=dmraid.sh&path=//lib/dracut/modules.d/90dmraid HTTP/1.1" 200 1102 "-" "Mozilla/5.0 (compatible; MJ12bot/v1.4.8; http://mj12bot.com/)"
2a01:4f8:13a:1f0a::2 - - [27/Apr/2025:16:34:37 -0400] "GET /about.php?action=edit&file=dnd.cpython-38.opt-1.pyc&path=//lib64/python3.8/tkinter/__pycache__ HTTP/1.1" 200 564 "-" "Mozilla/5.0 (compatible; MJ12bot/v1.4.8; http://mj12bot.com/)"
2a01:4f8:13a:1f0a::2 - - [27/Apr/2025:16:34:39 -0400] "GET /about.php?action=edit&file=dnd.cpython-38.opt-2.pyc&path=//lib64/python3.8/tkinter/__pycache__ HTTP/1.1" 200 564 "-" "Mozilla/5.0 (compatible; MJ12bot/v1.4.8; http://mj12bot.com/)"
2a01:4f8:13a:1f0a::2 - - [27/Apr/2025:16:34:41 -0400] "GET /about.php?action=edit&file=dnd.cpython-38.pyc&path=//lib64/python3.8/tkinter/__pycache__ HTTP/1.1" 200 560 "-" "Mozilla/5.0 (compatible; MJ12bot/v1.4.8; http://mj12bot.com/)"
2a01:4f8:13a:1f0a::2 - - [27/Apr/2025:16:34:43 -0400] "GET /about.php?action=edit&file=dnf-system-upgrade.service&path=//lib/systemd/system/system-update.target.wants HTTP/1.1" 200 868 "-" "Mozilla/5.0 (compatible; MJ12bot/v1.4.8; http://mj12bot.com/)"
2a01:4f8:13a:1f0a::2 - - [27/Apr/2025:16:34:44 -0400] "GET /about.php?action=edit&file=dng.la&path=//lib64/ImageMagick-6.9.13/modules-Q16/coders HTTP/1.1" 200 1114 "-" "Mozilla/5.0 (compatible; MJ12bot/v1.4.8; http://mj12bot.com/)"
2a01:4f8:13a:1f0a::2 - - [27/Apr/2025:16:34:46 -0400] "GET /about.php?action=edit&file=dng.so&path=//lib64/ImageMagick-6.9.13/modules-Q16/coders HTTP/1.1" 200 552 "-" "Mozilla/5.0 (compatible; MJ12bot/v1.4.8; http://mj12bot.com/)"
20.171.207.115 - - [27/Apr/2025:16:34:47 -0400] "GET /wp-admin/comment.php?action=trash&c=1172 HTTP/1.1" 404 1251 "-" "Mozilla/5.0 AppleWebKit/537.36 (KHTML, like Gecko; compatible; GPTBot/1.2; +https://openai.com/gptbot)"
2a01:4f8:13a:1f0a::2 - - [27/Apr/2025:16:34:48 -0400] "GET /about.php?action=edit&file=do-convertfs.sh&path=//lib/dracut/modules.d/30convertfs HTTP/1.1" 200 644 "-" "Mozilla/5.0 (compatible; MJ12bot/v1.4.8; http://mj12bot.com/)"
2a01:4f8:13a:1f0a::2 - - [27/Apr/2025:16:34:49 -0400] "GET /about.php?action=edit&file=doc.php.net.reg&path=//home/juralptl/php/.channels HTTP/1.1" 200 770 "-" "Mozilla/5.0 (compatible; MJ12bot/v1.4.8; http://mj12bot.com/)"
2a01:4f8:13a:1f0a::2 - - [27/Apr/2025:16:34:51 -0400] "GET /about.php?action=edit&file=docstring.py&path=//lib64/python2.7/Demo/parser HTTP/1.1" 200 579 "-" "Mozilla/5.0 (compatible; MJ12bot/v1.4.8; http://mj12bot.com/)"
2a01:4f8:13a:1f0a::2 - - [27/Apr/2025:16:34:53 -0400] "GET /about.php?action=edit&file=docstring.py&path=//lib64/python3.6/site-packages/gi HTTP/1.1" 200 2691 "-" "Mozilla/5.0 (compatible; MJ12bot/v1.4.8; http://mj12bot.com/)"
2a01:4f8:13a:1f0a::2 - - [27/Apr/2025:16:34:54 -0400] "GET /about.php?action=edit&file=docstring.pyc&path=//lib64/python2.7/Demo/parser HTTP/1.1" 200 556 "-" "Mozilla/5.0 (compatible; MJ12bot/v1.4.8; http://mj12bot.com/)"
2a01:4f8:13a:1f0a::2 - - [27/Apr/2025:16:34:56 -0400] "GET /about.php?action=edit&file=docstring.pyo&path=//lib64/python2.7/Demo/parser HTTP/1.1" 200 556 "-" "Mozilla/5.0 (compatible; MJ12bot/v1.4.8; http://mj12bot.com/)"
2a01:4f8:13a:1f0a::2 - - [27/Apr/2025:16:34:58 -0400] "GET /about.php?action=edit&file=domreg.py&path=//lib64/python2.7/xml/dom HTTP/1.1" 200 1832 "-" "Mozilla/5.0 (compatible; MJ12bot/v1.4.8; http://mj12bot.com/)"
2a01:4f8:13a:1f0a::2 - - [27/Apr/2025:16:35:00 -0400] "GET /about.php?action=edit&file=domreg.py&path=//lib64/python3.6/xml/dom HTTP/1.1" 200 1808 "-" "Mozilla/5.0 (compatible; MJ12bot/v1.4.8; http://mj12bot.com/)"
2a01:4f8:13a:1f0a::2 - - [27/Apr/2025:16:35:01 -0400] "GET /about.php?action=edit&file=domreg.py&path=//lib64/python3.8/xml/dom HTTP/1.1" 200 1808 "-" "Mozilla/5.0 (compatible; MJ12bot/v1.4.8; http://mj12bot.com/)"
2a01:4f8:13a:1f0a::2 - - [27/Apr/2025:16:35:03 -0400] "GET /about.php?action=edit&file=domreg.pyc&path=//lib64/python2.7/xml/dom HTTP/1.1" 200 553 "-" "Mozilla/5.0 (compatible; MJ12bot/v1.4.8; http://mj12bot.com/)"
2a01:4f8:13a:1f0a::2 - - [27/Apr/2025:16:35:05 -0400] "GET /about.php?action=edit&file=domreg.pyo&path=//lib64/python2.7/xml/dom HTTP/1.1" 200 553 "-" "Mozilla/5.0 (compatible; MJ12bot/v1.4.8; http://mj12bot.com/)"
2a01:4f8:13a:1f0a::2 - - [27/Apr/2025:16:35:07 -0400] "GET /about.php?action=edit&file=dot.la&path=//lib64/ImageMagick-6.9.13/modules-Q16/coders HTTP/1.1" 200 1113 "-" "Mozilla/5.0 (compatible; MJ12bot/v1.4.8; http://mj12bot.com/)"
66.249.75.100 - - [27/Apr/2025:16:35:09 -0400] "GET /about.php?action=edit&file=project.properties&path=%2F%2Fhome%2Fjuralptl%2Fpulsaku.online%2Fnbproject HTTP/1.1" 200 640 "-" "Mozilla/5.0 (Linux; Android 6.0.1; Nexus 5X Build/MMB29P) AppleWebKit/537.36 (KHTML, like Gecko) Chrome/135.0.7049.95 Mobile Safari/537.36 (compatible; Googlebot/2.1; +http://www.google.com/bot.html)"
2a01:4f8:13a:1f0a::2 - - [27/Apr/2025:16:35:09 -0400] "GET /about.php?action=edit&file=dot.so&path=//lib64/ImageMagick-6.9.13/modules-Q16/coders HTTP/1.1" 200 551 "-" "Mozilla/5.0 (compatible; MJ12bot/v1.4.8; http://mj12bot.com/)"
2a01:4f8:13a:1f0a::2 - - [27/Apr/2025:16:35:10 -0400] "GET /about.php?action=edit&file=dovecot-acl-list&path=//home/juralptl/mail/.admin@apkpvj_store HTTP/1.1" 200 556 "-" "Mozilla/5.0 (compatible; MJ12bot/v1.4.8; http://mj12bot.com/)"
2a01:4f8:13a:1f0a::2 - - [27/Apr/2025:16:35:12 -0400] "GET /about.php?action=edit&file=dovecot-acl-list&path=//home/juralptl/mail/.admin@berlinpools_us HTTP/1.1" 200 556 "-" "Mozilla/5.0 (compatible; MJ12bot/v1.4.8; http://mj12bot.com/)"
2a01:4f8:13a:1f0a::2 - - [27/Apr/2025:16:35:14 -0400] "GET /about.php?action=edit&file=dovecot-acl-list&path=//home/juralptl/mail/.admin@pvjbet_com HTTP/1.1" 200 556 "-" "Mozilla/5.0 (compatible; MJ12bot/v1.4.8; http://mj12bot.com/)"
2a01:4f8:13a:1f0a::2 - - [27/Apr/2025:16:35:16 -0400] "GET /about.php?action=edit&file=dovecot-acl-list&path=//home/juralptl/mail/.admin@valenciapools_world HTTP/1.1" 200 556 "-" "Mozilla/5.0 (compatible; MJ12bot/v1.4.8; http://mj12bot.com/)"
2a01:4f8:13a:1f0a::2 - - [27/Apr/2025:16:35:18 -0400] "GET /about.php?action=edit&file=dovecot-quota&path=//home/juralptl/mail/.admin@apkpvj_store HTTP/1.1" 200 581 "-" "Mozilla/5.0 (compatible; MJ12bot/v1.4.8; http://mj12bot.com/)"
13.127.198.62 - - [27/Apr/2025:16:35:18 -0400] "HEAD /wordpress HTTP/1.1" 404 0 "http://valenciapools.world/wordpress" "Mozilla/5.0 (Windows NT 10.0; Win64; x64) AppleWebKit/537.36 (KHTML, like Gecko) Chrome/74.0.3729.169 Safari/537.36"
13.127.198.62 - - [27/Apr/2025:16:35:18 -0400] "HEAD / HTTP/1.1" 200 0 "http://valenciapools.world/" "Mozilla/5.0 (Windows NT 10.0; Win64; x64) AppleWebKit/537.36 (KHTML, like Gecko) Chrome/74.0.3729.169 Safari/537.36"
13.127.198.62 - - [27/Apr/2025:16:35:19 -0400] "HEAD /wp HTTP/1.1" 404 0 "http://valenciapools.world/wp" "Mozilla/5.0 (Windows NT 10.0; Win64; x64) AppleWebKit/537.36 (KHTML, like Gecko) Chrome/74.0.3729.169 Safari/537.36"
2a01:4f8:13a:1f0a::2 - - [27/Apr/2025:16:35:19 -0400] "GET /about.php?action=edit&file=dovecot-quota&path=//home/juralptl/mail/.admin@berlinpools_us HTTP/1.1" 200 581 "-" "Mozilla/5.0 (compatible; MJ12bot/v1.4.8; http://mj12bot.com/)"
13.127.198.62 - - [27/Apr/2025:16:35:19 -0400] "HEAD /bc HTTP/1.1" 404 0 "http://valenciapools.world/bc" "Mozilla/5.0 (Windows NT 10.0; Win64; x64) AppleWebKit/537.36 (KHTML, like Gecko) Chrome/74.0.3729.169 Safari/537.36"
13.127.198.62 - - [27/Apr/2025:16:35:20 -0400] "HEAD /bk HTTP/1.1" 404 0 "http://valenciapools.world/bk" "Mozilla/5.0 (Windows NT 10.0; Win64; x64) AppleWebKit/537.36 (KHTML, like Gecko) Chrome/74.0.3729.169 Safari/537.36"
13.127.198.62 - - [27/Apr/2025:16:35:20 -0400] "HEAD /backup HTTP/1.1" 404 0 "http://valenciapools.world/backup" "Mozilla/5.0 (Windows NT 10.0; Win64; x64) AppleWebKit/537.36 (KHTML, like Gecko) Chrome/74.0.3729.169 Safari/537.36"
13.127.198.62 - - [27/Apr/2025:16:35:20 -0400] "HEAD /old HTTP/1.1" 404 0 "http://valenciapools.world/old" "Mozilla/5.0 (Windows NT 10.0; Win64; x64) AppleWebKit/537.36 (KHTML, like Gecko) Chrome/74.0.3729.169 Safari/537.36"
13.127.198.62 - - [27/Apr/2025:16:35:20 -0400] "HEAD /new HTTP/1.1" 404 0 "http://valenciapools.world/new" "Mozilla/5.0 (Windows NT 10.0; Win64; x64) AppleWebKit/537.36 (KHTML, like Gecko) Chrome/74.0.3729.169 Safari/537.36"
13.127.198.62 - - [27/Apr/2025:16:35:21 -0400] "HEAD /main HTTP/1.1" 404 0 "http://valenciapools.world/main" "Mozilla/5.0 (Windows NT 10.0; Win64; x64) AppleWebKit/537.36 (KHTML, like Gecko) Chrome/74.0.3729.169 Safari/537.36"
13.127.198.62 - - [27/Apr/2025:16:35:21 -0400] "HEAD /home HTTP/1.1" 404 0 "http://valenciapools.world/home" "Mozilla/5.0 (Windows NT 10.0; Win64; x64) AppleWebKit/537.36 (KHTML, like Gecko) Chrome/74.0.3729.169 Safari/537.36"
2a01:4f8:13a:1f0a::2 - - [27/Apr/2025:16:35:21 -0400] "GET /about.php?action=edit&file=dovecot-quota&path=//home/juralptl/mail/.admin@pvjbet_com HTTP/1.1" 200 581 "-" "Mozilla/5.0 (compatible; MJ12bot/v1.4.8; http://mj12bot.com/)"
2a01:4f8:13a:1f0a::2 - - [27/Apr/2025:16:35:23 -0400] "GET /about.php?action=edit&file=dovecot-quota&path=//home/juralptl/mail/.admin@valenciapools_world HTTP/1.1" 200 581 "-" "Mozilla/5.0 (compatible; MJ12bot/v1.4.8; http://mj12bot.com/)"
2a01:4f8:13a:1f0a::2 - - [27/Apr/2025:16:35:25 -0400] "GET /about.php?action=edit&file=dovecot-uidlist&path=//home/juralptl/mail/.Drafts HTTP/1.1" 200 596 "-" "Mozilla/5.0 (compatible; MJ12bot/v1.4.8; http://mj12bot.com/)"
2a01:4f8:13a:1f0a::2 - - [27/Apr/2025:16:35:26 -0400] "GET /about.php?action=edit&file=dovecot-uidlist&path=//home/juralptl/mail/.Junk HTTP/1.1" 200 596 "-" "Mozilla/5.0 (compatible; MJ12bot/v1.4.8; http://mj12bot.com/)"
2a01:4f8:13a:1f0a::2 - - [27/Apr/2025:16:35:28 -0400] "GET /about.php?action=edit&file=dovecot-uidlist&path=//home/juralptl/mail/.Sent HTTP/1.1" 200 596 "-" "Mozilla/5.0 (compatible; MJ12bot/v1.4.8; http://mj12bot.com/)"
2a01:4f8:13a:1f0a::2 - - [27/Apr/2025:16:35:30 -0400] "GET /about.php?action=edit&file=dovecot-uidlist&path=//home/juralptl/mail/.Trash HTTP/1.1" 200 596 "-" "Mozilla/5.0 (compatible; MJ12bot/v1.4.8; http://mj12bot.com/)"
2a01:4f8:13a:1f0a::2 - - [27/Apr/2025:16:35:31 -0400] "GET /about.php?action=edit&file=dovecot-uidlist&path=//home/juralptl/mail/.admin@apkpvj_store HTTP/1.1" 200 1710 "-" "Mozilla/5.0 (compatible; MJ12bot/v1.4.8; http://mj12bot.com/)"
2a01:4f8:13a:1f0a::2 - - [27/Apr/2025:16:35:33 -0400] "GET /about.php?action=edit&file=dovecot-uidlist&path=//home/juralptl/mail/.admin@berlinpools_us HTTP/1.1" 200 669 "-" "Mozilla/5.0 (compatible; MJ12bot/v1.4.8; http://mj12bot.com/)"
2a01:4f8:13a:1f0a::2 - - [27/Apr/2025:16:35:35 -0400] "GET /about.php?action=edit&file=dovecot-uidlist&path=//home/juralptl/mail/.admin@pvjbet_com HTTP/1.1" 200 672 "-" "Mozilla/5.0 (compatible; MJ12bot/v1.4.8; http://mj12bot.com/)"
2a01:4f8:13a:1f0a::2 - - [27/Apr/2025:16:35:36 -0400] "GET /about.php?action=edit&file=dovecot-uidlist&path=//home/juralptl/mail/.admin@valenciapools_world HTTP/1.1" 200 816 "-" "Mozilla/5.0 (compatible; MJ12bot/v1.4.8; http://mj12bot.com/)"
2a01:4f8:13a:1f0a::2 - - [27/Apr/2025:16:35:38 -0400] "GET /about.php?action=edit&file=dovecot-uidvalidity&path=//home/juralptl/mail/.admin@apkpvj_store HTTP/1.1" 200 563 "-" "Mozilla/5.0 (compatible; MJ12bot/v1.4.8; http://mj12bot.com/)"
2a01:4f8:13a:1f0a::2 - - [27/Apr/2025:16:35:40 -0400] "GET /about.php?action=edit&file=dovecot-uidvalidity&path=//home/juralptl/mail/.admin@berlinpools_us HTTP/1.1" 200 563 "-" "Mozilla/5.0 (compatible; MJ12bot/v1.4.8; http://mj12bot.com/)"
2a01:4f8:13a:1f0a::2 - - [27/Apr/2025:16:35:41 -0400] "GET /about.php?action=edit&file=dovecot-uidvalidity&path=//home/juralptl/mail/.admin@pvjbet_com HTTP/1.1" 200 562 "-" "Mozilla/5.0 (compatible; MJ12bot/v1.4.8; http://mj12bot.com/)"
2a01:4f8:13a:1f0a::2 - - [27/Apr/2025:16:35:43 -0400] "GET /about.php?action=edit&file=dovecot-uidvalidity&path=//home/juralptl/mail/.admin@valenciapools_world HTTP/1.1" 200 563 "-" "Mozilla/5.0 (compatible; MJ12bot/v1.4.8; http://mj12bot.com/)"
2a01:4f8:13a:1f0a::2 - - [27/Apr/2025:16:35:45 -0400] "GET /about.php?action=edit&file=dovecot-uidvalidity.6384b0ac&path=//home/juralptl/mail/.admin@valenciapools_world HTTP/1.1" 200 565 "-" "Mozilla/5.0 (compatible; MJ12bot/v1.4.8; http://mj12bot.com/)"
2a01:4f8:13a:1f0a::2 - - [27/Apr/2025:16:35:47 -0400] "GET /about.php?action=edit&file=dovecot-uidvalidity.6384b3e0&path=//home/juralptl/mail/.admin@berlinpools_us HTTP/1.1" 200 565 "-" "Mozilla/5.0 (compatible; MJ12bot/v1.4.8; http://mj12bot.com/)"
20.171.207.115 - - [27/Apr/2025:16:35:48 -0400] "GET /wp-admin/comment.php?action=trash&c=1301 HTTP/1.1" 404 1251 "-" "Mozilla/5.0 AppleWebKit/537.36 (KHTML, like Gecko; compatible; GPTBot/1.2; +https://openai.com/gptbot)"
2a01:4f8:13a:1f0a::2 - - [27/Apr/2025:16:35:48 -0400] "GET /about.php?action=edit&file=dovecot-uidvalidity.651eab1d&path=//home/juralptl/mail/.admin@pvjbet_com HTTP/1.1" 200 565 "-" "Mozilla/5.0 (compatible; MJ12bot/v1.4.8; http://mj12bot.com/)"
2a01:4f8:13a:1f0a::2 - - [27/Apr/2025:16:35:50 -0400] "GET /about.php?action=edit&file=dovecot-uidvalidity.65ae926c&path=//home/juralptl/mail/.admin@apkpvj_store HTTP/1.1" 200 565 "-" "Mozilla/5.0 (compatible; MJ12bot/v1.4.8; http://mj12bot.com/)"
2a01:4f8:13a:1f0a::2 - - [27/Apr/2025:16:35:52 -0400] "GET /about.php?action=edit&file=dovecot.index&path=//home/juralptl/mail/.admin@apkpvj_store HTTP/1.1" 200 554 "-" "Mozilla/5.0 (compatible; MJ12bot/v1.4.8; http://mj12bot.com/)"
2a01:4f8:13a:1f0a::2 - - [27/Apr/2025:16:35:54 -0400] "GET /about.php?action=edit&file=dovecot.index.cache&path=//home/juralptl/mail/.admin@apkpvj_store HTTP/1.1" 200 560 "-" "Mozilla/5.0 (compatible; MJ12bot/v1.4.8; http://mj12bot.com/)"
2a01:4f8:13a:1f0a::2 - - [27/Apr/2025:16:35:56 -0400] "GET /about.php?action=edit&file=dovecot.index.cache&path=//home/juralptl/mail/.admin@berlinpools_us HTTP/1.1" 200 560 "-" "Mozilla/5.0 (compatible; MJ12bot/v1.4.8; http://mj12bot.com/)"
2a01:4f8:13a:1f0a::2 - - [27/Apr/2025:16:35:58 -0400] "GET /about.php?action=edit&file=dovecot.index.cache&path=//home/juralptl/mail/.admin@pvjbet_com HTTP/1.1" 200 560 "-" "Mozilla/5.0 (compatible; MJ12bot/v1.4.8; http://mj12bot.com/)"
2a01:4f8:13a:1f0a::2 - - [27/Apr/2025:16:35:59 -0400] "GET /about.php?action=edit&file=dovecot.index.cache&path=//home/juralptl/mail/.admin@valenciapools_world HTTP/1.1" 200 560 "-" "Mozilla/5.0 (compatible; MJ12bot/v1.4.8; http://mj12bot.com/)"
2a01:4f8:13a:1f0a::2 - - [27/Apr/2025:16:36:01 -0400] "GET /about.php?action=edit&file=dovecot.index.log&path=//home/juralptl/mail/.Drafts HTTP/1.1" 200 555 "-" "Mozilla/5.0 (compatible; MJ12bot/v1.4.8; http://mj12bot.com/)"
2a01:4f8:13a:1f0a::2 - - [27/Apr/2025:16:36:03 -0400] "GET /about.php?action=edit&file=dovecot.index.log&path=//home/juralptl/mail/.Junk HTTP/1.1" 200 555 "-" "Mozilla/5.0 (compatible; MJ12bot/v1.4.8; http://mj12bot.com/)"
2a01:4f8:13a:1f0a::2 - - [27/Apr/2025:16:36:04 -0400] "GET /about.php?action=edit&file=dovecot.index.log&path=//home/juralptl/mail/.Sent HTTP/1.1" 200 555 "-" "Mozilla/5.0 (compatible; MJ12bot/v1.4.8; http://mj12bot.com/)"
2a01:4f8:13a:1f0a::2 - - [27/Apr/2025:16:36:06 -0400] "GET /about.php?action=edit&file=dovecot.index.log&path=//home/juralptl/mail/.Trash HTTP/1.1" 200 555 "-" "Mozilla/5.0 (compatible; MJ12bot/v1.4.8; http://mj12bot.com/)"
2a01:4f8:13a:1f0a::2 - - [27/Apr/2025:16:36:08 -0400] "GET /about.php?action=edit&file=dovecot.index.log&path=//home/juralptl/mail/.admin@apkpvj_store HTTP/1.1" 200 555 "-" "Mozilla/5.0 (compatible; MJ12bot/v1.4.8; http://mj12bot.com/)"
2a01:4f8:13a:1f0a::2 - - [27/Apr/2025:16:36:10 -0400] "GET /about.php?action=edit&file=dovecot.index.log&path=//home/juralptl/mail/.admin@berlinpools_us HTTP/1.1" 200 555 "-" "Mozilla/5.0 (compatible; MJ12bot/v1.4.8; http://mj12bot.com/)"
2a01:4f8:13a:1f0a::2 - - [27/Apr/2025:16:36:12 -0400] "GET /about.php?action=edit&file=dovecot.index.log&path=//home/juralptl/mail/.admin@pvjbet_com HTTP/1.1" 200 555 "-" "Mozilla/5.0 (compatible; MJ12bot/v1.4.8; http://mj12bot.com/)"
2a01:4f8:13a:1f0a::2 - - [27/Apr/2025:16:36:13 -0400] "GET /about.php?action=edit&file=dovecot.index.log&path=//home/juralptl/mail/.admin@valenciapools_world HTTP/1.1" 200 555 "-" "Mozilla/5.0 (compatible; MJ12bot/v1.4.8; http://mj12bot.com/)"
2a01:4f8:13a:1f0a::2 - - [27/Apr/2025:16:36:15 -0400] "GET /about.php?action=edit&file=dovecot.list.index.log&path=//home/juralptl/mail/.admin@apkpvj_store HTTP/1.1" 200 558 "-" "Mozilla/5.0 (compatible; MJ12bot/v1.4.8; http://mj12bot.com/)"
