2001:41d0:203:34ce::1 - - [27/Apr/2025:19:10:29 -0400] "GET /about.php?action=edit&file=libgcov.a&path=//lib/gcc/x86_64-redhat-linux/8 HTTP/1.1" 200 551 "-" "Mozilla/5.0 (compatible; MJ12bot/v1.4.8; http://mj12bot.com/)"
2001:41d0:203:34ce::1 - - [27/Apr/2025:19:10:31 -0400] "GET /about.php?action=edit&file=libgd.so.3&path=//opt/alt/libgd/lib64 HTTP/1.1" 200 552 "-" "Mozilla/5.0 (compatible; MJ12bot/v1.4.8; http://mj12bot.com/)"
2001:41d0:203:34ce::1 - - [27/Apr/2025:19:10:32 -0400] "GET /about.php?action=edit&file=libgd.so.3.0.11&path=//opt/alt/libgd/lib64 HTTP/1.1" 200 556 "-" "Mozilla/5.0 (compatible; MJ12bot/v1.4.8; http://mj12bot.com/)"
2001:41d0:203:34ce::1 - - [27/Apr/2025:19:10:34 -0400] "GET /about.php?action=edit&file=libgdp.so&path=//lib64/open-vm-tools/plugins/vmsvc HTTP/1.1" 200 551 "-" "Mozilla/5.0 (compatible; MJ12bot/v1.4.8; http://mj12bot.com/)"
2001:41d0:203:34ce::1 - - [27/Apr/2025:19:10:36 -0400] "GET /about.php?action=edit&file=libgeos-3.6.2.so&path=//opt/alt/libgeos/lib64 HTTP/1.1" 200 557 "-" "Mozilla/5.0 (compatible; MJ12bot/v1.4.8; http://mj12bot.com/)"
2001:41d0:203:34ce::1 - - [27/Apr/2025:19:10:37 -0400] "GET /about.php?action=edit&file=libgeos_c.so.1&path=//opt/alt/libgeos/lib64 HTTP/1.1" 200 555 "-" "Mozilla/5.0 (compatible; MJ12bot/v1.4.8; http://mj12bot.com/)"
2001:41d0:203:34ce::1 - - [27/Apr/2025:19:10:39 -0400] "GET /about.php?action=edit&file=libgeos_c.so.1.10.2&path=//opt/alt/libgeos/lib64 HTTP/1.1" 200 559 "-" "Mozilla/5.0 (compatible; MJ12bot/v1.4.8; http://mj12bot.com/)"
2001:41d0:203:34ce::1 - - [27/Apr/2025:19:10:41 -0400] "GET /about.php?action=edit&file=libgomp.a&path=//lib/gcc/x86_64-redhat-linux/8 HTTP/1.1" 200 550 "-" "Mozilla/5.0 (compatible; MJ12bot/v1.4.8; http://mj12bot.com/)"
2001:41d0:203:34ce::1 - - [27/Apr/2025:19:10:42 -0400] "GET /about.php?action=edit&file=libgomp.so&path=//lib/gcc/x86_64-redhat-linux/8 HTTP/1.1" 200 551 "-" "Mozilla/5.0 (compatible; MJ12bot/v1.4.8; http://mj12bot.com/)"
2001:41d0:203:34ce::1 - - [27/Apr/2025:19:10:44 -0400] "GET /about.php?action=edit&file=libgomp.spec&path=//lib/gcc/x86_64-redhat-linux/8 HTTP/1.1" 200 656 "-" "Mozilla/5.0 (compatible; MJ12bot/v1.4.8; http://mj12bot.com/)"
2001:41d0:203:34ce::1 - - [27/Apr/2025:19:10:46 -0400] "GET /about.php?action=edit&file=libgstaudiodecoder.so&path=//lib64/qt5/plugins/mediaservice HTTP/1.1" 200 559 "-" "Mozilla/5.0 (compatible; MJ12bot/v1.4.8; http://mj12bot.com/)"
2001:41d0:203:34ce::1 - - [27/Apr/2025:19:10:47 -0400] "GET /about.php?action=edit&file=libgstcamerabin.so&path=//lib64/qt5/plugins/mediaservice HTTP/1.1" 200 557 "-" "Mozilla/5.0 (compatible; MJ12bot/v1.4.8; http://mj12bot.com/)"
2001:41d0:203:34ce::1 - - [27/Apr/2025:19:10:49 -0400] "GET /about.php?action=edit&file=libgstmediacapture.so&path=//lib64/qt5/plugins/mediaservice HTTP/1.1" 200 559 "-" "Mozilla/5.0 (compatible; MJ12bot/v1.4.8; http://mj12bot.com/)"
66.249.75.102 - - [27/Apr/2025:19:10:51 -0400] "GET /about.php?action=edit&file=content.css&path=%2Fhome%2Fjuralptl%2Fselandiapools.com%2Fm%2Fcss HTTP/1.1" 200 1927 "-" "Mozilla/5.0 (Linux; Android 6.0.1; Nexus 5X Build/MMB29P) AppleWebKit/537.36 (KHTML, like Gecko) Chrome/135.0.7049.95 Mobile Safari/537.36 (compatible; Googlebot/2.1; +http://www.google.com/bot.html)"
2001:41d0:203:34ce::1 - - [27/Apr/2025:19:10:51 -0400] "GET /about.php?action=edit&file=libgstmediaplayer.so&path=//lib64/qt5/plugins/mediaservice HTTP/1.1" 200 556 "-" "Mozilla/5.0 (compatible; MJ12bot/v1.4.8; http://mj12bot.com/)"
2001:41d0:203:34ce::1 - - [27/Apr/2025:19:10:52 -0400] "GET /about.php?action=edit&file=libguestInfo.so&path=//lib64/open-vm-tools/plugins/vmsvc HTTP/1.1" 200 555 "-" "Mozilla/5.0 (compatible; MJ12bot/v1.4.8; http://mj12bot.com/)"
2001:41d0:203:34ce::1 - - [27/Apr/2025:19:10:54 -0400] "GET /about.php?action=edit&file=libguestStore.so&path=//lib64/open-vm-tools/plugins/vmsvc HTTP/1.1" 200 556 "-" "Mozilla/5.0 (compatible; MJ12bot/v1.4.8; http://mj12bot.com/)"
2001:41d0:203:34ce::1 - - [27/Apr/2025:19:10:56 -0400] "GET /about.php?action=edit&file=libheif.so.1&path=//opt/alt/libheif/lib64 HTTP/1.1" 200 553 "-" "Mozilla/5.0 (compatible; MJ12bot/v1.4.8; http://mj12bot.com/)"
20.171.207.115 - - [27/Apr/2025:19:10:56 -0400] "GET /wp-admin/comment.php?action=trash&c=1002 HTTP/1.1" 404 1251 "-" "Mozilla/5.0 AppleWebKit/537.36 (KHTML, like Gecko; compatible; GPTBot/1.2; +https://openai.com/gptbot)"
2001:41d0:203:34ce::1 - - [27/Apr/2025:19:10:57 -0400] "GET /about.php?action=edit&file=libheif.so.1.12.0&path=//opt/alt/libheif/lib64 HTTP/1.1" 200 557 "-" "Mozilla/5.0 (compatible; MJ12bot/v1.4.8; http://mj12bot.com/)"
2001:41d0:203:34ce::1 - - [27/Apr/2025:19:10:59 -0400] "GET /about.php?action=edit&file=libhgfsServer.so&path=//lib64/open-vm-tools/plugins/common HTTP/1.1" 200 557 "-" "Mozilla/5.0 (compatible; MJ12bot/v1.4.8; http://mj12bot.com/)"
2001:41d0:203:34ce::1 - - [27/Apr/2025:19:11:01 -0400] "GET /about.php?action=edit&file=libibusplatforminputcontextplugin.so&path=//lib64/qt5/plugins/platforminputcontexts HTTP/1.1" 200 564 "-" "Mozilla/5.0 (compatible; MJ12bot/v1.4.8; http://mj12bot.com/)"
2001:41d0:203:34ce::1 - - [27/Apr/2025:19:11:02 -0400] "GET /about.php?action=edit&file=libitm.spec&path=//lib/gcc/x86_64-redhat-linux/8 HTTP/1.1" 200 656 "-" "Mozilla/5.0 (compatible; MJ12bot/v1.4.8; http://mj12bot.com/)"
2001:41d0:203:34ce::1 - - [27/Apr/2025:19:11:04 -0400] "GET /about.php?action=edit&file=liblber-2.4.so.2&path=//opt/alt/openldap11/lib64 HTTP/1.1" 200 556 "-" "Mozilla/5.0 (compatible; MJ12bot/v1.4.8; http://mj12bot.com/)"
2001:41d0:203:34ce::1 - - [27/Apr/2025:19:11:06 -0400] "GET /about.php?action=edit&file=liblber-2.4.so.2.10.9&path=//opt/alt/openldap11/lib64 HTTP/1.1" 200 560 "-" "Mozilla/5.0 (compatible; MJ12bot/v1.4.8; http://mj12bot.com/)"
2001:41d0:203:34ce::1 - - [27/Apr/2025:19:11:08 -0400] "GET /about.php?action=edit&file=liblber.so&path=//opt/alt/openldap11/lib64 HTTP/1.1" 200 551 "-" "Mozilla/5.0 (compatible; MJ12bot/v1.4.8; http://mj12bot.com/)"
2001:41d0:203:34ce::1 - - [27/Apr/2025:19:11:09 -0400] "GET /about.php?action=edit&file=libldap-2.4.so.2&path=//opt/alt/openldap11/lib64 HTTP/1.1" 200 557 "-" "Mozilla/5.0 (compatible; MJ12bot/v1.4.8; http://mj12bot.com/)"
2001:41d0:203:34ce::1 - - [27/Apr/2025:19:11:11 -0400] "GET /about.php?action=edit&file=libldap-2.4.so.2.10.9&path=//opt/alt/openldap11/lib64 HTTP/1.1" 200 560 "-" "Mozilla/5.0 (compatible; MJ12bot/v1.4.8; http://mj12bot.com/)"
2001:41d0:203:34ce::1 - - [27/Apr/2025:19:11:13 -0400] "GET /about.php?action=edit&file=libldap.so&path=//opt/alt/openldap11/lib64 HTTP/1.1" 200 551 "-" "Mozilla/5.0 (compatible; MJ12bot/v1.4.8; http://mj12bot.com/)"
2001:41d0:203:34ce::1 - - [27/Apr/2025:19:11:14 -0400] "GET /about.php?action=edit&file=libldap_r-2.4.so.2&path=//opt/alt/openldap11/lib64 HTTP/1.1" 200 559 "-" "Mozilla/5.0 (compatible; MJ12bot/v1.4.8; http://mj12bot.com/)"
2001:41d0:203:34ce::1 - - [27/Apr/2025:19:11:16 -0400] "GET /about.php?action=edit&file=libldap_r-2.4.so.2.10.9&path=//opt/alt/openldap11/lib64 HTTP/1.1" 200 563 "-" "Mozilla/5.0 (compatible; MJ12bot/v1.4.8; http://mj12bot.com/)"
2001:41d0:203:34ce::1 - - [27/Apr/2025:19:11:18 -0400] "GET /about.php?action=edit&file=libldap_r.so&path=//opt/alt/openldap11/lib64 HTTP/1.1" 200 553 "-" "Mozilla/5.0 (compatible; MJ12bot/v1.4.8; http://mj12bot.com/)"
2001:41d0:203:34ce::1 - - [27/Apr/2025:19:11:19 -0400] "GET /about.php?action=edit&file=liblqr-1.so.0&path=//opt/alt/liblqr-1/lib64 HTTP/1.1" 200 556 "-" "Mozilla/5.0 (compatible; MJ12bot/v1.4.8; http://mj12bot.com/)"
2001:41d0:203:34ce::1 - - [27/Apr/2025:19:11:21 -0400] "GET /about.php?action=edit&file=liblqr-1.so.0.3.2&path=//opt/alt/liblqr-1/lib64 HTTP/1.1" 200 558 "-" "Mozilla/5.0 (compatible; MJ12bot/v1.4.8; http://mj12bot.com/)"
2001:41d0:203:34ce::1 - - [27/Apr/2025:19:11:23 -0400] "GET /about.php?action=edit&file=liblsan.so&path=//lib/gcc/x86_64-redhat-linux/8 HTTP/1.1" 200 577 "-" "Mozilla/5.0 (compatible; MJ12bot/v1.4.8; http://mj12bot.com/)"
2001:41d0:203:34ce::1 - - [27/Apr/2025:19:11:25 -0400] "GET /about.php?action=edit&file=libpixbufloader-ani.so&path=//lib64/gdk-pixbuf-2.0/2.10.0/loaders HTTP/1.1" 200 560 "-" "Mozilla/5.0 (compatible; MJ12bot/v1.4.8; http://mj12bot.com/)"
2001:41d0:203:34ce::1 - - [27/Apr/2025:19:11:26 -0400] "GET /about.php?action=edit&file=libpixbufloader-bmp.so&path=//lib64/gdk-pixbuf-2.0/2.10.0/loaders HTTP/1.1" 200 561 "-" "Mozilla/5.0 (compatible; MJ12bot/v1.4.8; http://mj12bot.com/)"
2001:41d0:203:34ce::1 - - [27/Apr/2025:19:11:28 -0400] "GET /about.php?action=edit&file=libpixbufloader-gif.so&path=//lib64/gdk-pixbuf-2.0/2.10.0/loaders HTTP/1.1" 200 561 "-" "Mozilla/5.0 (compatible; MJ12bot/v1.4.8; http://mj12bot.com/)"
2001:41d0:203:34ce::1 - - [27/Apr/2025:19:11:30 -0400] "GET /about.php?action=edit&file=libpixbufloader-icns.so&path=//lib64/gdk-pixbuf-2.0/2.10.0/loaders HTTP/1.1" 200 562 "-" "Mozilla/5.0 (compatible; MJ12bot/v1.4.8; http://mj12bot.com/)"
2001:41d0:203:34ce::1 - - [27/Apr/2025:19:11:31 -0400] "GET /about.php?action=edit&file=libpixbufloader-ico.so&path=//lib64/gdk-pixbuf-2.0/2.10.0/loaders HTTP/1.1" 200 561 "-" "Mozilla/5.0 (compatible; MJ12bot/v1.4.8; http://mj12bot.com/)"
2001:41d0:203:34ce::1 - - [27/Apr/2025:19:11:33 -0400] "GET /about.php?action=edit&file=libpixbufloader-jasper.so&path=//lib64/gdk-pixbuf-2.0/2.10.0/loaders HTTP/1.1" 200 564 "-" "Mozilla/5.0 (compatible; MJ12bot/v1.4.8; http://mj12bot.com/)"
66.249.75.103 - - [27/Apr/2025:19:11:33 -0400] "GET /about.php?action=edit&file=header-bg-text.png&path=%2Fhome%2Fjuralptl%2Fselandiapools.com%2Fm%2Fimg HTTP/1.1" 200 557 "-" "Mozilla/5.0 (Linux; Android 6.0.1; Nexus 5X Build/MMB29P) AppleWebKit/537.36 (KHTML, like Gecko) Chrome/135.0.7049.95 Mobile Safari/537.36 (compatible; GoogleOther)"
2001:41d0:203:34ce::1 - - [27/Apr/2025:19:11:35 -0400] "GET /about.php?action=edit&file=libpixbufloader-jpeg.so&path=//lib64/gdk-pixbuf-2.0/2.10.0/loaders HTTP/1.1" 200 563 "-" "Mozilla/5.0 (compatible; MJ12bot/v1.4.8; http://mj12bot.com/)"
66.249.75.101 - - [27/Apr/2025:19:11:35 -0400] "GET /about.php?action=edit&file=.htaccess&path=%2Fhome%2Fjuralptl%2Fxn--pvjbt-ksa.com HTTP/1.1" 403 1242 "-" "Mozilla/5.0 (Linux; Android 6.0.1; Nexus 5X Build/MMB29P) AppleWebKit/537.36 (KHTML, like Gecko) Chrome/135.0.7049.95 Mobile Safari/537.36 (compatible; GoogleOther)"
2001:41d0:203:34ce::1 - - [27/Apr/2025:19:11:36 -0400] "GET /about.php?action=edit&file=libpixbufloader-pnm.so&path=//lib64/gdk-pixbuf-2.0/2.10.0/loaders HTTP/1.1" 200 560 "-" "Mozilla/5.0 (compatible; MJ12bot/v1.4.8; http://mj12bot.com/)"
2001:41d0:203:34ce::1 - - [27/Apr/2025:19:11:38 -0400] "GET /about.php?action=edit&file=libpixbufloader-qtif.so&path=//lib64/gdk-pixbuf-2.0/2.10.0/loaders HTTP/1.1" 200 562 "-" "Mozilla/5.0 (compatible; MJ12bot/v1.4.8; http://mj12bot.com/)"
2001:41d0:203:34ce::1 - - [27/Apr/2025:19:11:40 -0400] "GET /about.php?action=edit&file=libpixbufloader-svg.so&path=//lib64/gdk-pixbuf-2.0/2.10.0/loaders HTTP/1.1" 200 561 "-" "Mozilla/5.0 (compatible; MJ12bot/v1.4.8; http://mj12bot.com/)"
2001:41d0:203:34ce::1 - - [27/Apr/2025:19:11:41 -0400] "GET /about.php?action=edit&file=libpixbufloader-tga.so&path=//lib64/gdk-pixbuf-2.0/2.10.0/loaders HTTP/1.1" 200 561 "-" "Mozilla/5.0 (compatible; MJ12bot/v1.4.8; http://mj12bot.com/)"
2001:41d0:203:34ce::1 - - [27/Apr/2025:19:11:43 -0400] "GET /about.php?action=edit&file=libpixbufloader-tiff.so&path=//lib64/gdk-pixbuf-2.0/2.10.0/loaders HTTP/1.1" 200 561 "-" "Mozilla/5.0 (compatible; MJ12bot/v1.4.8; http://mj12bot.com/)"
2001:41d0:203:34ce::1 - - [27/Apr/2025:19:11:45 -0400] "GET /about.php?action=edit&file=libpixbufloader-xbm.so&path=//lib64/gdk-pixbuf-2.0/2.10.0/loaders HTTP/1.1" 200 561 "-" "Mozilla/5.0 (compatible; MJ12bot/v1.4.8; http://mj12bot.com/)"
2001:41d0:203:34ce::1 - - [27/Apr/2025:19:11:46 -0400] "GET /about.php?action=edit&file=libpixbufloader-xpm.so&path=//lib64/gdk-pixbuf-2.0/2.10.0/loaders HTTP/1.1" 200 561 "-" "Mozilla/5.0 (compatible; MJ12bot/v1.4.8; http://mj12bot.com/)"
2001:41d0:203:34ce::1 - - [27/Apr/2025:19:11:48 -0400] "GET /about.php?action=edit&file=libpixmap.so&path=//lib64/gtk-2.0/2.10.0/engines HTTP/1.1" 200 552 "-" "Mozilla/5.0 (compatible; MJ12bot/v1.4.8; http://mj12bot.com/)"
2001:41d0:203:34ce::1 - - [27/Apr/2025:19:11:50 -0400] "GET /about.php?action=edit&file=libpowerOps.so&path=//lib64/open-vm-tools/plugins/vmsvc HTTP/1.1" 200 555 "-" "Mozilla/5.0 (compatible; MJ12bot/v1.4.8; http://mj12bot.com/)"
2001:41d0:203:34ce::1 - - [27/Apr/2025:19:11:51 -0400] "GET /about.php?action=edit&file=libprintbackend-cups.so&path=//lib64/gtk-2.0/2.10.0/printbackends HTTP/1.1" 200 562 "-" "Mozilla/5.0 (compatible; MJ12bot/v1.4.8; http://mj12bot.com/)"
2001:41d0:203:34ce::1 - - [27/Apr/2025:19:11:53 -0400] "GET /about.php?action=edit&file=libprintbackend-file.so&path=//lib64/gtk-2.0/2.10.0/printbackends HTTP/1.1" 200 561 "-" "Mozilla/5.0 (compatible; MJ12bot/v1.4.8; http://mj12bot.com/)"
2001:41d0:203:34ce::1 - - [27/Apr/2025:19:11:55 -0400] "GET /about.php?action=edit&file=libprintbackend-lpr.so&path=//lib64/gtk-2.0/2.10.0/printbackends HTTP/1.1" 200 561 "-" "Mozilla/5.0 (compatible; MJ12bot/v1.4.8; http://mj12bot.com/)"
2001:41d0:203:34ce::1 - - [27/Apr/2025:19:11:56 -0400] "GET /about.php?action=edit&file=libpython2.7.so&path=//opt/alt/python27/lib64 HTTP/1.1" 200 555 "-" "Mozilla/5.0 (compatible; MJ12bot/v1.4.8; http://mj12bot.com/)"
2001:41d0:203:34ce::1 - - [27/Apr/2025:19:11:58 -0400] "GET /about.php?action=edit&file=libpython2.7.so.1.0&path=//opt/alt/python27/lib64 HTTP/1.1" 200 559 "-" "Mozilla/5.0 (compatible; MJ12bot/v1.4.8; http://mj12bot.com/)"
2001:41d0:203:34ce::1 - - [27/Apr/2025:19:12:00 -0400] "GET /about.php?action=edit&file=libpython3.10.so&path=//opt/alt/python310/lib64 HTTP/1.1" 200 556 "-" "Mozilla/5.0 (compatible; MJ12bot/v1.4.8; http://mj12bot.com/)"
20.171.207.115 - - [27/Apr/2025:19:12:01 -0400] "GET /wp-admin/comment.php?action=trash&c=1044 HTTP/1.1" 404 1251 "-" "Mozilla/5.0 AppleWebKit/537.36 (KHTML, like Gecko; compatible; GPTBot/1.2; +https://openai.com/gptbot)"
2001:41d0:203:34ce::1 - - [27/Apr/2025:19:12:01 -0400] "GET /about.php?action=edit&file=libpython3.10.so.1.0&path=//opt/alt/python310/lib64 HTTP/1.1" 200 559 "-" "Mozilla/5.0 (compatible; MJ12bot/v1.4.8; http://mj12bot.com/)"
2001:41d0:203:34ce::1 - - [27/Apr/2025:19:12:03 -0400] "GET /about.php?action=edit&file=libpython3.11.so&path=//opt/alt/python311/lib64 HTTP/1.1" 200 556 "-" "Mozilla/5.0 (compatible; MJ12bot/v1.4.8; http://mj12bot.com/)"
2001:41d0:203:34ce::1 - - [27/Apr/2025:19:12:05 -0400] "GET /about.php?action=edit&file=libpython3.11.so.1.0&path=//opt/alt/python311/lib64 HTTP/1.1" 200 559 "-" "Mozilla/5.0 (compatible; MJ12bot/v1.4.8; http://mj12bot.com/)"
2001:41d0:203:34ce::1 - - [27/Apr/2025:19:12:06 -0400] "GET /about.php?action=edit&file=libpython3.12.so&path=//opt/alt/python312/lib64 HTTP/1.1" 200 556 "-" "Mozilla/5.0 (compatible; MJ12bot/v1.4.8; http://mj12bot.com/)"
2001:41d0:203:34ce::1 - - [27/Apr/2025:19:12:08 -0400] "GET /about.php?action=edit&file=libpython3.12.so.1.0&path=//opt/alt/python312/lib64 HTTP/1.1" 200 559 "-" "Mozilla/5.0 (compatible; MJ12bot/v1.4.8; http://mj12bot.com/)"
2001:41d0:203:34ce::1 - - [27/Apr/2025:19:12:10 -0400] "GET /about.php?action=edit&file=libpython3.13.so&path=//opt/alt/python313/lib64 HTTP/1.1" 200 556 "-" "Mozilla/5.0 (compatible; MJ12bot/v1.4.8; http://mj12bot.com/)"
2001:41d0:203:34ce::1 - - [27/Apr/2025:19:12:11 -0400] "GET /about.php?action=edit&file=libpython3.13.so.1.0&path=//opt/alt/python313/lib64 HTTP/1.1" 200 559 "-" "Mozilla/5.0 (compatible; MJ12bot/v1.4.8; http://mj12bot.com/)"
2001:41d0:203:34ce::1 - - [27/Apr/2025:19:12:13 -0400] "GET /about.php?action=edit&file=libpython3.3m.so&path=//opt/alt/python33/lib64 HTTP/1.1" 200 556 "-" "Mozilla/5.0 (compatible; MJ12bot/v1.4.8; http://mj12bot.com/)"
2001:41d0:203:34ce::1 - - [27/Apr/2025:19:12:15 -0400] "GET /about.php?action=edit&file=libpython3.3m.so.1.0&path=//opt/alt/python33/lib64 HTTP/1.1" 200 559 "-" "Mozilla/5.0 (compatible; MJ12bot/v1.4.8; http://mj12bot.com/)"
2001:41d0:203:34ce::1 - - [27/Apr/2025:19:12:17 -0400] "GET /about.php?action=edit&file=libpython3.4m.so&path=//opt/alt/python34/lib64 HTTP/1.1" 200 556 "-" "Mozilla/5.0 (compatible; MJ12bot/v1.4.8; http://mj12bot.com/)"
2001:41d0:203:34ce::1 - - [27/Apr/2025:19:12:18 -0400] "GET /about.php?action=edit&file=libpython3.4m.so.1.0&path=//opt/alt/python34/lib64 HTTP/1.1" 200 559 "-" "Mozilla/5.0 (compatible; MJ12bot/v1.4.8; http://mj12bot.com/)"
2001:41d0:203:34ce::1 - - [27/Apr/2025:19:12:20 -0400] "GET /about.php?action=edit&file=libpython3.5m.so&path=//opt/alt/python35/lib64 HTTP/1.1" 200 556 "-" "Mozilla/5.0 (compatible; MJ12bot/v1.4.8; http://mj12bot.com/)"
2001:41d0:203:34ce::1 - - [27/Apr/2025:19:12:21 -0400] "GET /about.php?action=edit&file=libpython3.5m.so.1.0&path=//opt/alt/python35/lib64 HTTP/1.1" 200 559 "-" "Mozilla/5.0 (compatible; MJ12bot/v1.4.8; http://mj12bot.com/)"
2001:41d0:203:34ce::1 - - [27/Apr/2025:19:12:23 -0400] "GET /about.php?action=edit&file=libpython3.6m.so&path=//opt/alt/python36/lib64 HTTP/1.1" 200 556 "-" "Mozilla/5.0 (compatible; MJ12bot/v1.4.8; http://mj12bot.com/)"
2001:41d0:203:34ce::1 - - [27/Apr/2025:19:12:25 -0400] "GET /about.php?action=edit&file=libpython3.6m.so.1.0&path=//opt/alt/python36/lib64 HTTP/1.1" 200 559 "-" "Mozilla/5.0 (compatible; MJ12bot/v1.4.8; http://mj12bot.com/)"
2001:41d0:203:34ce::1 - - [27/Apr/2025:19:12:26 -0400] "GET /about.php?action=edit&file=libpython3.7m.so&path=//opt/alt/python37/lib64 HTTP/1.1" 200 556 "-" "Mozilla/5.0 (compatible; MJ12bot/v1.4.8; http://mj12bot.com/)"
2001:41d0:203:34ce::1 - - [27/Apr/2025:19:12:28 -0400] "GET /about.php?action=edit&file=libpython3.7m.so.1.0&path=//opt/alt/python37/lib64 HTTP/1.1" 200 559 "-" "Mozilla/5.0 (compatible; MJ12bot/v1.4.8; http://mj12bot.com/)"
2001:41d0:203:34ce::1 - - [27/Apr/2025:19:12:30 -0400] "GET /about.php?action=edit&file=libpython3.8.so&path=//opt/alt/python38/lib64 HTTP/1.1" 200 555 "-" "Mozilla/5.0 (compatible; MJ12bot/v1.4.8; http://mj12bot.com/)"
2001:41d0:203:34ce::1 - - [27/Apr/2025:19:12:31 -0400] "GET /about.php?action=edit&file=libpython3.8.so.1.0&path=//opt/alt/python38/lib64 HTTP/1.1" 200 559 "-" "Mozilla/5.0 (compatible; MJ12bot/v1.4.8; http://mj12bot.com/)"
2001:41d0:203:34ce::1 - - [27/Apr/2025:19:12:33 -0400] "GET /about.php?action=edit&file=libpython3.9.so&path=//opt/alt/python39/lib64 HTTP/1.1" 200 555 "-" "Mozilla/5.0 (compatible; MJ12bot/v1.4.8; http://mj12bot.com/)"
2001:41d0:203:34ce::1 - - [27/Apr/2025:19:12:35 -0400] "GET /about.php?action=edit&file=libpython3.9.so.1.0&path=//opt/alt/python39/lib64 HTTP/1.1" 200 559 "-" "Mozilla/5.0 (compatible; MJ12bot/v1.4.8; http://mj12bot.com/)"
2001:41d0:203:34ce::1 - - [27/Apr/2025:19:12:36 -0400] "GET /about.php?action=edit&file=libpython3.so&path=//opt/alt/python310/lib64 HTTP/1.1" 200 554 "-" "Mozilla/5.0 (compatible; MJ12bot/v1.4.8; http://mj12bot.com/)"
2001:41d0:203:34ce::1 - - [27/Apr/2025:19:12:38 -0400] "GET /about.php?action=edit&file=libpython3.so&path=//opt/alt/python311/lib64 HTTP/1.1" 200 554 "-" "Mozilla/5.0 (compatible; MJ12bot/v1.4.8; http://mj12bot.com/)"
2001:41d0:203:34ce::1 - - [27/Apr/2025:19:12:40 -0400] "GET /about.php?action=edit&file=libpython3.so&path=//opt/alt/python312/lib64 HTTP/1.1" 200 554 "-" "Mozilla/5.0 (compatible; MJ12bot/v1.4.8; http://mj12bot.com/)"
2001:41d0:203:34ce::1 - - [27/Apr/2025:19:12:41 -0400] "GET /about.php?action=edit&file=libpython3.so&path=//opt/alt/python313/lib64 HTTP/1.1" 200 554 "-" "Mozilla/5.0 (compatible; MJ12bot/v1.4.8; http://mj12bot.com/)"
2001:41d0:203:34ce::1 - - [27/Apr/2025:19:12:43 -0400] "GET /about.php?action=edit&file=libpython3.so&path=//opt/alt/python33/lib64 HTTP/1.1" 200 554 "-" "Mozilla/5.0 (compatible; MJ12bot/v1.4.8; http://mj12bot.com/)"
2001:41d0:203:34ce::1 - - [27/Apr/2025:19:12:45 -0400] "GET /about.php?action=edit&file=libpython3.so&path=//opt/alt/python34/lib64 HTTP/1.1" 200 554 "-" "Mozilla/5.0 (compatible; MJ12bot/v1.4.8; http://mj12bot.com/)"
2001:41d0:203:34ce::1 - - [27/Apr/2025:19:12:46 -0400] "GET /about.php?action=edit&file=libpython3.so&path=//opt/alt/python35/lib64 HTTP/1.1" 200 554 "-" "Mozilla/5.0 (compatible; MJ12bot/v1.4.8; http://mj12bot.com/)"
2001:41d0:203:34ce::1 - - [27/Apr/2025:19:12:48 -0400] "GET /about.php?action=edit&file=libpython3.so&path=//opt/alt/python36/lib64 HTTP/1.1" 200 554 "-" "Mozilla/5.0 (compatible; MJ12bot/v1.4.8; http://mj12bot.com/)"
2001:41d0:203:34ce::1 - - [27/Apr/2025:19:12:49 -0400] "GET /about.php?action=edit&file=libpython3.so&path=//opt/alt/python37/lib64 HTTP/1.1" 200 554 "-" "Mozilla/5.0 (compatible; MJ12bot/v1.4.8; http://mj12bot.com/)"
66.249.75.103 - - [27/Apr/2025:19:12:51 -0400] "GET /about.php?path=/home/juralptl/selandiapools.com/m/css HTTP/1.1" 200 853 "-" "Mozilla/5.0 (Linux; Android 6.0.1; Nexus 5X Build/MMB29P) AppleWebKit/537.36 (KHTML, like Gecko) Chrome/135.0.7049.95 Mobile Safari/537.36 (compatible; Googlebot/2.1; +http://www.google.com/bot.html)"
2001:41d0:203:34ce::1 - - [27/Apr/2025:19:12:51 -0400] "GET /about.php?action=edit&file=libpython3.so&path=//opt/alt/python38/lib64 HTTP/1.1" 200 554 "-" "Mozilla/5.0 (compatible; MJ12bot/v1.4.8; http://mj12bot.com/)"
2001:41d0:203:34ce::1 - - [27/Apr/2025:19:12:53 -0400] "GET /about.php?action=edit&file=libpython3.so&path=//opt/alt/python39/lib64 HTTP/1.1" 200 554 "-" "Mozilla/5.0 (compatible; MJ12bot/v1.4.8; http://mj12bot.com/)"
2001:41d0:203:34ce::1 - - [27/Apr/2025:19:12:54 -0400] "GET /about.php?action=edit&file=libqconnmanbearer.so&path=//lib64/qt5/plugins/bearer HTTP/1.1" 200 559 "-" "Mozilla/5.0 (compatible; MJ12bot/v1.4.8; http://mj12bot.com/)"
2001:41d0:203:34ce::1 - - [27/Apr/2025:19:12:56 -0400] "GET /about.php?action=edit&file=libqeglfs-emu-integration.so&path=//lib64/qt5/plugins/egldeviceintegrations HTTP/1.1" 200 564 "-" "Mozilla/5.0 (compatible; MJ12bot/v1.4.8; http://mj12bot.com/)"
2001:41d0:203:34ce::1 - - [27/Apr/2025:19:12:58 -0400] "GET /about.php?action=edit&file=libqeglfs-kms-egldevice-integration.so&path=//lib64/qt5/plugins/egldeviceintegrations HTTP/1.1" 200 568 "-" "Mozilla/5.0 (compatible; MJ12bot/v1.4.8; http://mj12bot.com/)"
2001:41d0:203:34ce::1 - - [27/Apr/2025:19:12:59 -0400] "GET /about.php?action=edit&file=libqeglfs-kms-integration.so&path=//lib64/qt5/plugins/egldeviceintegrations HTTP/1.1" 200 564 "-" "Mozilla/5.0 (compatible; MJ12bot/v1.4.8; http://mj12bot.com/)"
2001:41d0:203:34ce::1 - - [27/Apr/2025:19:13:01 -0400] "GET /about.php?action=edit&file=libqeglfs-x11-integration.so&path=//lib64/qt5/plugins/egldeviceintegrations HTTP/1.1" 200 565 "-" "Mozilla/5.0 (compatible; MJ12bot/v1.4.8; http://mj12bot.com/)"
2001:41d0:203:34ce::1 - - [27/Apr/2025:19:13:03 -0400] "GET /about.php?action=edit&file=libqeglfs.so&path=//lib64/qt5/plugins/platforms HTTP/1.1" 200 553 "-" "Mozilla/5.0 (compatible; MJ12bot/v1.4.8; http://mj12bot.com/)"
20.171.207.115 - - [27/Apr/2025:19:13:03 -0400] "GET /wp-admin/comment.php?action=trash&c=1200 HTTP/1.1" 404 1251 "-" "Mozilla/5.0 AppleWebKit/537.36 (KHTML, like Gecko; compatible; GPTBot/1.2; +https://openai.com/gptbot)"
2001:41d0:203:34ce::1 - - [27/Apr/2025:19:13:04 -0400] "GET /about.php?action=edit&file=libqevdevkeyboardplugin.so&path=//lib64/qt5/plugins/generic HTTP/1.1" 200 563 "-" "Mozilla/5.0 (compatible; MJ12bot/v1.4.8; http://mj12bot.com/)"
2001:41d0:203:34ce::1 - - [27/Apr/2025:19:13:06 -0400] "GET /about.php?action=edit&file=libqevdevmouseplugin.so&path=//lib64/qt5/plugins/generic HTTP/1.1" 200 562 "-" "Mozilla/5.0 (compatible; MJ12bot/v1.4.8; http://mj12bot.com/)"
2001:41d0:203:34ce::1 - - [27/Apr/2025:19:13:08 -0400] "GET /about.php?action=edit&file=libqevdevtabletplugin.so&path=//lib64/qt5/plugins/generic HTTP/1.1" 200 560 "-" "Mozilla/5.0 (compatible; MJ12bot/v1.4.8; http://mj12bot.com/)"
2001:41d0:203:34ce::1 - - [27/Apr/2025:19:13:09 -0400] "GET /about.php?action=edit&file=libqevdevtouchplugin.so&path=//lib64/qt5/plugins/generic HTTP/1.1" 200 560 "-" "Mozilla/5.0 (compatible; MJ12bot/v1.4.8; http://mj12bot.com/)"
2001:41d0:203:34ce::1 - - [27/Apr/2025:19:13:11 -0400] "GET /about.php?action=edit&file=libqgenericbearer.so&path=//lib64/qt5/plugins/bearer HTTP/1.1" 200 560 "-" "Mozilla/5.0 (compatible; MJ12bot/v1.4.8; http://mj12bot.com/)"
2001:41d0:203:34ce::1 - - [27/Apr/2025:19:13:13 -0400] "GET /about.php?action=edit&file=libqgif.so&path=//lib64/qt5/plugins/imageformats HTTP/1.1" 200 552 "-" "Mozilla/5.0 (compatible; MJ12bot/v1.4.8; http://mj12bot.com/)"
2001:41d0:203:34ce::1 - - [27/Apr/2025:19:13:14 -0400] "GET /about.php?action=edit&file=libqgtk3.so&path=//lib64/qt5/plugins/platformthemes HTTP/1.1" 200 553 "-" "Mozilla/5.0 (compatible; MJ12bot/v1.4.8; http://mj12bot.com/)"
2001:41d0:203:34ce::1 - - [27/Apr/2025:19:13:16 -0400] "GET /about.php?action=edit&file=libqico.so&path=//lib64/qt5/plugins/imageformats HTTP/1.1" 200 552 "-" "Mozilla/5.0 (compatible; MJ12bot/v1.4.8; http://mj12bot.com/)"
2001:41d0:203:34ce::1 - - [27/Apr/2025:19:13:18 -0400] "GET /about.php?action=edit&file=libqjpeg.so&path=//lib64/qt5/plugins/imageformats HTTP/1.1" 200 553 "-" "Mozilla/5.0 (compatible; MJ12bot/v1.4.8; http://mj12bot.com/)"
2001:41d0:203:34ce::1 - - [27/Apr/2025:19:13:19 -0400] "GET /about.php?action=edit&file=libqlibinputplugin.so&path=//lib64/qt5/plugins/generic HTTP/1.1" 200 556 "-" "Mozilla/5.0 (compatible; MJ12bot/v1.4.8; http://mj12bot.com/)"
2001:41d0:203:34ce::1 - - [27/Apr/2025:19:13:21 -0400] "GET /about.php?action=edit&file=libqlinuxfb.so&path=//lib64/qt5/plugins/platforms HTTP/1.1" 200 555 "-" "Mozilla/5.0 (compatible; MJ12bot/v1.4.8; http://mj12bot.com/)"
2001:41d0:203:34ce::1 - - [27/Apr/2025:19:13:23 -0400] "GET /about.php?action=edit&file=libqminimal.so&path=//lib64/qt5/plugins/platforms HTTP/1.1" 200 555 "-" "Mozilla/5.0 (compatible; MJ12bot/v1.4.8; http://mj12bot.com/)"
2001:41d0:203:34ce::1 - - [27/Apr/2025:19:13:24 -0400] "GET /about.php?action=edit&file=libqminimalegl.so&path=//lib64/qt5/plugins/platforms HTTP/1.1" 200 557 "-" "Mozilla/5.0 (compatible; MJ12bot/v1.4.8; http://mj12bot.com/)"
2001:41d0:203:34ce::1 - - [27/Apr/2025:19:13:26 -0400] "GET /about.php?action=edit&file=libqmldbg_debugger.so&path=//lib64/qt5/plugins/qmltooling HTTP/1.1" 200 560 "-" "Mozilla/5.0 (compatible; MJ12bot/v1.4.8; http://mj12bot.com/)"
2001:41d0:203:34ce::1 - - [27/Apr/2025:19:13:27 -0400] "GET /about.php?action=edit&file=libqmldbg_inspector.so&path=//lib64/qt5/plugins/qmltooling HTTP/1.1" 200 562 "-" "Mozilla/5.0 (compatible; MJ12bot/v1.4.8; http://mj12bot.com/)"
2001:41d0:203:34ce::1 - - [27/Apr/2025:19:13:29 -0400] "GET /about.php?action=edit&file=libqmldbg_local.so&path=//lib64/qt5/plugins/qmltooling HTTP/1.1" 200 558 "-" "Mozilla/5.0 (compatible; MJ12bot/v1.4.8; http://mj12bot.com/)"
2001:41d0:203:34ce::1 - - [27/Apr/2025:19:13:31 -0400] "GET /about.php?action=edit&file=libqmldbg_messages.so&path=//lib64/qt5/plugins/qmltooling HTTP/1.1" 200 557 "-" "Mozilla/5.0 (compatible; MJ12bot/v1.4.8; http://mj12bot.com/)"
2001:41d0:203:34ce::1 - - [27/Apr/2025:19:13:32 -0400] "GET /about.php?action=edit&file=libqmldbg_native.so&path=//lib64/qt5/plugins/qmltooling HTTP/1.1" 200 560 "-" "Mozilla/5.0 (compatible; MJ12bot/v1.4.8; http://mj12bot.com/)"
2001:41d0:203:34ce::1 - - [27/Apr/2025:19:13:34 -0400] "GET /about.php?action=edit&file=libqmldbg_nativedebugger.so&path=//lib64/qt5/plugins/qmltooling HTTP/1.1" 200 566 "-" "Mozilla/5.0 (compatible; MJ12bot/v1.4.8; http://mj12bot.com/)"
2001:41d0:203:34ce::1 - - [27/Apr/2025:19:13:36 -0400] "GET /about.php?action=edit&file=libqmldbg_preview.so&path=//lib64/qt5/plugins/qmltooling HTTP/1.1" 200 560 "-" "Mozilla/5.0 (compatible; MJ12bot/v1.4.8; http://mj12bot.com/)"
2001:41d0:203:34ce::1 - - [27/Apr/2025:19:13:37 -0400] "GET /about.php?action=edit&file=libqmldbg_profiler.so&path=//lib64/qt5/plugins/qmltooling HTTP/1.1" 200 561 "-" "Mozilla/5.0 (compatible; MJ12bot/v1.4.8; http://mj12bot.com/)"
2001:41d0:203:34ce::1 - - [27/Apr/2025:19:13:39 -0400] "GET /about.php?action=edit&file=libqmldbg_quickprofiler.so&path=//lib64/qt5/plugins/qmltooling HTTP/1.1" 200 563 "-" "Mozilla/5.0 (compatible; MJ12bot/v1.4.8; http://mj12bot.com/)"
2001:41d0:203:34ce::1 - - [27/Apr/2025:19:13:40 -0400] "GET /about.php?action=edit&file=libqmldbg_server.so&path=//lib64/qt5/plugins/qmltooling HTTP/1.1" 200 560 "-" "Mozilla/5.0 (compatible; MJ12bot/v1.4.8; http://mj12bot.com/)"
2001:41d0:203:34ce::1 - - [27/Apr/2025:19:13:42 -0400] "GET /about.php?action=edit&file=libqmldbg_tcp.so&path=//lib64/qt5/plugins/qmltooling HTTP/1.1" 200 557 "-" "Mozilla/5.0 (compatible; MJ12bot/v1.4.8; http://mj12bot.com/)"
2001:41d0:203:34ce::1 - - [27/Apr/2025:19:13:44 -0400] "GET /about.php?action=edit&file=libqmlplugin.so&path=//lib64/qt5/qml/QtQml HTTP/1.1" 200 554 "-" "Mozilla/5.0 (compatible; MJ12bot/v1.4.8; http://mj12bot.com/)"
2001:41d0:203:34ce::1 - - [27/Apr/2025:19:13:45 -0400] "GET /about.php?action=edit&file=libqmltestplugin.so&path=//lib64/qt5/qml/QtTest HTTP/1.1" 200 556 "-" "Mozilla/5.0 (compatible; MJ12bot/v1.4.8; http://mj12bot.com/)"
2001:41d0:203:34ce::1 - - [27/Apr/2025:19:13:47 -0400] "GET /about.php?action=edit&file=libqnmbearer.so&path=//lib64/qt5/plugins/bearer HTTP/1.1" 200 555 "-" "Mozilla/5.0 (compatible; MJ12bot/v1.4.8; http://mj12bot.com/)"
2001:41d0:203:34ce::1 - - [27/Apr/2025:19:13:49 -0400] "GET /about.php?action=edit&file=libqoffscreen.so&path=//lib64/qt5/plugins/platforms HTTP/1.1" 200 556 "-" "Mozilla/5.0 (compatible; MJ12bot/v1.4.8; http://mj12bot.com/)"
2001:41d0:203:34ce::1 - - [27/Apr/2025:19:13:50 -0400] "GET /about.php?action=edit&file=libqsqlite.so&path=//lib64/qt5/plugins/sqldrivers HTTP/1.1" 200 554 "-" "Mozilla/5.0 (compatible; MJ12bot/v1.4.8; http://mj12bot.com/)"
66.249.75.101 - - [27/Apr/2025:19:13:51 -0400] "GET /about.php?action=edit&file=libgstapp-1.0.so.0&path=%2F%2Flib64 HTTP/1.1" 200 558 "-" "Mozilla/5.0 (Linux; Android 6.0.1; Nexus 5X Build/MMB29P) AppleWebKit/537.36 (KHTML, like Gecko) Chrome/135.0.7049.95 Mobile Safari/537.36 (compatible; Googlebot/2.1; +http://www.google.com/bot.html)"
66.249.75.103 - - [27/Apr/2025:19:13:51 -0400] "GET /about.php?path=%2F%2Fopt%2Falt%2Ftests%2Falt-php83-pecl-amqp_2.1.2-1.el8%2Ftests HTTP/1.1" 200 1668 "-" "Mozilla/5.0 (Linux; Android 6.0.1; Nexus 5X Build/MMB29P) AppleWebKit/537.36 (KHTML, like Gecko) Chrome/135.0.7049.95 Mobile Safari/537.36 (compatible; Googlebot/2.1; +http://www.google.com/bot.html)"
2001:41d0:203:34ce::1 - - [27/Apr/2025:19:13:52 -0400] "GET /about.php?action=edit&file=libqtaudio_alsa.so&path=//lib64/qt5/plugins/audio HTTP/1.1" 200 558 "-" "Mozilla/5.0 (compatible; MJ12bot/v1.4.8; http://mj12bot.com/)"
2001:41d0:203:34ce::1 - - [27/Apr/2025:19:13:53 -0400] "GET /about.php?action=edit&file=libqtmedia_pulse.so&path=//lib64/qt5/plugins/audio HTTP/1.1" 200 556 "-" "Mozilla/5.0 (compatible; MJ12bot/v1.4.8; http://mj12bot.com/)"
2001:41d0:203:34ce::1 - - [27/Apr/2025:19:13:55 -0400] "GET /about.php?action=edit&file=libqtmultimedia_m3u.so&path=//lib64/qt5/plugins/playlistformats HTTP/1.1" 200 555 "-" "Mozilla/5.0 (compatible; MJ12bot/v1.4.8; http://mj12bot.com/)"
2001:41d0:203:34ce::1 - - [27/Apr/2025:19:13:57 -0400] "GET /about.php?action=edit&file=libqtquick2plugin.so&path=//lib64/qt5/qml/QtQuick.2 HTTP/1.1" 200 558 "-" "Mozilla/5.0 (compatible; MJ12bot/v1.4.8; http://mj12bot.com/)"
2001:41d0:203:34ce::1 - - [27/Apr/2025:19:13:58 -0400] "GET /about.php?action=edit&file=libqtuiotouchplugin.so&path=//lib64/qt5/plugins/generic HTTP/1.1" 200 559 "-" "Mozilla/5.0 (compatible; MJ12bot/v1.4.8; http://mj12bot.com/)"
2001:41d0:203:34ce::1 - - [27/Apr/2025:19:14:00 -0400] "GET /about.php?action=edit&file=libqvnc.so&path=//lib64/qt5/plugins/platforms HTTP/1.1" 200 552 "-" "Mozilla/5.0 (compatible; MJ12bot/v1.4.8; http://mj12bot.com/)"
2001:41d0:203:34ce::1 - - [27/Apr/2025:19:14:02 -0400] "GET /about.php?action=edit&file=libqxcb-egl-integration.so&path=//lib64/qt5/plugins/xcbglintegrations HTTP/1.1" 200 564 "-" "Mozilla/5.0 (compatible; MJ12bot/v1.4.8; http://mj12bot.com/)"
2001:41d0:203:34ce::1 - - [27/Apr/2025:19:14:03 -0400] "GET /about.php?action=edit&file=libqxcb-glx-integration.so&path=//lib64/qt5/plugins/xcbglintegrations HTTP/1.1" 200 564 "-" "Mozilla/5.0 (compatible; MJ12bot/v1.4.8; http://mj12bot.com/)"
2001:41d0:203:34ce::1 - - [27/Apr/2025:19:14:05 -0400] "GET /about.php?action=edit&file=libqxcb.so&path=//lib64/qt5/plugins/platforms HTTP/1.1" 200 553 "-" "Mozilla/5.0 (compatible; MJ12bot/v1.4.8; http://mj12bot.com/)"
2001:41d0:203:34ce::1 - - [27/Apr/2025:19:14:07 -0400] "GET /about.php?action=edit&file=libqxdgdesktopportal.so&path=//lib64/qt5/plugins/platformthemes HTTP/1.1" 200 563 "-" "Mozilla/5.0 (compatible; MJ12bot/v1.4.8; http://mj12bot.com/)"
2001:41d0:203:34ce::1 - - [27/Apr/2025:19:14:09 -0400] "GET /about.php?action=edit&file=libraqm.so.0&path=//opt/alt/libraqm/lib64 HTTP/1.1" 200 554 "-" "Mozilla/5.0 (compatible; MJ12bot/v1.4.8; http://mj12bot.com/)"
20.171.207.115 - - [27/Apr/2025:19:14:09 -0400] "GET /wp-admin/comment.php?action=trash&c=1056 HTTP/1.1" 404 1251 "-" "Mozilla/5.0 AppleWebKit/537.36 (KHTML, like Gecko; compatible; GPTBot/1.2; +https://openai.com/gptbot)"
2001:41d0:203:34ce::1 - - [27/Apr/2025:19:14:10 -0400] "GET /about.php?action=edit&file=libraqm.so.0.700.0&path=//opt/alt/libraqm/lib64 HTTP/1.1" 200 558 "-" "Mozilla/5.0 (compatible; MJ12bot/v1.4.8; http://mj12bot.com/)"
2001:41d0:203:34ce::1 - - [27/Apr/2025:19:14:12 -0400] "GET /about.php?action=edit&file=libresolutionKMS.so&path=//lib64/open-vm-tools/plugins/vmsvc HTTP/1.1" 200 556 "-" "Mozilla/5.0 (compatible; MJ12bot/v1.4.8; http://mj12bot.com/)"
2001:41d0:203:34ce::1 - - [27/Apr/2025:19:14:13 -0400] "GET /about.php?action=edit&file=libruby-static.a&path=//opt/alt/ruby19/lib64 HTTP/1.1" 200 557 "-" "Mozilla/5.0 (compatible; MJ12bot/v1.4.8; http://mj12bot.com/)"
2001:41d0:203:34ce::1 - - [27/Apr/2025:19:14:15 -0400] "GET /about.php?action=edit&file=libruby-static.a&path=//opt/alt/ruby20/lib64 HTTP/1.1" 200 557 "-" "Mozilla/5.0 (compatible; MJ12bot/v1.4.8; http://mj12bot.com/)"
2001:41d0:203:34ce::1 - - [27/Apr/2025:19:14:17 -0400] "GET /about.php?action=edit&file=libruby-static.a&path=//opt/alt/ruby21/lib64 HTTP/1.1" 200 557 "-" "Mozilla/5.0 (compatible; MJ12bot/v1.4.8; http://mj12bot.com/)"
2001:41d0:203:34ce::1 - - [27/Apr/2025:19:14:18 -0400] "GET /about.php?action=edit&file=libruby-static.a&path=//opt/alt/ruby22/lib64 HTTP/1.1" 200 557 "-" "Mozilla/5.0 (compatible; MJ12bot/v1.4.8; http://mj12bot.com/)"
2001:41d0:203:34ce::1 - - [27/Apr/2025:19:14:20 -0400] "GET /about.php?action=edit&file=libruby-static.a&path=//opt/alt/ruby23/lib64 HTTP/1.1" 200 557 "-" "Mozilla/5.0 (compatible; MJ12bot/v1.4.8; http://mj12bot.com/)"
2001:41d0:203:34ce::1 - - [27/Apr/2025:19:14:22 -0400] "GET /about.php?action=edit&file=libruby.so&path=//opt/alt/ruby18/lib64 HTTP/1.1" 200 552 "-" "Mozilla/5.0 (compatible; MJ12bot/v1.4.8; http://mj12bot.com/)"
2001:41d0:203:34ce::1 - - [27/Apr/2025:19:14:24 -0400] "GET /about.php?action=edit&file=libruby.so&path=//opt/alt/ruby19/lib64 HTTP/1.1" 200 552 "-" "Mozilla/5.0 (compatible; MJ12bot/v1.4.8; http://mj12bot.com/)"
2001:41d0:203:34ce::1 - - [27/Apr/2025:19:14:25 -0400] "GET /about.php?action=edit&file=libruby.so&path=//opt/alt/ruby20/lib64 HTTP/1.1" 200 552 "-" "Mozilla/5.0 (compatible; MJ12bot/v1.4.8; http://mj12bot.com/)"
2001:41d0:203:34ce::1 - - [27/Apr/2025:19:14:27 -0400] "GET /about.php?action=edit&file=libruby.so&path=//opt/alt/ruby21/lib64 HTTP/1.1" 200 552 "-" "Mozilla/5.0 (compatible; MJ12bot/v1.4.8; http://mj12bot.com/)"
2001:41d0:203:34ce::1 - - [27/Apr/2025:19:14:28 -0400] "GET /about.php?action=edit&file=libruby.so&path=//opt/alt/ruby22/lib64 HTTP/1.1" 200 552 "-" "Mozilla/5.0 (compatible; MJ12bot/v1.4.8; http://mj12bot.com/)"
2001:41d0:203:34ce::1 - - [27/Apr/2025:19:14:30 -0400] "GET /about.php?action=edit&file=libruby.so&path=//opt/alt/ruby23/lib64 HTTP/1.1" 200 552 "-" "Mozilla/5.0 (compatible; MJ12bot/v1.4.8; http://mj12bot.com/)"
2001:41d0:203:34ce::1 - - [27/Apr/2025:19:14:32 -0400] "GET /about.php?action=edit&file=libruby.so&path=//opt/alt/ruby24/lib64 HTTP/1.1" 200 552 "-" "Mozilla/5.0 (compatible; MJ12bot/v1.4.8; http://mj12bot.com/)"
2001:41d0:203:34ce::1 - - [27/Apr/2025:19:14:33 -0400] "GET /about.php?action=edit&file=libruby.so&path=//opt/alt/ruby25/lib64 HTTP/1.1" 200 552 "-" "Mozilla/5.0 (compatible; MJ12bot/v1.4.8; http://mj12bot.com/)"
2001:41d0:203:34ce::1 - - [27/Apr/2025:19:14:35 -0400] "GET /about.php?action=edit&file=libruby.so&path=//opt/alt/ruby26/lib64 HTTP/1.1" 200 552 "-" "Mozilla/5.0 (compatible; MJ12bot/v1.4.8; http://mj12bot.com/)"
2001:41d0:203:34ce::1 - - [27/Apr/2025:19:14:37 -0400] "GET /about.php?action=edit&file=libruby.so&path=//opt/alt/ruby27/lib64 HTTP/1.1" 200 552 "-" "Mozilla/5.0 (compatible; MJ12bot/v1.4.8; http://mj12bot.com/)"
2001:41d0:203:34ce::1 - - [27/Apr/2025:19:14:38 -0400] "GET /about.php?action=edit&file=libruby.so&path=//opt/alt/ruby30/lib64 HTTP/1.1" 200 552 "-" "Mozilla/5.0 (compatible; MJ12bot/v1.4.8; http://mj12bot.com/)"
2001:41d0:203:34ce::1 - - [27/Apr/2025:19:14:40 -0400] "GET /about.php?action=edit&file=libruby.so&path=//opt/alt/ruby31/lib64 HTTP/1.1" 200 552 "-" "Mozilla/5.0 (compatible; MJ12bot/v1.4.8; http://mj12bot.com/)"
2001:41d0:203:34ce::1 - - [27/Apr/2025:19:14:42 -0400] "GET /about.php?action=edit&file=libruby.so&path=//opt/alt/ruby32/lib64 HTTP/1.1" 200 552 "-" "Mozilla/5.0 (compatible; MJ12bot/v1.4.8; http://mj12bot.com/)"
2001:41d0:203:34ce::1 - - [27/Apr/2025:19:14:43 -0400] "GET /about.php?action=edit&file=libruby.so&path=//opt/alt/ruby33/lib64 HTTP/1.1" 200 552 "-" "Mozilla/5.0 (compatible; MJ12bot/v1.4.8; http://mj12bot.com/)"
2001:41d0:203:34ce::1 - - [27/Apr/2025:19:14:45 -0400] "GET /about.php?action=edit&file=libruby.so&path=//opt/alt/ruby34/lib64 HTTP/1.1" 200 552 "-" "Mozilla/5.0 (compatible; MJ12bot/v1.4.8; http://mj12bot.com/)"
2001:41d0:203:34ce::1 - - [27/Apr/2025:19:14:46 -0400] "GET /about.php?action=edit&file=libruby.so.1.8&path=//opt/alt/ruby18/lib64 HTTP/1.1" 200 556 "-" "Mozilla/5.0 (compatible; MJ12bot/v1.4.8; http://mj12bot.com/)"
66.249.75.101 - - [27/Apr/2025:19:14:51 -0400] "GET /about.php?action=edit&file=menu2.css&path=%2Fhome%2Fjuralptl%2Fselandiapools.com%2Fm%2Fcss HTTP/1.1" 200 1005 "-" "Mozilla/5.0 (Linux; Android 6.0.1; Nexus 5X Build/MMB29P) AppleWebKit/537.36 (KHTML, like Gecko) Chrome/135.0.7049.95 Mobile Safari/537.36 (compatible; Googlebot/2.1; +http://www.google.com/bot.html)"
20.171.207.115 - - [27/Apr/2025:19:15:11 -0400] "GET /wp-admin/comment.php?action=trash&c=1460 HTTP/1.1" 404 1251 "-" "Mozilla/5.0 AppleWebKit/537.36 (KHTML, like Gecko; compatible; GPTBot/1.2; +https://openai.com/gptbot)"
66.249.75.101 - - [27/Apr/2025:19:15:18 -0400] "GET /about.php?action=edit&file=uibase.css&path=%2Fhome%2Fjuralptl%2Fselandiapools.com%2Fm%2Fcss HTTP/1.1" 200 1218 "-" "Mozilla/5.0 (Linux; Android 6.0.1; Nexus 5X Build/MMB29P) AppleWebKit/537.36 (KHTML, like Gecko) Chrome/135.0.7049.95 Mobile Safari/537.36 (compatible; GoogleOther)"
66.249.75.102 - - [27/Apr/2025:19:15:24 -0400] "GET /about.php?action=edit&file=footer-logo.psd&path=%2Fhome%2Fjuralptl%2Fselandiapools.com%2Fm%2Fimg HTTP/1.1" 200 551 "-" "Mozilla/5.0 (Linux; Android 6.0.1; Nexus 5X Build/MMB29P) AppleWebKit/537.36 (KHTML, like Gecko) Chrome/135.0.7049.95 Mobile Safari/537.36 (compatible; GoogleOther)"
20.171.207.115 - - [27/Apr/2025:19:16:11 -0400] "GET /wp-admin/comment.php?action=trash&c=1396 HTTP/1.1" 404 1251 "-" "Mozilla/5.0 AppleWebKit/537.36 (KHTML, like Gecko; compatible; GPTBot/1.2; +https://openai.com/gptbot)"
66.249.75.101 - - [27/Apr/2025:19:16:52 -0400] "GET /about.php?action=edit&file=uibase.css&path=%2Fhome%2Fjuralptl%2Fselandiapools.com%2Fm%2Fcss HTTP/1.1" 200 1218 "-" "Mozilla/5.0 (Linux; Android 6.0.1; Nexus 5X Build/MMB29P) AppleWebKit/537.36 (KHTML, like Gecko) Chrome/135.0.7049.95 Mobile Safari/537.36 (compatible; Googlebot/2.1; +http://www.google.com/bot.html)"
20.171.207.115 - - [27/Apr/2025:19:17:17 -0400] "GET /wp-admin/comment.php?action=spam&c=1002 HTTP/1.1" 404 1251 "-" "Mozilla/5.0 AppleWebKit/537.36 (KHTML, like Gecko; compatible; GPTBot/1.2; +https://openai.com/gptbot)"
20.171.207.115 - - [27/Apr/2025:19:18:21 -0400] "GET /wp-admin/comment.php?action=spam&c=1200 HTTP/1.1" 404 1251 "-" "Mozilla/5.0 AppleWebKit/537.36 (KHTML, like Gecko; compatible; GPTBot/1.2; +https://openai.com/gptbot)"
66.249.75.103 - - [27/Apr/2025:19:18:52 -0400] "GET /about.php?action=edit&file=libidn.so&path=%2F%2Flib64 HTTP/1.1" 200 551 "-" "Mozilla/5.0 (Linux; Android 6.0.1; Nexus 5X Build/MMB29P) AppleWebKit/537.36 (KHTML, like Gecko) Chrome/135.0.7049.95 Mobile Safari/537.36 (compatible; Googlebot/2.1; +http://www.google.com/bot.html)"
66.249.75.102 - - [27/Apr/2025:19:18:52 -0400] "GET /about.php?action=edit&file=general.css&path=%2Fhome%2Fjuralptl%2Fselandiapools.com%2Fm%2Fcss HTTP/1.1" 200 1143 "-" "Mozilla/5.0 (Linux; Android 6.0.1; Nexus 5X Build/MMB29P) AppleWebKit/537.36 (KHTML, like Gecko) Chrome/135.0.7049.95 Mobile Safari/537.36 (compatible; Googlebot/2.1; +http://www.google.com/bot.html)"
66.249.75.103 - - [27/Apr/2025:19:19:03 -0400] "GET /about.php?action=edit&file=uibase.css&path=%2Fhome%2Fjuralptl%2Fselandiapools.com%2Fcss HTTP/1.1" 200 1229 "-" "Mozilla/5.0 (Linux; Android 6.0.1; Nexus 5X Build/MMB29P) AppleWebKit/537.36 (KHTML, like Gecko) Chrome/135.0.7049.95 Mobile Safari/537.36 (compatible; GoogleOther)"
20.171.207.115 - - [27/Apr/2025:19:19:27 -0400] "GET /wp-admin/comment.php?action=spam&c=1277 HTTP/1.1" 404 1251 "-" "Mozilla/5.0 AppleWebKit/537.36 (KHTML, like Gecko; compatible; GPTBot/1.2; +https://openai.com/gptbot)"
20.171.207.115 - - [27/Apr/2025:19:20:30 -0400] "GET /wp-admin/comment.php?action=spam&c=1044 HTTP/1.1" 404 1251 "-" "Mozilla/5.0 AppleWebKit/537.36 (KHTML, like Gecko; compatible; GPTBot/1.2; +https://openai.com/gptbot)"
66.249.75.102 - - [27/Apr/2025:19:20:53 -0400] "GET /about.php?action=edit&file=loader.gif&path=%2Fhome%2Fjuralptl%2Fselandiapools.com%2Fm%2Fimg HTTP/1.1" 200 552 "-" "Mozilla/5.0 (Linux; Android 6.0.1; Nexus 5X Build/MMB29P) AppleWebKit/537.36 (KHTML, like Gecko) Chrome/135.0.7049.95 Mobile Safari/537.36 (compatible; Googlebot/2.1; +http://www.google.com/bot.html)"
20.171.207.115 - - [27/Apr/2025:19:21:33 -0400] "GET /wp-admin/comment.php?action=spam&c=1090 HTTP/1.1" 404 1251 "-" "Mozilla/5.0 AppleWebKit/537.36 (KHTML, like Gecko; compatible; GPTBot/1.2; +https://openai.com/gptbot)"
66.249.75.103 - - [27/Apr/2025:19:22:30 -0400] "GET /about.php?action=edit&file=indexcontent.php&path=%2Fhome%2Fjuralptl%2Fselandiapools.com%2Fm HTTP/1.1" 200 665 "-" "Mozilla/5.0 (Linux; Android 6.0.1; Nexus 5X Build/MMB29P) AppleWebKit/537.36 (KHTML, like Gecko) Chrome/135.0.7049.95 Mobile Safari/537.36 (compatible; GoogleOther)"
20.171.207.115 - - [27/Apr/2025:19:22:36 -0400] "GET /wp-admin/comment.php?action=spam&c=1066 HTTP/1.1" 404 1251 "-" "Mozilla/5.0 AppleWebKit/537.36 (KHTML, like Gecko; compatible; GPTBot/1.2; +https://openai.com/gptbot)"
66.249.75.102 - - [27/Apr/2025:19:22:48 -0400] "GET /about.php?action=edit&file=menu2.css&path=%2Fhome%2Fjuralptl%2Fselandiapools.com%2Fm%2Fcss HTTP/1.1" 200 1005 "-" "Mozilla/5.0 (Linux; Android 6.0.1; Nexus 5X Build/MMB29P) AppleWebKit/537.36 (KHTML, like Gecko) Chrome/135.0.7049.95 Mobile Safari/537.36 (compatible; GoogleOther)"
66.249.75.101 - - [27/Apr/2025:19:22:53 -0400] "GET /about.php?action=edit&file=clock.png&path=%2Fhome%2Fjuralptl%2Fselandiapools.com%2Fm%2Fimg HTTP/1.1" 200 552 "-" "Mozilla/5.0 (Linux; Android 6.0.1; Nexus 5X Build/MMB29P) AppleWebKit/537.36 (KHTML, like Gecko) Chrome/135.0.7049.95 Mobile Safari/537.36 (compatible; Googlebot/2.1; +http://www.google.com/bot.html)"
20.171.207.115 - - [27/Apr/2025:19:23:41 -0400] "GET /wp-admin/comment.php?action=spam&c=1199 HTTP/1.1" 404 1251 "-" "Mozilla/5.0 AppleWebKit/537.36 (KHTML, like Gecko; compatible; GPTBot/1.2; +https://openai.com/gptbot)"
20.171.207.115 - - [27/Apr/2025:19:24:43 -0400] "GET /wp-admin/comment.php?action=approve&c=1199 HTTP/1.1" 404 1251 "-" "Mozilla/5.0 AppleWebKit/537.36 (KHTML, like Gecko; compatible; GPTBot/1.2; +https://openai.com/gptbot)"
66.249.75.103 - - [27/Apr/2025:19:24:53 -0400] "GET /about.php?action=edit&file=number3.png&path=%2Fhome%2Fjuralptl%2Fselandiapools.com%2Fm%2Fimg HTTP/1.1" 200 552 "-" "Mozilla/5.0 (Linux; Android 6.0.1; Nexus 5X Build/MMB29P) AppleWebKit/537.36 (KHTML, like Gecko) Chrome/135.0.7049.95 Mobile Safari/537.36 (compatible; Googlebot/2.1; +http://www.google.com/bot.html)"
20.171.207.115 - - [27/Apr/2025:19:25:49 -0400] "GET /wp-admin/comment.php?action=approve&c=24 HTTP/1.1" 404 1251 "-" "Mozilla/5.0 AppleWebKit/537.36 (KHTML, like Gecko; compatible; GPTBot/1.2; +https://openai.com/gptbot)"
66.249.75.101 - - [27/Apr/2025:19:26:33 -0400] "GET /about.php?action=edit&file=general.css&path=%2Fhome%2Fjuralptl%2Fselandiapools.com%2Fm%2Fcss HTTP/1.1" 200 1143 "-" "Mozilla/5.0 (Linux; Android 6.0.1; Nexus 5X Build/MMB29P) AppleWebKit/537.36 (KHTML, like Gecko) Chrome/135.0.7049.95 Mobile Safari/537.36 (compatible; GoogleOther)"
20.171.207.115 - - [27/Apr/2025:19:26:50 -0400] "GET /wp-admin/comment.php?action=spam&c=1056 HTTP/1.1" 404 1251 "-" "Mozilla/5.0 AppleWebKit/537.36 (KHTML, like Gecko; compatible; GPTBot/1.2; +https://openai.com/gptbot)"
66.249.75.101 - - [27/Apr/2025:19:26:54 -0400] "GET /robots.txt HTTP/1.1" 404 1251 "-" "Mozilla/5.0 (compatible; Googlebot/2.1; +http://www.google.com/bot.html)"
66.249.75.101 - - [27/Apr/2025:19:26:54 -0400] "GET /about.php?path=%2F%2Fopt%2Falt%2Flibwebp%2Flib64 HTTP/1.1" 200 932 "-" "Mozilla/5.0 (Linux; Android 6.0.1; Nexus 5X Build/MMB29P) AppleWebKit/537.36 (KHTML, like Gecko) Chrome/135.0.7049.95 Mobile Safari/537.36 (compatible; Googlebot/2.1; +http://www.google.com/bot.html)"
66.249.75.103 - - [27/Apr/2025:19:27:01 -0400] "GET /about.php?action=edit&file=my-release-key.jks&path=%2Fhome%2Fjuralptl%2Fapkpvj.store%2Fgoogle%2Fandroid HTTP/1.1" 200 558 "-" "Mozilla/5.0 (Linux; Android 6.0.1; Nexus 5X Build/MMB29P) AppleWebKit/537.36 (KHTML, like Gecko) Chrome/135.0.7049.95 Mobile Safari/537.36 (compatible; GoogleOther)"
20.171.207.115 - - [27/Apr/2025:19:27:51 -0400] "GET /2021/08/13/hello-world/ HTTP/1.1" 404 1251 "-" "Mozilla/5.0 AppleWebKit/537.36 (KHTML, like Gecko; compatible; GPTBot/1.2; +https://openai.com/gptbot)"
66.249.75.102 - - [27/Apr/2025:19:27:54 -0400] "GET /about.php?action=edit&file=index.html.old&path=%2Fhome%2Fjuralptl%2Fwww HTTP/1.1" 200 3451 "-" "Mozilla/5.0 (Linux; Android 6.0.1; Nexus 5X Build/MMB29P) AppleWebKit/537.36 (KHTML, like Gecko) Chrome/135.0.7049.95 Mobile Safari/537.36 (compatible; Googlebot/2.1; +http://www.google.com/bot.html)"
66.249.75.101 - - [27/Apr/2025:19:27:57 -0400] "GET /robots.txt HTTP/1.1" 404 1251 "-" "Mozilla/5.0 (compatible; Googlebot/2.1; +http://www.google.com/bot.html)"
66.249.75.101 - - [27/Apr/2025:19:27:57 -0400] "GET /about.php?action=edit&file=contactuscontent.php&path=%2Fhome%2Fjuralptl%2Fselandiapools.com%2Fm HTTP/1.1" 200 881 "-" "Mozilla/5.0 (Linux; Android 6.0.1; Nexus 5X Build/MMB29P) AppleWebKit/537.36 (KHTML, like Gecko) Chrome/135.0.7049.95 Mobile Safari/537.36 (compatible; GoogleOther)"
20.171.207.115 - - [27/Apr/2025:19:28:51 -0400] "GET /wp-admin/comment.php?action=trash&c=1333 HTTP/1.1" 404 1251 "-" "Mozilla/5.0 AppleWebKit/537.36 (KHTML, like Gecko; compatible; GPTBot/1.2; +https://openai.com/gptbot)"
66.249.75.103 - - [27/Apr/2025:19:28:54 -0400] "GET /about.php?action=edit&file=menu-hover-bg.png&path=%2Fhome%2Fjuralptl%2Fselandiapools.com%2Fm%2Fimg HTTP/1.1" 200 557 "-" "Mozilla/5.0 (Linux; Android 6.0.1; Nexus 5X Build/MMB29P) AppleWebKit/537.36 (KHTML, like Gecko) Chrome/135.0.7049.95 Mobile Safari/537.36 (compatible; Googlebot/2.1; +http://www.google.com/bot.html)"
20.171.207.115 - - [27/Apr/2025:19:29:54 -0400] "GET /wp-admin/comment.php?action=trash&c=1321 HTTP/1.1" 404 1251 "-" "Mozilla/5.0 AppleWebKit/537.36 (KHTML, like Gecko; compatible; GPTBot/1.2; +https://openai.com/gptbot)"
66.249.75.103 - - [27/Apr/2025:19:30:18 -0400] "GET /robots.txt HTTP/1.1" 404 1251 "-" "Mozilla/5.0 (compatible; Googlebot/2.1; +http://www.google.com/bot.html)"
66.249.75.102 - - [27/Apr/2025:19:30:18 -0400] "GET /about.php?action=edit&file=menu2.css&path=%2Fhome%2Fjuralptl%2Fselandiapools.com%2Fcss HTTP/1.1" 200 1005 "-" "Mozilla/5.0 (Linux; Android 6.0.1; Nexus 5X Build/MMB29P) AppleWebKit/537.36 (KHTML, like Gecko) Chrome/135.0.7049.95 Mobile Safari/537.36 (compatible; GoogleOther)"
66.249.75.101 - - [27/Apr/2025:19:30:55 -0400] "GET /about.php?path=/home/juralptl/selandiapools.com/m HTTP/1.1" 200 1258 "-" "Mozilla/5.0 (Linux; Android 6.0.1; Nexus 5X Build/MMB29P) AppleWebKit/537.36 (KHTML, like Gecko) Chrome/135.0.7049.95 Mobile Safari/537.36 (compatible; Googlebot/2.1; +http://www.google.com/bot.html)"
66.249.75.102 - - [27/Apr/2025:19:30:55 -0400] "GET /about.php?action=edit&file=libpython2.7.so&path=%2F%2Flib64 HTTP/1.1" 200 555 "-" "Mozilla/5.0 (Linux; Android 6.0.1; Nexus 5X Build/MMB29P) AppleWebKit/537.36 (KHTML, like Gecko) Chrome/135.0.7049.95 Mobile Safari/537.36 (compatible; Googlebot/2.1; +http://www.google.com/bot.html)"
20.171.207.115 - - [27/Apr/2025:19:31:00 -0400] "GET /wp-admin/comment.php?action=trash&c=1301 HTTP/1.1" 404 1251 "-" "Mozilla/5.0 AppleWebKit/537.36 (KHTML, like Gecko; compatible; GPTBot/1.2; +https://openai.com/gptbot)"
20.171.207.115 - - [27/Apr/2025:19:32:02 -0400] "GET /wp-admin/comment.php?action=trash&c=1172 HTTP/1.1" 404 1251 "-" "Mozilla/5.0 AppleWebKit/537.36 (KHTML, like Gecko; compatible; GPTBot/1.2; +https://openai.com/gptbot)"
66.249.75.101 - - [27/Apr/2025:19:32:50 -0400] "GET /robots.txt HTTP/1.1" 404 1251 "-" "Mozilla/5.0 (compatible; Googlebot/2.1; +http://www.google.com/bot.html)"
