195.191.219.130 - - [27/Apr/2025:18:11:31 -0400] "GET /about.php?action=edit&file=class-wp-html-processor-state.php&path=//home/juralptl/btspv.store/wp-includes/html-api HTTP/1.1" 200 2847 "-" "Mozilla/5.0 (compatible; MJ12bot/v2.0.0; http://mj12bot.com/)"
195.191.219.130 - - [27/Apr/2025:18:11:32 -0400] "GET /about.php?action=edit&file=class-wp-html-processor.php&path=//home/juralptl/btfovj.store/wp-includes/html-api HTTP/1.1" 200 41979 "-" "Mozilla/5.0 (compatible; MJ12bot/v2.0.0; http://mj12bot.com/)"
66.249.75.103 - - [27/Apr/2025:18:11:32 -0400] "GET /about.php?action=edit&file=htmlmobile.php&path=%2Fhome%2Fjuralptl%2Fselandiapools.com HTTP/1.1" 200 770 "-" "Mozilla/5.0 (Linux; Android 6.0.1; Nexus 5X Build/MMB29P) AppleWebKit/537.36 (KHTML, like Gecko) Chrome/135.0.7049.95 Mobile Safari/537.36 (compatible; GoogleOther)"
66.249.75.103 - - [27/Apr/2025:18:11:33 -0400] "GET /about.php?action=edit&file=admin.php&path=%2Fhome%2Fjuralptl%2Fselandiapools.com%2Fm HTTP/1.1" 200 4507 "-" "Mozilla/5.0 (Linux; Android 6.0.1; Nexus 5X Build/MMB29P) AppleWebKit/537.36 (KHTML, like Gecko) Chrome/135.0.7049.95 Mobile Safari/537.36 (compatible; GoogleOther)"
195.191.219.130 - - [27/Apr/2025:18:11:33 -0400] "GET /about.php?action=edit&file=class-wp-html-processor.php&path=//home/juralptl/btspv.store/wp-includes/html-api HTTP/1.1" 200 42004 "-" "Mozilla/5.0 (compatible; MJ12bot/v2.0.0; http://mj12bot.com/)"
195.191.219.130 - - [27/Apr/2025:18:11:35 -0400] "GET /about.php?action=edit&file=class-wp-html-span.php&path=//home/juralptl/btfovj.store/wp-includes/html-api HTTP/1.1" 200 1034 "-" "Mozilla/5.0 (compatible; MJ12bot/v2.0.0; http://mj12bot.com/)"
195.191.219.130 - - [27/Apr/2025:18:11:36 -0400] "GET /about.php?action=edit&file=class-wp-html-span.php&path=//home/juralptl/btspv.store/wp-includes/html-api HTTP/1.1" 200 1034 "-" "Mozilla/5.0 (compatible; MJ12bot/v2.0.0; http://mj12bot.com/)"
195.191.219.130 - - [27/Apr/2025:18:11:37 -0400] "GET /about.php?action=edit&file=class-wp-html-stack-event.php&path=//home/juralptl/btfovj.store/wp-includes/html-api HTTP/1.1" 200 1152 "-" "Mozilla/5.0 (compatible; MJ12bot/v2.0.0; http://mj12bot.com/)"
195.191.219.130 - - [27/Apr/2025:18:11:38 -0400] "GET /about.php?action=edit&file=class-wp-html-stack-event.php&path=//home/juralptl/btspv.store/wp-includes/html-api HTTP/1.1" 200 1152 "-" "Mozilla/5.0 (compatible; MJ12bot/v2.0.0; http://mj12bot.com/)"
195.191.219.130 - - [27/Apr/2025:18:11:39 -0400] "GET /about.php?action=edit&file=class-wp-html-tag-processor.php&path=//home/juralptl/btfovj.store/wp-includes/html-api HTTP/1.1" 200 39495 "-" "Mozilla/5.0 (compatible; MJ12bot/v2.0.0; http://mj12bot.com/)"
195.191.219.130 - - [27/Apr/2025:18:11:40 -0400] "GET /about.php?action=edit&file=class-wp-html-tag-processor.php&path=//home/juralptl/btspv.store/wp-includes/html-api HTTP/1.1" 200 39495 "-" "Mozilla/5.0 (compatible; MJ12bot/v2.0.0; http://mj12bot.com/)"
195.191.219.130 - - [27/Apr/2025:18:11:41 -0400] "GET /about.php?action=edit&file=class-wp-html-text-replacement.php&path=//home/juralptl/btfovj.store/wp-includes/html-api HTTP/1.1" 200 1070 "-" "Mozilla/5.0 (compatible; MJ12bot/v2.0.0; http://mj12bot.com/)"
195.191.219.130 - - [27/Apr/2025:18:11:42 -0400] "GET /about.php?action=edit&file=class-wp-html-text-replacement.php&path=//home/juralptl/btspv.store/wp-includes/html-api HTTP/1.1" 200 1070 "-" "Mozilla/5.0 (compatible; MJ12bot/v2.0.0; http://mj12bot.com/)"
195.191.219.130 - - [27/Apr/2025:18:11:43 -0400] "GET /about.php?action=edit&file=class-wp-html-token.php&path=//home/juralptl/btfovj.store/wp-includes/html-api HTTP/1.1" 200 1779 "-" "Mozilla/5.0 (compatible; MJ12bot/v2.0.0; http://mj12bot.com/)"
195.191.219.130 - - [27/Apr/2025:18:11:46 -0400] "GET /about.php?action=edit&file=class-wp-html-token.php&path=//home/juralptl/btspv.store/wp-includes/html-api HTTP/1.1" 200 1779 "-" "Mozilla/5.0 (compatible; MJ12bot/v2.0.0; http://mj12bot.com/)"
195.191.219.130 - - [27/Apr/2025:18:11:47 -0400] "GET /about.php?action=edit&file=class-wp-html-unsupported-exception.php&path=//home/juralptl/btfovj.store/wp-includes/html-api HTTP/1.1" 200 1643 "-" "Mozilla/5.0 (compatible; MJ12bot/v2.0.0; http://mj12bot.com/)"
195.191.219.130 - - [27/Apr/2025:18:11:47 -0400] "GET /about.php?action=edit&file=class-wp-html-unsupported-exception.php&path=//home/juralptl/btspv.store/wp-includes/html-api HTTP/1.1" 200 1643 "-" "Mozilla/5.0 (compatible; MJ12bot/v2.0.0; http://mj12bot.com/)"
195.191.219.130 - - [27/Apr/2025:18:11:48 -0400] "GET /about.php?action=edit&file=class-wp-http-cookie.php&path=//home/juralptl/public_html/wp-includes HTTP/1.1" 200 3050 "-" "Mozilla/5.0 (compatible; MJ12bot/v2.0.0; http://mj12bot.com/)"
195.191.219.130 - - [27/Apr/2025:18:11:49 -0400] "GET /about.php?action=edit&file=class-wp-http-cookie.php&path=//home/juralptl/pvjbtf.site/wp-includes HTTP/1.1" 200 3050 "-" "Mozilla/5.0 (compatible; MJ12bot/v2.0.0; http://mj12bot.com/)"
66.249.75.102 - - [27/Apr/2025:18:11:50 -0400] "GET /about.php?path=//opt/alt/alt-nodejs6/root HTTP/1.1" 200 911 "-" "Mozilla/5.0 (Linux; Android 6.0.1; Nexus 5X Build/MMB29P) AppleWebKit/537.36 (KHTML, like Gecko) Chrome/135.0.7049.95 Mobile Safari/537.36 (compatible; Googlebot/2.1; +http://www.google.com/bot.html)"
195.191.219.130 - - [27/Apr/2025:18:11:50 -0400] "GET /about.php?action=edit&file=class-wp-http-cookie.php&path=//home/juralptl/pvjgacor.com/wp-includes HTTP/1.1" 200 3050 "-" "Mozilla/5.0 (compatible; MJ12bot/v2.0.0; http://mj12bot.com/)"
195.191.219.130 - - [27/Apr/2025:18:11:51 -0400] "GET /about.php?action=edit&file=class-wp-http-cookie.php&path=//home/juralptl/tahu-pong.store/wp-includes HTTP/1.1" 200 3050 "-" "Mozilla/5.0 (compatible; MJ12bot/v2.0.0; http://mj12bot.com/)"
195.191.219.130 - - [27/Apr/2025:18:11:52 -0400] "GET /about.php?action=edit&file=class-wp-http-cookie.php&path=//home/juralptl/telekomaret.site/wp-includes HTTP/1.1" 200 3050 "-" "Mozilla/5.0 (compatible; MJ12bot/v2.0.0; http://mj12bot.com/)"
195.191.219.130 - - [27/Apr/2025:18:11:54 -0400] "GET /about.php?action=edit&file=class-wp-http-cookie.php&path=//home/juralptl/www/wp-includes HTTP/1.1" 200 3050 "-" "Mozilla/5.0 (compatible; MJ12bot/v2.0.0; http://mj12bot.com/)"
195.191.219.130 - - [27/Apr/2025:18:11:54 -0400] "GET /about.php?action=edit&file=class-wp-http-curl.php&path=//home/juralptl/public_html/wp-includes HTTP/1.1" 200 4319 "-" "Mozilla/5.0 (compatible; MJ12bot/v2.0.0; http://mj12bot.com/)"
195.191.219.130 - - [27/Apr/2025:18:11:56 -0400] "GET /about.php?action=edit&file=class-wp-http-curl.php&path=//home/juralptl/pvjbtf.site/wp-includes HTTP/1.1" 200 4319 "-" "Mozilla/5.0 (compatible; MJ12bot/v2.0.0; http://mj12bot.com/)"
195.191.219.130 - - [27/Apr/2025:18:11:56 -0400] "GET /about.php?action=edit&file=class-wp-http-curl.php&path=//home/juralptl/pvjgacor.com/wp-includes HTTP/1.1" 200 4319 "-" "Mozilla/5.0 (compatible; MJ12bot/v2.0.0; http://mj12bot.com/)"
195.191.219.130 - - [27/Apr/2025:18:11:57 -0400] "GET /about.php?action=edit&file=class-wp-http-curl.php&path=//home/juralptl/tahu-pong.store/wp-includes HTTP/1.1" 200 4319 "-" "Mozilla/5.0 (compatible; MJ12bot/v2.0.0; http://mj12bot.com/)"
195.191.219.130 - - [27/Apr/2025:18:11:58 -0400] "GET /about.php?action=edit&file=class-wp-http-curl.php&path=//home/juralptl/telekomaret.site/wp-includes HTTP/1.1" 200 4319 "-" "Mozilla/5.0 (compatible; MJ12bot/v2.0.0; http://mj12bot.com/)"
195.191.219.130 - - [27/Apr/2025:18:11:59 -0400] "GET /about.php?action=edit&file=class-wp-http-curl.php&path=//home/juralptl/www/wp-includes HTTP/1.1" 200 4319 "-" "Mozilla/5.0 (compatible; MJ12bot/v2.0.0; http://mj12bot.com/)"
195.191.219.130 - - [27/Apr/2025:18:12:00 -0400] "GET /about.php?action=edit&file=class-wp-http-encoding.php&path=//home/juralptl/public_html/wp-includes HTTP/1.1" 200 2688 "-" "Mozilla/5.0 (compatible; MJ12bot/v2.0.0; http://mj12bot.com/)"
195.191.219.130 - - [27/Apr/2025:18:12:01 -0400] "GET /about.php?action=edit&file=class-wp-http-encoding.php&path=//home/juralptl/pvjbtf.site/wp-includes HTTP/1.1" 200 2688 "-" "Mozilla/5.0 (compatible; MJ12bot/v2.0.0; http://mj12bot.com/)"
195.191.219.130 - - [27/Apr/2025:18:12:02 -0400] "GET /about.php?action=edit&file=class-wp-http-encoding.php&path=//home/juralptl/pvjgacor.com/wp-includes HTTP/1.1" 200 2688 "-" "Mozilla/5.0 (compatible; MJ12bot/v2.0.0; http://mj12bot.com/)"
195.191.219.130 - - [27/Apr/2025:18:12:03 -0400] "GET /about.php?action=edit&file=class-wp-http-encoding.php&path=//home/juralptl/tahu-pong.store/wp-includes HTTP/1.1" 200 2688 "-" "Mozilla/5.0 (compatible; MJ12bot/v2.0.0; http://mj12bot.com/)"
195.191.219.130 - - [27/Apr/2025:18:12:04 -0400] "GET /about.php?action=edit&file=class-wp-http-encoding.php&path=//home/juralptl/telekomaret.site/wp-includes HTTP/1.1" 200 2688 "-" "Mozilla/5.0 (compatible; MJ12bot/v2.0.0; http://mj12bot.com/)"
195.191.219.130 - - [27/Apr/2025:18:12:05 -0400] "GET /about.php?action=edit&file=class-wp-http-encoding.php&path=//home/juralptl/www/wp-includes HTTP/1.1" 200 2688 "-" "Mozilla/5.0 (compatible; MJ12bot/v2.0.0; http://mj12bot.com/)"
195.191.219.130 - - [27/Apr/2025:18:12:07 -0400] "GET /about.php?action=edit&file=class-wp-http-ixr-client.php&path=//home/juralptl/public_html/wp-includes HTTP/1.1" 200 1950 "-" "Mozilla/5.0 (compatible; MJ12bot/v2.0.0; http://mj12bot.com/)"
195.191.219.130 - - [27/Apr/2025:18:12:07 -0400] "GET /about.php?action=edit&file=class-wp-http-ixr-client.php&path=//home/juralptl/pvjbtf.site/wp-includes HTTP/1.1" 200 1950 "-" "Mozilla/5.0 (compatible; MJ12bot/v2.0.0; http://mj12bot.com/)"
195.191.219.130 - - [27/Apr/2025:18:12:08 -0400] "GET /about.php?action=edit&file=class-wp-http-ixr-client.php&path=//home/juralptl/pvjgacor.com/wp-includes HTTP/1.1" 200 1950 "-" "Mozilla/5.0 (compatible; MJ12bot/v2.0.0; http://mj12bot.com/)"
195.191.219.130 - - [27/Apr/2025:18:12:09 -0400] "GET /about.php?action=edit&file=class-wp-http-ixr-client.php&path=//home/juralptl/tahu-pong.store/wp-includes HTTP/1.1" 200 1950 "-" "Mozilla/5.0 (compatible; MJ12bot/v2.0.0; http://mj12bot.com/)"
20.171.207.115 - - [27/Apr/2025:18:12:09 -0400] "GET /wp-admin/comment.php?action=spam&c=1453 HTTP/1.1" 404 1251 "-" "Mozilla/5.0 AppleWebKit/537.36 (KHTML, like Gecko; compatible; GPTBot/1.2; +https://openai.com/gptbot)"
195.191.219.130 - - [27/Apr/2025:18:12:10 -0400] "GET /about.php?action=edit&file=class-wp-http-ixr-client.php&path=//home/juralptl/telekomaret.site/wp-includes HTTP/1.1" 200 1950 "-" "Mozilla/5.0 (compatible; MJ12bot/v2.0.0; http://mj12bot.com/)"
195.191.219.130 - - [27/Apr/2025:18:12:11 -0400] "GET /about.php?action=edit&file=class-wp-http-ixr-client.php&path=//home/juralptl/www/wp-includes HTTP/1.1" 200 1950 "-" "Mozilla/5.0 (compatible; MJ12bot/v2.0.0; http://mj12bot.com/)"
195.191.219.130 - - [27/Apr/2025:18:12:12 -0400] "GET /about.php?action=edit&file=class-wp-http-proxy.php&path=//home/juralptl/public_html/wp-includes HTTP/1.1" 200 2482 "-" "Mozilla/5.0 (compatible; MJ12bot/v2.0.0; http://mj12bot.com/)"
195.191.219.130 - - [27/Apr/2025:18:12:13 -0400] "GET /about.php?action=edit&file=class-wp-http-proxy.php&path=//home/juralptl/pvjbtf.site/wp-includes HTTP/1.1" 200 2482 "-" "Mozilla/5.0 (compatible; MJ12bot/v2.0.0; http://mj12bot.com/)"
195.191.219.130 - - [27/Apr/2025:18:12:14 -0400] "GET /about.php?action=edit&file=class-wp-http-proxy.php&path=//home/juralptl/pvjgacor.com/wp-includes HTTP/1.1" 200 2482 "-" "Mozilla/5.0 (compatible; MJ12bot/v2.0.0; http://mj12bot.com/)"
195.191.219.130 - - [27/Apr/2025:18:12:15 -0400] "GET /about.php?action=edit&file=class-wp-http-proxy.php&path=//home/juralptl/tahu-pong.store/wp-includes HTTP/1.1" 200 2482 "-" "Mozilla/5.0 (compatible; MJ12bot/v2.0.0; http://mj12bot.com/)"
195.191.219.130 - - [27/Apr/2025:18:12:16 -0400] "GET /about.php?action=edit&file=class-wp-http-proxy.php&path=//home/juralptl/telekomaret.site/wp-includes HTTP/1.1" 200 2482 "-" "Mozilla/5.0 (compatible; MJ12bot/v2.0.0; http://mj12bot.com/)"
195.191.219.130 - - [27/Apr/2025:18:12:18 -0400] "GET /about.php?action=edit&file=class-wp-http-proxy.php&path=//home/juralptl/www/wp-includes HTTP/1.1" 200 2482 "-" "Mozilla/5.0 (compatible; MJ12bot/v2.0.0; http://mj12bot.com/)"
195.191.219.130 - - [27/Apr/2025:18:12:18 -0400] "GET /about.php?action=edit&file=class-wp-http-requests-hooks.php&path=//home/juralptl/public_html/wp-includes HTTP/1.1" 200 1366 "-" "Mozilla/5.0 (compatible; MJ12bot/v2.0.0; http://mj12bot.com/)"
195.191.219.130 - - [27/Apr/2025:18:12:19 -0400] "GET /about.php?action=edit&file=class-wp-http-requests-hooks.php&path=//home/juralptl/pvjbtf.site/wp-includes HTTP/1.1" 200 1366 "-" "Mozilla/5.0 (compatible; MJ12bot/v2.0.0; http://mj12bot.com/)"
195.191.219.130 - - [27/Apr/2025:18:12:20 -0400] "GET /about.php?action=edit&file=class-wp-http-requests-hooks.php&path=//home/juralptl/pvjgacor.com/wp-includes HTTP/1.1" 200 1366 "-" "Mozilla/5.0 (compatible; MJ12bot/v2.0.0; http://mj12bot.com/)"
195.191.219.130 - - [27/Apr/2025:18:12:21 -0400] "GET /about.php?action=edit&file=class-wp-http-requests-hooks.php&path=//home/juralptl/tahu-pong.store/wp-includes HTTP/1.1" 200 1366 "-" "Mozilla/5.0 (compatible; MJ12bot/v2.0.0; http://mj12bot.com/)"
195.191.219.130 - - [27/Apr/2025:18:12:22 -0400] "GET /about.php?action=edit&file=class-wp-http-requests-hooks.php&path=//home/juralptl/telekomaret.site/wp-includes HTTP/1.1" 200 1366 "-" "Mozilla/5.0 (compatible; MJ12bot/v2.0.0; http://mj12bot.com/)"
195.191.219.130 - - [27/Apr/2025:18:12:23 -0400] "GET /about.php?action=edit&file=class-wp-http-requests-hooks.php&path=//home/juralptl/www/wp-includes HTTP/1.1" 200 1366 "-" "Mozilla/5.0 (compatible; MJ12bot/v2.0.0; http://mj12bot.com/)"
195.191.219.130 - - [27/Apr/2025:18:12:24 -0400] "GET /about.php?action=edit&file=class-wp-http-requests-response.php&path=//home/juralptl/public_html/wp-includes HTTP/1.1" 200 1793 "-" "Mozilla/5.0 (compatible; MJ12bot/v2.0.0; http://mj12bot.com/)"
195.191.219.130 - - [27/Apr/2025:18:12:25 -0400] "GET /about.php?action=edit&file=class-wp-http-requests-response.php&path=//home/juralptl/pvjbtf.site/wp-includes HTTP/1.1" 200 1793 "-" "Mozilla/5.0 (compatible; MJ12bot/v2.0.0; http://mj12bot.com/)"
195.191.219.130 - - [27/Apr/2025:18:12:26 -0400] "GET /about.php?action=edit&file=class-wp-http-requests-response.php&path=//home/juralptl/pvjgacor.com/wp-includes HTTP/1.1" 200 1793 "-" "Mozilla/5.0 (compatible; MJ12bot/v2.0.0; http://mj12bot.com/)"
195.191.219.130 - - [27/Apr/2025:18:12:27 -0400] "GET /about.php?action=edit&file=class-wp-http-requests-response.php&path=//home/juralptl/tahu-pong.store/wp-includes HTTP/1.1" 200 1793 "-" "Mozilla/5.0 (compatible; MJ12bot/v2.0.0; http://mj12bot.com/)"
195.191.219.130 - - [27/Apr/2025:18:12:28 -0400] "GET /about.php?action=edit&file=class-wp-http-requests-response.php&path=//home/juralptl/telekomaret.site/wp-includes HTTP/1.1" 200 1793 "-" "Mozilla/5.0 (compatible; MJ12bot/v2.0.0; http://mj12bot.com/)"
195.191.219.130 - - [27/Apr/2025:18:12:29 -0400] "GET /about.php?action=edit&file=class-wp-http-requests-response.php&path=//home/juralptl/www/wp-includes HTTP/1.1" 200 1793 "-" "Mozilla/5.0 (compatible; MJ12bot/v2.0.0; http://mj12bot.com/)"
195.191.219.130 - - [27/Apr/2025:18:12:30 -0400] "GET /about.php?action=edit&file=class-wp-http-response.php&path=//home/juralptl/public_html/wp-includes HTTP/1.1" 200 1460 "-" "Mozilla/5.0 (compatible; MJ12bot/v2.0.0; http://mj12bot.com/)"
195.191.219.130 - - [27/Apr/2025:18:12:31 -0400] "GET /about.php?action=edit&file=class-wp-http-response.php&path=//home/juralptl/pvjbtf.site/wp-includes HTTP/1.1" 200 1460 "-" "Mozilla/5.0 (compatible; MJ12bot/v2.0.0; http://mj12bot.com/)"
195.191.219.130 - - [27/Apr/2025:18:12:32 -0400] "GET /about.php?action=edit&file=class-wp-http-response.php&path=//home/juralptl/pvjgacor.com/wp-includes HTTP/1.1" 200 1460 "-" "Mozilla/5.0 (compatible; MJ12bot/v2.0.0; http://mj12bot.com/)"
195.191.219.130 - - [27/Apr/2025:18:12:33 -0400] "GET /about.php?action=edit&file=class-wp-http-response.php&path=//home/juralptl/tahu-pong.store/wp-includes HTTP/1.1" 200 1460 "-" "Mozilla/5.0 (compatible; MJ12bot/v2.0.0; http://mj12bot.com/)"
195.191.219.130 - - [27/Apr/2025:18:12:34 -0400] "GET /about.php?action=edit&file=class-wp-http-response.php&path=//home/juralptl/telekomaret.site/wp-includes HTTP/1.1" 200 1460 "-" "Mozilla/5.0 (compatible; MJ12bot/v2.0.0; http://mj12bot.com/)"
195.191.219.130 - - [27/Apr/2025:18:12:35 -0400] "GET /about.php?action=edit&file=class-wp-http-response.php&path=//home/juralptl/www/wp-includes HTTP/1.1" 200 1460 "-" "Mozilla/5.0 (compatible; MJ12bot/v2.0.0; http://mj12bot.com/)"
195.191.219.130 - - [27/Apr/2025:18:12:36 -0400] "GET /about.php?action=edit&file=class-wp-http-streams.php&path=//home/juralptl/public_html/wp-includes HTTP/1.1" 200 5384 "-" "Mozilla/5.0 (compatible; MJ12bot/v2.0.0; http://mj12bot.com/)"
195.191.219.130 - - [27/Apr/2025:18:12:37 -0400] "GET /about.php?action=edit&file=class-wp-http-streams.php&path=//home/juralptl/pvjbtf.site/wp-includes HTTP/1.1" 200 5384 "-" "Mozilla/5.0 (compatible; MJ12bot/v2.0.0; http://mj12bot.com/)"
195.191.219.130 - - [27/Apr/2025:18:12:38 -0400] "GET /about.php?action=edit&file=class-wp-http-streams.php&path=//home/juralptl/pvjgacor.com/wp-includes HTTP/1.1" 200 5384 "-" "Mozilla/5.0 (compatible; MJ12bot/v2.0.0; http://mj12bot.com/)"
195.191.219.130 - - [27/Apr/2025:18:12:39 -0400] "GET /about.php?action=edit&file=class-wp-http-streams.php&path=//home/juralptl/tahu-pong.store/wp-includes HTTP/1.1" 200 5384 "-" "Mozilla/5.0 (compatible; MJ12bot/v2.0.0; http://mj12bot.com/)"
195.191.219.130 - - [27/Apr/2025:18:12:40 -0400] "GET /about.php?action=edit&file=class-wp-http-streams.php&path=//home/juralptl/telekomaret.site/wp-includes HTTP/1.1" 200 5384 "-" "Mozilla/5.0 (compatible; MJ12bot/v2.0.0; http://mj12bot.com/)"
195.191.219.130 - - [27/Apr/2025:18:12:41 -0400] "GET /about.php?action=edit&file=class-wp-http-streams.php&path=//home/juralptl/www/wp-includes HTTP/1.1" 200 5384 "-" "Mozilla/5.0 (compatible; MJ12bot/v2.0.0; http://mj12bot.com/)"
195.191.219.130 - - [27/Apr/2025:18:12:42 -0400] "GET /about.php?action=edit&file=class-wp-http.php&path=//home/juralptl/public_html/wp-includes HTTP/1.1" 200 12065 "-" "Mozilla/5.0 (compatible; MJ12bot/v2.0.0; http://mj12bot.com/)"
195.191.219.130 - - [27/Apr/2025:18:12:43 -0400] "GET /about.php?action=edit&file=class-wp-http.php&path=//home/juralptl/pvjbtf.site/wp-includes HTTP/1.1" 200 12239 "-" "Mozilla/5.0 (compatible; MJ12bot/v2.0.0; http://mj12bot.com/)"
195.191.219.130 - - [27/Apr/2025:18:12:44 -0400] "GET /about.php?action=edit&file=class-wp-http.php&path=//home/juralptl/pvjgacor.com/wp-includes HTTP/1.1" 200 12285 "-" "Mozilla/5.0 (compatible; MJ12bot/v2.0.0; http://mj12bot.com/)"
195.191.219.130 - - [27/Apr/2025:18:12:45 -0400] "GET /about.php?action=edit&file=class-wp-http.php&path=//home/juralptl/tahu-pong.store/wp-includes HTTP/1.1" 200 12285 "-" "Mozilla/5.0 (compatible; MJ12bot/v2.0.0; http://mj12bot.com/)"
195.191.219.130 - - [27/Apr/2025:18:12:46 -0400] "GET /about.php?action=edit&file=class-wp-http.php&path=//home/juralptl/telekomaret.site/wp-includes HTTP/1.1" 200 12285 "-" "Mozilla/5.0 (compatible; MJ12bot/v2.0.0; http://mj12bot.com/)"
195.191.219.130 - - [27/Apr/2025:18:12:47 -0400] "GET /about.php?action=edit&file=class-wp-http.php&path=//home/juralptl/www/wp-includes HTTP/1.1" 200 12065 "-" "Mozilla/5.0 (compatible; MJ12bot/v2.0.0; http://mj12bot.com/)"
195.191.219.130 - - [27/Apr/2025:18:12:48 -0400] "GET /about.php?action=edit&file=class-wp-image-editor-gd.php&path=//home/juralptl/public_html/wp-includes HTTP/1.1" 200 5297 "-" "Mozilla/5.0 (compatible; MJ12bot/v2.0.0; http://mj12bot.com/)"
195.191.219.130 - - [27/Apr/2025:18:12:49 -0400] "GET /about.php?action=edit&file=class-wp-image-editor-gd.php&path=//home/juralptl/pvjbtf.site/wp-includes HTTP/1.1" 200 5622 "-" "Mozilla/5.0 (compatible; MJ12bot/v2.0.0; http://mj12bot.com/)"
66.249.75.101 - - [27/Apr/2025:18:12:50 -0400] "GET /about.php?action=edit&file=msgfmt3.9.py&path=%2F%2Fopt%2Falt%2Fpython39%2Fbin HTTP/1.1" 200 3153 "-" "Mozilla/5.0 (Linux; Android 6.0.1; Nexus 5X Build/MMB29P) AppleWebKit/537.36 (KHTML, like Gecko) Chrome/135.0.7049.95 Mobile Safari/537.36 (compatible; Googlebot/2.1; +http://www.google.com/bot.html)"
195.191.219.130 - - [27/Apr/2025:18:12:51 -0400] "GET /about.php?action=edit&file=class-wp-image-editor-gd.php&path=//home/juralptl/pvjgacor.com/wp-includes HTTP/1.1" 200 5718 "-" "Mozilla/5.0 (compatible; MJ12bot/v2.0.0; http://mj12bot.com/)"
195.191.219.130 - - [27/Apr/2025:18:12:51 -0400] "GET /about.php?action=edit&file=class-wp-image-editor-gd.php&path=//home/juralptl/tahu-pong.store/wp-includes HTTP/1.1" 200 5718 "-" "Mozilla/5.0 (compatible; MJ12bot/v2.0.0; http://mj12bot.com/)"
195.191.219.130 - - [27/Apr/2025:18:12:52 -0400] "GET /about.php?action=edit&file=class-wp-image-editor-gd.php&path=//home/juralptl/telekomaret.site/wp-includes HTTP/1.1" 200 5718 "-" "Mozilla/5.0 (compatible; MJ12bot/v2.0.0; http://mj12bot.com/)"
195.191.219.130 - - [27/Apr/2025:18:12:53 -0400] "GET /about.php?action=edit&file=class-wp-image-editor-gd.php&path=//home/juralptl/www/wp-includes HTTP/1.1" 200 5297 "-" "Mozilla/5.0 (compatible; MJ12bot/v2.0.0; http://mj12bot.com/)"
195.191.219.130 - - [27/Apr/2025:18:12:54 -0400] "GET /about.php?action=edit&file=class-wp-image-editor-imagick.php&path=//home/juralptl/public_html/wp-includes HTTP/1.1" 200 9756 "-" "Mozilla/5.0 (compatible; MJ12bot/v2.0.0; http://mj12bot.com/)"
195.191.219.130 - - [27/Apr/2025:18:12:55 -0400] "GET /about.php?action=edit&file=class-wp-image-editor-imagick.php&path=//home/juralptl/pvjbtf.site/wp-includes HTTP/1.1" 200 9871 "-" "Mozilla/5.0 (compatible; MJ12bot/v2.0.0; http://mj12bot.com/)"
195.191.219.130 - - [27/Apr/2025:18:12:56 -0400] "GET /about.php?action=edit&file=class-wp-image-editor-imagick.php&path=//home/juralptl/pvjgacor.com/wp-includes HTTP/1.1" 200 10417 "-" "Mozilla/5.0 (compatible; MJ12bot/v2.0.0; http://mj12bot.com/)"
195.191.219.130 - - [27/Apr/2025:18:12:57 -0400] "GET /about.php?action=edit&file=class-wp-image-editor-imagick.php&path=//home/juralptl/tahu-pong.store/wp-includes HTTP/1.1" 200 10417 "-" "Mozilla/5.0 (compatible; MJ12bot/v2.0.0; http://mj12bot.com/)"
195.191.219.130 - - [27/Apr/2025:18:12:58 -0400] "GET /about.php?action=edit&file=class-wp-image-editor-imagick.php&path=//home/juralptl/telekomaret.site/wp-includes HTTP/1.1" 200 10417 "-" "Mozilla/5.0 (compatible; MJ12bot/v2.0.0; http://mj12bot.com/)"
195.191.219.130 - - [27/Apr/2025:18:12:59 -0400] "GET /about.php?action=edit&file=class-wp-image-editor-imagick.php&path=//home/juralptl/www/wp-includes HTTP/1.1" 200 9756 "-" "Mozilla/5.0 (compatible; MJ12bot/v2.0.0; http://mj12bot.com/)"
195.191.219.130 - - [27/Apr/2025:18:13:00 -0400] "GET /about.php?action=edit&file=class-wp-image-editor.php&path=//home/juralptl/public_html/wp-includes HTTP/1.1" 200 5498 "-" "Mozilla/5.0 (compatible; MJ12bot/v2.0.0; http://mj12bot.com/)"
195.191.219.130 - - [27/Apr/2025:18:13:01 -0400] "GET /about.php?action=edit&file=class-wp-image-editor.php&path=//home/juralptl/pvjbtf.site/wp-includes HTTP/1.1" 200 5318 "-" "Mozilla/5.0 (compatible; MJ12bot/v2.0.0; http://mj12bot.com/)"
195.191.219.130 - - [27/Apr/2025:18:13:02 -0400] "GET /about.php?action=edit&file=class-wp-image-editor.php&path=//home/juralptl/pvjgacor.com/wp-includes HTTP/1.1" 200 5490 "-" "Mozilla/5.0 (compatible; MJ12bot/v2.0.0; http://mj12bot.com/)"
195.191.219.130 - - [27/Apr/2025:18:13:03 -0400] "GET /about.php?action=edit&file=class-wp-image-editor.php&path=//home/juralptl/tahu-pong.store/wp-includes HTTP/1.1" 200 5490 "-" "Mozilla/5.0 (compatible; MJ12bot/v2.0.0; http://mj12bot.com/)"
195.191.219.130 - - [27/Apr/2025:18:13:04 -0400] "GET /about.php?action=edit&file=class-wp-image-editor.php&path=//home/juralptl/telekomaret.site/wp-includes HTTP/1.1" 200 5490 "-" "Mozilla/5.0 (compatible; MJ12bot/v2.0.0; http://mj12bot.com/)"
195.191.219.130 - - [27/Apr/2025:18:13:05 -0400] "GET /about.php?action=edit&file=class-wp-image-editor.php&path=//home/juralptl/www/wp-includes HTTP/1.1" 200 5498 "-" "Mozilla/5.0 (compatible; MJ12bot/v2.0.0; http://mj12bot.com/)"
195.191.219.130 - - [27/Apr/2025:18:13:06 -0400] "GET /about.php?action=edit&file=class-wp-interactivity-api-directives-processor.php&path=//home/juralptl/btfovj.store/wp-includes/interactivity-api HTTP/1.1" 200 2849 "-" "Mozilla/5.0 (compatible; MJ12bot/v2.0.0; http://mj12bot.com/)"
195.191.219.130 - - [27/Apr/2025:18:13:07 -0400] "GET /about.php?action=edit&file=class-wp-interactivity-api-directives-processor.php&path=//home/juralptl/btspv.store/wp-includes/interactivity-api HTTP/1.1" 200 2849 "-" "Mozilla/5.0 (compatible; MJ12bot/v2.0.0; http://mj12bot.com/)"
195.191.219.130 - - [27/Apr/2025:18:13:08 -0400] "GET /about.php?action=edit&file=class-wp-interactivity-api.php&path=//home/juralptl/btfovj.store/wp-includes/interactivity-api HTTP/1.1" 200 11568 "-" "Mozilla/5.0 (compatible; MJ12bot/v2.0.0; http://mj12bot.com/)"
195.191.219.130 - - [27/Apr/2025:18:13:09 -0400] "GET /about.php?action=edit&file=class-wp-interactivity-api.php&path=//home/juralptl/btspv.store/wp-includes/interactivity-api HTTP/1.1" 200 11568 "-" "Mozilla/5.0 (compatible; MJ12bot/v2.0.0; http://mj12bot.com/)"
195.191.219.130 - - [27/Apr/2025:18:13:10 -0400] "GET /about.php?action=edit&file=class-wp-list-util.php&path=//home/juralptl/public_html/wp-includes HTTP/1.1" 200 2748 "-" "Mozilla/5.0 (compatible; MJ12bot/v2.0.0; http://mj12bot.com/)"
195.191.219.130 - - [27/Apr/2025:18:13:11 -0400] "GET /about.php?action=edit&file=class-wp-list-util.php&path=//home/juralptl/pvjbtf.site/wp-includes HTTP/1.1" 200 2748 "-" "Mozilla/5.0 (compatible; MJ12bot/v2.0.0; http://mj12bot.com/)"
20.171.207.115 - - [27/Apr/2025:18:13:12 -0400] "GET /wp-admin/comment.php?action=spam&c=1203 HTTP/1.1" 404 1251 "-" "Mozilla/5.0 AppleWebKit/537.36 (KHTML, like Gecko; compatible; GPTBot/1.2; +https://openai.com/gptbot)"
195.191.219.130 - - [27/Apr/2025:18:13:12 -0400] "GET /about.php?action=edit&file=class-wp-list-util.php&path=//home/juralptl/pvjgacor.com/wp-includes HTTP/1.1" 200 2748 "-" "Mozilla/5.0 (compatible; MJ12bot/v2.0.0; http://mj12bot.com/)"
195.191.219.130 - - [27/Apr/2025:18:13:13 -0400] "GET /about.php?action=edit&file=class-wp-list-util.php&path=//home/juralptl/tahu-pong.store/wp-includes HTTP/1.1" 200 2748 "-" "Mozilla/5.0 (compatible; MJ12bot/v2.0.0; http://mj12bot.com/)"
195.191.219.130 - - [27/Apr/2025:18:13:14 -0400] "GET /about.php?action=edit&file=class-wp-list-util.php&path=//home/juralptl/telekomaret.site/wp-includes HTTP/1.1" 200 2748 "-" "Mozilla/5.0 (compatible; MJ12bot/v2.0.0; http://mj12bot.com/)"
66.249.75.101 - - [27/Apr/2025:18:13:14 -0400] "GET /about.php?action=edit&file=.htaccess&path=%2Fhome%2Fjuralptl%2Fselandiapools.com HTTP/1.1" 403 1242 "-" "Mozilla/5.0 (Linux; Android 6.0.1; Nexus 5X Build/MMB29P) AppleWebKit/537.36 (KHTML, like Gecko) Chrome/135.0.7049.95 Mobile Safari/537.36 (compatible; GoogleOther)"
195.191.219.130 - - [27/Apr/2025:18:13:15 -0400] "GET /about.php?action=edit&file=class-wp-list-util.php&path=//home/juralptl/www/wp-includes HTTP/1.1" 200 2748 "-" "Mozilla/5.0 (compatible; MJ12bot/v2.0.0; http://mj12bot.com/)"
195.191.219.130 - - [27/Apr/2025:18:13:16 -0400] "GET /about.php?action=edit&file=class-wp-locale-switcher.php&path=//home/juralptl/public_html/wp-includes HTTP/1.1" 200 2352 "-" "Mozilla/5.0 (compatible; MJ12bot/v2.0.0; http://mj12bot.com/)"
195.191.219.130 - - [27/Apr/2025:18:13:17 -0400] "GET /about.php?action=edit&file=class-wp-locale-switcher.php&path=//home/juralptl/pvjbtf.site/wp-includes HTTP/1.1" 200 2352 "-" "Mozilla/5.0 (compatible; MJ12bot/v2.0.0; http://mj12bot.com/)"
195.191.219.130 - - [27/Apr/2025:18:13:18 -0400] "GET /about.php?action=edit&file=class-wp-locale-switcher.php&path=//home/juralptl/pvjgacor.com/wp-includes HTTP/1.1" 200 2407 "-" "Mozilla/5.0 (compatible; MJ12bot/v2.0.0; http://mj12bot.com/)"
195.191.219.130 - - [27/Apr/2025:18:13:19 -0400] "GET /about.php?action=edit&file=class-wp-locale-switcher.php&path=//home/juralptl/tahu-pong.store/wp-includes HTTP/1.1" 200 2407 "-" "Mozilla/5.0 (compatible; MJ12bot/v2.0.0; http://mj12bot.com/)"
195.191.219.130 - - [27/Apr/2025:18:13:20 -0400] "GET /about.php?action=edit&file=class-wp-locale-switcher.php&path=//home/juralptl/telekomaret.site/wp-includes HTTP/1.1" 200 2407 "-" "Mozilla/5.0 (compatible; MJ12bot/v2.0.0; http://mj12bot.com/)"
195.191.219.130 - - [27/Apr/2025:18:13:22 -0400] "GET /about.php?action=edit&file=class-wp-locale-switcher.php&path=//home/juralptl/www/wp-includes HTTP/1.1" 200 2352 "-" "Mozilla/5.0 (compatible; MJ12bot/v2.0.0; http://mj12bot.com/)"
195.191.219.130 - - [27/Apr/2025:18:13:22 -0400] "GET /about.php?action=edit&file=class-wp-locale.php&path=//home/juralptl/public_html/wp-includes HTTP/1.1" 200 3837 "-" "Mozilla/5.0 (compatible; MJ12bot/v2.0.0; http://mj12bot.com/)"
195.191.219.130 - - [27/Apr/2025:18:13:23 -0400] "GET /about.php?action=edit&file=class-wp-locale.php&path=//home/juralptl/pvjgacor.com/wp-includes HTTP/1.1" 200 3951 "-" "Mozilla/5.0 (compatible; MJ12bot/v2.0.0; http://mj12bot.com/)"
195.191.219.130 - - [27/Apr/2025:18:13:24 -0400] "GET /about.php?action=edit&file=class-wp-locale.php&path=//home/juralptl/tahu-pong.store/wp-includes HTTP/1.1" 200 3951 "-" "Mozilla/5.0 (compatible; MJ12bot/v2.0.0; http://mj12bot.com/)"
20.171.207.115 - - [27/Apr/2025:18:14:16 -0400] "GET /wp-admin/comment.php?action=approve&c=1187 HTTP/1.1" 404 1251 "-" "Mozilla/5.0 AppleWebKit/537.36 (KHTML, like Gecko; compatible; GPTBot/1.2; +https://openai.com/gptbot)"
66.249.75.101 - - [27/Apr/2025:18:14:51 -0400] "GET /about.php?path=%2F%2Fopt%2Falt%2Fphp71%2Fetc%2Fmariadb105 HTTP/1.1" 403 1242 "-" "Mozilla/5.0 (Linux; Android 6.0.1; Nexus 5X Build/MMB29P) AppleWebKit/537.36 (KHTML, like Gecko) Chrome/135.0.7049.95 Mobile Safari/537.36 (compatible; Googlebot/2.1; +http://www.google.com/bot.html)"
66.249.75.103 - - [27/Apr/2025:18:15:18 -0400] "GET /about.php?action=edit&file=menu.php&path=%2Fhome%2Fjuralptl%2Fselandiapools.com HTTP/1.1" 200 716 "-" "Mozilla/5.0 (Linux; Android 6.0.1; Nexus 5X Build/MMB29P) AppleWebKit/537.36 (KHTML, like Gecko) Chrome/135.0.7049.95 Mobile Safari/537.36 (compatible; GoogleOther)"
20.171.207.115 - - [27/Apr/2025:18:15:20 -0400] "GET /wp-admin/comment.php?action=approve&c=1108 HTTP/1.1" 404 1251 "-" "Mozilla/5.0 AppleWebKit/537.36 (KHTML, like Gecko; compatible; GPTBot/1.2; +https://openai.com/gptbot)"
66.249.75.102 - - [27/Apr/2025:18:15:51 -0400] "GET /about.php?action=edit&file=index.php&path=%2Fhome%2Fjuralptl%2Fwww HTTP/1.1" 200 32433 "-" "Mozilla/5.0 (Linux; Android 6.0.1; Nexus 5X Build/MMB29P) AppleWebKit/537.36 (KHTML, like Gecko) Chrome/135.0.7049.95 Mobile Safari/537.36 (compatible; Googlebot/2.1; +http://www.google.com/bot.html)"
20.171.207.115 - - [27/Apr/2025:18:16:22 -0400] "GET /wp-admin/comment.php?action=approve&c=1446 HTTP/1.1" 404 1251 "-" "Mozilla/5.0 AppleWebKit/537.36 (KHTML, like Gecko; compatible; GPTBot/1.2; +https://openai.com/gptbot)"
66.249.75.103 - - [27/Apr/2025:18:16:51 -0400] "GET /about.php?action=edit&file=python3.7m&path=%2F%2Fopt%2Falt%2Fpython37%2Fbin HTTP/1.1" 200 552 "-" "Mozilla/5.0 (Linux; Android 6.0.1; Nexus 5X Build/MMB29P) AppleWebKit/537.36 (KHTML, like Gecko) Chrome/135.0.7049.95 Mobile Safari/537.36 (compatible; Googlebot/2.1; +http://www.google.com/bot.html)"
66.249.75.102 - - [27/Apr/2025:18:17:03 -0400] "GET /about.php?action=edit&file=UpdateResultStatus.php&path=%2Fhome%2Fjuralptl%2Fselandiapools.com%2Fm HTTP/1.1" 200 982 "-" "Mozilla/5.0 (Linux; Android 6.0.1; Nexus 5X Build/MMB29P) AppleWebKit/537.36 (KHTML, like Gecko) Chrome/135.0.7049.95 Mobile Safari/537.36 (compatible; GoogleOther)"
66.249.66.41 - - [27/Apr/2025:18:17:21 -0400] "GET /about.php?action=edit&file=indexcontentafter.php&path=%2Fhome%2Fjuralptl%2Fselandiapools.com%2Fm HTTP/1.1" 200 684 "-" "Mozilla/5.0 (Linux; Android 6.0.1; Nexus 5X Build/MMB29P) AppleWebKit/537.36 (KHTML, like Gecko) Chrome/135.0.7049.95 Mobile Safari/537.36 (compatible; GoogleOther)"
20.171.207.115 - - [27/Apr/2025:18:17:27 -0400] "GET /wp-admin/comment.php?action=approve&c=1363 HTTP/1.1" 404 1251 "-" "Mozilla/5.0 AppleWebKit/537.36 (KHTML, like Gecko; compatible; GPTBot/1.2; +https://openai.com/gptbot)"
20.171.207.115 - - [27/Apr/2025:18:18:31 -0400] "GET /wp-admin/comment.php?action=approve&c=1153 HTTP/1.1" 404 1251 "-" "Mozilla/5.0 AppleWebKit/537.36 (KHTML, like Gecko; compatible; GPTBot/1.2; +https://openai.com/gptbot)"
66.249.75.102 - - [27/Apr/2025:18:18:52 -0400] "GET /about.php?action=edit&file=python3.7m-x86_64-config&path=%2F%2Fopt%2Falt%2Fpython37%2Fbin HTTP/1.1" 200 1922 "-" "Mozilla/5.0 (Linux; Android 6.0.1; Nexus 5X Build/MMB29P) AppleWebKit/537.36 (KHTML, like Gecko) Chrome/135.0.7049.95 Mobile Safari/537.36 (compatible; Googlebot/2.1; +http://www.google.com/bot.html)"
66.249.75.102 - - [27/Apr/2025:18:19:03 -0400] "GET /about.php?action=edit&file=menu.php&path=%2Fhome%2Fjuralptl%2Fselandiapools.com%2Fm HTTP/1.1" 200 731 "-" "Mozilla/5.0 (Linux; Android 6.0.1; Nexus 5X Build/MMB29P) AppleWebKit/537.36 (KHTML, like Gecko) Chrome/135.0.7049.95 Mobile Safari/537.36 (compatible; GoogleOther)"
20.171.207.115 - - [27/Apr/2025:18:19:37 -0400] "GET /wp-admin/comment.php?action=approve&c=1401 HTTP/1.1" 404 1251 "-" "Mozilla/5.0 AppleWebKit/537.36 (KHTML, like Gecko; compatible; GPTBot/1.2; +https://openai.com/gptbot)"
20.171.207.115 - - [27/Apr/2025:18:20:37 -0400] "GET /wp-admin/comment.php?action=approve&c=1202 HTTP/1.1" 404 1251 "-" "Mozilla/5.0 AppleWebKit/537.36 (KHTML, like Gecko; compatible; GPTBot/1.2; +https://openai.com/gptbot)"
66.249.75.101 - - [27/Apr/2025:18:20:52 -0400] "GET /about.php?action=edit&file=pip-3&path=%2F%2Fopt%2Falt%2Fpython37%2Fbin HTTP/1.1" 200 836 "-" "Mozilla/5.0 (Linux; Android 6.0.1; Nexus 5X Build/MMB29P) AppleWebKit/537.36 (KHTML, like Gecko) Chrome/135.0.7049.95 Mobile Safari/537.36 (compatible; Googlebot/2.1; +http://www.google.com/bot.html)"
20.171.207.115 - - [27/Apr/2025:18:21:42 -0400] "GET /wp-admin/comment.php?action=approve&c=1172 HTTP/1.1" 404 1251 "-" "Mozilla/5.0 AppleWebKit/537.36 (KHTML, like Gecko; compatible; GPTBot/1.2; +https://openai.com/gptbot)"
66.249.75.103 - - [27/Apr/2025:18:21:52 -0400] "GET /about.php?path=//var/run HTTP/1.1" 200 884 "-" "Mozilla/5.0 (Linux; Android 6.0.1; Nexus 5X Build/MMB29P) AppleWebKit/537.36 (KHTML, like Gecko) Chrome/135.0.7049.95 Mobile Safari/537.36 (compatible; Googlebot/2.1; +http://www.google.com/bot.html)"
20.171.207.115 - - [27/Apr/2025:18:22:48 -0400] "GET /wp-admin/comment.php?action=approve&c=1090 HTTP/1.1" 404 1251 "-" "Mozilla/5.0 AppleWebKit/537.36 (KHTML, like Gecko; compatible; GPTBot/1.2; +https://openai.com/gptbot)"
66.249.75.102 - - [27/Apr/2025:18:22:48 -0400] "GET /about.php?path=%2Fhome%2Fjuralptl%2Fselandiapools.com%2Fm%2Fcss HTTP/1.1" 200 853 "-" "Mozilla/5.0 (Linux; Android 6.0.1; Nexus 5X Build/MMB29P) AppleWebKit/537.36 (KHTML, like Gecko) Chrome/135.0.7049.95 Mobile Safari/537.36 (compatible; GoogleOther)"
66.249.75.101 - - [27/Apr/2025:18:22:53 -0400] "GET /about.php?action=edit&file=futurize&path=%2F%2Fopt%2Falt%2Fpython37%2Fbin HTTP/1.1" 200 999 "-" "Mozilla/5.0 (Linux; Android 6.0.1; Nexus 5X Build/MMB29P) AppleWebKit/537.36 (KHTML, like Gecko) Chrome/135.0.7049.95 Mobile Safari/537.36 (compatible; Googlebot/2.1; +http://www.google.com/bot.html)"
20.171.207.115 - - [27/Apr/2025:18:23:50 -0400] "GET /wp-admin/comment.php?action=approve&c=1434 HTTP/1.1" 404 1251 "-" "Mozilla/5.0 AppleWebKit/537.36 (KHTML, like Gecko; compatible; GPTBot/1.2; +https://openai.com/gptbot)"
66.249.75.101 - - [27/Apr/2025:18:23:53 -0400] "GET /about.php?action=edit&file=.obj&path=%2F%2Fdev%2Fshm HTTP/1.1" 200 599 "-" "Mozilla/5.0 (Linux; Android 6.0.1; Nexus 5X Build/MMB29P) AppleWebKit/537.36 (KHTML, like Gecko) Chrome/135.0.7049.95 Mobile Safari/537.36 (compatible; Googlebot/2.1; +http://www.google.com/bot.html)"
20.171.207.115 - - [27/Apr/2025:18:24:53 -0400] "GET /wp-admin/comment.php?action=approve&c=1461 HTTP/1.1" 404 1251 "-" "Mozilla/5.0 AppleWebKit/537.36 (KHTML, like Gecko; compatible; GPTBot/1.2; +https://openai.com/gptbot)"
66.249.75.101 - - [27/Apr/2025:18:24:53 -0400] "GET /about.php?action=edit&file=jsonschema&path=%2F%2Fopt%2Falt%2Fpython37%2Fbin HTTP/1.1" 200 996 "-" "Mozilla/5.0 (Linux; Android 6.0.1; Nexus 5X Build/MMB29P) AppleWebKit/537.36 (KHTML, like Gecko) Chrome/135.0.7049.95 Mobile Safari/537.36 (compatible; Googlebot/2.1; +http://www.google.com/bot.html)"
20.171.207.115 - - [27/Apr/2025:18:25:54 -0400] "GET /wp-admin/comment.php?action=approve&c=1108 HTTP/1.1" 404 1251 "-" "Mozilla/5.0 AppleWebKit/537.36 (KHTML, like Gecko; compatible; GPTBot/1.2; +https://openai.com/gptbot)"
66.249.75.102 - - [27/Apr/2025:18:26:33 -0400] "GET /about.php?path=%2Fhome%2Fjuralptl%2Fselandiapools.com%2Fcss HTTP/1.1" 200 840 "-" "Mozilla/5.0 (Linux; Android 6.0.1; Nexus 5X Build/MMB29P) AppleWebKit/537.36 (KHTML, like Gecko) Chrome/135.0.7049.95 Mobile Safari/537.36 (compatible; GoogleOther)"
66.249.75.101 - - [27/Apr/2025:18:26:54 -0400] "GET /about.php?action=edit&file=close.less&path=%2F%2Fhome%2Fjuralptl%2Fhkpoolsidn.com%2Fdist%2Fcss%2Fless HTTP/1.1" 200 884 "-" "Mozilla/5.0 (Linux; Android 6.0.1; Nexus 5X Build/MMB29P) AppleWebKit/537.36 (KHTML, like Gecko) Chrome/135.0.7049.95 Mobile Safari/537.36 (compatible; Googlebot/2.1; +http://www.google.com/bot.html)"
20.171.207.115 - - [27/Apr/2025:18:26:58 -0400] "GET /wp-admin/comment.php?action=approve&c=1159 HTTP/1.1" 404 1251 "-" "Mozilla/5.0 AppleWebKit/537.36 (KHTML, like Gecko; compatible; GPTBot/1.2; +https://openai.com/gptbot)"
66.249.75.102 - - [27/Apr/2025:18:27:57 -0400] "GET /about.php?action=edit&file=indexcontentmiddle.php&path=%2Fhome%2Fjuralptl%2Fselandiapools.com%2Fm HTTP/1.1" 200 1145 "-" "Mozilla/5.0 (Linux; Android 6.0.1; Nexus 5X Build/MMB29P) AppleWebKit/537.36 (KHTML, like Gecko) Chrome/135.0.7049.95 Mobile Safari/537.36 (compatible; GoogleOther)"
20.171.207.115 - - [27/Apr/2025:18:28:03 -0400] "GET /wp-admin/comment.php?action=approve&c=1143 HTTP/1.1" 404 1251 "-" "Mozilla/5.0 AppleWebKit/537.36 (KHTML, like Gecko; compatible; GPTBot/1.2; +https://openai.com/gptbot)"
66.249.75.101 - - [27/Apr/2025:18:28:54 -0400] "GET /about.php?action=edit&file=pagination.less&path=%2F%2Fhome%2Fjuralptl%2Fhkpoolsidn.com%2Fdist%2Fcss%2Fless HTTP/1.1" 200 1074 "-" "Mozilla/5.0 (Linux; Android 6.0.1; Nexus 5X Build/MMB29P) AppleWebKit/537.36 (KHTML, like Gecko) Chrome/135.0.7049.95 Mobile Safari/537.36 (compatible; Googlebot/2.1; +http://www.google.com/bot.html)"
66.249.75.102 - - [27/Apr/2025:18:28:57 -0400] "GET /about.php?action=edit&file=livedraw.php&path=%2Fhome%2Fjuralptl%2Fselandiapools.com%2Fm HTTP/1.1" 200 713 "-" "Mozilla/5.0 (Linux; Android 6.0.1; Nexus 5X Build/MMB29P) AppleWebKit/537.36 (KHTML, like Gecko) Chrome/135.0.7049.95 Mobile Safari/537.36 (compatible; GoogleOther)"
20.171.207.115 - - [27/Apr/2025:18:29:05 -0400] "GET /wp-admin/comment.php?action=approve&c=1200 HTTP/1.1" 404 1251 "-" "Mozilla/5.0 AppleWebKit/537.36 (KHTML, like Gecko; compatible; GPTBot/1.2; +https://openai.com/gptbot)"
20.171.207.115 - - [27/Apr/2025:18:30:09 -0400] "GET /wp-admin/comment.php?action=approve&c=1041 HTTP/1.1" 404 1251 "-" "Mozilla/5.0 AppleWebKit/537.36 (KHTML, like Gecko; compatible; GPTBot/1.2; +https://openai.com/gptbot)"
66.249.75.100 - - [27/Apr/2025:18:30:54 -0400] "GET /about.php?path=//home/juralptl/hkpoolsidn.com/dist/css HTTP/1.1" 200 852 "-" "Mozilla/5.0 (Linux; Android 6.0.1; Nexus 5X Build/MMB29P) AppleWebKit/537.36 (KHTML, like Gecko) Chrome/135.0.7049.95 Mobile Safari/537.36 (compatible; Googlebot/2.1; +http://www.google.com/bot.html)"
20.171.207.115 - - [27/Apr/2025:18:31:13 -0400] "GET /wp-admin/comment.php?action=approve&c=1401 HTTP/1.1" 404 1251 "-" "Mozilla/5.0 AppleWebKit/537.36 (KHTML, like Gecko; compatible; GPTBot/1.2; +https://openai.com/gptbot)"
20.171.207.115 - - [27/Apr/2025:18:32:15 -0400] "GET /wp-admin/comment.php?action=approve&c=1080 HTTP/1.1" 404 1251 "-" "Mozilla/5.0 AppleWebKit/537.36 (KHTML, like Gecko; compatible; GPTBot/1.2; +https://openai.com/gptbot)"
66.249.75.100 - - [27/Apr/2025:18:32:55 -0400] "GET /about.php?action=edit&file=resultcontent.php&path=%2Fhome%2Fjuralptl%2Fselandiapools.com HTTP/1.1" 200 2209 "-" "Mozilla/5.0 (Linux; Android 6.0.1; Nexus 5X Build/MMB29P) AppleWebKit/537.36 (KHTML, like Gecko) Chrome/135.0.7049.95 Mobile Safari/537.36 (compatible; Googlebot/2.1; +http://www.google.com/bot.html)"
66.249.75.100 - - [27/Apr/2025:18:32:55 -0400] "GET /about.php?action=edit&file=libQt5QuickTest.so.5&path=%2F%2Flib64 HTTP/1.1" 200 560 "-" "Mozilla/5.0 (Linux; Android 6.0.1; Nexus 5X Build/MMB29P) AppleWebKit/537.36 (KHTML, like Gecko) Chrome/135.0.7049.95 Mobile Safari/537.36 (compatible; Googlebot/2.1; +http://www.google.com/bot.html)"
20.171.207.115 - - [27/Apr/2025:18:33:17 -0400] "GET /wp-admin/comment.php?action=approve&c=1135 HTTP/1.1" 404 1251 "-" "Mozilla/5.0 AppleWebKit/537.36 (KHTML, like Gecko; compatible; GPTBot/1.2; +https://openai.com/gptbot)"
20.171.207.115 - - [27/Apr/2025:18:34:18 -0400] "GET /wp-admin/comment.php?action=approve&c=1056 HTTP/1.1" 404 1251 "-" "Mozilla/5.0 AppleWebKit/537.36 (KHTML, like Gecko; compatible; GPTBot/1.2; +https://openai.com/gptbot)"
66.249.75.100 - - [27/Apr/2025:18:34:46 -0400] "GET /about.php?action=edit&file=aboutus.php&path=%2Fhome%2Fjuralptl%2Fselandiapools.com HTTP/1.1" 200 733 "-" "Mozilla/5.0 (Linux; Android 6.0.1; Nexus 5X Build/MMB29P) AppleWebKit/537.36 (KHTML, like Gecko) Chrome/135.0.7049.95 Mobile Safari/537.36 (compatible; GoogleOther)"
66.249.75.100 - - [27/Apr/2025:18:34:55 -0400] "GET /about.php?action=edit&file=menu.php&path=%2Fhome%2Fjuralptl%2Fselandiapools.com%2Fm HTTP/1.1" 200 731 "-" "Mozilla/5.0 (Linux; Android 6.0.1; Nexus 5X Build/MMB29P) AppleWebKit/537.36 (KHTML, like Gecko) Chrome/135.0.7049.95 Mobile Safari/537.36 (compatible; Googlebot/2.1; +http://www.google.com/bot.html)"
20.171.207.115 - - [27/Apr/2025:18:35:21 -0400] "GET /wp-admin/comment.php?action=approve&c=1460 HTTP/1.1" 404 1251 "-" "Mozilla/5.0 AppleWebKit/537.36 (KHTML, like Gecko; compatible; GPTBot/1.2; +https://openai.com/gptbot)"
20.171.207.115 - - [27/Apr/2025:18:36:23 -0400] "GET /wp-admin/comment.php?action=approve&c=1203 HTTP/1.1" 404 1251 "-" "Mozilla/5.0 AppleWebKit/537.36 (KHTML, like Gecko; compatible; GPTBot/1.2; +https://openai.com/gptbot)"
66.249.75.100 - - [27/Apr/2025:18:36:56 -0400] "GET /about.php?action=edit&file=selandiafix.zip&path=%2Fhome%2Fjuralptl%2Fselandiapools.com HTTP/1.1" 200 555 "-" "Mozilla/5.0 (Linux; Android 6.0.1; Nexus 5X Build/MMB29P) AppleWebKit/537.36 (KHTML, like Gecko) Chrome/135.0.7049.95 Mobile Safari/537.36 (compatible; Googlebot/2.1; +http://www.google.com/bot.html)"
20.171.207.115 - - [27/Apr/2025:18:37:23 -0400] "GET /wp-admin/comment.php?action=approve&c=1308 HTTP/1.1" 404 1251 "-" "Mozilla/5.0 AppleWebKit/537.36 (KHTML, like Gecko; compatible; GPTBot/1.2; +https://openai.com/gptbot)"
51.222.253.9 - - [27/Apr/2025:18:37:35 -0400] "GET /about.php?action=edit&file=worldtime.php&path=%2Fhome%2Fjuralptl%2Fvalenciapools.world HTTP/1.1" 200 762 "-" "Mozilla/5.0 (compatible; AhrefsBot/7.0; +http://ahrefs.com/robot/)"
66.249.75.101 - - [27/Apr/2025:18:37:57 -0400] "GET /about.php?path=%2Fhome%2Fjuralptl%2Fselandiapools.com%2Fm%2Fnbproject HTTP/1.1" 200 853 "-" "Mozilla/5.0 (Linux; Android 6.0.1; Nexus 5X Build/MMB29P) AppleWebKit/537.36 (KHTML, like Gecko) Chrome/135.0.7049.95 Mobile Safari/537.36 (compatible; Googlebot/2.1; +http://www.google.com/bot.html)"
20.171.207.115 - - [27/Apr/2025:18:38:27 -0400] "GET /wp-admin/comment.php?action=approve&c=1329 HTTP/1.1" 404 1251 "-" "Mozilla/5.0 AppleWebKit/537.36 (KHTML, like Gecko; compatible; GPTBot/1.2; +https://openai.com/gptbot)"
66.249.75.102 - - [27/Apr/2025:18:38:52 -0400] "GET /about.php?action=edit&file=livedraw.php&path=%2Fhome%2Fjuralptl%2Fselandiapools.com HTTP/1.1" 200 726 "-" "Mozilla/5.0 (Linux; Android 6.0.1; Nexus 5X Build/MMB29P) AppleWebKit/537.36 (KHTML, like Gecko) Chrome/135.0.7049.95 Mobile Safari/537.36 (compatible; GoogleOther)"
20.171.207.115 - - [27/Apr/2025:18:39:27 -0400] "GET /wp-admin/comment.php?action=approve&c=1052 HTTP/1.1" 404 1251 "-" "Mozilla/5.0 AppleWebKit/537.36 (KHTML, like Gecko; compatible; GPTBot/1.2; +https://openai.com/gptbot)"
66.249.75.100 - - [27/Apr/2025:18:39:48 -0400] "GET /about.php?action=edit&file=publish_2025-03-04T15%3A26%3A39.log&path=%2F%2Fhome%2Fjuralptl%2Flogs HTTP/1.1" 200 4750 "-" "Mozilla/5.0 (Linux; Android 6.0.1; Nexus 5X Build/MMB29P) AppleWebKit/537.36 (KHTML, like Gecko) Chrome/135.0.7049.95 Mobile Safari/537.36 (compatible; Googlebot/2.1; +http://www.google.com/bot.html)"
66.249.75.100 - - [27/Apr/2025:18:39:48 -0400] "GET /about.php?action=edit&file=libtermcap.so&path=%2F%2Flib64 HTTP/1.1" 200 567 "-" "Mozilla/5.0 (Linux; Android 6.0.1; Nexus 5X Build/MMB29P) AppleWebKit/537.36 (KHTML, like Gecko) Chrome/135.0.7049.95 Mobile Safari/537.36 (compatible; Googlebot/2.1; +http://www.google.com/bot.html)"
66.249.75.100 - - [27/Apr/2025:18:39:48 -0400] "GET /about.php?action=edit&file=store-procedure.php&path=%2Fhome%2Fjuralptl%2Fwww HTTP/1.1" 200 3933 "-" "Mozilla/5.0 (Linux; Android 6.0.1; Nexus 5X Build/MMB29P) AppleWebKit/537.36 (KHTML, like Gecko) Chrome/135.0.7049.95 Mobile Safari/537.36 (compatible; Googlebot/2.1; +http://www.google.com/bot.html)"
66.249.75.100 - - [27/Apr/2025:18:39:48 -0400] "GET /about.php?action=edit&file=index.html&path=%2F%2Fhome%2Fjuralptl%2Fpvjboss.site HTTP/1.1" 200 9488 "-" "Mozilla/5.0 (Linux; Android 6.0.1; Nexus 5X Build/MMB29P) AppleWebKit/537.36 (KHTML, like Gecko) Chrome/135.0.7049.95 Mobile Safari/537.36 (compatible; Googlebot/2.1; +http://www.google.com/bot.html)"
66.249.75.102 - - [27/Apr/2025:18:39:48 -0400] "GET /about.php?action=edit&file=pvj.info.juragankeripik.online-Apr-2025.gz&path=%2Fhome%2Fjuralptl%2Flogs HTTP/1.1" 200 577 "-" "Mozilla/5.0 (Linux; Android 6.0.1; Nexus 5X Build/MMB29P) AppleWebKit/537.36 (KHTML, like Gecko) Chrome/135.0.7049.95 Mobile Safari/537.36 (compatible; Googlebot/2.1; +http://www.google.com/bot.html)"
20.171.207.115 - - [27/Apr/2025:18:40:28 -0400] "GET /wp-admin/comment.php?action=approve&c=1294 HTTP/1.1" 404 1251 "-" "Mozilla/5.0 AppleWebKit/537.36 (KHTML, like Gecko; compatible; GPTBot/1.2; +https://openai.com/gptbot)"
66.249.75.101 - - [27/Apr/2025:18:40:34 -0400] "GET /about.php?action=edit&file=result.php&path=%2Fhome%2Fjuralptl%2Fselandiapools.com HTTP/1.1" 200 725 "-" "Mozilla/5.0 (Linux; Android 6.0.1; Nexus 5X Build/MMB29P) AppleWebKit/537.36 (KHTML, like Gecko) Chrome/135.0.7049.95 Mobile Safari/537.36 (compatible; GoogleOther)"
66.249.75.100 - - [27/Apr/2025:18:40:49 -0400] "GET /about.php?path=/home/juralptl/selandiapools.com/m/nbproject HTTP/1.1" 200 853 "-" "Mozilla/5.0 (Linux; Android 6.0.1; Nexus 5X Build/MMB29P) AppleWebKit/537.36 (KHTML, like Gecko) Chrome/135.0.7049.95 Mobile Safari/537.36 (compatible; Googlebot/2.1; +http://www.google.com/bot.html)"
20.171.207.115 - - [27/Apr/2025:18:41:31 -0400] "GET /wp-admin/comment.php?action=approve&c=1453 HTTP/1.1" 404 1251 "-" "Mozilla/5.0 AppleWebKit/537.36 (KHTML, like Gecko; compatible; GPTBot/1.2; +https://openai.com/gptbot)"
66.249.75.101 - - [27/Apr/2025:18:41:33 -0400] "GET /about.php?action=edit&file=project.xml&path=%2Fhome%2Fjuralptl%2Fselandiapools.com%2Fm%2Fnbproject HTTP/1.1" 200 720 "-" "Mozilla/5.0 (Linux; Android 6.0.1; Nexus 5X Build/MMB29P) AppleWebKit/537.36 (KHTML, like Gecko) Chrome/135.0.7049.95 Mobile Safari/537.36 (compatible; GoogleOther)"
66.249.75.100 - - [27/Apr/2025:18:41:49 -0400] "GET /about.php?path=%2F%2Fopt%2Falt%2Fkrb5%2Fusr HTTP/1.1" 200 791 "-" "Mozilla/5.0 (Linux; Android 6.0.1; Nexus 5X Build/MMB29P) AppleWebKit/537.36 (KHTML, like Gecko) Chrome/135.0.7049.95 Mobile Safari/537.36 (compatible; Googlebot/2.1; +http://www.google.com/bot.html)"
20.171.207.115 - - [27/Apr/2025:18:42:33 -0400] "GET /wp-admin/comment.php?action=approve&c=1348 HTTP/1.1" 404 1251 "-" "Mozilla/5.0 AppleWebKit/537.36 (KHTML, like Gecko; compatible; GPTBot/1.2; +https://openai.com/gptbot)"
20.171.207.115 - - [27/Apr/2025:18:43:36 -0400] "GET /wp-admin/comment.php?action=approve&c=1435 HTTP/1.1" 404 1251 "-" "Mozilla/5.0 AppleWebKit/537.36 (KHTML, like Gecko; compatible; GPTBot/1.2; +https://openai.com/gptbot)"
66.249.75.100 - - [27/Apr/2025:18:43:49 -0400] "GET /about.php?action=edit&file=livedraw.php&path=%2Fhome%2Fjuralptl%2Fselandiapools.com HTTP/1.1" 200 726 "-" "Mozilla/5.0 (Linux; Android 6.0.1; Nexus 5X Build/MMB29P) AppleWebKit/537.36 (KHTML, like Gecko) Chrome/135.0.7049.95 Mobile Safari/537.36 (compatible; Googlebot/2.1; +http://www.google.com/bot.html)"
66.249.75.102 - - [27/Apr/2025:18:44:19 -0400] "GET /about.php?action=edit&file=livedrawcontent.php&path=%2Fhome%2Fjuralptl%2Fselandiapools.com%2Fm HTTP/1.1" 200 633 "-" "Mozilla/5.0 (Linux; Android 6.0.1; Nexus 5X Build/MMB29P) AppleWebKit/537.36 (KHTML, like Gecko) Chrome/135.0.7049.95 Mobile Safari/537.36 (compatible; GoogleOther)"
20.171.207.115 - - [27/Apr/2025:18:44:39 -0400] "GET /wp-admin/comment.php?action=approve&c=1367 HTTP/1.1" 404 1251 "-" "Mozilla/5.0 AppleWebKit/537.36 (KHTML, like Gecko; compatible; GPTBot/1.2; +https://openai.com/gptbot)"
66.249.75.102 - - [27/Apr/2025:18:45:18 -0400] "GET /about.php?action=edit&file=project.properties&path=%2Fhome%2Fjuralptl%2Fselandiapools.com%2Fm%2Fnbproject HTTP/1.1" 200 640 "-" "Mozilla/5.0 (Linux; Android 6.0.1; Nexus 5X Build/MMB29P) AppleWebKit/537.36 (KHTML, like Gecko) Chrome/135.0.7049.95 Mobile Safari/537.36 (compatible; GoogleOther)"
