20.171.207.36 - - [26/Apr/2025:11:02:05 -0400] "GET /about.php?action=edit&file=_imp.cpython-311.pyc&path=%2F%2Fopt%2Fcloudlinux%2Fvenv%2Flib%2Fpython3.11%2Fsite-packages%2Fsetuptools%2F__pycache__ HTTP/1.1" 200 2472 "-" "Mozilla/5.0 AppleWebKit/537.36 (KHTML, like Gecko; compatible; GPTBot/1.2; +https://openai.com/gptbot)"
195.191.219.130 - - [26/Apr/2025:11:02:05 -0400] "GET /about.php?action=edit&file=mimify.py&path=//usr/lib64/python2.7 HTTP/1.1" 200 4352 "-" "Mozilla/5.0 (compatible; MJ12bot/v2.0.0; http://mj12bot.com/)"
20.171.207.85 - - [26/Apr/2025:11:02:06 -0400] "GET /about.php?action=edit&file=cs35l56-b0-dsp1-misc-17aa233b-spkid0.wmfw&path=%2F%2Flib%2Ffirmware%2Fcirrus HTTP/1.1" 200 17155 "-" "Mozilla/5.0 AppleWebKit/537.36 (KHTML, like Gecko; compatible; GPTBot/1.2; +https://openai.com/gptbot)"
195.191.219.130 - - [26/Apr/2025:11:02:06 -0400] "GET /about.php?action=edit&file=mimify.pyc&path=//usr/lib64/python2.7 HTTP/1.1" 200 5757 "-" "Mozilla/5.0 (compatible; MJ12bot/v2.0.0; http://mj12bot.com/)"
20.171.207.36 - - [26/Apr/2025:11:02:06 -0400] "GET /about.php?action=edit&file=_normalization.cpython-311.pyc&path=%2F%2Fopt%2Fcloudlinux%2Fvenv%2Flib%2Fpython3.11%2Fsite-packages%2Fsetuptools%2F__pycache__ HTTP/1.1" 200 3474 "-" "Mozilla/5.0 AppleWebKit/537.36 (KHTML, like Gecko; compatible; GPTBot/1.2; +https://openai.com/gptbot)"
195.191.219.130 - - [26/Apr/2025:11:02:07 -0400] "GET /about.php?action=edit&file=mimify.pyo&path=//usr/lib64/python2.7 HTTP/1.1" 200 5757 "-" "Mozilla/5.0 (compatible; MJ12bot/v2.0.0; http://mj12bot.com/)"
20.171.207.85 - - [26/Apr/2025:11:02:07 -0400] "GET /about.php?action=edit&file=cs35l41-dsp1-spk-prot-103c8e36-spkid0.bin&path=%2F%2Flib%2Ffirmware%2Fcirrus HTTP/1.1" 200 3093 "-" "Mozilla/5.0 AppleWebKit/537.36 (KHTML, like Gecko; compatible; GPTBot/1.2; +https://openai.com/gptbot)"
20.171.207.36 - - [26/Apr/2025:11:02:07 -0400] "GET /about.php?action=edit&file=launch.cpython-311.pyc&path=%2F%2Fopt%2Fcloudlinux%2Fvenv%2Flib%2Fpython3.11%2Fsite-packages%2Fsetuptools%2F__pycache__ HTTP/1.1" 200 1545 "-" "Mozilla/5.0 AppleWebKit/537.36 (KHTML, like Gecko; compatible; GPTBot/1.2; +https://openai.com/gptbot)"
195.191.219.130 - - [26/Apr/2025:11:02:08 -0400] "GET /about.php?action=edit&file=min_free_kbytes&path=//proc/sys/vm HTTP/1.1" 200 562 "-" "Mozilla/5.0 (compatible; MJ12bot/v2.0.0; http://mj12bot.com/)"
20.171.207.85 - - [26/Apr/2025:11:02:08 -0400] "GET /about.php?action=edit&file=cs35l41-dsp1-spk-prot-103c8e12-spkid0.bin&path=%2F%2Flib%2Ffirmware%2Fcirrus HTTP/1.1" 200 3187 "-" "Mozilla/5.0 AppleWebKit/537.36 (KHTML, like Gecko; compatible; GPTBot/1.2; +https://openai.com/gptbot)"
20.171.207.36 - - [26/Apr/2025:11:02:09 -0400] "GET /about.php?action=edit&file=_reqs.cpython-311.pyc&path=%2F%2Fopt%2Fcloudlinux%2Fvenv%2Flib%2Fpython3.11%2Fsite-packages%2Fsetuptools%2F__pycache__ HTTP/1.1" 200 1854 "-" "Mozilla/5.0 AppleWebKit/537.36 (KHTML, like Gecko; compatible; GPTBot/1.2; +https://openai.com/gptbot)"
195.191.219.130 - - [26/Apr/2025:11:02:09 -0400] "GET /about.php?action=edit&file=min_resvport&path=//proc/sys/sunrpc HTTP/1.1" 200 559 "-" "Mozilla/5.0 (compatible; MJ12bot/v2.0.0; http://mj12bot.com/)"
20.171.207.85 - - [26/Apr/2025:11:02:10 -0400] "GET /about.php?action=edit&file=cs35l41-dsp1-spk-prot-103c8e62-spkid1.bin&path=%2F%2Flib%2Ffirmware%2Fcirrus HTTP/1.1" 200 3174 "-" "Mozilla/5.0 AppleWebKit/537.36 (KHTML, like Gecko; compatible; GPTBot/1.2; +https://openai.com/gptbot)"
20.171.207.36 - - [26/Apr/2025:11:02:10 -0400] "GET /about.php?action=edit&file=warnings.cpython-311.pyc&path=%2F%2Fopt%2Fcloudlinux%2Fvenv%2Flib%2Fpython3.11%2Fsite-packages%2Fsetuptools%2F__pycache__ HTTP/1.1" 200 3659 "-" "Mozilla/5.0 AppleWebKit/537.36 (KHTML, like Gecko; compatible; GPTBot/1.2; +https://openai.com/gptbot)"
195.191.219.130 - - [26/Apr/2025:11:02:10 -0400] "GET /about.php?action=edit&file=min_slab_ratio&path=//proc/sys/vm HTTP/1.1" 200 556 "-" "Mozilla/5.0 (compatible; MJ12bot/v2.0.0; http://mj12bot.com/)"
20.171.207.85 - - [26/Apr/2025:11:02:11 -0400] "GET /about.php?action=edit&file=cs35l41-dsp1-spk-prot-103c8e37-spkid0.bin&path=%2F%2Flib%2Ffirmware%2Fcirrus HTTP/1.1" 200 3126 "-" "Mozilla/5.0 AppleWebKit/537.36 (KHTML, like Gecko; compatible; GPTBot/1.2; +https://openai.com/gptbot)"
20.171.207.36 - - [26/Apr/2025:11:02:11 -0400] "GET /about.php?action=edit&file=CURLMOPT_MAX_HOST_CONNECTIONS.3.gz&path=%2F%2Fusr%2Fshare%2Fman%2Fman3 HTTP/1.1" 200 1877 "-" "Mozilla/5.0 AppleWebKit/537.36 (KHTML, like Gecko; compatible; GPTBot/1.2; +https://openai.com/gptbot)"
195.191.219.130 - - [26/Apr/2025:11:02:11 -0400] "GET /about.php?action=edit&file=min_unmapped_ratio&path=//proc/sys/vm HTTP/1.1" 200 563 "-" "Mozilla/5.0 (compatible; MJ12bot/v2.0.0; http://mj12bot.com/)"
20.171.207.85 - - [26/Apr/2025:11:02:12 -0400] "GET /about.php?action=edit&file=cs35l41-dsp1-spk-prot-103c8e60-spkid0.bin&path=%2F%2Flib%2Ffirmware%2Fcirrus HTTP/1.1" 200 3187 "-" "Mozilla/5.0 AppleWebKit/537.36 (KHTML, like Gecko; compatible; GPTBot/1.2; +https://openai.com/gptbot)"
20.171.207.36 - - [26/Apr/2025:11:02:12 -0400] "GET /about.php?action=edit&file=ALTER_TEXT_SEARCH_CONFIGURATION.7.gz&path=%2F%2Fusr%2Fshare%2Fman%2Fman7 HTTP/1.1" 200 2060 "-" "Mozilla/5.0 AppleWebKit/537.36 (KHTML, like Gecko; compatible; GPTBot/1.2; +https://openai.com/gptbot)"
195.191.219.130 - - [26/Apr/2025:11:02:12 -0400] "GET /about.php?action=edit&file=minidlna.xml&path=//lib/firewalld/services HTTP/1.1" 200 767 "-" "Mozilla/5.0 (compatible; MJ12bot/v2.0.0; http://mj12bot.com/)"
20.171.207.85 - - [26/Apr/2025:11:02:13 -0400] "GET /about.php?action=edit&file=cs35l41-dsp1-spk-prot-103c8e62-spkid0.bin&path=%2F%2Flib%2Ffirmware%2Fcirrus HTTP/1.1" 200 3187 "-" "Mozilla/5.0 AppleWebKit/537.36 (KHTML, like Gecko; compatible; GPTBot/1.2; +https://openai.com/gptbot)"
195.191.219.130 - - [26/Apr/2025:11:02:13 -0400] "GET /about.php?action=edit&file=minimal_hanoi.py&path=//lib64/python3.8/turtledemo HTTP/1.1" 200 1492 "-" "Mozilla/5.0 (compatible; MJ12bot/v2.0.0; http://mj12bot.com/)"
20.171.207.36 - - [26/Apr/2025:11:02:13 -0400] "GET /about.php?action=edit&file=CURLMOPT_MAX_TOTAL_CONNECTIONS.3.gz&path=%2F%2Fusr%2Fshare%2Fman%2Fman3 HTTP/1.1" 200 1725 "-" "Mozilla/5.0 AppleWebKit/537.36 (KHTML, like Gecko; compatible; GPTBot/1.2; +https://openai.com/gptbot)"
20.171.207.85 - - [26/Apr/2025:11:02:14 -0400] "GET /about.php?action=edit&file=cs35l41-dsp1-spk-prot-10280cc2-spkid0.bin&path=%2F%2Flib%2Ffirmware%2Fcirrus HTTP/1.1" 200 2756 "-" "Mozilla/5.0 AppleWebKit/537.36 (KHTML, like Gecko; compatible; GPTBot/1.2; +https://openai.com/gptbot)"
20.171.207.36 - - [26/Apr/2025:11:02:14 -0400] "GET /about.php?action=edit&file=DROP_TEXT_SEARCH_CONFIGURATION.7.gz&path=%2F%2Fusr%2Fshare%2Fman%2Fman7 HTTP/1.1" 200 1728 "-" "Mozilla/5.0 AppleWebKit/537.36 (KHTML, like Gecko; compatible; GPTBot/1.2; +https://openai.com/gptbot)"
195.191.219.130 - - [26/Apr/2025:11:02:15 -0400] "GET /about.php?action=edit&file=minix_fs.h&path=//usr/include/linux HTTP/1.1" 200 1398 "-" "Mozilla/5.0 (compatible; MJ12bot/v2.0.0; http://mj12bot.com/)"
195.191.219.130 - - [26/Apr/2025:11:02:15 -0400] "GET /about.php?action=edit&file=misc.py&path=//lib64/python2.7/compiler HTTP/1.1" 200 1206 "-" "Mozilla/5.0 (compatible; MJ12bot/v2.0.0; http://mj12bot.com/)"
20.171.207.36 - - [26/Apr/2025:11:02:15 -0400] "GET /about.php?action=edit&file=CURLINFO_STARTTRANSFER_TIME.3.gz&path=%2F%2Fusr%2Fshare%2Fman%2Fman3 HTTP/1.1" 200 1722 "-" "Mozilla/5.0 AppleWebKit/537.36 (KHTML, like Gecko; compatible; GPTBot/1.2; +https://openai.com/gptbot)"
20.171.207.85 - - [26/Apr/2025:11:02:15 -0400] "GET /about.php?action=edit&file=cs35l41-dsp1-spk-prot-10280cc4-spkid0.bin&path=%2F%2Flib%2Ffirmware%2Fcirrus HTTP/1.1" 200 2756 "-" "Mozilla/5.0 AppleWebKit/537.36 (KHTML, like Gecko; compatible; GPTBot/1.2; +https://openai.com/gptbot)"
195.191.219.130 - - [26/Apr/2025:11:02:16 -0400] "GET /about.php?action=edit&file=missing&path=//usr/share/automake-1.16 HTTP/1.1" 200 3234 "-" "Mozilla/5.0 (compatible; MJ12bot/v2.0.0; http://mj12bot.com/)"
20.171.207.36 - - [26/Apr/2025:11:02:17 -0400] "GET /about.php?action=edit&file=CURLOPT_ABSTRACT_UNIX_SOCKET.3.gz&path=%2F%2Fusr%2Fshare%2Fman%2Fman3 HTTP/1.1" 200 1782 "-" "Mozilla/5.0 AppleWebKit/537.36 (KHTML, like Gecko; compatible; GPTBot/1.2; +https://openai.com/gptbot)"
20.171.207.85 - - [26/Apr/2025:11:02:17 -0400] "GET /about.php?action=edit&file=event.h&path=%2F%2Fusr%2Finclude%2Fevent2 HTTP/1.1" 200 19194 "-" "Mozilla/5.0 AppleWebKit/537.36 (KHTML, like Gecko; compatible; GPTBot/1.2; +https://openai.com/gptbot)"
195.191.219.130 - - [26/Apr/2025:11:02:17 -0400] "GET /about.php?action=edit&file=missing.m4&path=//usr/share/aclocal-1.16 HTTP/1.1" 200 1163 "-" "Mozilla/5.0 (compatible; MJ12bot/v2.0.0; http://mj12bot.com/)"
20.171.207.36 - - [26/Apr/2025:11:02:18 -0400] "GET /about.php?action=edit&file=_collections.py&path=%2F%2Fopt%2Fimunify360%2Fvenv%2Flib64%2Fpython3.11%2Fsite-packages%2Fpip%2F_vendor%2Furllib3 HTTP/1.1" 200 4207 "-" "Mozilla/5.0 AppleWebKit/537.36 (KHTML, like Gecko; compatible; GPTBot/1.2; +https://openai.com/gptbot)"
20.171.207.85 - - [26/Apr/2025:11:02:18 -0400] "GET /about.php?path=%2F%2Flib%2Fsystemd%2Fsystem-sleep HTTP/1.1" 200 699 "-" "Mozilla/5.0 AppleWebKit/537.36 (KHTML, like Gecko; compatible; GPTBot/1.2; +https://openai.com/gptbot)"
195.191.219.130 - - [26/Apr/2025:11:02:18 -0400] "GET /about.php?action=edit&file=mit-krb5-gssapi.pc&path=//usr/lib64/pkgconfig HTTP/1.1" 200 684 "-" "Mozilla/5.0 (compatible; MJ12bot/v2.0.0; http://mj12bot.com/)"
20.171.207.36 - - [26/Apr/2025:11:02:19 -0400] "GET /about.php?path=%2F%2Fopt%2Falt%2Fruby33%2Fshare%2Flicenses%2Falt-ruby33-libs HTTP/1.1" 200 877 "-" "Mozilla/5.0 AppleWebKit/537.36 (KHTML, like Gecko; compatible; GPTBot/1.2; +https://openai.com/gptbot)"
20.171.207.85 - - [26/Apr/2025:11:02:19 -0400] "GET /about.php?path=%2F%2Flib%2Fmodules%2F4.18.0-553.lve.el8.x86_64%2Fkernel%2Fdrivers%2Fnet%2Fethernet%2Fstmicro HTTP/1.1" 200 873 "-" "Mozilla/5.0 AppleWebKit/537.36 (KHTML, like Gecko; compatible; GPTBot/1.2; +https://openai.com/gptbot)"
195.191.219.130 - - [26/Apr/2025:11:02:19 -0400] "GET /about.php?action=edit&file=mit-krb5.pc&path=//usr/lib64/pkgconfig HTTP/1.1" 200 767 "-" "Mozilla/5.0 (compatible; MJ12bot/v2.0.0; http://mj12bot.com/)"
20.171.207.85 - - [26/Apr/2025:11:02:20 -0400] "GET /about.php?path=%2F%2Flib%2Fpython2.7%2Fsite-packages%2Fsetuptools%2Fextern HTTP/1.1" 200 844 "-" "Mozilla/5.0 AppleWebKit/537.36 (KHTML, like Gecko; compatible; GPTBot/1.2; +https://openai.com/gptbot)"
195.191.219.130 - - [26/Apr/2025:11:02:20 -0400] "GET /about.php?action=edit&file=mkdirp.m4&path=//usr/share/aclocal-1.16 HTTP/1.1" 200 1268 "-" "Mozilla/5.0 (compatible; MJ12bot/v2.0.0; http://mj12bot.com/)"
20.171.207.36 - - [26/Apr/2025:11:02:20 -0400] "GET /about.php?path=%2Fhome%2Fjuralptl%2Fpvj.info%2Fasset%2Fimage HTTP/1.1" 200 1245 "-" "Mozilla/5.0 AppleWebKit/537.36 (KHTML, like Gecko; compatible; GPTBot/1.2; +https://openai.com/gptbot)"
195.191.219.130 - - [26/Apr/2025:11:02:21 -0400] "GET /about.php?action=edit&file=mkinstalldirs&path=//usr/share/automake-1.16 HTTP/1.1" 200 2087 "-" "Mozilla/5.0 (compatible; MJ12bot/v2.0.0; http://mj12bot.com/)"
20.171.207.85 - - [26/Apr/2025:11:02:21 -0400] "GET /about.php?path=%2F%2Fusr%2Flocal%2Flib64%2Fperl5%2Fauto%2FFFI HTTP/1.1" 200 801 "-" "Mozilla/5.0 AppleWebKit/537.36 (KHTML, like Gecko; compatible; GPTBot/1.2; +https://openai.com/gptbot)"
20.171.207.36 - - [26/Apr/2025:11:02:21 -0400] "GET /about.php?path=%2F%2Fusr%2Flib%2Fmodules%2F4.18.0-553.lve.el8.x86_64%2Fkernel%2Fdrivers%2Fnet%2Fethernet%2Femulex%2Fbenet HTTP/1.1" 200 921 "-" "Mozilla/5.0 AppleWebKit/537.36 (KHTML, like Gecko; compatible; GPTBot/1.2; +https://openai.com/gptbot)"
195.191.219.130 - - [26/Apr/2025:11:02:22 -0400] "GET /about.php?action=edit&file=mld-listener-done.xml&path=//lib/firewalld/icmptypes HTTP/1.1" 200 777 "-" "Mozilla/5.0 (compatible; MJ12bot/v2.0.0; http://mj12bot.com/)"
20.171.207.85 - - [26/Apr/2025:11:02:22 -0400] "GET /about.php?action=edit&file=cs35l41-dsp1-spk-prot-104330d1-spkid0-r0.bin&path=%2F%2Flib%2Ffirmware%2Fcirrus HTTP/1.1" 200 3199 "-" "Mozilla/5.0 AppleWebKit/537.36 (KHTML, like Gecko; compatible; GPTBot/1.2; +https://openai.com/gptbot)"
20.171.207.36 - - [26/Apr/2025:11:02:22 -0400] "GET /about.php?path=%2F%2Flib%2Fmodules%2F4.18.0-553.lve.el8.x86_64%2Fkernel%2Fdrivers%2Fnet%2Fethernet%2Femulex%2Fbenet HTTP/1.1" 200 901 "-" "Mozilla/5.0 AppleWebKit/537.36 (KHTML, like Gecko; compatible; GPTBot/1.2; +https://openai.com/gptbot)"
195.191.219.130 - - [26/Apr/2025:11:02:23 -0400] "GET /about.php?action=edit&file=mld-listener-query.xml&path=//lib/firewalld/icmptypes HTTP/1.1" 200 761 "-" "Mozilla/5.0 (compatible; MJ12bot/v2.0.0; http://mj12bot.com/)"
20.171.207.36 - - [26/Apr/2025:11:02:24 -0400] "GET /about.php?action=edit&file=http_exceptions.cpython-311.pyc&path=%2F%2Fopt%2Fcloudlinux%2Fvenv%2Flib64%2Fpython3.11%2Fsite-packages%2Faiohttp%2F__pycache__ HTTP/1.1" 200 3433 "-" "Mozilla/5.0 AppleWebKit/537.36 (KHTML, like Gecko; compatible; GPTBot/1.2; +https://openai.com/gptbot)"
20.171.207.85 - - [26/Apr/2025:11:02:24 -0400] "GET /about.php?action=edit&file=cs35l41-dsp1-spk-prot-103c8be1-spkid0-r0.bin&path=%2F%2Flib%2Ffirmware%2Fcirrus HTTP/1.1" 200 3098 "-" "Mozilla/5.0 AppleWebKit/537.36 (KHTML, like Gecko; compatible; GPTBot/1.2; +https://openai.com/gptbot)"
195.191.219.130 - - [26/Apr/2025:11:02:24 -0400] "GET /about.php?action=edit&file=mld-listener-report.xml&path=//lib/firewalld/icmptypes HTTP/1.1" 200 756 "-" "Mozilla/5.0 (compatible; MJ12bot/v2.0.0; http://mj12bot.com/)"
20.171.207.36 - - [26/Apr/2025:11:02:25 -0400] "GET /about.php?path=%2F%2Fusr%2Flib64%2Flibnfsidmap HTTP/1.1" 200 828 "-" "Mozilla/5.0 AppleWebKit/537.36 (KHTML, like Gecko; compatible; GPTBot/1.2; +https://openai.com/gptbot)"
20.171.207.85 - - [26/Apr/2025:11:02:25 -0400] "GET /about.php?action=edit&file=cs35l41-dsp1-spk-prot-103c8c51-spkid1-r0.bin&path=%2F%2Flib%2Ffirmware%2Fcirrus HTTP/1.1" 200 3132 "-" "Mozilla/5.0 AppleWebKit/537.36 (KHTML, like Gecko; compatible; GPTBot/1.2; +https://openai.com/gptbot)"
195.191.219.130 - - [26/Apr/2025:11:02:25 -0400] "GET /about.php?action=edit&file=mld2-listener-report.xml&path=//lib/firewalld/icmptypes HTTP/1.1" 200 762 "-" "Mozilla/5.0 (compatible; MJ12bot/v2.0.0; http://mj12bot.com/)"
20.171.207.36 - - [26/Apr/2025:11:02:26 -0400] "GET /about.php?path=%2F%2Fopt%2Falt%2Fphp55%2Fusr%2Fshare%2Fpear%2FSymfony%2FComponent%2FSecurity%2FHttp%2FFirewall HTTP/1.1" 200 1231 "-" "Mozilla/5.0 AppleWebKit/537.36 (KHTML, like Gecko; compatible; GPTBot/1.2; +https://openai.com/gptbot)"
20.171.207.85 - - [26/Apr/2025:11:02:26 -0400] "GET /about.php?action=edit&file=cs35l41-dsp1-spk-prot-104331f1-spkid1-l0.bin&path=%2F%2Flib%2Ffirmware%2Fcirrus HTTP/1.1" 200 3201 "-" "Mozilla/5.0 AppleWebKit/537.36 (KHTML, like Gecko; compatible; GPTBot/1.2; +https://openai.com/gptbot)"
195.191.219.130 - - [26/Apr/2025:11:02:26 -0400] "GET /about.php?action=edit&file=mlx4-abi.h&path=//usr/include/rdma HTTP/1.1" 200 2561 "-" "Mozilla/5.0 (compatible; MJ12bot/v2.0.0; http://mj12bot.com/)"
20.171.207.85 - - [26/Apr/2025:11:02:27 -0400] "GET /about.php?action=edit&file=cs35l41-dsp1-spk-prot-104331e1-spkid0-r0.bin&path=%2F%2Flib%2Ffirmware%2Fcirrus HTTP/1.1" 200 3193 "-" "Mozilla/5.0 AppleWebKit/537.36 (KHTML, like Gecko; compatible; GPTBot/1.2; +https://openai.com/gptbot)"
20.171.207.36 - - [26/Apr/2025:11:02:27 -0400] "GET /about.php?path=%2F%2Fopt%2Falt%2Fphp54%2Fusr%2Fshare%2Fpear%2FSymfony%2FComponent%2FSecurity%2FHttp%2FFirewall HTTP/1.1" 200 1231 "-" "Mozilla/5.0 AppleWebKit/537.36 (KHTML, like Gecko; compatible; GPTBot/1.2; +https://openai.com/gptbot)"
195.191.219.130 - - [26/Apr/2025:11:02:27 -0400] "GET /about.php?action=edit&file=mlx5-abi.h&path=//usr/include/rdma HTTP/1.1" 200 4946 "-" "Mozilla/5.0 (compatible; MJ12bot/v2.0.0; http://mj12bot.com/)"
195.191.219.130 - - [26/Apr/2025:11:02:28 -0400] "GET /about.php?action=edit&file=mlx5_user_ioctl_cmds.h&path=//usr/include/rdma HTTP/1.1" 200 2851 "-" "Mozilla/5.0 (compatible; MJ12bot/v2.0.0; http://mj12bot.com/)"
20.171.207.85 - - [26/Apr/2025:11:02:28 -0400] "GET /about.php?action=edit&file=cs35l41-dsp1-spk-prot-104331f1-spkid0-r0.bin&path=%2F%2Flib%2Ffirmware%2Fcirrus HTTP/1.1" 200 3193 "-" "Mozilla/5.0 AppleWebKit/537.36 (KHTML, like Gecko; compatible; GPTBot/1.2; +https://openai.com/gptbot)"
20.171.207.36 - - [26/Apr/2025:11:02:28 -0400] "GET /about.php?path=%2F%2Fopt%2Falt%2Fphp53%2Fusr%2Fshare%2Fpear%2FSymfony%2FComponent%2FSecurity%2FHttp%2FFirewall HTTP/1.1" 200 1231 "-" "Mozilla/5.0 AppleWebKit/537.36 (KHTML, like Gecko; compatible; GPTBot/1.2; +https://openai.com/gptbot)"
195.191.219.130 - - [26/Apr/2025:11:02:29 -0400] "GET /about.php?action=edit&file=mlx5_user_ioctl_verbs.h&path=//usr/include/rdma HTTP/1.1" 200 1936 "-" "Mozilla/5.0 (compatible; MJ12bot/v2.0.0; http://mj12bot.com/)"
20.171.207.36 - - [26/Apr/2025:11:02:29 -0400] "GET /about.php?action=edit&file=cp949prober.cpython-36.pyc&path=%2F%2Fusr%2Flib%2Fpython3.6%2Fsite-packages%2Fpip%2F_vendor%2Fchardet%2F__pycache__ HTTP/1.1" 200 1204 "-" "Mozilla/5.0 AppleWebKit/537.36 (KHTML, like Gecko; compatible; GPTBot/1.2; +https://openai.com/gptbot)"
20.171.207.85 - - [26/Apr/2025:11:02:29 -0400] "GET /about.php?action=edit&file=cs35l41-dsp1-spk-prot-104331e1-spkid1-r0.bin&path=%2F%2Flib%2Ffirmware%2Fcirrus HTTP/1.1" 200 3193 "-" "Mozilla/5.0 AppleWebKit/537.36 (KHTML, like Gecko; compatible; GPTBot/1.2; +https://openai.com/gptbot)"
195.191.219.130 - - [26/Apr/2025:11:02:30 -0400] "GET /about.php?action=edit&file=mlxsw_spectrum-13.1420.122.mfa2&path=//lib/firmware/mellanox HTTP/1.1" 200 725424 "-" "Mozilla/5.0 (compatible; MJ12bot/v2.0.0; http://mj12bot.com/)"
20.171.207.85 - - [26/Apr/2025:11:02:30 -0400] "GET /about.php?action=edit&file=cs35l41-dsp1-spk-prot-103c8be1-spkid1-r0.bin&path=%2F%2Flib%2Ffirmware%2Fcirrus HTTP/1.1" 200 3093 "-" "Mozilla/5.0 AppleWebKit/537.36 (KHTML, like Gecko; compatible; GPTBot/1.2; +https://openai.com/gptbot)"
20.171.207.36 - - [26/Apr/2025:11:02:30 -0400] "GET /about.php?action=edit&file=enums.cpython-38.opt-1.pyc&path=%2F%2Fusr%2Flib%2Fpython3.8%2Fsite-packages%2Fpip%2F_vendor%2Fchardet%2F__pycache__ HTTP/1.1" 200 1773 "-" "Mozilla/5.0 AppleWebKit/537.36 (KHTML, like Gecko; compatible; GPTBot/1.2; +https://openai.com/gptbot)"
195.191.219.130 - - [26/Apr/2025:11:02:31 -0400] "GET /about.php?action=edit&file=mlxsw_spectrum-13.1530.152.mfa2&path=//lib/firmware/mellanox HTTP/1.1" 200 762862 "-" "Mozilla/5.0 (compatible; MJ12bot/v2.0.0; http://mj12bot.com/)"
20.171.207.85 - - [26/Apr/2025:11:02:32 -0400] "GET /about.php?action=edit&file=cs35l41-dsp1-spk-prot-104330c1-spkid1-l0.bin&path=%2F%2Flib%2Ffirmware%2Fcirrus HTTP/1.1" 200 3201 "-" "Mozilla/5.0 AppleWebKit/537.36 (KHTML, like Gecko; compatible; GPTBot/1.2; +https://openai.com/gptbot)"
20.171.207.36 - - [26/Apr/2025:11:02:32 -0400] "GET /about.php?action=edit&file=__init__.cpython-311.pyc&path=%2F%2Fopt%2Fcloudlinux%2Fvenv%2Flib64%2Fpython3.11%2Fsite-packages%2Fgit%2F__pycache__ HTTP/1.1" 200 2495 "-" "Mozilla/5.0 AppleWebKit/537.36 (KHTML, like Gecko; compatible; GPTBot/1.2; +https://openai.com/gptbot)"
195.191.219.130 - - [26/Apr/2025:11:02:32 -0400] "GET /about.php?action=edit&file=mlxsw_spectrum-13.1620.192.mfa2&path=//lib/firmware/mellanox HTTP/1.1" 200 930445 "-" "Mozilla/5.0 (compatible; MJ12bot/v2.0.0; http://mj12bot.com/)"
20.171.207.85 - - [26/Apr/2025:11:02:33 -0400] "GET /about.php?action=edit&file=cs35l41-dsp1-spk-prot-104330e1-spkid1-l0.bin&path=%2F%2Flib%2Ffirmware%2Fcirrus HTTP/1.1" 200 3200 "-" "Mozilla/5.0 AppleWebKit/537.36 (KHTML, like Gecko; compatible; GPTBot/1.2; +https://openai.com/gptbot)"
20.171.207.36 - - [26/Apr/2025:11:02:33 -0400] "GET /about.php?action=edit&file=_in_process.cpython-38.opt-1.pyc&path=%2F%2Flib%2Fpython3.8%2Fsite-packages%2Fpip%2F_vendor%2Fpep517%2F__pycache__ HTTP/1.1" 200 4400 "-" "Mozilla/5.0 AppleWebKit/537.36 (KHTML, like Gecko; compatible; GPTBot/1.2; +https://openai.com/gptbot)"
195.191.219.130 - - [26/Apr/2025:11:02:33 -0400] "GET /about.php?action=edit&file=mlxsw_spectrum-13.1702.6.mfa2&path=//lib/firmware/mellanox HTTP/1.1" 200 744775 "-" "Mozilla/5.0 (compatible; MJ12bot/v2.0.0; http://mj12bot.com/)"
20.171.207.85 - - [26/Apr/2025:11:02:34 -0400] "GET /about.php?action=edit&file=cs35l41-dsp1-spk-prot-104330d1-spkid0-l0.bin&path=%2F%2Flib%2Ffirmware%2Fcirrus HTTP/1.1" 200 3221 "-" "Mozilla/5.0 AppleWebKit/537.36 (KHTML, like Gecko; compatible; GPTBot/1.2; +https://openai.com/gptbot)"
20.171.207.36 - - [26/Apr/2025:11:02:34 -0400] "GET /about.php?action=edit&file=wheel.cpython-38.opt-1.pyc&path=%2F%2Fusr%2Flib%2Fpython3.8%2Fsite-packages%2Fpip%2F_vendor%2Fdistlib%2F__pycache__ HTTP/1.1" 200 13913 "-" "Mozilla/5.0 AppleWebKit/537.36 (KHTML, like Gecko; compatible; GPTBot/1.2; +https://openai.com/gptbot)"
195.191.219.130 - - [26/Apr/2025:11:02:34 -0400] "GET /about.php?action=edit&file=mlxsw_spectrum-13.1703.4.mfa2&path=//lib/firmware/mellanox HTTP/1.1" 200 961469 "-" "Mozilla/5.0 (compatible; MJ12bot/v2.0.0; http://mj12bot.com/)"
20.171.207.85 - - [26/Apr/2025:11:02:35 -0400] "GET /about.php?action=edit&file=cs35l41-dsp1-spk-prot-104331f1-spkid1-r0.bin&path=%2F%2Flib%2Ffirmware%2Fcirrus HTTP/1.1" 200 3193 "-" "Mozilla/5.0 AppleWebKit/537.36 (KHTML, like Gecko; compatible; GPTBot/1.2; +https://openai.com/gptbot)"
20.171.207.36 - - [26/Apr/2025:11:02:35 -0400] "GET /about.php?action=edit&file=scrubber.cpython-312.pyc&path=%2F%2Fopt%2Fhc_python%2Flib64%2Fpython3.12%2Fsite-packages%2Fsentry_sdk%2F__pycache__ HTTP/1.1" 200 3671 "-" "Mozilla/5.0 AppleWebKit/537.36 (KHTML, like Gecko; compatible; GPTBot/1.2; +https://openai.com/gptbot)"
195.191.219.130 - - [26/Apr/2025:11:02:35 -0400] "GET /about.php?action=edit&file=mlxsw_spectrum-13.1910.622.mfa2&path=//lib/firmware/mellanox HTTP/1.1" 200 801513 "-" "Mozilla/5.0 (compatible; MJ12bot/v2.0.0; http://mj12bot.com/)"
20.171.207.85 - - [26/Apr/2025:11:02:36 -0400] "GET /about.php?action=edit&file=cs35l41-dsp1-spk-prot-104330e1-spkid1-r0.bin&path=%2F%2Flib%2Ffirmware%2Fcirrus HTTP/1.1" 200 3193 "-" "Mozilla/5.0 AppleWebKit/537.36 (KHTML, like Gecko; compatible; GPTBot/1.2; +https://openai.com/gptbot)"
20.171.207.36 - - [26/Apr/2025:11:02:36 -0400] "GET /about.php?action=edit&file=bar.cpython-38.opt-1.pyc&path=%2F%2Fusr%2Flib%2Fpython3.8%2Fsite-packages%2Fpip%2F_vendor%2Fprogress%2F__pycache__ HTTP/1.1" 200 1941 "-" "Mozilla/5.0 AppleWebKit/537.36 (KHTML, like Gecko; compatible; GPTBot/1.2; +https://openai.com/gptbot)"
195.191.219.130 - - [26/Apr/2025:11:02:36 -0400] "GET /about.php?action=edit&file=mlxsw_spectrum-13.2000.1122.mfa2&path=//lib/firmware/mellanox HTTP/1.1" 200 832493 "-" "Mozilla/5.0 (compatible; MJ12bot/v2.0.0; http://mj12bot.com/)"
20.171.207.85 - - [26/Apr/2025:11:02:37 -0400] "GET /about.php?action=edit&file=cs35l41-dsp1-spk-prot-104331e1-spkid0-l0.bin&path=%2F%2Flib%2Ffirmware%2Fcirrus HTTP/1.1" 200 3200 "-" "Mozilla/5.0 AppleWebKit/537.36 (KHTML, like Gecko; compatible; GPTBot/1.2; +https://openai.com/gptbot)"
195.191.219.130 - - [26/Apr/2025:11:02:37 -0400] "GET /about.php?action=edit&file=mlxsw_spectrum-13.2000.1886.mfa2&path=//lib/firmware/mellanox HTTP/1.1" 200 856713 "-" "Mozilla/5.0 (compatible; MJ12bot/v2.0.0; http://mj12bot.com/)"
20.171.207.36 - - [26/Apr/2025:11:02:37 -0400] "GET /about.php?action=edit&file=enums.cpython-36.opt-1.pyc&path=%2F%2Fusr%2Flib%2Fpython3.6%2Fsite-packages%2Fpip%2F_vendor%2Fchardet%2F__pycache__ HTTP/1.1" 200 1754 "-" "Mozilla/5.0 AppleWebKit/537.36 (KHTML, like Gecko; compatible; GPTBot/1.2; +https://openai.com/gptbot)"
195.191.219.130 - - [26/Apr/2025:11:02:38 -0400] "GET /about.php?action=edit&file=mlxsw_spectrum-13.2000.2308.mfa2&path=//lib/firmware/mellanox HTTP/1.1" 200 879454 "-" "Mozilla/5.0 (compatible; MJ12bot/v2.0.0; http://mj12bot.com/)"
20.171.207.85 - - [26/Apr/2025:11:02:39 -0400] "GET /about.php?action=edit&file=cs35l41-dsp1-spk-prot-103c8be1-spkid1-l0.bin&path=%2F%2Flib%2Ffirmware%2Fcirrus HTTP/1.1" 200 3086 "-" "Mozilla/5.0 AppleWebKit/537.36 (KHTML, like Gecko; compatible; GPTBot/1.2; +https://openai.com/gptbot)"
20.171.207.36 - - [26/Apr/2025:11:02:39 -0400] "GET /about.php?action=edit&file=runner.cpython-311.pyc&path=%2F%2Fopt%2Fcloudlinux%2Fvenv%2Flib%2Fpython3.11%2Fsite-packages%2F_pytest%2F__pycache__ HTTP/1.1" 200 12099 "-" "Mozilla/5.0 AppleWebKit/537.36 (KHTML, like Gecko; compatible; GPTBot/1.2; +https://openai.com/gptbot)"
195.191.219.130 - - [26/Apr/2025:11:02:39 -0400] "GET /about.php?action=edit&file=mlxsw_spectrum-13.2000.2714.mfa2&path=//lib/firmware/mellanox HTTP/1.1" 200 876341 "-" "Mozilla/5.0 (compatible; MJ12bot/v2.0.0; http://mj12bot.com/)"
20.171.207.85 - - [26/Apr/2025:11:02:40 -0400] "GET /about.php?action=edit&file=cs35l41-dsp1-spk-prot-104330d1-spkid1-r0.bin&path=%2F%2Flib%2Ffirmware%2Fcirrus HTTP/1.1" 200 3199 "-" "Mozilla/5.0 AppleWebKit/537.36 (KHTML, like Gecko; compatible; GPTBot/1.2; +https://openai.com/gptbot)"
20.171.207.36 - - [26/Apr/2025:11:02:40 -0400] "GET /about.php?action=edit&file=_common.cpython-311.pyc&path=%2F%2Fopt%2Fcloudlinux%2Fvenv%2Flib%2Fpython3.11%2Fsite-packages%2Fpsutil%2F__pycache__ HTTP/1.1" 200 17309 "-" "Mozilla/5.0 AppleWebKit/537.36 (KHTML, like Gecko; compatible; GPTBot/1.2; +https://openai.com/gptbot)"
195.191.219.130 - - [26/Apr/2025:11:02:40 -0400] "GET /about.php?action=edit&file=mlxsw_spectrum-13.2007.1168.mfa2&path=//lib/firmware/mellanox HTTP/1.1" 200 868989 "-" "Mozilla/5.0 (compatible; MJ12bot/v2.0.0; http://mj12bot.com/)"
20.171.207.85 - - [26/Apr/2025:11:02:41 -0400] "GET /about.php?action=edit&file=cs35l41-dsp1-spk-prot-104331e1-spkid1-l0.bin&path=%2F%2Flib%2Ffirmware%2Fcirrus HTTP/1.1" 200 3200 "-" "Mozilla/5.0 AppleWebKit/537.36 (KHTML, like Gecko; compatible; GPTBot/1.2; +https://openai.com/gptbot)"
20.171.207.36 - - [26/Apr/2025:11:02:41 -0400] "GET /about.php?action=edit&file=fun.cpython-311.pyc&path=%2F%2Fopt%2Fcloudlinux%2Fvenv%2Flib%2Fpython3.11%2Fsite-packages%2Fgit%2Frepo%2F__pycache__ HTTP/1.1" 200 7876 "-" "Mozilla/5.0 AppleWebKit/537.36 (KHTML, like Gecko; compatible; GPTBot/1.2; +https://openai.com/gptbot)"
195.191.219.130 - - [26/Apr/2025:11:02:41 -0400] "GET /about.php?action=edit&file=mlxsw_spectrum-13.2008.1036.mfa2&path=//lib/firmware/mellanox HTTP/1.1" 200 1225966 "-" "Mozilla/5.0 (compatible; MJ12bot/v2.0.0; http://mj12bot.com/)"
20.171.207.85 - - [26/Apr/2025:11:02:42 -0400] "GET /about.php?action=edit&file=cs35l41-dsp1-spk-prot-104330e1-spkid0-l0.bin&path=%2F%2Flib%2Ffirmware%2Fcirrus HTTP/1.1" 200 3200 "-" "Mozilla/5.0 AppleWebKit/537.36 (KHTML, like Gecko; compatible; GPTBot/1.2; +https://openai.com/gptbot)"
20.171.207.36 - - [26/Apr/2025:11:02:42 -0400] "GET /about.php?action=edit&file=__version__.cpython-312.pyc&path=%2F%2Fopt%2Fhc_python%2Flib64%2Fpython3.12%2Fsite-packages%2Frequests%2F__pycache__ HTTP/1.1" 200 995 "-" "Mozilla/5.0 AppleWebKit/537.36 (KHTML, like Gecko; compatible; GPTBot/1.2; +https://openai.com/gptbot)"
195.191.219.130 - - [26/Apr/2025:11:02:42 -0400] "GET /about.php?action=edit&file=mlxsw_spectrum-13.2008.1310.mfa2&path=//lib/firmware/mellanox HTTP/1.1" 200 875592 "-" "Mozilla/5.0 (compatible; MJ12bot/v2.0.0; http://mj12bot.com/)"
20.171.207.85 - - [26/Apr/2025:11:02:43 -0400] "GET /about.php?action=edit&file=cs35l41-dsp1-spk-prot-104330e1-spkid0-r0.bin&path=%2F%2Flib%2Ffirmware%2Fcirrus HTTP/1.1" 200 3194 "-" "Mozilla/5.0 AppleWebKit/537.36 (KHTML, like Gecko; compatible; GPTBot/1.2; +https://openai.com/gptbot)"
20.171.207.36 - - [26/Apr/2025:11:02:43 -0400] "GET /about.php?action=edit&file=_config.cpython-311.pyc&path=%2F%2Fopt%2Fcloudlinux%2Fvenv%2Flib%2Fpython3.11%2Fsite-packages%2Fattr%2F__pycache__ HTTP/1.1" 200 1179 "-" "Mozilla/5.0 AppleWebKit/537.36 (KHTML, like Gecko; compatible; GPTBot/1.2; +https://openai.com/gptbot)"
195.191.219.130 - - [26/Apr/2025:11:02:43 -0400] "GET /about.php?action=edit&file=mlxsw_spectrum-13.2008.1312.mfa2&path=//lib/firmware/mellanox HTTP/1.1" 200 1246247 "-" "Mozilla/5.0 (compatible; MJ12bot/v2.0.0; http://mj12bot.com/)"
20.171.207.85 - - [26/Apr/2025:11:02:44 -0400] "GET /about.php?action=edit&file=cs35l41-dsp1-spk-prot-103c8c51-spkid1-l0.bin&path=%2F%2Flib%2Ffirmware%2Fcirrus HTTP/1.1" 200 3096 "-" "Mozilla/5.0 AppleWebKit/537.36 (KHTML, like Gecko; compatible; GPTBot/1.2; +https://openai.com/gptbot)"
20.171.207.36 - - [26/Apr/2025:11:02:44 -0400] "GET /about.php?action=edit&file=jpcntx.cpython-36.opt-1.pyc&path=%2F%2Fusr%2Flib%2Fpython3.6%2Fsite-packages%2Fpip%2F_vendor%2Fchardet%2F__pycache__ HTTP/1.1" 200 6529 "-" "Mozilla/5.0 AppleWebKit/537.36 (KHTML, like Gecko; compatible; GPTBot/1.2; +https://openai.com/gptbot)"
195.191.219.130 - - [26/Apr/2025:11:02:44 -0400] "GET /about.php?action=edit&file=mlxsw_spectrum-13.2008.2018.mfa2&path=//lib/firmware/mellanox HTTP/1.1" 200 1256067 "-" "Mozilla/5.0 (compatible; MJ12bot/v2.0.0; http://mj12bot.com/)"
195.191.219.130 - - [26/Apr/2025:11:02:45 -0400] "GET /about.php?action=edit&file=mlxsw_spectrum-13.2008.2304.mfa2&path=//lib/firmware/mellanox HTTP/1.1" 200 1262001 "-" "Mozilla/5.0 (compatible; MJ12bot/v2.0.0; http://mj12bot.com/)"
20.171.207.85 - - [26/Apr/2025:11:02:45 -0400] "GET /about.php?action=edit&file=cs35l41-dsp1-spk-prot-103c8be1-spkid0-l0.bin&path=%2F%2Flib%2Ffirmware%2Fcirrus HTTP/1.1" 200 3113 "-" "Mozilla/5.0 AppleWebKit/537.36 (KHTML, like Gecko; compatible; GPTBot/1.2; +https://openai.com/gptbot)"
20.171.207.36 - - [26/Apr/2025:11:02:46 -0400] "GET /about.php?action=edit&file=jpcntx.cpython-38.opt-1.pyc&path=%2F%2Fusr%2Flib%2Fpython3.8%2Fsite-packages%2Fpip%2F_vendor%2Fchardet%2F__pycache__ HTTP/1.1" 200 6410 "-" "Mozilla/5.0 AppleWebKit/537.36 (KHTML, like Gecko; compatible; GPTBot/1.2; +https://openai.com/gptbot)"
195.191.219.130 - - [26/Apr/2025:11:02:46 -0400] "GET /about.php?action=edit&file=mlxsw_spectrum-13.2008.2406.mfa2&path=//lib/firmware/mellanox HTTP/1.1" 200 1294702 "-" "Mozilla/5.0 (compatible; MJ12bot/v2.0.0; http://mj12bot.com/)"
20.171.207.85 - - [26/Apr/2025:11:02:47 -0400] "GET /about.php?action=edit&file=cs35l41-dsp1-spk-prot-104330c1-spkid0-l0.bin&path=%2F%2Flib%2Ffirmware%2Fcirrus HTTP/1.1" 200 3201 "-" "Mozilla/5.0 AppleWebKit/537.36 (KHTML, like Gecko; compatible; GPTBot/1.2; +https://openai.com/gptbot)"
20.171.207.36 - - [26/Apr/2025:11:02:47 -0400] "GET /about.php?action=edit&file=constants.cpython-38.pyc&path=%2F%2Fusr%2Flib%2Fpython3.8%2Fsite-packages%2Fpip%2F_vendor%2Fhtml5lib%2F__pycache__ HTTP/1.1" 200 23510 "-" "Mozilla/5.0 AppleWebKit/537.36 (KHTML, like Gecko; compatible; GPTBot/1.2; +https://openai.com/gptbot)"
195.191.219.130 - - [26/Apr/2025:11:02:47 -0400] "GET /about.php?action=edit&file=mlxsw_spectrum-13.2008.2438.mfa2&path=//lib/firmware/mellanox HTTP/1.1" 200 1237804 "-" "Mozilla/5.0 (compatible; MJ12bot/v2.0.0; http://mj12bot.com/)"
20.171.207.85 - - [26/Apr/2025:11:02:48 -0400] "GET /about.php?action=edit&file=cs35l41-dsp1-spk-prot-104330d1-spkid1-l0.bin&path=%2F%2Flib%2Ffirmware%2Fcirrus HTTP/1.1" 200 3222 "-" "Mozilla/5.0 AppleWebKit/537.36 (KHTML, like Gecko; compatible; GPTBot/1.2; +https://openai.com/gptbot)"
20.171.207.36 - - [26/Apr/2025:11:02:48 -0400] "GET /about.php?action=edit&file=__init__.cpython-311.pyc&path=%2F%2Fopt%2Fimunify360%2Fvenv%2Flib%2Fpython3.11%2Fsite-packages%2Fclick%2F__pycache__ HTTP/1.1" 200 2316 "-" "Mozilla/5.0 AppleWebKit/537.36 (KHTML, like Gecko; compatible; GPTBot/1.2; +https://openai.com/gptbot)"
195.191.219.130 - - [26/Apr/2025:11:02:48 -0400] "GET /about.php?action=edit&file=mlxsw_spectrum-13.2008.2946.mfa2&path=//lib/firmware/mellanox HTTP/1.1" 200 1259925 "-" "Mozilla/5.0 (compatible; MJ12bot/v2.0.0; http://mj12bot.com/)"
20.171.207.85 - - [26/Apr/2025:11:02:49 -0400] "GET /about.php?action=edit&file=cs35l41-dsp1-spk-prot-104331f1-spkid0-l0.bin&path=%2F%2Flib%2Ffirmware%2Fcirrus HTTP/1.1" 200 3201 "-" "Mozilla/5.0 AppleWebKit/537.36 (KHTML, like Gecko; compatible; GPTBot/1.2; +https://openai.com/gptbot)"
20.171.207.36 - - [26/Apr/2025:11:02:49 -0400] "GET /about.php?action=edit&file=__init__.cpython-311.pyc&path=%2F%2Fopt%2Fimunify360%2Fvenv%2Flib%2Fpython3.11%2Fsite-packages%2Fidna%2F__pycache__ HTTP/1.1" 200 1176 "-" "Mozilla/5.0 AppleWebKit/537.36 (KHTML, like Gecko; compatible; GPTBot/1.2; +https://openai.com/gptbot)"
195.191.219.130 - - [26/Apr/2025:11:02:49 -0400] "GET /about.php?action=edit&file=mlxsw_spectrum-13.2008.3326.mfa2&path=//lib/firmware/mellanox HTTP/1.1" 200 1295251 "-" "Mozilla/5.0 (compatible; MJ12bot/v2.0.0; http://mj12bot.com/)"
20.171.207.85 - - [26/Apr/2025:11:02:50 -0400] "GET /about.php?action=edit&file=cs35l41-dsp1-spk-prot-104330c1-spkid0-r0.bin&path=%2F%2Flib%2Ffirmware%2Fcirrus HTTP/1.1" 200 3192 "-" "Mozilla/5.0 AppleWebKit/537.36 (KHTML, like Gecko; compatible; GPTBot/1.2; +https://openai.com/gptbot)"
20.171.207.36 - - [26/Apr/2025:11:02:50 -0400] "GET /about.php?action=edit&file=_immutable_ctx.cpython-312.pyc&path=%2F%2Fopt%2Fhc_python%2Flib64%2Fpython3.12%2Fsite-packages%2Fdns%2F__pycache__ HTTP/1.1" 200 2276 "-" "Mozilla/5.0 AppleWebKit/537.36 (KHTML, like Gecko; compatible; GPTBot/1.2; +https://openai.com/gptbot)"
195.191.219.130 - - [26/Apr/2025:11:02:50 -0400] "GET /about.php?action=edit&file=mlxsw_spectrum-13.2010.1006.mfa2&path=//lib/firmware/mellanox HTTP/1.1" 200 1322247 "-" "Mozilla/5.0 (compatible; MJ12bot/v2.0.0; http://mj12bot.com/)"
20.171.207.85 - - [26/Apr/2025:11:02:51 -0400] "GET /about.php?action=edit&file=cs35l41-dsp1-spk-prot-104330c1-spkid1-r0.bin&path=%2F%2Flib%2Ffirmware%2Fcirrus HTTP/1.1" 200 3193 "-" "Mozilla/5.0 AppleWebKit/537.36 (KHTML, like Gecko; compatible; GPTBot/1.2; +https://openai.com/gptbot)"
195.191.219.130 - - [26/Apr/2025:11:02:51 -0400] "GET /about.php?action=edit&file=mlxsw_spectrum-13.2010.1232.mfa2&path=//lib/firmware/mellanox HTTP/1.1" 200 1337432 "-" "Mozilla/5.0 (compatible; MJ12bot/v2.0.0; http://mj12bot.com/)"
20.171.207.36 - - [26/Apr/2025:11:02:51 -0400] "GET /about.php?action=edit&file=builder.cpython-312.pyc&path=%2F%2Fopt%2Fhc_python%2Flib64%2Fpython3.12%2Fsite-packages%2Flxml%2Fhtml%2F__pycache__ HTTP/1.1" 200 2700 "-" "Mozilla/5.0 AppleWebKit/537.36 (KHTML, like Gecko; compatible; GPTBot/1.2; +https://openai.com/gptbot)"
20.171.207.85 - - [26/Apr/2025:11:02:52 -0400] "GET /about.php?path=%2F%2Fusr%2Flib64%2Fperl5%2Fvendor_perl%2Fauto%2FFilter%2FUtil HTTP/1.1" 200 835 "-" "Mozilla/5.0 AppleWebKit/537.36 (KHTML, like Gecko; compatible; GPTBot/1.2; +https://openai.com/gptbot)"
195.191.219.130 - - [26/Apr/2025:11:02:52 -0400] "GET /about.php?action=edit&file=mlxsw_spectrum-13.2010.1406.mfa2&path=//lib/firmware/mellanox HTTP/1.1" 200 1324584 "-" "Mozilla/5.0 (compatible; MJ12bot/v2.0.0; http://mj12bot.com/)"
20.171.207.36 - - [26/Apr/2025:11:02:53 -0400] "GET /about.php?action=edit&file=__init__.cpython-311.pyc&path=%2F%2Fopt%2Fcloudlinux%2Fvenv%2Flib%2Fpython3.11%2Fsite-packages%2Fsmmap%2F__pycache__ HTTP/1.1" 200 1116 "-" "Mozilla/5.0 AppleWebKit/537.36 (KHTML, like Gecko; compatible; GPTBot/1.2; +https://openai.com/gptbot)"
195.191.219.130 - - [26/Apr/2025:11:02:53 -0400] "GET /about.php?action=edit&file=mlxsw_spectrum-13.2010.1502.mfa2&path=//lib/firmware/mellanox HTTP/1.1" 200 1347151 "-" "Mozilla/5.0 (compatible; MJ12bot/v2.0.0; http://mj12bot.com/)"
20.171.207.85 - - [26/Apr/2025:11:02:53 -0400] "GET /about.php?path=%2F%2Flib%2Fmodules%2F4.18.0-553.lve.el8.x86_64%2Fkernel%2Fnet%2F802 HTTP/1.1" 200 904 "-" "Mozilla/5.0 AppleWebKit/537.36 (KHTML, like Gecko; compatible; GPTBot/1.2; +https://openai.com/gptbot)"
20.171.207.36 - - [26/Apr/2025:11:02:54 -0400] "GET /about.php?action=edit&file=ansitowin32.cpython-36.opt-1.pyc&path=%2F%2Flib%2Fpython3.6%2Fsite-packages%2Fpip%2F_vendor%2Fcolorama%2F__pycache__ HTTP/1.1" 200 4177 "-" "Mozilla/5.0 AppleWebKit/537.36 (KHTML, like Gecko; compatible; GPTBot/1.2; +https://openai.com/gptbot)"
195.191.219.130 - - [26/Apr/2025:11:02:54 -0400] "GET /about.php?action=edit&file=mlxsw_spectrum-13.2010.3020.mfa2&path=//lib/firmware/mellanox HTTP/1.1" 200 1315624 "-" "Mozilla/5.0 (compatible; MJ12bot/v2.0.0; http://mj12bot.com/)"
20.171.207.85 - - [26/Apr/2025:11:02:55 -0400] "GET /about.php?path=%2F%2Flib%2Fmodules%2F4.18.0-553.lve.el8.x86_64%2Fkernel%2Fnet%2F8021q HTTP/1.1" 200 847 "-" "Mozilla/5.0 AppleWebKit/537.36 (KHTML, like Gecko; compatible; GPTBot/1.2; +https://openai.com/gptbot)"
20.171.207.36 - - [26/Apr/2025:11:02:55 -0400] "GET /about.php?action=edit&file=_next_gen.cpython-311.pyc&path=%2F%2Fopt%2Fcloudlinux%2Fvenv%2Flib%2Fpython3.11%2Fsite-packages%2Fattr%2F__pycache__ HTTP/1.1" 200 4109 "-" "Mozilla/5.0 AppleWebKit/537.36 (KHTML, like Gecko; compatible; GPTBot/1.2; +https://openai.com/gptbot)"
195.191.219.130 - - [26/Apr/2025:11:02:55 -0400] "GET /about.php?action=edit&file=mlxsw_spectrum-13.2010.3146.mfa2&path=//lib/firmware/mellanox HTTP/1.1" 200 1300851 "-" "Mozilla/5.0 (compatible; MJ12bot/v2.0.0; http://mj12bot.com/)"
20.171.207.85 - - [26/Apr/2025:11:02:56 -0400] "GET /about.php?path=%2F%2Fusr%2Flib64%2Fcmake%2FQt5MultimediaWidgets HTTP/1.1" 200 721 "-" "Mozilla/5.0 AppleWebKit/537.36 (KHTML, like Gecko; compatible; GPTBot/1.2; +https://openai.com/gptbot)"
20.171.207.36 - - [26/Apr/2025:11:02:56 -0400] "GET /about.php?action=edit&file=_objects.cpython-311.pyc&path=%2F%2Fopt%2Fcloudlinux%2Fvenv%2Flib%2Fpython3.11%2Fsite-packages%2Fdill%2F__pycache__ HTTP/1.1" 200 11503 "-" "Mozilla/5.0 AppleWebKit/537.36 (KHTML, like Gecko; compatible; GPTBot/1.2; +https://openai.com/gptbot)"
195.191.219.130 - - [26/Apr/2025:11:02:57 -0400] "GET /about.php?action=edit&file=mlxsw_spectrum-13.2012.1012.mfa2&path=//lib/firmware/mellanox HTTP/1.1" 200 1284029 "-" "Mozilla/5.0 (compatible; MJ12bot/v2.0.0; http://mj12bot.com/)"
20.171.207.85 - - [26/Apr/2025:11:02:57 -0400] "GET /about.php?path=%2F%2Flib%2Ffirmware%2Flibertas HTTP/1.1" 200 983 "-" "Mozilla/5.0 AppleWebKit/537.36 (KHTML, like Gecko; compatible; GPTBot/1.2; +https://openai.com/gptbot)"
20.171.207.36 - - [26/Apr/2025:11:02:57 -0400] "GET /about.php?action=edit&file=__init__.cpython-311.pyc&path=%2F%2Fopt%2Fcloudlinux%2Fvenv%2Flib%2Fpython3.11%2Fsite-packages%2Fnumpy%2F__pycache__ HTTP/1.1" 200 8947 "-" "Mozilla/5.0 AppleWebKit/537.36 (KHTML, like Gecko; compatible; GPTBot/1.2; +https://openai.com/gptbot)"
20.171.207.85 - - [26/Apr/2025:11:02:58 -0400] "GET /about.php?path=%2F%2Fusr%2Flocal%2Flsws%2Flsns%2Fbin%2F__pycache__ HTTP/1.1" 200 833 "-" "Mozilla/5.0 AppleWebKit/537.36 (KHTML, like Gecko; compatible; GPTBot/1.2; +https://openai.com/gptbot)"
20.171.207.36 - - [26/Apr/2025:11:02:58 -0400] "GET /about.php?action=edit&file=wait.cpython-38.opt-1.pyc&path=%2F%2Flib%2Fpython3.8%2Fsite-packages%2Fpip%2F_vendor%2Furllib3%2Futil%2F__pycache__ HTTP/1.1" 200 2311 "-" "Mozilla/5.0 AppleWebKit/537.36 (KHTML, like Gecko; compatible; GPTBot/1.2; +https://openai.com/gptbot)"
195.191.219.130 - - [26/Apr/2025:11:02:59 -0400] "GET /about.php?action=edit&file=mlxsw_spectrum2-29.2000.2308.mfa2&path=//lib/firmware/mellanox HTTP/1.1" 200 813142 "-" "Mozilla/5.0 (compatible; MJ12bot/v2.0.0; http://mj12bot.com/)"
20.171.207.85 - - [26/Apr/2025:11:02:59 -0400] "GET /about.php?path=%2F%2Flib%2Fmodules%2F4.18.0-553.lve.el8.x86_64%2Fkernel%2Fdrivers%2Fmisc%2Flis3lv02d HTTP/1.1" 200 883 "-" "Mozilla/5.0 AppleWebKit/537.36 (KHTML, like Gecko; compatible; GPTBot/1.2; +https://openai.com/gptbot)"
20.171.207.36 - - [26/Apr/2025:11:02:59 -0400] "GET /about.php?action=edit&file=big5prober.cpython-38.pyc&path=%2F%2Fusr%2Flib%2Fpython3.8%2Fsite-packages%2Fpip%2F_vendor%2Fchardet%2F__pycache__ HTTP/1.1" 200 1229 "-" "Mozilla/5.0 AppleWebKit/537.36 (KHTML, like Gecko; compatible; GPTBot/1.2; +https://openai.com/gptbot)"
195.191.219.130 - - [26/Apr/2025:11:03:00 -0400] "GET /about.php?action=edit&file=mlxsw_spectrum2-29.2000.2714.mfa2&path=//lib/firmware/mellanox HTTP/1.1" 200 827180 "-" "Mozilla/5.0 (compatible; MJ12bot/v2.0.0; http://mj12bot.com/)"
20.171.207.85 - - [26/Apr/2025:11:03:00 -0400] "GET /about.php?path=%2F%2Flib%2Fpython3.6%2Fsite-packages%2Fdnf%2Frpm%2F__pycache__ HTTP/1.1" 200 957 "-" "Mozilla/5.0 AppleWebKit/537.36 (KHTML, like Gecko; compatible; GPTBot/1.2; +https://openai.com/gptbot)"
20.171.207.36 - - [26/Apr/2025:11:03:01 -0400] "GET /about.php?action=edit&file=__init__.cpython-311.pyc&path=%2F%2Fopt%2Fimunify360%2Fvenv%2Flib%2Fpython3.11%2Fsite-packages%2Faiodns%2F__pycache__ HTTP/1.1" 200 4365 "-" "Mozilla/5.0 AppleWebKit/537.36 (KHTML, like Gecko; compatible; GPTBot/1.2; +https://openai.com/gptbot)"
195.191.219.130 - - [26/Apr/2025:11:03:01 -0400] "GET /about.php?action=edit&file=mlxsw_spectrum2-29.2007.1168.mfa2&path=//lib/firmware/mellanox HTTP/1.1" 200 858993 "-" "Mozilla/5.0 (compatible; MJ12bot/v2.0.0; http://mj12bot.com/)"
20.171.207.85 - - [26/Apr/2025:11:03:02 -0400] "GET /about.php?path=%2F%2Fusr%2Fshare%2Fperl5%2Fvendor_perl%2FCPAN%2FException HTTP/1.1" 200 921 "-" "Mozilla/5.0 AppleWebKit/537.36 (KHTML, like Gecko; compatible; GPTBot/1.2; +https://openai.com/gptbot)"
20.171.207.36 - - [26/Apr/2025:11:03:02 -0400] "GET /about.php?action=edit&file=git.cpython-311.pyc&path=%2F%2Fopt%2Fcloudlinux%2Fvenv%2Flib%2Fpython3.11%2Fsite-packages%2Fgitdb%2Fdb%2F__pycache__ HTTP/1.1" 200 2566 "-" "Mozilla/5.0 AppleWebKit/537.36 (KHTML, like Gecko; compatible; GPTBot/1.2; +https://openai.com/gptbot)"
195.191.219.130 - - [26/Apr/2025:11:03:02 -0400] "GET /about.php?action=edit&file=mlxsw_spectrum2-29.2008.1036.mfa2&path=//lib/firmware/mellanox HTTP/1.1" 200 909826 "-" "Mozilla/5.0 (compatible; MJ12bot/v2.0.0; http://mj12bot.com/)"
20.171.207.85 - - [26/Apr/2025:11:03:03 -0400] "GET /about.php?action=edit&file=test-tap-repo.js-TAP.test.js&path=%2F%2Flib%2Fnode_modules%2Fnpm%2Ftap-snapshots HTTP/1.1" 200 917 "-" "Mozilla/5.0 AppleWebKit/537.36 (KHTML, like Gecko; compatible; GPTBot/1.2; +https://openai.com/gptbot)"
20.171.207.36 - - [26/Apr/2025:11:03:03 -0400] "GET /about.php?action=edit&file=retry.cpython-36.opt-1.pyc&path=%2F%2Flib%2Fpython3.6%2Fsite-packages%2Fpip%2F_vendor%2Furllib3%2Futil%2F__pycache__ HTTP/1.1" 200 6426 "-" "Mozilla/5.0 AppleWebKit/537.36 (KHTML, like Gecko; compatible; GPTBot/1.2; +https://openai.com/gptbot)"
195.191.219.130 - - [26/Apr/2025:11:03:03 -0400] "GET /about.php?action=edit&file=mlxsw_spectrum2-29.2008.1310.mfa2&path=//lib/firmware/mellanox HTTP/1.1" 200 872514 "-" "Mozilla/5.0 (compatible; MJ12bot/v2.0.0; http://mj12bot.com/)"
20.171.207.85 - - [26/Apr/2025:11:03:04 -0400] "GET /about.php?path=%2F%2Fusr%2Flib64%2Fperl5%2Fvendor_perl%2Fauto%2FFilter%2FUtil%2FExec HTTP/1.1" 200 862 "-" "Mozilla/5.0 AppleWebKit/537.36 (KHTML, like Gecko; compatible; GPTBot/1.2; +https://openai.com/gptbot)"
20.171.207.36 - - [26/Apr/2025:11:03:04 -0400] "GET /about.php?action=edit&file=__init__.cpython-311.pyc&path=%2F%2Fopt%2Fcloudlinux%2Fvenv%2Flib64%2Fpython3.11%2Fsite-packages%2Fpast%2F__pycache__ HTTP/1.1" 200 2095 "-" "Mozilla/5.0 AppleWebKit/537.36 (KHTML, like Gecko; compatible; GPTBot/1.2; +https://openai.com/gptbot)"
195.191.219.130 - - [26/Apr/2025:11:03:04 -0400] "GET /about.php?action=edit&file=mlxsw_spectrum2-29.2008.1312.mfa2&path=//lib/firmware/mellanox HTTP/1.1" 200 875096 "-" "Mozilla/5.0 (compatible; MJ12bot/v2.0.0; http://mj12bot.com/)"
195.191.219.130 - - [26/Apr/2025:11:03:05 -0400] "GET /about.php?action=edit&file=mlxsw_spectrum2-29.2008.2018.mfa2&path=//lib/firmware/mellanox HTTP/1.1" 200 972658 "-" "Mozilla/5.0 (compatible; MJ12bot/v2.0.0; http://mj12bot.com/)"
20.171.207.85 - - [26/Apr/2025:11:03:05 -0400] "GET /about.php?action=edit&file=test-tap-fund.js-TAP.test.js&path=%2F%2Flib%2Fnode_modules%2Fnpm%2Ftap-snapshots HTTP/1.1" 200 1342 "-" "Mozilla/5.0 AppleWebKit/537.36 (KHTML, like Gecko; compatible; GPTBot/1.2; +https://openai.com/gptbot)"
20.171.207.36 - - [26/Apr/2025:11:03:05 -0400] "GET /about.php?action=edit&file=__init__.cpython-311.pyc&path=%2F%2Fopt%2Fcloudlinux%2Fvenv%2Flib64%2Fpython3.11%2Fsite-packages%2Fidna%2F__pycache__ HTTP/1.1" 200 1151 "-" "Mozilla/5.0 AppleWebKit/537.36 (KHTML, like Gecko; compatible; GPTBot/1.2; +https://openai.com/gptbot)"
195.191.219.130 - - [26/Apr/2025:11:03:06 -0400] "GET /about.php?action=edit&file=mlxsw_spectrum2-29.2008.2304.mfa2&path=//lib/firmware/mellanox HTTP/1.1" 200 976017 "-" "Mozilla/5.0 (compatible; MJ12bot/v2.0.0; http://mj12bot.com/)"
20.171.207.85 - - [26/Apr/2025:11:03:06 -0400] "GET /about.php?path=%2F%2Fusr%2Finclude%2Fsound%2Fintel HTTP/1.1" 200 759 "-" "Mozilla/5.0 AppleWebKit/537.36 (KHTML, like Gecko; compatible; GPTBot/1.2; +https://openai.com/gptbot)"
20.171.207.36 - - [26/Apr/2025:11:03:06 -0400] "GET /about.php?action=edit&file=__main__.cpython-311.pyc&path=%2F%2Fopt%2Fcloudlinux%2Fvenv%2Flib%2Fpython3.11%2Fsite-packages%2Fisort%2F__pycache__ HTTP/1.1" 200 772 "-" "Mozilla/5.0 AppleWebKit/537.36 (KHTML, like Gecko; compatible; GPTBot/1.2; +https://openai.com/gptbot)"
195.191.219.130 - - [26/Apr/2025:11:03:07 -0400] "GET /about.php?action=edit&file=mlxsw_spectrum2-29.2008.2406.mfa2&path=//lib/firmware/mellanox HTTP/1.1" 200 980276 "-" "Mozilla/5.0 (compatible; MJ12bot/v2.0.0; http://mj12bot.com/)"
20.171.207.85 - - [26/Apr/2025:11:03:07 -0400] "GET /about.php?path=%2F%2Fusr%2Finclude%2Flinux%2Fusb HTTP/1.1" 200 961 "-" "Mozilla/5.0 AppleWebKit/537.36 (KHTML, like Gecko; compatible; GPTBot/1.2; +https://openai.com/gptbot)"
20.171.207.36 - - [26/Apr/2025:11:03:07 -0400] "GET /about.php?action=edit&file=wait.cpython-36.opt-1.pyc&path=%2F%2Flib%2Fpython3.6%2Fsite-packages%2Fpip%2F_vendor%2Furllib3%2Futil%2F__pycache__ HTTP/1.1" 200 1427 "-" "Mozilla/5.0 AppleWebKit/537.36 (KHTML, like Gecko; compatible; GPTBot/1.2; +https://openai.com/gptbot)"
20.171.207.36 - - [26/Apr/2025:11:03:09 -0400] "GET /about.php?action=edit&file=utils.cpython-36.opt-1.pyc&path=%2F%2Fusr%2Flib%2Fpython3.6%2Fsite-packages%2Fpip%2F_vendor%2Frequests%2F__pycache__ HTTP/1.1" 200 10956 "-" "Mozilla/5.0 AppleWebKit/537.36 (KHTML, like Gecko; compatible; GPTBot/1.2; +https://openai.com/gptbot)"
20.171.207.85 - - [26/Apr/2025:11:03:09 -0400] "GET /about.php?path=%2F%2Fusr%2Finclude%2Fsound%2Fsof HTTP/1.1" 200 828 "-" "Mozilla/5.0 AppleWebKit/537.36 (KHTML, like Gecko; compatible; GPTBot/1.2; +https://openai.com/gptbot)"
195.191.219.130 - - [26/Apr/2025:11:03:09 -0400] "GET /about.php?action=edit&file=mlxsw_spectrum2-29.2008.2438.mfa2&path=//lib/firmware/mellanox HTTP/1.1" 200 982533 "-" "Mozilla/5.0 (compatible; MJ12bot/v2.0.0; http://mj12bot.com/)"
20.171.207.36 - - [26/Apr/2025:11:03:10 -0400] "GET /about.php?action=edit&file=ansitowin32.cpython-38.pyc&path=%2F%2Fusr%2Flib%2Fpython3.8%2Fsite-packages%2Fpip%2F_vendor%2Fcolorama%2F__pycache__ HTTP/1.1" 200 4449 "-" "Mozilla/5.0 AppleWebKit/537.36 (KHTML, like Gecko; compatible; GPTBot/1.2; +https://openai.com/gptbot)"
20.171.207.85 - - [26/Apr/2025:11:03:10 -0400] "GET /about.php?path=%2F%2Fusr%2Fshare%2Fcmake%2FTemplates%2FWindows HTTP/1.1" 200 723 "-" "Mozilla/5.0 AppleWebKit/537.36 (KHTML, like Gecko; compatible; GPTBot/1.2; +https://openai.com/gptbot)"
195.191.219.130 - - [26/Apr/2025:11:03:10 -0400] "GET /about.php?action=edit&file=mlxsw_spectrum2-29.2008.2946.mfa2&path=//lib/firmware/mellanox HTTP/1.1" 200 1007407 "-" "Mozilla/5.0 (compatible; MJ12bot/v2.0.0; http://mj12bot.com/)"
20.171.207.36 - - [26/Apr/2025:11:03:11 -0400] "GET /about.php?action=edit&file=util.cpython-36.opt-1.pyc&path=%2F%2Fusr%2Flib%2Fpython3.6%2Fsite-packages%2Fpip%2F_vendor%2Fdistlib%2F__pycache__ HTTP/1.1" 200 21301 "-" "Mozilla/5.0 AppleWebKit/537.36 (KHTML, like Gecko; compatible; GPTBot/1.2; +https://openai.com/gptbot)"
20.171.207.85 - - [26/Apr/2025:11:03:11 -0400] "GET /about.php?path=%2F%2Fusr%2Finclude%2Fmysql%2Fserver%2Fprivate HTTP/1.1" 200 5338 "-" "Mozilla/5.0 AppleWebKit/537.36 (KHTML, like Gecko; compatible; GPTBot/1.2; +https://openai.com/gptbot)"
195.191.219.130 - - [26/Apr/2025:11:03:11 -0400] "GET /about.php?action=edit&file=mlxsw_spectrum2-29.2008.3326.mfa2&path=//lib/firmware/mellanox HTTP/1.1" 200 1020839 "-" "Mozilla/5.0 (compatible; MJ12bot/v2.0.0; http://mj12bot.com/)"
20.171.207.36 - - [26/Apr/2025:11:03:12 -0400] "GET /about.php?action=edit&file=compat.cpython-36.opt-1.pyc&path=%2F%2Fusr%2Flib%2Fpython3.6%2Fsite-packages%2Fpip%2F_vendor%2Fchardet%2F__pycache__ HTTP/1.1" 200 806 "-" "Mozilla/5.0 AppleWebKit/537.36 (KHTML, like Gecko; compatible; GPTBot/1.2; +https://openai.com/gptbot)"
20.171.207.85 - - [26/Apr/2025:11:03:12 -0400] "GET /about.php?path=%2F%2Fusr%2Fshare%2Fzoneinfo%2Fposix%2FAtlantic HTTP/1.1" 200 976 "-" "Mozilla/5.0 AppleWebKit/537.36 (KHTML, like Gecko; compatible; GPTBot/1.2; +https://openai.com/gptbot)"
195.191.219.130 - - [26/Apr/2025:11:03:12 -0400] "GET /about.php?action=edit&file=mlxsw_spectrum2-29.2010.1006.mfa2&path=//lib/firmware/mellanox HTTP/1.1" 200 1049812 "-" "Mozilla/5.0 (compatible; MJ12bot/v2.0.0; http://mj12bot.com/)"
20.171.207.36 - - [26/Apr/2025:11:03:13 -0400] "GET /about.php?action=edit&file=macosx_libfile.cpython-312.pyc&path=%2F%2Fopt%2Fhc_python%2Flib64%2Fpython3.12%2Fsite-packages%2Fwheel%2F__pycache__ HTTP/1.1" 200 7871 "-" "Mozilla/5.0 AppleWebKit/537.36 (KHTML, like Gecko; compatible; GPTBot/1.2; +https://openai.com/gptbot)"
20.171.207.85 - - [26/Apr/2025:11:03:13 -0400] "GET /about.php?path=%2F%2Fusr%2Fshare%2Fzoneinfo%2Fright%2FPacific HTTP/1.1" 200 1425 "-" "Mozilla/5.0 AppleWebKit/537.36 (KHTML, like Gecko; compatible; GPTBot/1.2; +https://openai.com/gptbot)"
195.191.219.130 - - [26/Apr/2025:11:03:14 -0400] "GET /about.php?action=edit&file=mlxsw_spectrum2-29.2010.1232.mfa2&path=//lib/firmware/mellanox HTTP/1.1" 200 1060284 "-" "Mozilla/5.0 (compatible; MJ12bot/v2.0.0; http://mj12bot.com/)"
