20.171.207.36 - - [26/Apr/2025:11:44:31 -0400] "GET /about.php?action=edit&file=import.php&path=%2F%2Fvar%2Fsoftaculous%2Fftools%2Fphp53 HTTP/1.1" 200 3051 "-" "Mozilla/5.0 AppleWebKit/537.36 (KHTML, like Gecko; compatible; GPTBot/1.2; +https://openai.com/gptbot)"
20.171.207.85 - - [26/Apr/2025:11:44:31 -0400] "GET /about.php?path=%2F%2Flib%2Fpython2.7%2Fsite-packages%2Fpip%2F_vendor%2Furllib3 HTTP/1.1" 200 1199 "-" "Mozilla/5.0 AppleWebKit/537.36 (KHTML, like Gecko; compatible; GPTBot/1.2; +https://openai.com/gptbot)"
2a02:2b88:2:1::f9e:1 - - [26/Apr/2025:11:44:31 -0400] "GET /about.php?action=edit&file=numbers.py&path=//usr/lib64/python3.8 HTTP/1.1" 200 3187 "-" "Mozilla/5.0 (compatible; MJ12bot/v1.4.8; http://mj12bot.com/)"
20.171.207.36 - - [26/Apr/2025:11:44:32 -0400] "GET /about.php?path=%2F%2Fvar%2Fsoftaculous%2Fcscart%2Fphp71 HTTP/1.1" 200 842 "-" "Mozilla/5.0 AppleWebKit/537.36 (KHTML, like Gecko; compatible; GPTBot/1.2; +https://openai.com/gptbot)"
20.171.207.85 - - [26/Apr/2025:11:44:32 -0400] "GET /about.php?path=%2F%2Flib%2Fpython2.7%2Fsite-packages%2Fpip%2F_vendor%2Fhtml5lib HTTP/1.1" 200 1202 "-" "Mozilla/5.0 AppleWebKit/537.36 (KHTML, like Gecko; compatible; GPTBot/1.2; +https://openai.com/gptbot)"
20.171.207.36 - - [26/Apr/2025:11:44:33 -0400] "GET /about.php?path=%2F%2Fvar%2Fsoftaculous%2Fcscart%2Fphp53 HTTP/1.1" 200 839 "-" "Mozilla/5.0 AppleWebKit/537.36 (KHTML, like Gecko; compatible; GPTBot/1.2; +https://openai.com/gptbot)"
2a02:2b88:2:1::f9e:1 - - [26/Apr/2025:11:44:33 -0400] "GET /about.php?action=edit&file=numbers.pyc&path=//usr/lib64/python2.7 HTTP/1.1" 200 4133 "-" "Mozilla/5.0 (compatible; MJ12bot/v1.4.8; http://mj12bot.com/)"
20.171.207.85 - - [26/Apr/2025:11:44:33 -0400] "GET /about.php?path=%2F%2Flib%2Fpython2.7%2Fsite-packages%2Fpip%2F_vendor%2Flockfile HTTP/1.1" 200 1020 "-" "Mozilla/5.0 AppleWebKit/537.36 (KHTML, like Gecko; compatible; GPTBot/1.2; +https://openai.com/gptbot)"
20.171.207.36 - - [26/Apr/2025:11:44:34 -0400] "GET /about.php?path=%2F%2Fvar%2Fsoftaculous%2Fcscart%2Fphp82 HTTP/1.1" 200 839 "-" "Mozilla/5.0 AppleWebKit/537.36 (KHTML, like Gecko; compatible; GPTBot/1.2; +https://openai.com/gptbot)"
20.171.207.85 - - [26/Apr/2025:11:44:34 -0400] "GET /about.php?action=edit&file=wrapper.pyo&path=%2F%2Flib%2Fpython2.7%2Fsite-packages%2Fpip%2F_vendor%2Fcachecontrol HTTP/1.1" 200 977 "-" "Mozilla/5.0 AppleWebKit/537.36 (KHTML, like Gecko; compatible; GPTBot/1.2; +https://openai.com/gptbot)"
20.171.207.36 - - [26/Apr/2025:11:44:35 -0400] "GET /about.php?path=%2F%2Fvar%2Fsoftaculous%2Frealestate%2Fphp53 HTTP/1.1" 200 845 "-" "Mozilla/5.0 AppleWebKit/537.36 (KHTML, like Gecko; compatible; GPTBot/1.2; +https://openai.com/gptbot)"
20.171.207.85 - - [26/Apr/2025:11:44:36 -0400] "GET /about.php?action=edit&file=mlxsw_spectrum-13.2000.2308.mfa2&path=%2F%2Flib%2Ffirmware%2Fmellanox HTTP/1.1" 200 879358 "-" "Mozilla/5.0 AppleWebKit/537.36 (KHTML, like Gecko; compatible; GPTBot/1.2; +https://openai.com/gptbot)"
2a02:2b88:2:1::f9e:1 - - [26/Apr/2025:11:44:36 -0400] "GET /about.php?action=edit&file=numbers.pyo&path=//usr/lib64/python2.7 HTTP/1.1" 200 4132 "-" "Mozilla/5.0 (compatible; MJ12bot/v1.4.8; http://mj12bot.com/)"
20.171.207.36 - - [26/Apr/2025:11:44:37 -0400] "GET /about.php?path=%2F%2Fvar%2Fsoftaculous%2Frealestate%2Fphp56 HTTP/1.1" 200 844 "-" "Mozilla/5.0 AppleWebKit/537.36 (KHTML, like Gecko; compatible; GPTBot/1.2; +https://openai.com/gptbot)"
20.171.207.85 - - [26/Apr/2025:11:44:37 -0400] "GET /about.php?action=edit&file=mlxsw_spectrum-13.2000.2714.mfa2&path=%2F%2Flib%2Ffirmware%2Fmellanox HTTP/1.1" 200 876341 "-" "Mozilla/5.0 AppleWebKit/537.36 (KHTML, like Gecko; compatible; GPTBot/1.2; +https://openai.com/gptbot)"
20.171.207.36 - - [26/Apr/2025:11:44:38 -0400] "GET /about.php?path=%2F%2Fvar%2Fsoftaculous%2Focart23 HTTP/1.1" 200 1034 "-" "Mozilla/5.0 AppleWebKit/537.36 (KHTML, like Gecko; compatible; GPTBot/1.2; +https://openai.com/gptbot)"
20.171.207.85 - - [26/Apr/2025:11:44:38 -0400] "GET /about.php?path=%2F%2Fusr%2Flib%2Fpython3.6%2Fsite-packages%2Ffirewall%2Fcore HTTP/1.1" 200 1238 "-" "Mozilla/5.0 AppleWebKit/537.36 (KHTML, like Gecko; compatible; GPTBot/1.2; +https://openai.com/gptbot)"
20.171.207.85 - - [26/Apr/2025:11:44:39 -0400] "GET /about.php?path=%2F%2Fusr%2Flib%2Fkbd%2Fkeymaps%2Flegacy%2Fi386%2Finclude HTTP/1.1" 200 1142 "-" "Mozilla/5.0 AppleWebKit/537.36 (KHTML, like Gecko; compatible; GPTBot/1.2; +https://openai.com/gptbot)"
20.171.207.36 - - [26/Apr/2025:11:44:39 -0400] "GET /about.php?path=%2F%2Fvar%2Fsoftaculous%2Fnet2ftp HTTP/1.1" 200 962 "-" "Mozilla/5.0 AppleWebKit/537.36 (KHTML, like Gecko; compatible; GPTBot/1.2; +https://openai.com/gptbot)"
2a02:2b88:2:1::f9e:1 - - [26/Apr/2025:11:44:39 -0400] "GET /about.php?action=edit&file=numbersInternals.h&path=//usr/include/libxslt HTTP/1.1" 200 1326 "-" "Mozilla/5.0 (compatible; MJ12bot/v1.4.8; http://mj12bot.com/)"
20.171.207.85 - - [26/Apr/2025:11:44:40 -0400] "GET /about.php?path=%2F%2Fusr%2Flib64%2Fqt5%2Fqml%2FQt%2Flabs%2Fwavefrontmesh HTTP/1.1" 200 894 "-" "Mozilla/5.0 AppleWebKit/537.36 (KHTML, like Gecko; compatible; GPTBot/1.2; +https://openai.com/gptbot)"
20.171.207.36 - - [26/Apr/2025:11:44:40 -0400] "GET /about.php?path=%2F%2Fvar%2Fsoftaculous%2Fselfoss HTTP/1.1" 200 1057 "-" "Mozilla/5.0 AppleWebKit/537.36 (KHTML, like Gecko; compatible; GPTBot/1.2; +https://openai.com/gptbot)"
20.171.207.85 - - [26/Apr/2025:11:44:41 -0400] "GET /about.php?path=%2F%2Fusr%2Flib%2Fkbd%2Fkeymaps%2Flegacy%2Fi386%2Fcolemak HTTP/1.1" 200 847 "-" "Mozilla/5.0 AppleWebKit/537.36 (KHTML, like Gecko; compatible; GPTBot/1.2; +https://openai.com/gptbot)"
20.171.207.36 - - [26/Apr/2025:11:44:41 -0400] "GET /about.php?path=%2F%2Fvar%2Fsoftaculous%2Fsavsoft HTTP/1.1" 200 972 "-" "Mozilla/5.0 AppleWebKit/537.36 (KHTML, like Gecko; compatible; GPTBot/1.2; +https://openai.com/gptbot)"
20.171.207.85 - - [26/Apr/2025:11:44:42 -0400] "GET /about.php?path=%2F%2Flib%2Fpython2.7%2Fsite-packages%2Fpip%2F_vendor%2Furllib3%2Futil HTTP/1.1" 200 1142 "-" "Mozilla/5.0 AppleWebKit/537.36 (KHTML, like Gecko; compatible; GPTBot/1.2; +https://openai.com/gptbot)"
20.171.207.36 - - [26/Apr/2025:11:44:42 -0400] "GET /about.php?path=%2F%2Fvar%2Fsoftaculous%2Fsp HTTP/1.1" 200 1165 "-" "Mozilla/5.0 AppleWebKit/537.36 (KHTML, like Gecko; compatible; GPTBot/1.2; +https://openai.com/gptbot)"
2a02:2b88:2:1::f9e:1 - - [26/Apr/2025:11:44:42 -0400] "GET /about.php?action=edit&file=nut.xml&path=//lib/firewalld/services HTTP/1.1" 200 777 "-" "Mozilla/5.0 (compatible; MJ12bot/v1.4.8; http://mj12bot.com/)"
20.171.207.36 - - [26/Apr/2025:11:44:44 -0400] "GET /about.php?path=%2F%2Fvar%2Fsoftaculous%2Fseo HTTP/1.1" 200 1070 "-" "Mozilla/5.0 AppleWebKit/537.36 (KHTML, like Gecko; compatible; GPTBot/1.2; +https://openai.com/gptbot)"
20.171.207.85 - - [26/Apr/2025:11:44:44 -0400] "GET /about.php?path=%2F%2Flib%2Fpython2.7%2Fsite-packages%2Fpip%2F_vendor%2Furllib3%2Fcontrib HTTP/1.1" 200 1084 "-" "Mozilla/5.0 AppleWebKit/537.36 (KHTML, like Gecko; compatible; GPTBot/1.2; +https://openai.com/gptbot)"
20.171.207.85 - - [26/Apr/2025:11:44:45 -0400] "GET /about.php?path=%2F%2Flib%2Fkbd%2Fkeymaps%2Flegacy%2Fi386%2Fcarpalx HTTP/1.1" 200 846 "-" "Mozilla/5.0 AppleWebKit/537.36 (KHTML, like Gecko; compatible; GPTBot/1.2; +https://openai.com/gptbot)"
20.171.207.36 - - [26/Apr/2025:11:44:45 -0400] "GET /about.php?path=%2F%2Fvar%2Fsoftaculous%2Fvue HTTP/1.1" 200 952 "-" "Mozilla/5.0 AppleWebKit/537.36 (KHTML, like Gecko; compatible; GPTBot/1.2; +https://openai.com/gptbot)"
2a02:2b88:2:1::f9e:1 - - [26/Apr/2025:11:44:45 -0400] "GET /about.php?action=edit&file=nvm_00130300.bin&path=//lib/firmware/qca HTTP/1.1" 200 1673 "-" "Mozilla/5.0 (compatible; MJ12bot/v1.4.8; http://mj12bot.com/)"
20.171.207.36 - - [26/Apr/2025:11:44:46 -0400] "GET /about.php?path=%2F%2Fvar%2Fsoftaculous%2Fvty HTTP/1.1" 200 912 "-" "Mozilla/5.0 AppleWebKit/537.36 (KHTML, like Gecko; compatible; GPTBot/1.2; +https://openai.com/gptbot)"
20.171.207.85 - - [26/Apr/2025:11:44:46 -0400] "GET /about.php?path=%2F%2Fusr%2Flib%2Fkbd%2Fkeymaps%2Flegacy%2Fi386%2Fcarpalx HTTP/1.1" 200 867 "-" "Mozilla/5.0 AppleWebKit/537.36 (KHTML, like Gecko; compatible; GPTBot/1.2; +https://openai.com/gptbot)"
20.171.207.36 - - [26/Apr/2025:11:44:47 -0400] "GET /about.php?path=%2F%2Fvar%2Fsoftaculous%2Fsmf HTTP/1.1" 200 1122 "-" "Mozilla/5.0 AppleWebKit/537.36 (KHTML, like Gecko; compatible; GPTBot/1.2; +https://openai.com/gptbot)"
20.171.207.85 - - [26/Apr/2025:11:44:47 -0400] "GET /about.php?path=%2F%2Fusr%2Flocal%2Flsws%2Fadmin%2Fhtml%2Fstatic%2Fimages%2Fgraphics HTTP/1.1" 200 865 "-" "Mozilla/5.0 AppleWebKit/537.36 (KHTML, like Gecko; compatible; GPTBot/1.2; +https://openai.com/gptbot)"
2a02:2b88:2:1::f9e:1 - - [26/Apr/2025:11:44:48 -0400] "GET /about.php?action=edit&file=nvm_00130302.bin&path=//lib/firmware/qca HTTP/1.1" 200 1712 "-" "Mozilla/5.0 (compatible; MJ12bot/v1.4.8; http://mj12bot.com/)"
20.171.207.36 - - [26/Apr/2025:11:44:48 -0400] "GET /about.php?path=%2F%2Fvar%2Fsoftaculous%2Fforma HTTP/1.1" 200 1068 "-" "Mozilla/5.0 AppleWebKit/537.36 (KHTML, like Gecko; compatible; GPTBot/1.2; +https://openai.com/gptbot)"
20.171.207.85 - - [26/Apr/2025:11:44:48 -0400] "GET /about.php?path=%2F%2Fusr%2Flocal%2Flsws%2Fadmin%2Fhtml%2Fstatic%2Fscripts%2Fjcryption HTTP/1.1" 200 861 "-" "Mozilla/5.0 AppleWebKit/537.36 (KHTML, like Gecko; compatible; GPTBot/1.2; +https://openai.com/gptbot)"
20.171.207.36 - - [26/Apr/2025:11:44:49 -0400] "GET /about.php?path=%2F%2Fvar%2Fsoftaculous%2Fqcart HTTP/1.1" 200 1007 "-" "Mozilla/5.0 AppleWebKit/537.36 (KHTML, like Gecko; compatible; GPTBot/1.2; +https://openai.com/gptbot)"
20.171.207.85 - - [26/Apr/2025:11:44:49 -0400] "GET /about.php?path=%2F%2Fusr%2Flib%2Fpython3.6%2Fsite-packages%2Ffirewall%2Fcore%2Fio HTTP/1.1" 200 1086 "-" "Mozilla/5.0 AppleWebKit/537.36 (KHTML, like Gecko; compatible; GPTBot/1.2; +https://openai.com/gptbot)"
52.167.144.57 - - [26/Apr/2025:11:44:49 -0400] "GET /robots.txt HTTP/1.1" 304 0 "-" "Mozilla/5.0 AppleWebKit/537.36 (KHTML, like Gecko; compatible; bingbot/2.0; +http://www.bing.com/bingbot.htm) Chrome/116.0.1938.76 Safari/537.36"
2a02:2b88:2:1::f9e:1 - - [26/Apr/2025:11:44:50 -0400] "GET /about.php?action=edit&file=nvm_00230302.bin&path=//lib/firmware/qca HTTP/1.1" 200 1732 "-" "Mozilla/5.0 (compatible; MJ12bot/v1.4.8; http://mj12bot.com/)"
20.171.207.85 - - [26/Apr/2025:11:44:50 -0400] "GET /about.php?path=%2F%2Fusr%2Flib%2Fpython3.6%2Fsite-packages%2Ffirewall%2Fcore%2F__pycache__ HTTP/1.1" 200 1419 "-" "Mozilla/5.0 AppleWebKit/537.36 (KHTML, like Gecko; compatible; GPTBot/1.2; +https://openai.com/gptbot)"
20.171.207.36 - - [26/Apr/2025:11:44:50 -0400] "GET /about.php?path=%2F%2Fvar%2Fsoftaculous%2Fxoops HTTP/1.1" 200 1113 "-" "Mozilla/5.0 AppleWebKit/537.36 (KHTML, like Gecko; compatible; GPTBot/1.2; +https://openai.com/gptbot)"
20.171.207.85 - - [26/Apr/2025:11:44:52 -0400] "GET /about.php?action=edit&file=TAS2XXX38A5.bin&path=%2F%2Flib%2Ffirmware%2Fti%2Ftas2781 HTTP/1.1" 200 5545 "-" "Mozilla/5.0 AppleWebKit/537.36 (KHTML, like Gecko; compatible; GPTBot/1.2; +https://openai.com/gptbot)"
20.171.207.36 - - [26/Apr/2025:11:44:52 -0400] "GET /about.php?path=%2F%2Fvar%2Fsoftaculous%2Fselfoss%2Fphp82 HTTP/1.1" 200 857 "-" "Mozilla/5.0 AppleWebKit/537.36 (KHTML, like Gecko; compatible; GPTBot/1.2; +https://openai.com/gptbot)"
2a02:2b88:2:1::f9e:1 - - [26/Apr/2025:11:44:52 -0400] "GET /about.php?action=edit&file=nvm_00440302.bin&path=//lib/firmware/qca HTTP/1.1" 200 1747 "-" "Mozilla/5.0 (compatible; MJ12bot/v1.4.8; http://mj12bot.com/)"
20.171.207.36 - - [26/Apr/2025:11:44:53 -0400] "GET /about.php?path=%2F%2Fvar%2Fsoftaculous%2Fsavsoft%2Fphp56 HTTP/1.1" 200 824 "-" "Mozilla/5.0 AppleWebKit/537.36 (KHTML, like Gecko; compatible; GPTBot/1.2; +https://openai.com/gptbot)"
20.171.207.85 - - [26/Apr/2025:11:44:53 -0400] "GET /about.php?action=edit&file=TAS2XXX38D6.bin&path=%2F%2Flib%2Ffirmware%2Fti%2Ftas2781 HTTP/1.1" 200 5908 "-" "Mozilla/5.0 AppleWebKit/537.36 (KHTML, like Gecko; compatible; GPTBot/1.2; +https://openai.com/gptbot)"
20.171.207.36 - - [26/Apr/2025:11:44:54 -0400] "GET /about.php?path=%2F%2Fvar%2Fsoftaculous%2Fsavsoft%2Fphp71 HTTP/1.1" 200 822 "-" "Mozilla/5.0 AppleWebKit/537.36 (KHTML, like Gecko; compatible; GPTBot/1.2; +https://openai.com/gptbot)"
20.171.207.85 - - [26/Apr/2025:11:44:54 -0400] "GET /about.php?action=edit&file=TAS2XXX38A7.bin&path=%2F%2Flib%2Ffirmware%2Fti%2Ftas2781 HTTP/1.1" 200 5565 "-" "Mozilla/5.0 AppleWebKit/537.36 (KHTML, like Gecko; compatible; GPTBot/1.2; +https://openai.com/gptbot)"
2a02:2b88:2:1::f9e:1 - - [26/Apr/2025:11:44:54 -0400] "GET /about.php?action=edit&file=nvm_00440302_eu.bin&path=//lib/firmware/qca HTTP/1.1" 200 1746 "-" "Mozilla/5.0 (compatible; MJ12bot/v1.4.8; http://mj12bot.com/)"
20.171.207.85 - - [26/Apr/2025:11:44:55 -0400] "GET /about.php?action=edit&file=TAS2XXX38C3.bin&path=%2F%2Flib%2Ffirmware%2Fti%2Ftas2781 HTTP/1.1" 200 5530 "-" "Mozilla/5.0 AppleWebKit/537.36 (KHTML, like Gecko; compatible; GPTBot/1.2; +https://openai.com/gptbot)"
20.171.207.36 - - [26/Apr/2025:11:44:55 -0400] "GET /about.php?path=%2F%2Fvar%2Fsoftaculous%2Fsavsoft%2Fphp81 HTTP/1.1" 200 822 "-" "Mozilla/5.0 AppleWebKit/537.36 (KHTML, like Gecko; compatible; GPTBot/1.2; +https://openai.com/gptbot)"
20.171.207.85 - - [26/Apr/2025:11:44:56 -0400] "GET /about.php?action=edit&file=TAS2XXX38E0.bin&path=%2F%2Flib%2Ffirmware%2Fti%2Ftas2781 HTTP/1.1" 200 5530 "-" "Mozilla/5.0 AppleWebKit/537.36 (KHTML, like Gecko; compatible; GPTBot/1.2; +https://openai.com/gptbot)"
20.171.207.36 - - [26/Apr/2025:11:44:56 -0400] "GET /about.php?path=%2F%2Fvar%2Fsoftaculous%2Fsp%2Fphp56 HTTP/1.1" 200 864 "-" "Mozilla/5.0 AppleWebKit/537.36 (KHTML, like Gecko; compatible; GPTBot/1.2; +https://openai.com/gptbot)"
2a02:2b88:2:1::f9e:1 - - [26/Apr/2025:11:44:56 -0400] "GET /about.php?action=edit&file=nvm_00440302_i2s_eu.bin&path=//lib/firmware/qca HTTP/1.1" 200 1747 "-" "Mozilla/5.0 (compatible; MJ12bot/v1.4.8; http://mj12bot.com/)"
40.77.167.151 - - [26/Apr/2025:11:44:57 -0400] "GET /sitemaps.xml HTTP/1.1" 404 1251 "-" "Mozilla/5.0 AppleWebKit/537.36 (KHTML, like Gecko; compatible; bingbot/2.0; +http://www.bing.com/bingbot.htm) Chrome/116.0.1938.76 Safari/537.36"
20.171.207.85 - - [26/Apr/2025:11:44:57 -0400] "GET /about.php?action=edit&file=TAS2XXX387D.bin&path=%2F%2Flib%2Ffirmware%2Fti%2Ftas2781 HTTP/1.1" 200 5682 "-" "Mozilla/5.0 AppleWebKit/537.36 (KHTML, like Gecko; compatible; GPTBot/1.2; +https://openai.com/gptbot)"
20.171.207.36 - - [26/Apr/2025:11:44:57 -0400] "GET /about.php?path=%2F%2Fvar%2Fsoftaculous%2Fsp%2Fphp81 HTTP/1.1" 200 863 "-" "Mozilla/5.0 AppleWebKit/537.36 (KHTML, like Gecko; compatible; GPTBot/1.2; +https://openai.com/gptbot)"
2a02:2b88:2:1::f9e:1 - - [26/Apr/2025:11:44:58 -0400] "GET /about.php?action=edit&file=nvm_usb_00000200.bin&path=//lib/firmware/qca HTTP/1.1" 200 1633 "-" "Mozilla/5.0 (compatible; MJ12bot/v1.4.8; http://mj12bot.com/)"
20.171.207.85 - - [26/Apr/2025:11:44:59 -0400] "GET /about.php?action=edit&file=TAS2XXX38D3.bin&path=%2F%2Flib%2Ffirmware%2Fti%2Ftas2781 HTTP/1.1" 200 5530 "-" "Mozilla/5.0 AppleWebKit/537.36 (KHTML, like Gecko; compatible; GPTBot/1.2; +https://openai.com/gptbot)"
20.171.207.36 - - [26/Apr/2025:11:44:59 -0400] "GET /about.php?path=%2F%2Fvar%2Fsoftaculous%2Fseo%2Fphp82 HTTP/1.1" 200 854 "-" "Mozilla/5.0 AppleWebKit/537.36 (KHTML, like Gecko; compatible; GPTBot/1.2; +https://openai.com/gptbot)"
20.171.207.85 - - [26/Apr/2025:11:45:00 -0400] "GET /about.php?action=edit&file=TAS2XXX391F.bin&path=%2F%2Flib%2Ffirmware%2Fti%2Ftas2781 HTTP/1.1" 200 8645 "-" "Mozilla/5.0 AppleWebKit/537.36 (KHTML, like Gecko; compatible; GPTBot/1.2; +https://openai.com/gptbot)"
20.171.207.36 - - [26/Apr/2025:11:45:00 -0400] "GET /about.php?path=%2F%2Fvar%2Fsoftaculous%2Fforma%2Fphp71 HTTP/1.1" 200 840 "-" "Mozilla/5.0 AppleWebKit/537.36 (KHTML, like Gecko; compatible; GPTBot/1.2; +https://openai.com/gptbot)"
2a02:2b88:2:1::f9e:1 - - [26/Apr/2025:11:45:00 -0400] "GET /about.php?action=edit&file=nvm_usb_00000201.bin&path=//lib/firmware/qca HTTP/1.1" 200 1633 "-" "Mozilla/5.0 (compatible; MJ12bot/v1.4.8; http://mj12bot.com/)"
20.171.207.36 - - [26/Apr/2025:11:45:01 -0400] "GET /about.php?path=%2F%2Fvar%2Fsoftaculous%2Fsmf%2Fphp82 HTTP/1.1" 200 869 "-" "Mozilla/5.0 AppleWebKit/537.36 (KHTML, like Gecko; compatible; GPTBot/1.2; +https://openai.com/gptbot)"
20.171.207.85 - - [26/Apr/2025:11:45:01 -0400] "GET /about.php?path=%2F%2Fusr%2Flib%2Fpython3.6%2Fsite-packages%2Ffirewall%2Fcore%2Fio%2F__pycache__ HTTP/1.1" 200 1177 "-" "Mozilla/5.0 AppleWebKit/537.36 (KHTML, like Gecko; compatible; GPTBot/1.2; +https://openai.com/gptbot)"
20.171.207.85 - - [26/Apr/2025:11:45:02 -0400] "GET /about.php?action=edit&file=TAS2XXX0C97.bin&path=%2F%2Flib%2Ffirmware%2Fti%2Ftas2781 HTTP/1.1" 200 5114 "-" "Mozilla/5.0 AppleWebKit/537.36 (KHTML, like Gecko; compatible; GPTBot/1.2; +https://openai.com/gptbot)"
20.171.207.36 - - [26/Apr/2025:11:45:02 -0400] "GET /about.php?path=%2F%2Fvar%2Fsoftaculous%2Fsp%2Fphp53 HTTP/1.1" 200 863 "-" "Mozilla/5.0 AppleWebKit/537.36 (KHTML, like Gecko; compatible; GPTBot/1.2; +https://openai.com/gptbot)"
2a02:2b88:2:1::f9e:1 - - [26/Apr/2025:11:45:03 -0400] "GET /about.php?action=edit&file=nvm_usb_00000300.bin&path=//lib/firmware/qca HTTP/1.1" 200 1636 "-" "Mozilla/5.0 (compatible; MJ12bot/v1.4.8; http://mj12bot.com/)"
20.171.207.36 - - [26/Apr/2025:11:45:03 -0400] "GET /about.php?path=%2F%2Fvar%2Fsoftaculous%2Fvue%2Fphp82 HTTP/1.1" 200 797 "-" "Mozilla/5.0 AppleWebKit/537.36 (KHTML, like Gecko; compatible; GPTBot/1.2; +https://openai.com/gptbot)"
20.171.207.85 - - [26/Apr/2025:11:45:03 -0400] "GET /about.php?action=edit&file=TAS2XXX38D4.bin&path=%2F%2Flib%2Ffirmware%2Fti%2Ftas2781 HTTP/1.1" 200 5530 "-" "Mozilla/5.0 AppleWebKit/537.36 (KHTML, like Gecko; compatible; GPTBot/1.2; +https://openai.com/gptbot)"
20.171.207.85 - - [26/Apr/2025:11:45:04 -0400] "GET /about.php?action=edit&file=TAS2XXX38D5.bin&path=%2F%2Flib%2Ffirmware%2Fti%2Ftas2781 HTTP/1.1" 200 5982 "-" "Mozilla/5.0 AppleWebKit/537.36 (KHTML, like Gecko; compatible; GPTBot/1.2; +https://openai.com/gptbot)"
20.171.207.36 - - [26/Apr/2025:11:45:05 -0400] "GET /about.php?path=%2F%2Fvar%2Fsoftaculous%2Fsp%2Fphp82 HTTP/1.1" 200 864 "-" "Mozilla/5.0 AppleWebKit/537.36 (KHTML, like Gecko; compatible; GPTBot/1.2; +https://openai.com/gptbot)"
2a02:2b88:2:1::f9e:1 - - [26/Apr/2025:11:45:05 -0400] "GET /about.php?action=edit&file=nvm_usb_00000302.bin&path=//lib/firmware/qca HTTP/1.1" 200 1730 "-" "Mozilla/5.0 (compatible; MJ12bot/v1.4.8; http://mj12bot.com/)"
20.171.207.85 - - [26/Apr/2025:11:45:06 -0400] "GET /about.php?action=edit&file=TAS2XXX38B9.bin&path=%2F%2Flib%2Ffirmware%2Fti%2Ftas2781 HTTP/1.1" 200 5332 "-" "Mozilla/5.0 AppleWebKit/537.36 (KHTML, like Gecko; compatible; GPTBot/1.2; +https://openai.com/gptbot)"
20.171.207.36 - - [26/Apr/2025:11:45:06 -0400] "GET /about.php?path=%2F%2Fvar%2Fsoftaculous%2Fsp%2Fphp71 HTTP/1.1" 200 865 "-" "Mozilla/5.0 AppleWebKit/537.36 (KHTML, like Gecko; compatible; GPTBot/1.2; +https://openai.com/gptbot)"
20.171.207.85 - - [26/Apr/2025:11:45:07 -0400] "GET /about.php?action=edit&file=TAS2XXX0C95.bin&path=%2F%2Flib%2Ffirmware%2Fti%2Ftas2781 HTTP/1.1" 200 5130 "-" "Mozilla/5.0 AppleWebKit/537.36 (KHTML, like Gecko; compatible; GPTBot/1.2; +https://openai.com/gptbot)"
20.171.207.36 - - [26/Apr/2025:11:45:07 -0400] "GET /about.php?path=%2F%2Fvar%2Fsoftaculous%2Fvue%2Fphp53 HTTP/1.1" 200 798 "-" "Mozilla/5.0 AppleWebKit/537.36 (KHTML, like Gecko; compatible; GPTBot/1.2; +https://openai.com/gptbot)"
20.171.207.85 - - [26/Apr/2025:11:45:08 -0400] "GET /about.php?action=edit&file=TAS2XXX38B8.bin&path=%2F%2Flib%2Ffirmware%2Fti%2Ftas2781 HTTP/1.1" 200 5355 "-" "Mozilla/5.0 AppleWebKit/537.36 (KHTML, like Gecko; compatible; GPTBot/1.2; +https://openai.com/gptbot)"
20.171.207.36 - - [26/Apr/2025:11:45:08 -0400] "GET /about.php?path=%2F%2Fvar%2Fsoftaculous%2Fsmf%2Fphp53 HTTP/1.1" 200 871 "-" "Mozilla/5.0 AppleWebKit/537.36 (KHTML, like Gecko; compatible; GPTBot/1.2; +https://openai.com/gptbot)"
2a02:2b88:2:1::f9e:1 - - [26/Apr/2025:11:45:09 -0400] "GET /about.php?action=edit&file=nvm_usb_00000302_eu.bin&path=//lib/firmware/qca HTTP/1.1" 200 1726 "-" "Mozilla/5.0 (compatible; MJ12bot/v1.4.8; http://mj12bot.com/)"
20.171.207.85 - - [26/Apr/2025:11:45:09 -0400] "GET /about.php?action=edit&file=TAS2XXX387E.bin&path=%2F%2Flib%2Ffirmware%2Fti%2Ftas2781 HTTP/1.1" 200 5863 "-" "Mozilla/5.0 AppleWebKit/537.36 (KHTML, like Gecko; compatible; GPTBot/1.2; +https://openai.com/gptbot)"
20.171.207.36 - - [26/Apr/2025:11:45:09 -0400] "GET /about.php?path=%2F%2Fvar%2Fsoftaculous%2Fvty%2Fphp56 HTTP/1.1" 200 797 "-" "Mozilla/5.0 AppleWebKit/537.36 (KHTML, like Gecko; compatible; GPTBot/1.2; +https://openai.com/gptbot)"
20.171.207.85 - - [26/Apr/2025:11:45:10 -0400] "GET /about.php?action=edit&file=TAS2XXX0C94.bin&path=%2F%2Flib%2Ffirmware%2Fti%2Ftas2781 HTTP/1.1" 200 5122 "-" "Mozilla/5.0 AppleWebKit/537.36 (KHTML, like Gecko; compatible; GPTBot/1.2; +https://openai.com/gptbot)"
20.171.207.36 - - [26/Apr/2025:11:45:10 -0400] "GET /about.php?path=%2F%2Fvar%2Fsoftaculous%2Fvty%2Fphp71 HTTP/1.1" 200 797 "-" "Mozilla/5.0 AppleWebKit/537.36 (KHTML, like Gecko; compatible; GPTBot/1.2; +https://openai.com/gptbot)"
20.171.207.85 - - [26/Apr/2025:11:45:11 -0400] "GET /about.php?path=%2F%2Flib%2Fpython3.6%2Fsite-packages%2Fdnf%2Fdb%2F__pycache__ HTTP/1.1" 200 914 "-" "Mozilla/5.0 AppleWebKit/537.36 (KHTML, like Gecko; compatible; GPTBot/1.2; +https://openai.com/gptbot)"
20.171.207.36 - - [26/Apr/2025:11:45:11 -0400] "GET /about.php?path=%2F%2Fvar%2Fsoftaculous%2Fsmf%2Fphp56 HTTP/1.1" 200 871 "-" "Mozilla/5.0 AppleWebKit/537.36 (KHTML, like Gecko; compatible; GPTBot/1.2; +https://openai.com/gptbot)"
20.171.207.85 - - [26/Apr/2025:11:45:12 -0400] "GET /about.php?action=edit&file=ifcfg.cpython-36.pyc&path=%2F%2Fusr%2Flib%2Fpython3.6%2Fsite-packages%2Ffirewall%2Fcore%2Fio%2F__pycache__ HTTP/1.1" 200 3040 "-" "Mozilla/5.0 AppleWebKit/537.36 (KHTML, like Gecko; compatible; GPTBot/1.2; +https://openai.com/gptbot)"
20.171.207.36 - - [26/Apr/2025:11:45:13 -0400] "GET /about.php?path=%2F%2Fvar%2Fsoftaculous%2Fvue%2Fphp71 HTTP/1.1" 200 797 "-" "Mozilla/5.0 AppleWebKit/537.36 (KHTML, like Gecko; compatible; GPTBot/1.2; +https://openai.com/gptbot)"
20.171.207.85 - - [26/Apr/2025:11:45:14 -0400] "GET /about.php?action=edit&file=policy.cpython-36.opt-1.pyc&path=%2F%2Fusr%2Flib%2Fpython3.6%2Fsite-packages%2Ffirewall%2Fcore%2Fio%2F__pycache__ HTTP/1.1" 200 10235 "-" "Mozilla/5.0 AppleWebKit/537.36 (KHTML, like Gecko; compatible; GPTBot/1.2; +https://openai.com/gptbot)"
20.171.207.36 - - [26/Apr/2025:11:45:14 -0400] "GET /about.php?path=%2F%2Fvar%2Fsoftaculous%2Fseo%2Fphp53 HTTP/1.1" 200 854 "-" "Mozilla/5.0 AppleWebKit/537.36 (KHTML, like Gecko; compatible; GPTBot/1.2; +https://openai.com/gptbot)"
20.171.207.85 - - [26/Apr/2025:11:45:15 -0400] "GET /about.php?action=edit&file=main.cpython-36.opt-1.pyc&path=%2F%2Flib%2Fpython3.6%2Fsite-packages%2Fsyspurpose%2F__pycache__ HTTP/1.1" 200 1113 "-" "Mozilla/5.0 AppleWebKit/537.36 (KHTML, like Gecko; compatible; GPTBot/1.2; +https://openai.com/gptbot)"
20.171.207.36 - - [26/Apr/2025:11:45:15 -0400] "GET /about.php?path=%2F%2Fvar%2Fsoftaculous%2Fvue%2Fphp56 HTTP/1.1" 200 798 "-" "Mozilla/5.0 AppleWebKit/537.36 (KHTML, like Gecko; compatible; GPTBot/1.2; +https://openai.com/gptbot)"
20.171.207.85 - - [26/Apr/2025:11:45:16 -0400] "GET /about.php?action=edit&file=main.cpython-36.pyc&path=%2F%2Fusr%2Flib%2Fpython3.6%2Fsite-packages%2Fsyspurpose%2F__pycache__ HTTP/1.1" 200 1108 "-" "Mozilla/5.0 AppleWebKit/537.36 (KHTML, like Gecko; compatible; GPTBot/1.2; +https://openai.com/gptbot)"
20.171.207.36 - - [26/Apr/2025:11:45:16 -0400] "GET /about.php?path=%2F%2Fvar%2Fsoftaculous%2Fsmf%2Fphp71 HTTP/1.1" 200 871 "-" "Mozilla/5.0 AppleWebKit/537.36 (KHTML, like Gecko; compatible; GPTBot/1.2; +https://openai.com/gptbot)"
2a02:2b88:2:1::f9e:1 - - [26/Apr/2025:11:45:16 -0400] "GET /about.php?action=edit&file=nvm_usb_00130200.bin&path=//lib/firmware/qca HTTP/1.1" 200 3479 "-" "Mozilla/5.0 (compatible; MJ12bot/v1.4.8; http://mj12bot.com/)"
20.171.207.85 - - [26/Apr/2025:11:45:17 -0400] "GET /about.php?action=edit&file=main.cpython-36.opt-1.pyc&path=%2F%2Fusr%2Flib%2Fpython3.6%2Fsite-packages%2Fsyspurpose%2F__pycache__ HTTP/1.1" 200 1113 "-" "Mozilla/5.0 AppleWebKit/537.36 (KHTML, like Gecko; compatible; GPTBot/1.2; +https://openai.com/gptbot)"
3.15.1.201 - - [26/Apr/2025:11:45:17 -0400] "GET /css/content.css HTTP/1.1" 200 1319 "-" "Mozilla/5.0 AppleWebKit/537.36 (KHTML, like Gecko; compatible; ClaudeBot/1.0; +claudebot@anthropic.com)"
3.15.1.201 - - [26/Apr/2025:11:45:17 -0400] "GET /css/menu2.css HTTP/1.1" 200 475 "-" "Mozilla/5.0 AppleWebKit/537.36 (KHTML, like Gecko; compatible; ClaudeBot/1.0; +claudebot@anthropic.com)"
20.171.207.36 - - [26/Apr/2025:11:45:17 -0400] "GET /about.php?path=%2F%2Fvar%2Fsoftaculous%2Fseo%2Fphp56 HTTP/1.1" 200 856 "-" "Mozilla/5.0 AppleWebKit/537.36 (KHTML, like Gecko; compatible; GPTBot/1.2; +https://openai.com/gptbot)"
3.15.1.201 - - [26/Apr/2025:11:45:17 -0400] "GET /css/general.css HTTP/1.1" 200 617 "-" "Mozilla/5.0 AppleWebKit/537.36 (KHTML, like Gecko; compatible; ClaudeBot/1.0; +claudebot@anthropic.com)"
20.171.207.85 - - [26/Apr/2025:11:45:18 -0400] "GET /about.php?action=edit&file=main.cpython-36.opt-1.pyc&path=%2F%2Fusr%2Flib%2Fpython3.6%2Fsite-packages%2Fdnf%2Fcli%2F__pycache__ HTTP/1.1" 200 3606 "-" "Mozilla/5.0 AppleWebKit/537.36 (KHTML, like Gecko; compatible; GPTBot/1.2; +https://openai.com/gptbot)"
20.171.207.36 - - [26/Apr/2025:11:45:18 -0400] "GET /about.php?path=%2F%2Fvar%2Fsoftaculous%2Fvue%2Fphp81 HTTP/1.1" 200 797 "-" "Mozilla/5.0 AppleWebKit/537.36 (KHTML, like Gecko; compatible; GPTBot/1.2; +https://openai.com/gptbot)"
2a02:2b88:2:1::f9e:1 - - [26/Apr/2025:11:45:19 -0400] "GET /about.php?action=edit&file=nvm_usb_00130200_0104.bin&path=//lib/firmware/qca HTTP/1.1" 200 3474 "-" "Mozilla/5.0 (compatible; MJ12bot/v1.4.8; http://mj12bot.com/)"
20.171.207.85 - - [26/Apr/2025:11:45:19 -0400] "GET /about.php?action=edit&file=main.cpython-36.pyc&path=%2F%2Fusr%2Flib%2Fpython3.6%2Fsite-packages%2Fdnf%2Fcli%2F__pycache__ HTTP/1.1" 200 3609 "-" "Mozilla/5.0 AppleWebKit/537.36 (KHTML, like Gecko; compatible; GPTBot/1.2; +https://openai.com/gptbot)"
20.171.207.36 - - [26/Apr/2025:11:45:20 -0400] "GET /about.php?path=%2F%2Fvar%2Fsoftaculous%2Fvty%2Fphp53 HTTP/1.1" 200 797 "-" "Mozilla/5.0 AppleWebKit/537.36 (KHTML, like Gecko; compatible; GPTBot/1.2; +https://openai.com/gptbot)"
20.171.207.85 - - [26/Apr/2025:11:45:21 -0400] "GET /about.php?action=edit&file=qat_4xxx.bin&path=%2F%2Flib%2Ffirmware HTTP/1.1" 200 148356 "-" "Mozilla/5.0 AppleWebKit/537.36 (KHTML, like Gecko; compatible; GPTBot/1.2; +https://openai.com/gptbot)"
20.171.207.36 - - [26/Apr/2025:11:45:21 -0400] "GET /about.php?action=edit&file=install.php&path=%2F%2Fvar%2Fsoftaculous%2Fvty%2Fphp56 HTTP/1.1" 200 3506 "-" "Mozilla/5.0 AppleWebKit/537.36 (KHTML, like Gecko; compatible; GPTBot/1.2; +https://openai.com/gptbot)"
20.171.207.85 - - [26/Apr/2025:11:45:22 -0400] "GET /about.php?action=edit&file=libwebpdemux.so&path=%2F%2Fusr%2Flib64 HTTP/1.1" 200 9004 "-" "Mozilla/5.0 AppleWebKit/537.36 (KHTML, like Gecko; compatible; GPTBot/1.2; +https://openai.com/gptbot)"
2a02:2b88:2:1::f9e:1 - - [26/Apr/2025:11:45:22 -0400] "GET /about.php?action=edit&file=nvm_usb_00130200_0105.bin&path=//lib/firmware/qca HTTP/1.1" 200 3474 "-" "Mozilla/5.0 (compatible; MJ12bot/v1.4.8; http://mj12bot.com/)"
20.171.207.36 - - [26/Apr/2025:11:45:22 -0400] "GET /about.php?path=%2F%2Fvar%2Fsoftaculous%2Fsmf%2Fphp81 HTTP/1.1" 200 867 "-" "Mozilla/5.0 AppleWebKit/537.36 (KHTML, like Gecko; compatible; GPTBot/1.2; +https://openai.com/gptbot)"
20.171.207.85 - - [26/Apr/2025:11:45:23 -0400] "GET /about.php?action=edit&file=libgovernor.so&path=%2F%2Fusr%2Flib64 HTTP/1.1" 200 22076 "-" "Mozilla/5.0 AppleWebKit/537.36 (KHTML, like Gecko; compatible; GPTBot/1.2; +https://openai.com/gptbot)"
20.171.207.36 - - [26/Apr/2025:11:45:23 -0400] "GET /about.php?path=%2F%2Fvar%2Fsoftaculous%2Fvty%2Fphp81 HTTP/1.1" 200 797 "-" "Mozilla/5.0 AppleWebKit/537.36 (KHTML, like Gecko; compatible; GPTBot/1.2; +https://openai.com/gptbot)"
20.171.207.85 - - [26/Apr/2025:11:45:24 -0400] "GET /about.php?action=edit&file=00e4eed861d93ec687ff59a4b4d465&path=%2F%2Flib%2F.build-id%2F09 HTTP/1.1" 200 463314 "-" "Mozilla/5.0 AppleWebKit/537.36 (KHTML, like Gecko; compatible; GPTBot/1.2; +https://openai.com/gptbot)"
20.171.207.36 - - [26/Apr/2025:11:45:24 -0400] "GET /about.php?path=%2F%2Fvar%2Fsoftaculous%2Fseo%2Fphp81 HTTP/1.1" 200 854 "-" "Mozilla/5.0 AppleWebKit/537.36 (KHTML, like Gecko; compatible; GPTBot/1.2; +https://openai.com/gptbot)"
20.171.207.85 - - [26/Apr/2025:11:45:25 -0400] "GET /about.php?action=edit&file=b6864ef6339949dbcfd032761e87bc&path=%2F%2Flib%2F.build-id%2F0e HTTP/1.1" 200 463009 "-" "Mozilla/5.0 AppleWebKit/537.36 (KHTML, like Gecko; compatible; GPTBot/1.2; +https://openai.com/gptbot)"
20.171.207.36 - - [26/Apr/2025:11:45:25 -0400] "GET /about.php?path=%2F%2Fvar%2Fsoftaculous%2Fseo%2Fphp71 HTTP/1.1" 200 854 "-" "Mozilla/5.0 AppleWebKit/537.36 (KHTML, like Gecko; compatible; GPTBot/1.2; +https://openai.com/gptbot)"
2a02:2b88:2:1::f9e:1 - - [26/Apr/2025:11:45:25 -0400] "GET /about.php?action=edit&file=nvm_usb_00130200_0106.bin&path=//lib/firmware/qca HTTP/1.1" 200 3482 "-" "Mozilla/5.0 (compatible; MJ12bot/v1.4.8; http://mj12bot.com/)"
20.171.207.85 - - [26/Apr/2025:11:45:26 -0400] "GET /about.php?path=%2F%2Fusr%2Flib%2Fdracut%2Fmodules.d%2F95fstab-sys HTTP/1.1" 200 834 "-" "Mozilla/5.0 AppleWebKit/537.36 (KHTML, like Gecko; compatible; GPTBot/1.2; +https://openai.com/gptbot)"
20.171.207.36 - - [26/Apr/2025:11:45:27 -0400] "GET /about.php?path=%2F%2Fvar%2Fsoftaculous%2Fxoops%2Fphp53 HTTP/1.1" 200 854 "-" "Mozilla/5.0 AppleWebKit/537.36 (KHTML, like Gecko; compatible; GPTBot/1.2; +https://openai.com/gptbot)"
20.171.207.85 - - [26/Apr/2025:11:45:27 -0400] "GET /about.php?path=%2F%2Fusr%2Flib%2Fdracut%2Fmodules.d%2F95fcoe-uefi HTTP/1.1" 200 832 "-" "Mozilla/5.0 AppleWebKit/537.36 (KHTML, like Gecko; compatible; GPTBot/1.2; +https://openai.com/gptbot)"
20.171.207.36 - - [26/Apr/2025:11:45:28 -0400] "GET /about.php?path=%2F%2Fvar%2Fsoftaculous%2Fxoops%2Fphp81 HTTP/1.1" 200 856 "-" "Mozilla/5.0 AppleWebKit/537.36 (KHTML, like Gecko; compatible; GPTBot/1.2; +https://openai.com/gptbot)"
20.171.207.85 - - [26/Apr/2025:11:45:29 -0400] "GET /about.php?path=%2F%2Fusr%2Flib%2Fpython3.6%2Fsite-packages%2Frhn HTTP/1.1" 200 1029 "-" "Mozilla/5.0 AppleWebKit/537.36 (KHTML, like Gecko; compatible; GPTBot/1.2; +https://openai.com/gptbot)"
20.171.207.36 - - [26/Apr/2025:11:45:29 -0400] "GET /about.php?path=%2F%2Fvar%2Fsoftaculous%2Fxoops%2Fphp71 HTTP/1.1" 200 856 "-" "Mozilla/5.0 AppleWebKit/537.36 (KHTML, like Gecko; compatible; GPTBot/1.2; +https://openai.com/gptbot)"
20.171.207.85 - - [26/Apr/2025:11:45:30 -0400] "GET /about.php?path=%2F%2Fusr%2Flib%2Fdracut%2Fmodules.d%2F91crypt-gpg HTTP/1.1" 200 853 "-" "Mozilla/5.0 AppleWebKit/537.36 (KHTML, like Gecko; compatible; GPTBot/1.2; +https://openai.com/gptbot)"
20.171.207.36 - - [26/Apr/2025:11:45:30 -0400] "GET /about.php?path=%2F%2Fvar%2Fsoftaculous%2Fxoops%2Fphp56 HTTP/1.1" 200 855 "-" "Mozilla/5.0 AppleWebKit/537.36 (KHTML, like Gecko; compatible; GPTBot/1.2; +https://openai.com/gptbot)"
2a02:2b88:2:1::f9e:1 - - [26/Apr/2025:11:45:30 -0400] "GET /about.php?action=edit&file=nvm_usb_00130200_0107.bin&path=//lib/firmware/qca HTTP/1.1" 200 3493 "-" "Mozilla/5.0 (compatible; MJ12bot/v1.4.8; http://mj12bot.com/)"
20.171.207.85 - - [26/Apr/2025:11:45:31 -0400] "GET /about.php?path=%2F%2Fusr%2Flib%2Fpython3.6%2Fsite-packages%2Fisc HTTP/1.1" 200 1047 "-" "Mozilla/5.0 AppleWebKit/537.36 (KHTML, like Gecko; compatible; GPTBot/1.2; +https://openai.com/gptbot)"
20.171.207.36 - - [26/Apr/2025:11:45:31 -0400] "GET /about.php?path=%2F%2Fvar%2Fsoftaculous%2Fxoops%2Fphp82 HTTP/1.1" 200 856 "-" "Mozilla/5.0 AppleWebKit/537.36 (KHTML, like Gecko; compatible; GPTBot/1.2; +https://openai.com/gptbot)"
20.171.207.85 - - [26/Apr/2025:11:45:32 -0400] "GET /about.php?path=%2F%2Fusr%2Flocal%2Flib64%2Fperl5%2Fauto%2FCPAN%2FMeta%2FRequirements HTTP/1.1" 200 865 "-" "Mozilla/5.0 AppleWebKit/537.36 (KHTML, like Gecko; compatible; GPTBot/1.2; +https://openai.com/gptbot)"
20.171.207.36 - - [26/Apr/2025:11:45:32 -0400] "GET /about.php?action=edit&file=install.php&path=%2F%2Fvar%2Fsoftaculous%2Fsavsoft%2Fphp71 HTTP/1.1" 200 4318 "-" "Mozilla/5.0 AppleWebKit/537.36 (KHTML, like Gecko; compatible; GPTBot/1.2; +https://openai.com/gptbot)"
20.171.207.85 - - [26/Apr/2025:11:45:33 -0400] "GET /about.php?path=%2F%2Fusr%2Finclude%2Flua-5.1 HTTP/1.1" 200 825 "-" "Mozilla/5.0 AppleWebKit/537.36 (KHTML, like Gecko; compatible; GPTBot/1.2; +https://openai.com/gptbot)"
20.171.207.36 - - [26/Apr/2025:11:45:33 -0400] "GET /about.php?path=%2F%2Fvar%2Fsoftaculous%2Fforma%2Fphp82 HTTP/1.1" 200 838 "-" "Mozilla/5.0 AppleWebKit/537.36 (KHTML, like Gecko; compatible; GPTBot/1.2; +https://openai.com/gptbot)"
2a02:2b88:2:1::f9e:1 - - [26/Apr/2025:11:45:34 -0400] "GET /about.php?action=edit&file=nvm_usb_00130200_0109.bin&path=//lib/firmware/qca HTTP/1.1" 200 3482 "-" "Mozilla/5.0 (compatible; MJ12bot/v1.4.8; http://mj12bot.com/)"
20.171.207.85 - - [26/Apr/2025:11:45:34 -0400] "GET /about.php?action=edit&file=nvm_usb_00130200.bin&path=%2F%2Flib%2Ffirmware%2Fqca HTTP/1.1" 200 3479 "-" "Mozilla/5.0 AppleWebKit/537.36 (KHTML, like Gecko; compatible; GPTBot/1.2; +https://openai.com/gptbot)"
20.171.207.36 - - [26/Apr/2025:11:45:35 -0400] "GET /about.php?path=%2F%2Fvar%2Fsoftaculous%2Fqcart%2Fphp82 HTTP/1.1" 200 838 "-" "Mozilla/5.0 AppleWebKit/537.36 (KHTML, like Gecko; compatible; GPTBot/1.2; +https://openai.com/gptbot)"
20.171.207.85 - - [26/Apr/2025:11:45:35 -0400] "GET /about.php?action=edit&file=px-m402u.fw&path=%2F%2Fusr%2Flib%2Ffirmware%2Fgo7007 HTTP/1.1" 200 3919 "-" "Mozilla/5.0 AppleWebKit/537.36 (KHTML, like Gecko; compatible; GPTBot/1.2; +https://openai.com/gptbot)"
20.171.207.36 - - [26/Apr/2025:11:45:36 -0400] "GET /about.php?path=%2F%2Fvar%2Fsoftaculous%2Fsavsoft%2Fphp53 HTTP/1.1" 200 823 "-" "Mozilla/5.0 AppleWebKit/537.36 (KHTML, like Gecko; compatible; GPTBot/1.2; +https://openai.com/gptbot)"
2a02:2b88:2:1::f9e:1 - - [26/Apr/2025:11:45:37 -0400] "GET /about.php?action=edit&file=nvm_usb_00130200_0110.bin&path=//lib/firmware/qca HTTP/1.1" 200 3473 "-" "Mozilla/5.0 (compatible; MJ12bot/v1.4.8; http://mj12bot.com/)"
20.171.207.85 - - [26/Apr/2025:11:45:37 -0400] "GET /about.php?action=edit&file=nvm_usb_00190200.bin&path=%2F%2Flib%2Ffirmware%2Fqca HTTP/1.1" 200 4202 "-" "Mozilla/5.0 AppleWebKit/537.36 (KHTML, like Gecko; compatible; GPTBot/1.2; +https://openai.com/gptbot)"
20.171.207.36 - - [26/Apr/2025:11:45:37 -0400] "GET /about.php?action=edit&file=upgrade.php&path=%2F%2Fvar%2Fsoftaculous%2Fseo%2Fphp71 HTTP/1.1" 200 5018 "-" "Mozilla/5.0 AppleWebKit/537.36 (KHTML, like Gecko; compatible; GPTBot/1.2; +https://openai.com/gptbot)"
20.171.207.85 - - [26/Apr/2025:11:45:38 -0400] "GET /about.php?action=edit&file=nvm_usb_00130201.bin&path=%2F%2Flib%2Ffirmware%2Fqca HTTP/1.1" 200 3638 "-" "Mozilla/5.0 AppleWebKit/537.36 (KHTML, like Gecko; compatible; GPTBot/1.2; +https://openai.com/gptbot)"
20.171.207.36 - - [26/Apr/2025:11:45:38 -0400] "GET /about.php?action=edit&file=install.php&path=%2F%2Fvar%2Fsoftaculous%2Fxoops%2Fphp53 HTTP/1.1" 200 4052 "-" "Mozilla/5.0 AppleWebKit/537.36 (KHTML, like Gecko; compatible; GPTBot/1.2; +https://openai.com/gptbot)"
20.171.207.85 - - [26/Apr/2025:11:45:39 -0400] "GET /about.php?action=edit&file=utf8_and_iso8859_1.so&path=%2F%2Fusr%2Flib64%2Fpgsql HTTP/1.1" 200 3714 "-" "Mozilla/5.0 AppleWebKit/537.36 (KHTML, like Gecko; compatible; GPTBot/1.2; +https://openai.com/gptbot)"
20.171.207.36 - - [26/Apr/2025:11:45:39 -0400] "GET /about.php?path=%2F%2Fvar%2Fsoftaculous%2Fforma%2Fphp53 HTTP/1.1" 200 839 "-" "Mozilla/5.0 AppleWebKit/537.36 (KHTML, like Gecko; compatible; GPTBot/1.2; +https://openai.com/gptbot)"
2a02:2b88:2:1::f9e:1 - - [26/Apr/2025:11:45:39 -0400] "GET /about.php?action=edit&file=nvm_usb_00130201.bin&path=//lib/firmware/qca HTTP/1.1" 200 3638 "-" "Mozilla/5.0 (compatible; MJ12bot/v1.4.8; http://mj12bot.com/)"
20.171.207.85 - - [26/Apr/2025:11:45:40 -0400] "GET /about.php?action=edit&file=UserDictCase.py&path=%2F%2Fusr%2Flib%2Fpython3.6%2Fsite-packages%2Frhn HTTP/1.1" 200 1734 "-" "Mozilla/5.0 AppleWebKit/537.36 (KHTML, like Gecko; compatible; GPTBot/1.2; +https://openai.com/gptbot)"
20.171.207.36 - - [26/Apr/2025:11:45:40 -0400] "GET /about.php?path=%2F%2Fvar%2Fsoftaculous%2Fqcart%2Fphp71 HTTP/1.1" 200 838 "-" "Mozilla/5.0 AppleWebKit/537.36 (KHTML, like Gecko; compatible; GPTBot/1.2; +https://openai.com/gptbot)"
20.171.207.85 - - [26/Apr/2025:11:45:41 -0400] "GET /about.php?path=%2F%2Fusr%2Flib%2Fpython3.6%2Fsite-packages%2Frhn%2F__pycache__ HTTP/1.1" 200 1112 "-" "Mozilla/5.0 AppleWebKit/537.36 (KHTML, like Gecko; compatible; GPTBot/1.2; +https://openai.com/gptbot)"
20.171.207.36 - - [26/Apr/2025:11:45:41 -0400] "GET /about.php?path=%2F%2Fvar%2Fsoftaculous%2Fqcart%2Fphp56 HTTP/1.1" 200 840 "-" "Mozilla/5.0 AppleWebKit/537.36 (KHTML, like Gecko; compatible; GPTBot/1.2; +https://openai.com/gptbot)"
2a02:2b88:2:1::f9e:1 - - [26/Apr/2025:11:45:42 -0400] "GET /about.php?action=edit&file=nvm_usb_00130201_010a.bin&path=//lib/firmware/qca HTTP/1.1" 200 3640 "-" "Mozilla/5.0 (compatible; MJ12bot/v1.4.8; http://mj12bot.com/)"
20.171.207.85 - - [26/Apr/2025:11:45:42 -0400] "GET /about.php?path=%2F%2Fusr%2Fshare%2Fperl5%2Funicore%2Flib%2FBc HTTP/1.1" 200 952 "-" "Mozilla/5.0 AppleWebKit/537.36 (KHTML, like Gecko; compatible; GPTBot/1.2; +https://openai.com/gptbot)"
20.171.207.36 - - [26/Apr/2025:11:45:43 -0400] "GET /about.php?path=%2F%2Fvar%2Fsoftaculous%2Fforma%2Fphp81 HTTP/1.1" 200 842 "-" "Mozilla/5.0 AppleWebKit/537.36 (KHTML, like Gecko; compatible; GPTBot/1.2; +https://openai.com/gptbot)"
20.171.207.85 - - [26/Apr/2025:11:45:43 -0400] "GET /about.php?path=%2F%2Fusr%2Fshare%2Fperl5%2Funicore%2Flib%2FGc HTTP/1.1" 200 1127 "-" "Mozilla/5.0 AppleWebKit/537.36 (KHTML, like Gecko; compatible; GPTBot/1.2; +https://openai.com/gptbot)"
20.171.207.36 - - [26/Apr/2025:11:45:44 -0400] "GET /about.php?path=%2F%2Fvar%2Fsoftaculous%2Fqcart%2Fphp53 HTTP/1.1" 200 837 "-" "Mozilla/5.0 AppleWebKit/537.36 (KHTML, like Gecko; compatible; GPTBot/1.2; +https://openai.com/gptbot)"
2a02:2b88:2:1::f9e:1 - - [26/Apr/2025:11:45:45 -0400] "GET /about.php?action=edit&file=nvm_usb_00130201_010b.bin&path=//lib/firmware/qca HTTP/1.1" 200 3640 "-" "Mozilla/5.0 (compatible; MJ12bot/v1.4.8; http://mj12bot.com/)"
20.171.207.85 - - [26/Apr/2025:11:45:45 -0400] "GET /about.php?path=%2F%2Fusr%2Fshare%2Fperl5%2Funicore%2Flib%2FIn HTTP/1.1" 200 958 "-" "Mozilla/5.0 AppleWebKit/537.36 (KHTML, like Gecko; compatible; GPTBot/1.2; +https://openai.com/gptbot)"
20.171.207.36 - - [26/Apr/2025:11:45:45 -0400] "GET /about.php?path=%2F%2Fvar%2Fsoftaculous%2Fqcart%2Fphp81 HTTP/1.1" 200 838 "-" "Mozilla/5.0 AppleWebKit/537.36 (KHTML, like Gecko; compatible; GPTBot/1.2; +https://openai.com/gptbot)"
20.171.207.85 - - [26/Apr/2025:11:45:46 -0400] "GET /about.php?path=%2F%2Fusr%2Fshare%2Fperl5%2Funicore%2Flib%2FEa HTTP/1.1" 200 869 "-" "Mozilla/5.0 AppleWebKit/537.36 (KHTML, like Gecko; compatible; GPTBot/1.2; +https://openai.com/gptbot)"
20.171.207.36 - - [26/Apr/2025:11:45:46 -0400] "GET /about.php?path=%2F%2Fvar%2Fsoftaculous%2Fforma%2Fphp56 HTTP/1.1" 200 842 "-" "Mozilla/5.0 AppleWebKit/537.36 (KHTML, like Gecko; compatible; GPTBot/1.2; +https://openai.com/gptbot)"
20.171.207.85 - - [26/Apr/2025:11:45:47 -0400] "GET /about.php?path=%2F%2Fusr%2Flib64%2Fqt5%2Fqml%2FQtQml%2FModels.2 HTTP/1.1" 200 870 "-" "Mozilla/5.0 AppleWebKit/537.36 (KHTML, like Gecko; compatible; GPTBot/1.2; +https://openai.com/gptbot)"
20.171.207.36 - - [26/Apr/2025:11:45:47 -0400] "GET /about.php?path=%2F%2Fvar%2Fsoftaculous%2Fphpjs HTTP/1.1" 200 900 "-" "Mozilla/5.0 AppleWebKit/537.36 (KHTML, like Gecko; compatible; GPTBot/1.2; +https://openai.com/gptbot)"
2a02:2b88:2:1::f9e:1 - - [26/Apr/2025:11:45:47 -0400] "GET /about.php?action=edit&file=nvm_usb_00130201_0303.bin&path=//lib/firmware/qca HTTP/1.1" 200 3640 "-" "Mozilla/5.0 (compatible; MJ12bot/v1.4.8; http://mj12bot.com/)"
20.171.207.85 - - [26/Apr/2025:11:45:48 -0400] "GET /about.php?path=%2F%2Flib%2Ffirmware%2Fqcom%2Fx1e80100%2FLENOVO%2F83ED HTTP/1.1" 200 855 "-" "Mozilla/5.0 AppleWebKit/537.36 (KHTML, like Gecko; compatible; GPTBot/1.2; +https://openai.com/gptbot)"
20.171.207.36 - - [26/Apr/2025:11:45:48 -0400] "GET /about.php?path=%2F%2Fvar%2Fsoftaculous%2Fpaste HTTP/1.1" 200 1015 "-" "Mozilla/5.0 AppleWebKit/537.36 (KHTML, like Gecko; compatible; GPTBot/1.2; +https://openai.com/gptbot)"
20.171.207.85 - - [26/Apr/2025:11:45:49 -0400] "GET /about.php?action=edit&file=iso2022_jp_2004.cpython-36.pyc&path=%2F%2Fusr%2Flib64%2Fpython3.6%2Fencodings%2F__pycache__ HTTP/1.1" 200 1235 "-" "Mozilla/5.0 AppleWebKit/537.36 (KHTML, like Gecko; compatible; GPTBot/1.2; +https://openai.com/gptbot)"
20.171.207.36 - - [26/Apr/2025:11:45:50 -0400] "GET /about.php?path=%2F%2Fvar%2Fsoftaculous%2Ffaveo HTTP/1.1" 200 1035 "-" "Mozilla/5.0 AppleWebKit/537.36 (KHTML, like Gecko; compatible; GPTBot/1.2; +https://openai.com/gptbot)"
20.171.207.85 - - [26/Apr/2025:11:45:50 -0400] "GET /about.php?path=%2F%2Fusr%2Flocal%2Flsws%2Fadmin%2Fhtml%2Fstatic%2Fimages%2Ficons HTTP/1.1" 200 1306 "-" "Mozilla/5.0 AppleWebKit/537.36 (KHTML, like Gecko; compatible; GPTBot/1.2; +https://openai.com/gptbot)"
2a02:2b88:2:1::f9e:1 - - [26/Apr/2025:11:45:51 -0400] "GET /about.php?action=edit&file=nvm_usb_00130201_gf.bin&path=//lib/firmware/qca HTTP/1.1" 200 3634 "-" "Mozilla/5.0 (compatible; MJ12bot/v1.4.8; http://mj12bot.com/)"
20.171.207.36 - - [26/Apr/2025:11:45:51 -0400] "GET /about.php?path=%2F%2Fvar%2Fsoftaculous%2Feasyp HTTP/1.1" 200 1034 "-" "Mozilla/5.0 AppleWebKit/537.36 (KHTML, like Gecko; compatible; GPTBot/1.2; +https://openai.com/gptbot)"
20.171.207.85 - - [26/Apr/2025:11:45:52 -0400] "GET /about.php?path=%2F%2Flib%2Fmodules%2F4.18.0-553.lve.el8.x86_64%2Fkernel%2Ffs%2Ffscache HTTP/1.1" 200 843 "-" "Mozilla/5.0 AppleWebKit/537.36 (KHTML, like Gecko; compatible; GPTBot/1.2; +https://openai.com/gptbot)"
20.171.207.36 - - [26/Apr/2025:11:45:52 -0400] "GET /about.php?path=%2F%2Fvar%2Fsoftaculous%2Fchyrp HTTP/1.1" 200 1039 "-" "Mozilla/5.0 AppleWebKit/537.36 (KHTML, like Gecko; compatible; GPTBot/1.2; +https://openai.com/gptbot)"
20.171.207.85 - - [26/Apr/2025:11:45:53 -0400] "GET /about.php?action=edit&file=tb.cpython-36.pyc&path=%2F%2Fusr%2Flib%2Fpython3.6%2Fsite-packages%2Frhn%2F__pycache__ HTTP/1.1" 200 888 "-" "Mozilla/5.0 AppleWebKit/537.36 (KHTML, like Gecko; compatible; GPTBot/1.2; +https://openai.com/gptbot)"
20.171.207.36 - - [26/Apr/2025:11:45:53 -0400] "GET /about.php?path=%2F%2Fvar%2Fsoftaculous%2Fospos HTTP/1.1" 200 1112 "-" "Mozilla/5.0 AppleWebKit/537.36 (KHTML, like Gecko; compatible; GPTBot/1.2; +https://openai.com/gptbot)"
2a02:2b88:2:1::f9e:1 - - [26/Apr/2025:11:45:53 -0400] "GET /about.php?action=edit&file=nvm_usb_00130201_gf_010a.bin&path=//lib/firmware/qca HTTP/1.1" 200 3634 "-" "Mozilla/5.0 (compatible; MJ12bot/v1.4.8; http://mj12bot.com/)"
20.171.207.85 - - [26/Apr/2025:11:45:54 -0400] "GET /about.php?path=%2F%2Flib%2Fmodules%2F4.18.0-553.lve.el8.x86_64%2Fkernel%2Fsound%2Fsoc HTTP/1.1" 200 926 "-" "Mozilla/5.0 AppleWebKit/537.36 (KHTML, like Gecko; compatible; GPTBot/1.2; +https://openai.com/gptbot)"
20.171.207.36 - - [26/Apr/2025:11:45:54 -0400] "GET /about.php?path=%2F%2Fvar%2Fsoftaculous%2Fricar HTTP/1.1" 200 1016 "-" "Mozilla/5.0 AppleWebKit/537.36 (KHTML, like Gecko; compatible; GPTBot/1.2; +https://openai.com/gptbot)"
20.171.207.85 - - [26/Apr/2025:11:45:55 -0400] "GET /about.php?path=%2F%2Fusr%2Flib%2Fnode_modules%2Fnpm%2Fman%2Fman1 HTTP/1.1" 200 23024 "-" "Mozilla/5.0 AppleWebKit/537.36 (KHTML, like Gecko; compatible; GPTBot/1.2; +https://openai.com/gptbot)"
20.171.207.36 - - [26/Apr/2025:11:45:55 -0400] "GET /about.php?path=%2F%2Fvar%2Fsoftaculous%2Foscom HTTP/1.1" 200 1103 "-" "Mozilla/5.0 AppleWebKit/537.36 (KHTML, like Gecko; compatible; GPTBot/1.2; +https://openai.com/gptbot)"
2a02:2b88:2:1::f9e:1 - - [26/Apr/2025:11:45:56 -0400] "GET /about.php?action=edit&file=nvm_usb_00130201_gf_010b.bin&path=//lib/firmware/qca HTTP/1.1" 200 3634 "-" "Mozilla/5.0 (compatible; MJ12bot/v1.4.8; http://mj12bot.com/)"
20.171.207.85 - - [26/Apr/2025:11:45:56 -0400] "GET /about.php?action=edit&file=Mn.pl&path=%2F%2Fusr%2Fshare%2Fperl5%2Funicore%2Flib%2FGc HTTP/1.1" 200 2030 "-" "Mozilla/5.0 AppleWebKit/537.36 (KHTML, like Gecko; compatible; GPTBot/1.2; +https://openai.com/gptbot)"
20.171.207.36 - - [26/Apr/2025:11:45:57 -0400] "GET /about.php?path=%2F%2Fvar%2Fsoftaculous%2Filias HTTP/1.1" 200 1118 "-" "Mozilla/5.0 AppleWebKit/537.36 (KHTML, like Gecko; compatible; GPTBot/1.2; +https://openai.com/gptbot)"
20.171.207.85 - - [26/Apr/2025:11:45:57 -0400] "GET /about.php?path=%2F%2Fusr%2Flib%2Fnode_modules%2Fnpm%2Fman%2Fman4 HTTP/1.1" 200 1448 "-" "Mozilla/5.0 AppleWebKit/537.36 (KHTML, like Gecko; compatible; GPTBot/1.2; +https://openai.com/gptbot)"
20.171.207.36 - - [26/Apr/2025:11:45:58 -0400] "GET /about.php?path=%2F%2Fvar%2Fsoftaculous%2Ffusio HTTP/1.1" 200 1129 "-" "Mozilla/5.0 AppleWebKit/537.36 (KHTML, like Gecko; compatible; GPTBot/1.2; +https://openai.com/gptbot)"
20.171.207.85 - - [26/Apr/2025:11:45:58 -0400] "GET /about.php?path=%2F%2Fusr%2Flib%2Fnode_modules%2Fnpm%2Fman%2Fman3 HTTP/1.1" 200 135263 "-" "Mozilla/5.0 AppleWebKit/537.36 (KHTML, like Gecko; compatible; GPTBot/1.2; +https://openai.com/gptbot)"
2a02:2b88:2:1::f9e:1 - - [26/Apr/2025:11:45:59 -0400] "GET /about.php?action=edit&file=nvm_usb_00130201_gf_0303.bin&path=//lib/firmware/qca HTTP/1.1" 200 3655 "-" "Mozilla/5.0 (compatible; MJ12bot/v1.4.8; http://mj12bot.com/)"
20.171.207.36 - - [26/Apr/2025:11:45:59 -0400] "GET /about.php?path=%2F%2Fvar%2Fsoftaculous%2Frazor HTTP/1.1" 200 1022 "-" "Mozilla/5.0 AppleWebKit/537.36 (KHTML, like Gecko; compatible; GPTBot/1.2; +https://openai.com/gptbot)"
20.171.207.85 - - [26/Apr/2025:11:46:00 -0400] "GET /about.php?path=%2F%2Fusr%2Flib%2Fnode_modules%2Fnpm%2Fman%2Fman5 HTTP/1.1" 200 5273 "-" "Mozilla/5.0 AppleWebKit/537.36 (KHTML, like Gecko; compatible; GPTBot/1.2; +https://openai.com/gptbot)"
20.171.207.36 - - [26/Apr/2025:11:46:00 -0400] "GET /about.php?path=%2F%2Fvar%2Fsoftaculous%2Fphpbb HTTP/1.1" 200 1112 "-" "Mozilla/5.0 AppleWebKit/537.36 (KHTML, like Gecko; compatible; GPTBot/1.2; +https://openai.com/gptbot)"
20.171.207.85 - - [26/Apr/2025:11:46:01 -0400] "GET /about.php?path=%2F%2Flib%2Fmodules%2F4.18.0-553.lve.el8.x86_64%2Fkernel%2Fdrivers%2Fplatform%2Fx86%2Fintel%2Fpmc HTTP/1.1" 200 933 "-" "Mozilla/5.0 AppleWebKit/537.36 (KHTML, like Gecko; compatible; GPTBot/1.2; +https://openai.com/gptbot)"
20.171.207.36 - - [26/Apr/2025:11:46:01 -0400] "GET /about.php?path=%2F%2Fvar%2Fsoftaculous%2Ffaveo%2Fphp82 HTTP/1.1" 200 850 "-" "Mozilla/5.0 AppleWebKit/537.36 (KHTML, like Gecko; compatible; GPTBot/1.2; +https://openai.com/gptbot)"
2a02:2b88:2:1::f9e:1 - - [26/Apr/2025:11:46:02 -0400] "GET /about.php?action=edit&file=nvm_usb_00190200.bin&path=//lib/firmware/qca HTTP/1.1" 200 4202 "-" "Mozilla/5.0 (compatible; MJ12bot/v1.4.8; http://mj12bot.com/)"
20.171.207.85 - - [26/Apr/2025:11:46:02 -0400] "GET /about.php?action=edit&file=redirect.gif&path=%2F%2Fusr%2Flocal%2Flsws%2Fadmin%2Fhtml%2Fstatic%2Fimages%2Ficons HTTP/1.1" 200 1313 "-" "Mozilla/5.0 AppleWebKit/537.36 (KHTML, like Gecko; compatible; GPTBot/1.2; +https://openai.com/gptbot)"
20.171.207.36 - - [26/Apr/2025:11:46:02 -0400] "GET /about.php?path=%2F%2Fvar%2Fsoftaculous%2Fpaste%2Fphp53 HTTP/1.1" 200 838 "-" "Mozilla/5.0 AppleWebKit/537.36 (KHTML, like Gecko; compatible; GPTBot/1.2; +https://openai.com/gptbot)"
20.171.207.85 - - [26/Apr/2025:11:46:03 -0400] "GET /about.php?action=edit&file=mISDNinfineon.ko.xz&path=%2F%2Flib%2Fmodules%2F4.18.0-553.lve.el8.x86_64%2Fkernel%2Fdrivers%2Fisdn%2Fhardware%2FmISDN HTTP/1.1" 200 8794 "-" "Mozilla/5.0 AppleWebKit/537.36 (KHTML, like Gecko; compatible; GPTBot/1.2; +https://openai.com/gptbot)"
20.171.207.36 - - [26/Apr/2025:11:46:03 -0400] "GET /about.php?action=edit&file=notes.txt&path=%2F%2Fvar%2Fsoftaculous%2Fpaste HTTP/1.1" 200 581 "-" "Mozilla/5.0 AppleWebKit/537.36 (KHTML, like Gecko; compatible; GPTBot/1.2; +https://openai.com/gptbot)"
20.171.207.85 - - [26/Apr/2025:11:46:04 -0400] "GET /about.php?path=%2F%2Fusr%2Flocal%2Flib64%2Fperl5%2Fauto%2FCapture%2FTiny HTTP/1.1" 200 838 "-" "Mozilla/5.0 AppleWebKit/537.36 (KHTML, like Gecko; compatible; GPTBot/1.2; +https://openai.com/gptbot)"
2a02:2b88:2:1::f9e:1 - - [26/Apr/2025:11:46:05 -0400] "GET /about.php?action=edit&file=nvm_usb_00190200_010e.bin&path=//lib/firmware/qca HTTP/1.1" 200 4210 "-" "Mozilla/5.0 (compatible; MJ12bot/v1.4.8; http://mj12bot.com/)"
20.171.207.36 - - [26/Apr/2025:11:46:05 -0400] "GET /about.php?path=%2F%2Fvar%2Fsoftaculous%2Fpaste%2Fphp81 HTTP/1.1" 200 839 "-" "Mozilla/5.0 AppleWebKit/537.36 (KHTML, like Gecko; compatible; GPTBot/1.2; +https://openai.com/gptbot)"
20.171.207.85 - - [26/Apr/2025:11:46:05 -0400] "GET /about.php?path=%2F%2Fusr%2Flocal%2Flib64%2Fperl5%2Fauto%2Fcommon%2Fsense HTTP/1.1" 200 837 "-" "Mozilla/5.0 AppleWebKit/537.36 (KHTML, like Gecko; compatible; GPTBot/1.2; +https://openai.com/gptbot)"
20.171.207.36 - - [26/Apr/2025:11:46:06 -0400] "GET /about.php?path=%2F%2Fvar%2Fsoftaculous%2Fospos%2Fphp81 HTTP/1.1" 200 870 "-" "Mozilla/5.0 AppleWebKit/537.36 (KHTML, like Gecko; compatible; GPTBot/1.2; +https://openai.com/gptbot)"
