20.171.207.85 - - [26/Apr/2025:10:59:37 -0400] "GET /about.php?path=%2F%2Flib%2Fmodules%2F4.18.0-553.lve.el8.x86_64%2Fkernel%2Fdrivers%2Fnet%2Fethernet%2Fdlink HTTP/1.1" 200 882 "-" "Mozilla/5.0 AppleWebKit/537.36 (KHTML, like Gecko; compatible; GPTBot/1.2; +https://openai.com/gptbot)"
20.171.207.36 - - [26/Apr/2025:10:59:37 -0400] "GET /about.php?path=%2F%2Fusr%2Fshare%2Fvim%2Fvim80%2Flang%2Ffr%2FLC_MESSAGES HTTP/1.1" 200 847 "-" "Mozilla/5.0 AppleWebKit/537.36 (KHTML, like Gecko; compatible; GPTBot/1.2; +https://openai.com/gptbot)"
195.191.219.130 - - [26/Apr/2025:10:59:37 -0400] "GET /about.php?action=edit&file=md5&path=//var/softaculous/alegro HTTP/1.1" 200 3895 "-" "Mozilla/5.0 (compatible; MJ12bot/v2.0.0; http://mj12bot.com/)"
20.171.207.85 - - [26/Apr/2025:10:59:38 -0400] "GET /about.php?path=%2F%2Flib%2Fmodules%2F4.18.0-553.lve.el8.x86_64%2Fkernel%2Fdrivers%2Fnet%2Fethernet%2Fcisco HTTP/1.1" 200 857 "-" "Mozilla/5.0 AppleWebKit/537.36 (KHTML, like Gecko; compatible; GPTBot/1.2; +https://openai.com/gptbot)"
20.171.207.36 - - [26/Apr/2025:10:59:38 -0400] "GET /about.php?path=%2F%2Fusr%2Fshare%2Fvim%2Fvim80%2Flang%2Fuk%2FLC_MESSAGES HTTP/1.1" 200 849 "-" "Mozilla/5.0 AppleWebKit/537.36 (KHTML, like Gecko; compatible; GPTBot/1.2; +https://openai.com/gptbot)"
195.191.219.130 - - [26/Apr/2025:10:59:38 -0400] "GET /about.php?action=edit&file=md5&path=//var/softaculous/ampache HTTP/1.1" 200 1288 "-" "Mozilla/5.0 (compatible; MJ12bot/v2.0.0; http://mj12bot.com/)"
20.171.207.85 - - [26/Apr/2025:10:59:39 -0400] "GET /about.php?path=%2F%2Flib%2Fmodules%2F4.18.0-553.lve.el8.x86_64%2Fkernel%2Fdrivers%2Fnet%2Fethernet%2Fmyricom HTTP/1.1" 200 875 "-" "Mozilla/5.0 AppleWebKit/537.36 (KHTML, like Gecko; compatible; GPTBot/1.2; +https://openai.com/gptbot)"
195.191.219.130 - - [26/Apr/2025:10:59:39 -0400] "GET /about.php?action=edit&file=md5&path=//var/softaculous/anchor HTTP/1.1" 200 1624 "-" "Mozilla/5.0 (compatible; MJ12bot/v2.0.0; http://mj12bot.com/)"
20.171.207.36 - - [26/Apr/2025:10:59:39 -0400] "GET /about.php?path=%2F%2Fusr%2Fshare%2Fvim%2Fvim80%2Flang%2Fja%2FLC_MESSAGES HTTP/1.1" 200 848 "-" "Mozilla/5.0 AppleWebKit/537.36 (KHTML, like Gecko; compatible; GPTBot/1.2; +https://openai.com/gptbot)"
20.171.207.85 - - [26/Apr/2025:10:59:40 -0400] "GET /about.php?path=%2F%2Flib%2Fmodules%2F4.18.0-553.lve.el8.x86_64%2Fkernel%2Fnet%2Fnetfilter HTTP/1.1" 200 2599 "-" "Mozilla/5.0 AppleWebKit/537.36 (KHTML, like Gecko; compatible; GPTBot/1.2; +https://openai.com/gptbot)"
195.191.219.130 - - [26/Apr/2025:10:59:40 -0400] "GET /about.php?action=edit&file=md5&path=//var/softaculous/angular HTTP/1.1" 200 7316 "-" "Mozilla/5.0 (compatible; MJ12bot/v2.0.0; http://mj12bot.com/)"
20.171.207.36 - - [26/Apr/2025:10:59:41 -0400] "GET /about.php?path=%2F%2Fusr%2Fshare%2Fvim%2Fvim80%2Flang%2Fcs%2FLC_MESSAGES HTTP/1.1" 200 849 "-" "Mozilla/5.0 AppleWebKit/537.36 (KHTML, like Gecko; compatible; GPTBot/1.2; +https://openai.com/gptbot)"
195.191.219.130 - - [26/Apr/2025:10:59:41 -0400] "GET /about.php?action=edit&file=md5&path=//var/softaculous/apprain HTTP/1.1" 200 2351 "-" "Mozilla/5.0 (compatible; MJ12bot/v2.0.0; http://mj12bot.com/)"
20.171.207.85 - - [26/Apr/2025:10:59:42 -0400] "GET /about.php?path=%2F%2Flib%2Fmodules%2F4.18.0-553.lve.el8.x86_64%2Fkernel%2Fdrivers%2Fnet%2Fethernet%2Frocker HTTP/1.1" 200 789 "-" "Mozilla/5.0 AppleWebKit/537.36 (KHTML, like Gecko; compatible; GPTBot/1.2; +https://openai.com/gptbot)"
20.171.207.36 - - [26/Apr/2025:10:59:42 -0400] "GET /about.php?path=%2F%2Fusr%2Fshare%2Fvim%2Fvim80%2Flang%2Fko%2FLC_MESSAGES HTTP/1.1" 200 849 "-" "Mozilla/5.0 AppleWebKit/537.36 (KHTML, like Gecko; compatible; GPTBot/1.2; +https://openai.com/gptbot)"
195.191.219.130 - - [26/Apr/2025:10:59:42 -0400] "GET /about.php?action=edit&file=md5&path=//var/softaculous/arastta HTTP/1.1" 200 6433 "-" "Mozilla/5.0 (compatible; MJ12bot/v2.0.0; http://mj12bot.com/)"
20.171.207.85 - - [26/Apr/2025:10:59:43 -0400] "GET /about.php?path=%2F%2Flib%2Fmodules%2F4.18.0-553.lve.el8.x86_64%2Fkernel%2Fdrivers%2Finput%2Fmouse HTTP/1.1" 200 991 "-" "Mozilla/5.0 AppleWebKit/537.36 (KHTML, like Gecko; compatible; GPTBot/1.2; +https://openai.com/gptbot)"
20.171.207.36 - - [26/Apr/2025:10:59:43 -0400] "GET /about.php?path=%2F%2Fusr%2Fshare%2Fvim%2Fvim80%2Flang%2Ffi%2FLC_MESSAGES HTTP/1.1" 200 847 "-" "Mozilla/5.0 AppleWebKit/537.36 (KHTML, like Gecko; compatible; GPTBot/1.2; +https://openai.com/gptbot)"
195.191.219.130 - - [26/Apr/2025:10:59:44 -0400] "GET /about.php?action=edit&file=md5&path=//var/softaculous/arfooo HTTP/1.1" 200 6083 "-" "Mozilla/5.0 (compatible; MJ12bot/v2.0.0; http://mj12bot.com/)"
20.171.207.85 - - [26/Apr/2025:10:59:44 -0400] "GET /about.php?path=%2F%2Flib%2Fmodules%2F4.18.0-553.lve.el8.x86_64%2Fkernel%2Fdrivers%2Fscsi%2Flibsas HTTP/1.1" 200 869 "-" "Mozilla/5.0 AppleWebKit/537.36 (KHTML, like Gecko; compatible; GPTBot/1.2; +https://openai.com/gptbot)"
20.171.207.36 - - [26/Apr/2025:10:59:44 -0400] "GET /about.php?path=%2F%2Fusr%2Fshare%2Fvim%2Fvim80%2Flang%2Fca%2FLC_MESSAGES HTTP/1.1" 200 846 "-" "Mozilla/5.0 AppleWebKit/537.36 (KHTML, like Gecko; compatible; GPTBot/1.2; +https://openai.com/gptbot)"
195.191.219.130 - - [26/Apr/2025:10:59:44 -0400] "GET /about.php?action=edit&file=md5&path=//var/softaculous/atlantis HTTP/1.1" 200 3454 "-" "Mozilla/5.0 (compatible; MJ12bot/v2.0.0; http://mj12bot.com/)"
20.171.207.85 - - [26/Apr/2025:10:59:45 -0400] "GET /about.php?path=%2F%2Flib%2Fmodules%2F4.18.0-553.lve.el8.x86_64%2Fkernel%2Fdrivers%2Fxen%2Fxenfs HTTP/1.1" 200 859 "-" "Mozilla/5.0 AppleWebKit/537.36 (KHTML, like Gecko; compatible; GPTBot/1.2; +https://openai.com/gptbot)"
20.171.207.36 - - [26/Apr/2025:10:59:45 -0400] "GET /about.php?path=%2F%2Fusr%2Flib%2Fpython3.8%2Fsite-packages%2Fpkg_resources%2Fextern%2F__pycache__ HTTP/1.1" 200 886 "-" "Mozilla/5.0 AppleWebKit/537.36 (KHTML, like Gecko; compatible; GPTBot/1.2; +https://openai.com/gptbot)"
195.191.219.130 - - [26/Apr/2025:10:59:45 -0400] "GET /about.php?action=edit&file=md5&path=//var/softaculous/attendize HTTP/1.1" 200 2712 "-" "Mozilla/5.0 (compatible; MJ12bot/v2.0.0; http://mj12bot.com/)"
20.171.207.85 - - [26/Apr/2025:10:59:46 -0400] "GET /about.php?path=%2F%2Flib%2Fmodules%2F4.18.0-553.lve.el8.x86_64%2Fkernel%2Fdrivers%2Fscsi%2Flibfc HTTP/1.1" 200 865 "-" "Mozilla/5.0 AppleWebKit/537.36 (KHTML, like Gecko; compatible; GPTBot/1.2; +https://openai.com/gptbot)"
20.171.207.36 - - [26/Apr/2025:10:59:46 -0400] "GET /about.php?path=%2F%2Fusr%2Flib%2Fpython3.6%2Fsite-packages%2Fpkg_resources%2Fextern%2F__pycache__ HTTP/1.1" 200 886 "-" "Mozilla/5.0 AppleWebKit/537.36 (KHTML, like Gecko; compatible; GPTBot/1.2; +https://openai.com/gptbot)"
195.191.219.130 - - [26/Apr/2025:10:59:46 -0400] "GET /about.php?action=edit&file=md5&path=//var/softaculous/atutor HTTP/1.1" 200 2888 "-" "Mozilla/5.0 (compatible; MJ12bot/v2.0.0; http://mj12bot.com/)"
195.191.219.130 - - [26/Apr/2025:10:59:47 -0400] "GET /about.php?action=edit&file=md5&path=//var/softaculous/avactis HTTP/1.1" 200 6439 "-" "Mozilla/5.0 (compatible; MJ12bot/v2.0.0; http://mj12bot.com/)"
20.171.207.85 - - [26/Apr/2025:10:59:47 -0400] "GET /about.php?path=%2F%2Flib%2Fmodules%2F4.18.0-553.lve.el8.x86_64%2Fkernel%2Fsound%2Ffirewire%2Fmotu HTTP/1.1" 200 872 "-" "Mozilla/5.0 AppleWebKit/537.36 (KHTML, like Gecko; compatible; GPTBot/1.2; +https://openai.com/gptbot)"
20.171.207.36 - - [26/Apr/2025:10:59:48 -0400] "GET /about.php?path=%2F%2Fusr%2Flib%2Fmodules%2F4.18.0-553.lve.el8.x86_64%2Fkernel%2Fdrivers%2Fcrypto%2Fqat%2Fqat_c3xxx HTTP/1.1" 200 908 "-" "Mozilla/5.0 AppleWebKit/537.36 (KHTML, like Gecko; compatible; GPTBot/1.2; +https://openai.com/gptbot)"
195.191.219.130 - - [26/Apr/2025:10:59:48 -0400] "GET /about.php?action=edit&file=md5&path=//var/softaculous/b2e HTTP/1.1" 200 1016 "-" "Mozilla/5.0 (compatible; MJ12bot/v2.0.0; http://mj12bot.com/)"
20.171.207.85 - - [26/Apr/2025:10:59:49 -0400] "GET /about.php?action=edit&file=rtl8xxxu.ko.xz&path=%2F%2Flib%2Fmodules%2F4.18.0-553.lve.el8.x86_64%2Fkernel%2Fdrivers%2Fnet%2Fwireless%2Frealtek%2Frtl8xxxu HTTP/1.1" 200 59524 "-" "Mozilla/5.0 AppleWebKit/537.36 (KHTML, like Gecko; compatible; GPTBot/1.2; +https://openai.com/gptbot)"
20.171.207.36 - - [26/Apr/2025:10:59:49 -0400] "GET /about.php?path=%2F%2Flib%2Fnode_modules%2Fnpm%2Fman%2Fpt_BR%2Fman8 HTTP/1.1" 200 856 "-" "Mozilla/5.0 AppleWebKit/537.36 (KHTML, like Gecko; compatible; GPTBot/1.2; +https://openai.com/gptbot)"
195.191.219.130 - - [26/Apr/2025:10:59:49 -0400] "GET /about.php?action=edit&file=md5&path=//var/softaculous/backdrop HTTP/1.1" 200 1230 "-" "Mozilla/5.0 (compatible; MJ12bot/v2.0.0; http://mj12bot.com/)"
20.171.207.85 - - [26/Apr/2025:10:59:50 -0400] "GET /about.php?path=%2F%2Flib%2Fmodules%2F4.18.0-553.lve.el8.x86_64%2Fkernel%2Fdrivers%2Fnet%2Fethernet%2Fhuawei HTTP/1.1" 200 858 "-" "Mozilla/5.0 AppleWebKit/537.36 (KHTML, like Gecko; compatible; GPTBot/1.2; +https://openai.com/gptbot)"
20.171.207.36 - - [26/Apr/2025:10:59:50 -0400] "GET /about.php?path=%2F%2Flib%2Fnode_modules%2Fnpm%2Fman%2Fpt_BR%2Fman1 HTTP/1.1" 200 830 "-" "Mozilla/5.0 AppleWebKit/537.36 (KHTML, like Gecko; compatible; GPTBot/1.2; +https://openai.com/gptbot)"
195.191.219.130 - - [26/Apr/2025:10:59:50 -0400] "GET /about.php?action=edit&file=md5&path=//var/softaculous/bagisto HTTP/1.1" 200 1921 "-" "Mozilla/5.0 (compatible; MJ12bot/v2.0.0; http://mj12bot.com/)"
20.171.207.85 - - [26/Apr/2025:10:59:51 -0400] "GET /about.php?path=%2F%2Flib%2Fmodules%2F4.18.0-553.lve.el8.x86_64%2Fkernel%2Fdrivers%2Fnet%2Fethernet%2Fcavium HTTP/1.1" 200 861 "-" "Mozilla/5.0 AppleWebKit/537.36 (KHTML, like Gecko; compatible; GPTBot/1.2; +https://openai.com/gptbot)"
20.171.207.36 - - [26/Apr/2025:10:59:51 -0400] "GET /about.php?path=%2F%2Flib%2Fnode_modules%2Fnpm%2Fman%2Fpt_BR%2Fman5 HTTP/1.1" 200 827 "-" "Mozilla/5.0 AppleWebKit/537.36 (KHTML, like Gecko; compatible; GPTBot/1.2; +https://openai.com/gptbot)"
195.191.219.130 - - [26/Apr/2025:10:59:51 -0400] "GET /about.php?action=edit&file=md5&path=//var/softaculous/baker HTTP/1.1" 200 1481 "-" "Mozilla/5.0 (compatible; MJ12bot/v2.0.0; http://mj12bot.com/)"
20.171.207.85 - - [26/Apr/2025:10:59:52 -0400] "GET /about.php?path=%2F%2Flib%2Fmodules%2F4.18.0-553.lve.el8.x86_64%2Fkernel%2Fdrivers%2Fmedia%2Fusb%2Fusbvision HTTP/1.1" 200 887 "-" "Mozilla/5.0 AppleWebKit/537.36 (KHTML, like Gecko; compatible; GPTBot/1.2; +https://openai.com/gptbot)"
20.171.207.36 - - [26/Apr/2025:10:59:52 -0400] "GET /about.php?action=edit&file=libpcre2-16.so.0.7.1&path=%2F%2Fusr%2Flib64 HTTP/1.1" 200 179748 "-" "Mozilla/5.0 AppleWebKit/537.36 (KHTML, like Gecko; compatible; GPTBot/1.2; +https://openai.com/gptbot)"
195.191.219.130 - - [26/Apr/2025:10:59:52 -0400] "GET /about.php?action=edit&file=md5&path=//var/softaculous/bbpress HTTP/1.1" 200 1792 "-" "Mozilla/5.0 (compatible; MJ12bot/v2.0.0; http://mj12bot.com/)"
20.171.207.85 - - [26/Apr/2025:10:59:53 -0400] "GET /about.php?path=%2F%2Flib%2Fmodules%2F4.18.0-553.lve.el8.x86_64%2Fkernel%2Fdrivers%2Fnet%2Fethernet%2Fgoogle HTTP/1.1" 200 859 "-" "Mozilla/5.0 AppleWebKit/537.36 (KHTML, like Gecko; compatible; GPTBot/1.2; +https://openai.com/gptbot)"
20.171.207.36 - - [26/Apr/2025:10:59:53 -0400] "GET /about.php?action=edit&file=libmlx4.so.1.0.48.0&path=%2F%2Fusr%2Flib64 HTTP/1.1" 200 21574 "-" "Mozilla/5.0 AppleWebKit/537.36 (KHTML, like Gecko; compatible; GPTBot/1.2; +https://openai.com/gptbot)"
195.191.219.130 - - [26/Apr/2025:10:59:53 -0400] "GET /about.php?action=edit&file=md5&path=//var/softaculous/beehive HTTP/1.1" 200 2984 "-" "Mozilla/5.0 (compatible; MJ12bot/v2.0.0; http://mj12bot.com/)"
20.171.207.85 - - [26/Apr/2025:10:59:54 -0400] "GET /about.php?action=edit&file=vsxxxaa.ko.xz&path=%2F%2Flib%2Fmodules%2F4.18.0-553.lve.el8.x86_64%2Fkernel%2Fdrivers%2Finput%2Fmouse HTTP/1.1" 200 4685 "-" "Mozilla/5.0 AppleWebKit/537.36 (KHTML, like Gecko; compatible; GPTBot/1.2; +https://openai.com/gptbot)"
20.171.207.36 - - [26/Apr/2025:10:59:54 -0400] "GET /about.php?action=edit&file=libpcre2-32.so.0.7.1&path=%2F%2Fusr%2Flib64 HTTP/1.1" 200 171498 "-" "Mozilla/5.0 AppleWebKit/537.36 (KHTML, like Gecko; compatible; GPTBot/1.2; +https://openai.com/gptbot)"
195.191.219.130 - - [26/Apr/2025:10:59:55 -0400] "GET /about.php?action=edit&file=md5&path=//var/softaculous/blab HTTP/1.1" 200 1638 "-" "Mozilla/5.0 (compatible; MJ12bot/v2.0.0; http://mj12bot.com/)"
195.191.219.130 - - [26/Apr/2025:10:59:55 -0400] "GET /about.php?action=edit&file=md5&path=//var/softaculous/blesta HTTP/1.1" 200 1039 "-" "Mozilla/5.0 (compatible; MJ12bot/v2.0.0; http://mj12bot.com/)"
20.171.207.85 - - [26/Apr/2025:10:59:55 -0400] "GET /about.php?path=%2F%2Flib%2Fmodules%2F4.18.0-553.lve.el8.x86_64%2Fkernel%2Fdrivers%2Fnet%2Fethernet%2Famazon HTTP/1.1" 200 859 "-" "Mozilla/5.0 AppleWebKit/537.36 (KHTML, like Gecko; compatible; GPTBot/1.2; +https://openai.com/gptbot)"
20.171.207.36 - - [26/Apr/2025:10:59:56 -0400] "GET /about.php?action=edit&file=pinctrl-emmitsburg.ko.xz&path=%2F%2Flib%2Fmodules%2F4.18.0-553.lve.el8.x86_64%2Fkernel%2Fdrivers%2Fpinctrl%2Fintel HTTP/1.1" 200 4355 "-" "Mozilla/5.0 AppleWebKit/537.36 (KHTML, like Gecko; compatible; GPTBot/1.2; +https://openai.com/gptbot)"
195.191.219.130 - - [26/Apr/2025:10:59:56 -0400] "GET /about.php?action=edit&file=md5&path=//var/softaculous/blesta4 HTTP/1.1" 200 8162 "-" "Mozilla/5.0 (compatible; MJ12bot/v2.0.0; http://mj12bot.com/)"
20.171.207.36 - - [26/Apr/2025:10:59:57 -0400] "GET /about.php?action=edit&file=pinctrl-meteorlake.ko.xz&path=%2F%2Flib%2Fmodules%2F4.18.0-553.lve.el8.x86_64%2Fkernel%2Fdrivers%2Fpinctrl%2Fintel HTTP/1.1" 200 4418 "-" "Mozilla/5.0 AppleWebKit/537.36 (KHTML, like Gecko; compatible; GPTBot/1.2; +https://openai.com/gptbot)"
20.171.207.85 - - [26/Apr/2025:10:59:57 -0400] "GET /about.php?path=%2F%2Flib%2Fmodules%2F4.18.0-553.lve.el8.x86_64%2Fkernel%2Fdrivers%2Fcrypto%2Fqat%2Fqat_dh895xcc HTTP/1.1" 200 903 "-" "Mozilla/5.0 AppleWebKit/537.36 (KHTML, like Gecko; compatible; GPTBot/1.2; +https://openai.com/gptbot)"
195.191.219.130 - - [26/Apr/2025:10:59:57 -0400] "GET /about.php?action=edit&file=md5&path=//var/softaculous/bludit HTTP/1.1" 200 2036 "-" "Mozilla/5.0 (compatible; MJ12bot/v2.0.0; http://mj12bot.com/)"
20.171.207.36 - - [26/Apr/2025:10:59:58 -0400] "GET /about.php?action=edit&file=pinctrl-geminilake.ko.xz&path=%2F%2Flib%2Fmodules%2F4.18.0-553.lve.el8.x86_64%2Fkernel%2Fdrivers%2Fpinctrl%2Fintel HTTP/1.1" 200 4854 "-" "Mozilla/5.0 AppleWebKit/537.36 (KHTML, like Gecko; compatible; GPTBot/1.2; +https://openai.com/gptbot)"
20.171.207.85 - - [26/Apr/2025:10:59:58 -0400] "GET /about.php?path=%2F%2Flib%2Fnode_modules%2Fnpm%2Fman%2Ftr%2Fman1 HTTP/1.1" 200 818 "-" "Mozilla/5.0 AppleWebKit/537.36 (KHTML, like Gecko; compatible; GPTBot/1.2; +https://openai.com/gptbot)"
195.191.219.130 - - [26/Apr/2025:10:59:58 -0400] "GET /about.php?action=edit&file=md5&path=//var/softaculous/bolt HTTP/1.1" 200 7909 "-" "Mozilla/5.0 (compatible; MJ12bot/v2.0.0; http://mj12bot.com/)"
20.171.207.36 - - [26/Apr/2025:10:59:59 -0400] "GET /about.php?action=edit&file=pinctrl-cannonlake.ko.xz&path=%2F%2Flib%2Fmodules%2F4.18.0-553.lve.el8.x86_64%2Fkernel%2Fdrivers%2Fpinctrl%2Fintel HTTP/1.1" 200 6177 "-" "Mozilla/5.0 AppleWebKit/537.36 (KHTML, like Gecko; compatible; GPTBot/1.2; +https://openai.com/gptbot)"
20.171.207.85 - - [26/Apr/2025:10:59:59 -0400] "GET /about.php?path=%2F%2Flib%2Fnode_modules%2Fnpm%2Fman%2Fit%2Fman5 HTTP/1.1" 200 870 "-" "Mozilla/5.0 AppleWebKit/537.36 (KHTML, like Gecko; compatible; GPTBot/1.2; +https://openai.com/gptbot)"
195.191.219.130 - - [26/Apr/2025:10:59:59 -0400] "GET /about.php?action=edit&file=md5&path=//var/softaculous/bootstrap HTTP/1.1" 200 2036 "-" "Mozilla/5.0 (compatible; MJ12bot/v2.0.0; http://mj12bot.com/)"
20.171.207.36 - - [26/Apr/2025:11:00:00 -0400] "GET /about.php?action=edit&file=mt7921-common.ko.xz&path=%2F%2Fusr%2Flib%2Fmodules%2F4.18.0-553.lve.el8.x86_64%2Fkernel%2Fdrivers%2Fnet%2Fwireless%2Fmediatek%2Fmt76%2Fmt7921 HTTP/1.1" 200 33789 "-" "Mozilla/5.0 AppleWebKit/537.36 (KHTML, like Gecko; compatible; GPTBot/1.2; +https://openai.com/gptbot)"
20.171.207.85 - - [26/Apr/2025:11:00:00 -0400] "GET /about.php?path=%2F%2Flib%2Fnode_modules%2Fnpm%2Fman%2Fpt%2Fman1 HTTP/1.1" 200 956 "-" "Mozilla/5.0 AppleWebKit/537.36 (KHTML, like Gecko; compatible; GPTBot/1.2; +https://openai.com/gptbot)"
195.191.219.130 - - [26/Apr/2025:11:00:00 -0400] "GET /about.php?action=edit&file=md5&path=//var/softaculous/buggenie HTTP/1.1" 200 5997 "-" "Mozilla/5.0 (compatible; MJ12bot/v2.0.0; http://mj12bot.com/)"
20.171.207.36 - - [26/Apr/2025:11:00:01 -0400] "GET /about.php?action=edit&file=mt7921e.ko.xz&path=%2F%2Fusr%2Flib%2Fmodules%2F4.18.0-553.lve.el8.x86_64%2Fkernel%2Fdrivers%2Fnet%2Fwireless%2Fmediatek%2Fmt76%2Fmt7921 HTTP/1.1" 200 10215 "-" "Mozilla/5.0 AppleWebKit/537.36 (KHTML, like Gecko; compatible; GPTBot/1.2; +https://openai.com/gptbot)"
20.171.207.85 - - [26/Apr/2025:11:00:01 -0400] "GET /about.php?path=%2F%2Flib%2Fnode_modules%2Fnpm%2Fman%2Fhu%2Fman5 HTTP/1.1" 200 823 "-" "Mozilla/5.0 AppleWebKit/537.36 (KHTML, like Gecko; compatible; GPTBot/1.2; +https://openai.com/gptbot)"
195.191.219.130 - - [26/Apr/2025:11:00:01 -0400] "GET /about.php?action=edit&file=md5&path=//var/softaculous/bugs HTTP/1.1" 200 3118 "-" "Mozilla/5.0 (compatible; MJ12bot/v2.0.0; http://mj12bot.com/)"
20.171.207.36 - - [26/Apr/2025:11:00:02 -0400] "GET /about.php?action=edit&file=pluginviewer&path=%2F%2Fusr%2Fsbin HTTP/1.1" 200 7242 "-" "Mozilla/5.0 AppleWebKit/537.36 (KHTML, like Gecko; compatible; GPTBot/1.2; +https://openai.com/gptbot)"
20.171.207.85 - - [26/Apr/2025:11:00:02 -0400] "GET /about.php?path=%2F%2Flib%2Fmodules%2F4.18.0-553.lve.el8.x86_64%2Fkernel%2Fdrivers%2Fnet%2Fethernet%2Fcavium%2Fliquidio HTTP/1.1" 200 925 "-" "Mozilla/5.0 AppleWebKit/537.36 (KHTML, like Gecko; compatible; GPTBot/1.2; +https://openai.com/gptbot)"
195.191.219.130 - - [26/Apr/2025:11:00:02 -0400] "GET /about.php?action=edit&file=md5&path=//var/softaculous/burden HTTP/1.1" 200 4104 "-" "Mozilla/5.0 (compatible; MJ12bot/v2.0.0; http://mj12bot.com/)"
195.191.219.130 - - [26/Apr/2025:11:00:03 -0400] "GET /about.php?action=edit&file=md5&path=//var/softaculous/cake HTTP/1.1" 200 1519 "-" "Mozilla/5.0 (compatible; MJ12bot/v2.0.0; http://mj12bot.com/)"
20.171.207.36 - - [26/Apr/2025:11:00:04 -0400] "GET /about.php?path=%2F%2Fusr%2Fshare%2Fvim%2Fvim80%2Fpack%2Fdist%2Fopt%2Fshellmenu HTTP/1.1" 200 828 "-" "Mozilla/5.0 AppleWebKit/537.36 (KHTML, like Gecko; compatible; GPTBot/1.2; +https://openai.com/gptbot)"
20.171.207.85 - - [26/Apr/2025:11:00:04 -0400] "GET /about.php?path=%2F%2Flib%2Fnode_modules%2Fnpm%2Fman%2Fja%2Fman7 HTTP/1.1" 200 828 "-" "Mozilla/5.0 AppleWebKit/537.36 (KHTML, like Gecko; compatible; GPTBot/1.2; +https://openai.com/gptbot)"
20.171.207.36 - - [26/Apr/2025:11:00:06 -0400] "GET /about.php?action=edit&file=cp866.cpython-36.pyc&path=%2F%2Fusr%2Flib64%2Fpython3.6%2Fencodings%2F__pycache__ HTTP/1.1" 200 3480 "-" "Mozilla/5.0 AppleWebKit/537.36 (KHTML, like Gecko; compatible; GPTBot/1.2; +https://openai.com/gptbot)"
195.191.219.130 - - [26/Apr/2025:11:00:06 -0400] "GET /about.php?action=edit&file=md5&path=//var/softaculous/carbon HTTP/1.1" 200 2159 "-" "Mozilla/5.0 (compatible; MJ12bot/v2.0.0; http://mj12bot.com/)"
20.171.207.85 - - [26/Apr/2025:11:00:06 -0400] "GET /about.php?path=%2F%2Flib%2Fnode_modules%2Fnpm%2Fman%2Fpt%2Fman8 HTTP/1.1" 200 919 "-" "Mozilla/5.0 AppleWebKit/537.36 (KHTML, like Gecko; compatible; GPTBot/1.2; +https://openai.com/gptbot)"
20.171.207.36 - - [26/Apr/2025:11:00:06 -0400] "GET /about.php?action=edit&file=cp737.cpython-36.opt-2.pyc&path=%2F%2Fusr%2Flib64%2Fpython3.6%2Fencodings%2F__pycache__ HTTP/1.1" 200 3185 "-" "Mozilla/5.0 AppleWebKit/537.36 (KHTML, like Gecko; compatible; GPTBot/1.2; +https://openai.com/gptbot)"
195.191.219.130 - - [26/Apr/2025:11:00:06 -0400] "GET /about.php?action=edit&file=md5&path=//var/softaculous/castopod HTTP/1.1" 200 2570 "-" "Mozilla/5.0 (compatible; MJ12bot/v2.0.0; http://mj12bot.com/)"
20.171.207.85 - - [26/Apr/2025:11:00:06 -0400] "GET /about.php?path=%2F%2Flib%2Fnode_modules%2Fnpm%2Fman%2Fja%2Fman8 HTTP/1.1" 200 1156 "-" "Mozilla/5.0 AppleWebKit/537.36 (KHTML, like Gecko; compatible; GPTBot/1.2; +https://openai.com/gptbot)"
20.171.207.36 - - [26/Apr/2025:11:00:07 -0400] "GET /about.php?action=edit&file=tis_620.cpython-36.opt-2.pyc&path=%2F%2Fusr%2Flib64%2Fpython3.6%2Fencodings%2F__pycache__ HTTP/1.1" 200 1810 "-" "Mozilla/5.0 AppleWebKit/537.36 (KHTML, like Gecko; compatible; GPTBot/1.2; +https://openai.com/gptbot)"
20.171.207.85 - - [26/Apr/2025:11:00:07 -0400] "GET /about.php?path=%2F%2Flib%2Fnode_modules%2Fnpm%2Fman%2Fpl%2Fman5 HTTP/1.1" 200 841 "-" "Mozilla/5.0 AppleWebKit/537.36 (KHTML, like Gecko; compatible; GPTBot/1.2; +https://openai.com/gptbot)"
195.191.219.130 - - [26/Apr/2025:11:00:07 -0400] "GET /about.php?action=edit&file=md5&path=//var/softaculous/cftp HTTP/1.1" 200 1595 "-" "Mozilla/5.0 (compatible; MJ12bot/v2.0.0; http://mj12bot.com/)"
195.191.219.130 - - [26/Apr/2025:11:00:08 -0400] "GET /about.php?action=edit&file=md5&path=//var/softaculous/chamilo HTTP/1.1" 200 1336 "-" "Mozilla/5.0 (compatible; MJ12bot/v2.0.0; http://mj12bot.com/)"
20.171.207.36 - - [26/Apr/2025:11:00:08 -0400] "GET /about.php?action=edit&file=cp424.cpython-38.opt-2.pyc&path=%2F%2Fusr%2Flib64%2Fpython3.8%2Fencodings%2F__pycache__ HTTP/1.1" 200 1791 "-" "Mozilla/5.0 AppleWebKit/537.36 (KHTML, like Gecko; compatible; GPTBot/1.2; +https://openai.com/gptbot)"
20.171.207.85 - - [26/Apr/2025:11:00:08 -0400] "GET /about.php?path=%2F%2Flib%2Fnode_modules%2Fnpm%2Fman%2Fde%2Fman5 HTTP/1.1" 200 942 "-" "Mozilla/5.0 AppleWebKit/537.36 (KHTML, like Gecko; compatible; GPTBot/1.2; +https://openai.com/gptbot)"
195.191.219.130 - - [26/Apr/2025:11:00:09 -0400] "GET /about.php?action=edit&file=md5&path=//var/softaculous/chevereto HTTP/1.1" 200 1593 "-" "Mozilla/5.0 (compatible; MJ12bot/v2.0.0; http://mj12bot.com/)"
20.171.207.36 - - [26/Apr/2025:11:00:09 -0400] "GET /about.php?action=edit&file=cp273.cpython-36.opt-2.pyc&path=%2F%2Fusr%2Flib64%2Fpython3.6%2Fencodings%2F__pycache__ HTTP/1.1" 200 1799 "-" "Mozilla/5.0 AppleWebKit/537.36 (KHTML, like Gecko; compatible; GPTBot/1.2; +https://openai.com/gptbot)"
20.171.207.85 - - [26/Apr/2025:11:00:09 -0400] "GET /about.php?path=%2F%2Flib%2Fnode_modules%2Fnpm%2Fman%2Fde%2Fman1 HTTP/1.1" 200 1270 "-" "Mozilla/5.0 AppleWebKit/537.36 (KHTML, like Gecko; compatible; GPTBot/1.2; +https://openai.com/gptbot)"
195.191.219.130 - - [26/Apr/2025:11:00:10 -0400] "GET /about.php?action=edit&file=md5&path=//var/softaculous/churchcrm HTTP/1.1" 200 1563 "-" "Mozilla/5.0 (compatible; MJ12bot/v2.0.0; http://mj12bot.com/)"
20.171.207.36 - - [26/Apr/2025:11:00:11 -0400] "GET /about.php?action=edit&file=cp932.cpython-36.pyc&path=%2F%2Fusr%2Flib64%2Fpython3.6%2Fencodings%2F__pycache__ HTTP/1.1" 200 1236 "-" "Mozilla/5.0 AppleWebKit/537.36 (KHTML, like Gecko; compatible; GPTBot/1.2; +https://openai.com/gptbot)"
20.171.207.85 - - [26/Apr/2025:11:00:11 -0400] "GET /about.php?path=%2F%2Flib%2Fnode_modules%2Fnpm%2Fman%2Fpl%2Fman3 HTTP/1.1" 200 818 "-" "Mozilla/5.0 AppleWebKit/537.36 (KHTML, like Gecko; compatible; GPTBot/1.2; +https://openai.com/gptbot)"
195.191.219.130 - - [26/Apr/2025:11:00:11 -0400] "GET /about.php?action=edit&file=md5&path=//var/softaculous/chyrp HTTP/1.1" 200 2870 "-" "Mozilla/5.0 (compatible; MJ12bot/v2.0.0; http://mj12bot.com/)"
20.171.207.85 - - [26/Apr/2025:11:00:12 -0400] "GET /about.php?path=%2F%2Flib%2Fnode_modules%2Fnpm%2Fman%2Fid%2Fman5 HTTP/1.1" 200 818 "-" "Mozilla/5.0 AppleWebKit/537.36 (KHTML, like Gecko; compatible; GPTBot/1.2; +https://openai.com/gptbot)"
20.171.207.36 - - [26/Apr/2025:11:00:12 -0400] "GET /about.php?action=edit&file=cp862.cpython-38.pyc&path=%2F%2Fusr%2Flib64%2Fpython3.8%2Fencodings%2F__pycache__ HTTP/1.1" 200 3630 "-" "Mozilla/5.0 AppleWebKit/537.36 (KHTML, like Gecko; compatible; GPTBot/1.2; +https://openai.com/gptbot)"
195.191.219.130 - - [26/Apr/2025:11:00:12 -0400] "GET /about.php?action=edit&file=md5&path=//var/softaculous/cjdpoll HTTP/1.1" 200 5517 "-" "Mozilla/5.0 (compatible; MJ12bot/v2.0.0; http://mj12bot.com/)"
20.171.207.36 - - [26/Apr/2025:11:00:13 -0400] "GET /about.php?action=edit&file=cp424.cpython-38.pyc&path=%2F%2Fusr%2Flib64%2Fpython3.8%2Fencodings%2F__pycache__ HTTP/1.1" 200 1898 "-" "Mozilla/5.0 AppleWebKit/537.36 (KHTML, like Gecko; compatible; GPTBot/1.2; +https://openai.com/gptbot)"
20.171.207.85 - - [26/Apr/2025:11:00:13 -0400] "GET /about.php?path=%2F%2Flib%2Fnode_modules%2Fnpm%2Fman%2Fuk%2Fman5 HTTP/1.1" 200 966 "-" "Mozilla/5.0 AppleWebKit/537.36 (KHTML, like Gecko; compatible; GPTBot/1.2; +https://openai.com/gptbot)"
195.191.219.130 - - [26/Apr/2025:11:00:13 -0400] "GET /about.php?action=edit&file=md5&path=//var/softaculous/claro HTTP/1.1" 200 3409 "-" "Mozilla/5.0 (compatible; MJ12bot/v2.0.0; http://mj12bot.com/)"
20.171.207.36 - - [26/Apr/2025:11:00:14 -0400] "GET /about.php?action=edit&file=cp866.cpython-38.opt-2.pyc&path=%2F%2Fusr%2Flib64%2Fpython3.8%2Fencodings%2F__pycache__ HTTP/1.1" 200 3403 "-" "Mozilla/5.0 AppleWebKit/537.36 (KHTML, like Gecko; compatible; GPTBot/1.2; +https://openai.com/gptbot)"
20.171.207.85 - - [26/Apr/2025:11:00:14 -0400] "GET /about.php?path=%2F%2Flib%2Fnode_modules%2Fnpm%2Fman%2Fda%2Fman5 HTTP/1.1" 200 839 "-" "Mozilla/5.0 AppleWebKit/537.36 (KHTML, like Gecko; compatible; GPTBot/1.2; +https://openai.com/gptbot)"
195.191.219.130 - - [26/Apr/2025:11:00:14 -0400] "GET /about.php?action=edit&file=md5&path=//var/softaculous/classicpress HTTP/1.1" 200 2132 "-" "Mozilla/5.0 (compatible; MJ12bot/v2.0.0; http://mj12bot.com/)"
20.171.207.36 - - [26/Apr/2025:11:00:15 -0400] "GET /about.php?action=edit&file=cp273.cpython-36.pyc&path=%2F%2Fusr%2Flib64%2Fpython3.6%2Fencodings%2F__pycache__ HTTP/1.1" 200 1856 "-" "Mozilla/5.0 AppleWebKit/537.36 (KHTML, like Gecko; compatible; GPTBot/1.2; +https://openai.com/gptbot)"
20.171.207.85 - - [26/Apr/2025:11:00:15 -0400] "GET /about.php?path=%2F%2Flib%2Fnode_modules%2Fnpm%2Fman%2Fru%2Fman7 HTTP/1.1" 200 828 "-" "Mozilla/5.0 AppleWebKit/537.36 (KHTML, like Gecko; compatible; GPTBot/1.2; +https://openai.com/gptbot)"
195.191.219.130 - - [26/Apr/2025:11:00:16 -0400] "GET /about.php?action=edit&file=md5&path=//var/softaculous/clicshop HTTP/1.1" 200 2862 "-" "Mozilla/5.0 (compatible; MJ12bot/v2.0.0; http://mj12bot.com/)"
195.191.219.130 - - [26/Apr/2025:11:00:16 -0400] "GET /about.php?action=edit&file=md5&path=//var/softaculous/clientexec HTTP/1.1" 200 1434 "-" "Mozilla/5.0 (compatible; MJ12bot/v2.0.0; http://mj12bot.com/)"
20.171.207.85 - - [26/Apr/2025:11:00:16 -0400] "GET /about.php?path=%2F%2Flib%2Fnode_modules%2Fnpm%2Fman%2Fid%2Fman8 HTTP/1.1" 200 887 "-" "Mozilla/5.0 AppleWebKit/537.36 (KHTML, like Gecko; compatible; GPTBot/1.2; +https://openai.com/gptbot)"
20.171.207.36 - - [26/Apr/2025:11:00:16 -0400] "GET /about.php?action=edit&file=cp424.cpython-36.opt-1.pyc&path=%2F%2Fusr%2Flib64%2Fpython3.6%2Fencodings%2F__pycache__ HTTP/1.1" 200 1881 "-" "Mozilla/5.0 AppleWebKit/537.36 (KHTML, like Gecko; compatible; GPTBot/1.2; +https://openai.com/gptbot)"
195.191.219.130 - - [26/Apr/2025:11:00:17 -0400] "GET /about.php?action=edit&file=md5&path=//var/softaculous/clip HTTP/1.1" 200 1137 "-" "Mozilla/5.0 (compatible; MJ12bot/v2.0.0; http://mj12bot.com/)"
20.171.207.36 - - [26/Apr/2025:11:00:18 -0400] "GET /about.php?action=edit&file=cp863.cpython-36.opt-2.pyc&path=%2F%2Fusr%2Flib64%2Fpython3.6%2Fencodings%2F__pycache__ HTTP/1.1" 200 3509 "-" "Mozilla/5.0 AppleWebKit/537.36 (KHTML, like Gecko; compatible; GPTBot/1.2; +https://openai.com/gptbot)"
20.171.207.85 - - [26/Apr/2025:11:00:18 -0400] "GET /about.php?path=%2F%2Flib%2Fnode_modules%2Fnpm%2Fman%2Fhu%2Fman1 HTTP/1.1" 200 886 "-" "Mozilla/5.0 AppleWebKit/537.36 (KHTML, like Gecko; compatible; GPTBot/1.2; +https://openai.com/gptbot)"
195.191.219.130 - - [26/Apr/2025:11:00:18 -0400] "GET /about.php?action=edit&file=md5&path=//var/softaculous/clipper HTTP/1.1" 200 3686 "-" "Mozilla/5.0 (compatible; MJ12bot/v2.0.0; http://mj12bot.com/)"
20.171.207.36 - - [26/Apr/2025:11:00:19 -0400] "GET /about.php?action=edit&file=cp863.cpython-36.pyc&path=%2F%2Fusr%2Flib64%2Fpython3.6%2Fencodings%2F__pycache__ HTTP/1.1" 200 3594 "-" "Mozilla/5.0 AppleWebKit/537.36 (KHTML, like Gecko; compatible; GPTBot/1.2; +https://openai.com/gptbot)"
20.171.207.85 - - [26/Apr/2025:11:00:19 -0400] "GET /about.php?path=%2F%2Flib%2Fnode_modules%2Fnpm%2Fman%2Fes%2Fman5 HTTP/1.1" 200 902 "-" "Mozilla/5.0 AppleWebKit/537.36 (KHTML, like Gecko; compatible; GPTBot/1.2; +https://openai.com/gptbot)"
195.191.219.130 - - [26/Apr/2025:11:00:19 -0400] "GET /about.php?action=edit&file=md5&path=//var/softaculous/cmsimple HTTP/1.1" 200 2644 "-" "Mozilla/5.0 (compatible; MJ12bot/v2.0.0; http://mj12bot.com/)"
20.171.207.36 - - [26/Apr/2025:11:00:20 -0400] "GET /about.php?action=edit&file=cp864.cpython-36.opt-2.pyc&path=%2F%2Fusr%2Flib64%2Fpython3.6%2Fencodings%2F__pycache__ HTTP/1.1" 200 3266 "-" "Mozilla/5.0 AppleWebKit/537.36 (KHTML, like Gecko; compatible; GPTBot/1.2; +https://openai.com/gptbot)"
20.171.207.85 - - [26/Apr/2025:11:00:20 -0400] "GET /about.php?path=%2F%2Flib%2Fnode_modules%2Fnpm%2Fman%2Ftr%2Fman5 HTTP/1.1" 200 852 "-" "Mozilla/5.0 AppleWebKit/537.36 (KHTML, like Gecko; compatible; GPTBot/1.2; +https://openai.com/gptbot)"
195.191.219.130 - - [26/Apr/2025:11:00:20 -0400] "GET /about.php?action=edit&file=md5&path=//var/softaculous/cmssimple HTTP/1.1" 200 1859 "-" "Mozilla/5.0 (compatible; MJ12bot/v2.0.0; http://mj12bot.com/)"
20.171.207.36 - - [26/Apr/2025:11:00:21 -0400] "GET /about.php?action=edit&file=cp437.cpython-36.opt-2.pyc&path=%2F%2Fusr%2Flib64%2Fpython3.6%2Fencodings%2F__pycache__ HTTP/1.1" 200 3508 "-" "Mozilla/5.0 AppleWebKit/537.36 (KHTML, like Gecko; compatible; GPTBot/1.2; +https://openai.com/gptbot)"
20.171.207.85 - - [26/Apr/2025:11:00:21 -0400] "GET /about.php?path=%2F%2Flib%2Fnode_modules%2Fnpm%2Fman%2Fcs%2Fman1 HTTP/1.1" 200 817 "-" "Mozilla/5.0 AppleWebKit/537.36 (KHTML, like Gecko; compatible; GPTBot/1.2; +https://openai.com/gptbot)"
195.191.219.130 - - [26/Apr/2025:11:00:21 -0400] "GET /about.php?action=edit&file=md5&path=//var/softaculous/collab HTTP/1.1" 200 3486 "-" "Mozilla/5.0 (compatible; MJ12bot/v2.0.0; http://mj12bot.com/)"
195.191.219.130 - - [26/Apr/2025:11:00:22 -0400] "GET /about.php?action=edit&file=md5&path=//var/softaculous/commentics HTTP/1.1" 200 2905 "-" "Mozilla/5.0 (compatible; MJ12bot/v2.0.0; http://mj12bot.com/)"
20.171.207.85 - - [26/Apr/2025:11:00:22 -0400] "GET /about.php?path=%2F%2Flib%2Fnode_modules%2Fnpm%2Fman%2Fes%2Fman8 HTTP/1.1" 200 862 "-" "Mozilla/5.0 AppleWebKit/537.36 (KHTML, like Gecko; compatible; GPTBot/1.2; +https://openai.com/gptbot)"
20.171.207.36 - - [26/Apr/2025:11:00:22 -0400] "GET /about.php?action=edit&file=cp862.cpython-36.opt-2.pyc&path=%2F%2Fusr%2Flib64%2Fpython3.6%2Fencodings%2F__pycache__ HTTP/1.1" 200 3464 "-" "Mozilla/5.0 AppleWebKit/537.36 (KHTML, like Gecko; compatible; GPTBot/1.2; +https://openai.com/gptbot)"
195.191.219.130 - - [26/Apr/2025:11:00:23 -0400] "GET /about.php?action=edit&file=md5&path=//var/softaculous/conc HTTP/1.1" 200 1243 "-" "Mozilla/5.0 (compatible; MJ12bot/v2.0.0; http://mj12bot.com/)"
20.171.207.85 - - [26/Apr/2025:11:00:23 -0400] "GET /about.php?path=%2F%2Flib%2Fnode_modules%2Fnpm%2Fman%2Fsv%2Fman8 HTTP/1.1" 200 1111 "-" "Mozilla/5.0 AppleWebKit/537.36 (KHTML, like Gecko; compatible; GPTBot/1.2; +https://openai.com/gptbot)"
20.171.207.36 - - [26/Apr/2025:11:00:23 -0400] "GET /about.php?action=edit&file=cp932.cpython-36.opt-2.pyc&path=%2F%2Fusr%2Flib64%2Fpython3.6%2Fencodings%2F__pycache__ HTTP/1.1" 200 1239 "-" "Mozilla/5.0 AppleWebKit/537.36 (KHTML, like Gecko; compatible; GPTBot/1.2; +https://openai.com/gptbot)"
195.191.219.130 - - [26/Apr/2025:11:00:24 -0400] "GET /about.php?action=edit&file=md5&path=//var/softaculous/conc56 HTTP/1.1" 200 1357 "-" "Mozilla/5.0 (compatible; MJ12bot/v2.0.0; http://mj12bot.com/)"
20.171.207.85 - - [26/Apr/2025:11:00:24 -0400] "GET /about.php?path=%2F%2Flib%2Fnode_modules%2Fnpm%2Fman%2Fsv%2Fman7 HTTP/1.1" 200 829 "-" "Mozilla/5.0 AppleWebKit/537.36 (KHTML, like Gecko; compatible; GPTBot/1.2; +https://openai.com/gptbot)"
20.171.207.36 - - [26/Apr/2025:11:00:24 -0400] "GET /about.php?action=edit&file=cp866.cpython-36.opt-2.pyc&path=%2F%2Fusr%2Flib64%2Fpython3.6%2Fencodings%2F__pycache__ HTTP/1.1" 200 3409 "-" "Mozilla/5.0 AppleWebKit/537.36 (KHTML, like Gecko; compatible; GPTBot/1.2; +https://openai.com/gptbot)"
195.191.219.130 - - [26/Apr/2025:11:00:25 -0400] "GET /about.php?action=edit&file=md5&path=//var/softaculous/conc8 HTTP/1.1" 200 5777 "-" "Mozilla/5.0 (compatible; MJ12bot/v2.0.0; http://mj12bot.com/)"
20.171.207.85 - - [26/Apr/2025:11:00:26 -0400] "GET /about.php?path=%2F%2Flib%2Fnode_modules%2Fnpm%2Fman%2Fja%2Fman5 HTTP/1.1" 200 917 "-" "Mozilla/5.0 AppleWebKit/537.36 (KHTML, like Gecko; compatible; GPTBot/1.2; +https://openai.com/gptbot)"
20.171.207.36 - - [26/Apr/2025:11:00:26 -0400] "GET /about.php?action=edit&file=cp862.cpython-36.pyc&path=%2F%2Fusr%2Flib64%2Fpython3.6%2Fencodings%2F__pycache__ HTTP/1.1" 200 3522 "-" "Mozilla/5.0 AppleWebKit/537.36 (KHTML, like Gecko; compatible; GPTBot/1.2; +https://openai.com/gptbot)"
195.191.219.130 - - [26/Apr/2025:11:00:26 -0400] "GET /about.php?action=edit&file=md5&path=//var/softaculous/conc85 HTTP/1.1" 200 1348 "-" "Mozilla/5.0 (compatible; MJ12bot/v2.0.0; http://mj12bot.com/)"
20.171.207.85 - - [26/Apr/2025:11:00:27 -0400] "GET /about.php?path=%2F%2Flib%2Fnode_modules%2Fnpm%2Fman%2Fru%2Fman3 HTTP/1.1" 200 818 "-" "Mozilla/5.0 AppleWebKit/537.36 (KHTML, like Gecko; compatible; GPTBot/1.2; +https://openai.com/gptbot)"
20.171.207.36 - - [26/Apr/2025:11:00:27 -0400] "GET /about.php?action=edit&file=cp863.cpython-38.opt-2.pyc&path=%2F%2Fusr%2Flib64%2Fpython3.8%2Fencodings%2F__pycache__ HTTP/1.1" 200 3550 "-" "Mozilla/5.0 AppleWebKit/537.36 (KHTML, like Gecko; compatible; GPTBot/1.2; +https://openai.com/gptbot)"
195.191.219.130 - - [26/Apr/2025:11:00:27 -0400] "GET /about.php?action=edit&file=md5&path=//var/softaculous/contao HTTP/1.1" 200 1440 "-" "Mozilla/5.0 (compatible; MJ12bot/v2.0.0; http://mj12bot.com/)"
20.171.207.85 - - [26/Apr/2025:11:00:28 -0400] "GET /about.php?path=%2F%2Flib%2Fnode_modules%2Fnpm%2Fman%2Fko%2Fman7 HTTP/1.1" 200 828 "-" "Mozilla/5.0 AppleWebKit/537.36 (KHTML, like Gecko; compatible; GPTBot/1.2; +https://openai.com/gptbot)"
20.171.207.36 - - [26/Apr/2025:11:00:28 -0400] "GET /about.php?action=edit&file=cp862.cpython-38.opt-2.pyc&path=%2F%2Fusr%2Flib64%2Fpython3.8%2Fencodings%2F__pycache__ HTTP/1.1" 200 3519 "-" "Mozilla/5.0 AppleWebKit/537.36 (KHTML, like Gecko; compatible; GPTBot/1.2; +https://openai.com/gptbot)"
195.191.219.130 - - [26/Apr/2025:11:00:28 -0400] "GET /about.php?action=edit&file=md5&path=//var/softaculous/cotonti HTTP/1.1" 200 1577 "-" "Mozilla/5.0 (compatible; MJ12bot/v2.0.0; http://mj12bot.com/)"
20.171.207.85 - - [26/Apr/2025:11:00:29 -0400] "GET /about.php?path=%2F%2Flib%2Fnode_modules%2Fnpm%2Fman%2Fuk%2Fman7 HTTP/1.1" 200 829 "-" "Mozilla/5.0 AppleWebKit/537.36 (KHTML, like Gecko; compatible; GPTBot/1.2; +https://openai.com/gptbot)"
20.171.207.36 - - [26/Apr/2025:11:00:29 -0400] "GET /about.php?action=edit&file=cp424.cpython-36.pyc&path=%2F%2Fusr%2Flib64%2Fpython3.6%2Fencodings%2F__pycache__ HTTP/1.1" 200 1879 "-" "Mozilla/5.0 AppleWebKit/537.36 (KHTML, like Gecko; compatible; GPTBot/1.2; +https://openai.com/gptbot)"
195.191.219.130 - - [26/Apr/2025:11:00:29 -0400] "GET /about.php?action=edit&file=md5&path=//var/softaculous/cpg HTTP/1.1" 200 2691 "-" "Mozilla/5.0 (compatible; MJ12bot/v2.0.0; http://mj12bot.com/)"
20.171.207.85 - - [26/Apr/2025:11:00:30 -0400] "GET /about.php?path=%2F%2Flib%2Fnode_modules%2Fnpm%2Fman%2Fru%2Fman5 HTTP/1.1" 200 1466 "-" "Mozilla/5.0 AppleWebKit/537.36 (KHTML, like Gecko; compatible; GPTBot/1.2; +https://openai.com/gptbot)"
195.191.219.130 - - [26/Apr/2025:11:00:30 -0400] "GET /about.php?action=edit&file=md5&path=//var/softaculous/crafty HTTP/1.1" 200 2766 "-" "Mozilla/5.0 (compatible; MJ12bot/v2.0.0; http://mj12bot.com/)"
20.171.207.36 - - [26/Apr/2025:11:00:30 -0400] "GET /about.php?action=edit&file=iso646.h&path=%2F%2Fusr%2Flib%2Fgcc%2Fx86_64-redhat-linux%2F8%2Finclude HTTP/1.1" 200 1209 "-" "Mozilla/5.0 AppleWebKit/537.36 (KHTML, like Gecko; compatible; GPTBot/1.2; +https://openai.com/gptbot)"
195.191.219.130 - - [26/Apr/2025:11:00:31 -0400] "GET /about.php?action=edit&file=md5&path=//var/softaculous/croogo HTTP/1.1" 200 6144 "-" "Mozilla/5.0 (compatible; MJ12bot/v2.0.0; http://mj12bot.com/)"
20.171.207.85 - - [26/Apr/2025:11:00:31 -0400] "GET /about.php?path=%2F%2Flib%2Fnode_modules%2Fnpm%2Fman%2Fde%2Fman8 HTTP/1.1" 200 1265 "-" "Mozilla/5.0 AppleWebKit/537.36 (KHTML, like Gecko; compatible; GPTBot/1.2; +https://openai.com/gptbot)"
20.171.207.36 - - [26/Apr/2025:11:00:31 -0400] "GET /about.php?action=edit&file=amss.bin&path=%2F%2Flib%2Ffirmware%2Fath11k%2FQCA2066%2Fhw2.1 HTTP/1.1" 200 2210987 "-" "Mozilla/5.0 AppleWebKit/537.36 (KHTML, like Gecko; compatible; GPTBot/1.2; +https://openai.com/gptbot)"
195.191.219.130 - - [26/Apr/2025:11:00:32 -0400] "GET /about.php?action=edit&file=md5&path=//var/softaculous/cscart HTTP/1.1" 200 6263 "-" "Mozilla/5.0 (compatible; MJ12bot/v2.0.0; http://mj12bot.com/)"
20.171.207.85 - - [26/Apr/2025:11:00:32 -0400] "GET /about.php?path=%2F%2Flib%2Fnode_modules%2Fnpm%2Fman%2Fde%2Fman3 HTTP/1.1" 200 818 "-" "Mozilla/5.0 AppleWebKit/537.36 (KHTML, like Gecko; compatible; GPTBot/1.2; +https://openai.com/gptbot)"
20.171.207.36 - - [26/Apr/2025:11:00:33 -0400] "GET /about.php?action=edit&file=iso8859_2.pyc&path=%2F%2Fusr%2Flib64%2Fpython2.7%2Fencodings HTTP/1.1" 200 1795 "-" "Mozilla/5.0 AppleWebKit/537.36 (KHTML, like Gecko; compatible; GPTBot/1.2; +https://openai.com/gptbot)"
195.191.219.130 - - [26/Apr/2025:11:00:33 -0400] "GET /about.php?action=edit&file=md5&path=//var/softaculous/cszcms HTTP/1.1" 200 2942 "-" "Mozilla/5.0 (compatible; MJ12bot/v2.0.0; http://mj12bot.com/)"
20.171.207.85 - - [26/Apr/2025:11:00:34 -0400] "GET /about.php?path=%2F%2Flib%2Fnode_modules%2Fnpm%2Fman%2Fca%2Fman5 HTTP/1.1" 200 848 "-" "Mozilla/5.0 AppleWebKit/537.36 (KHTML, like Gecko; compatible; GPTBot/1.2; +https://openai.com/gptbot)"
20.171.207.36 - - [26/Apr/2025:11:00:34 -0400] "GET /about.php?action=edit&file=glx.h&path=%2F%2Fusr%2Finclude%2Fxcb HTTP/1.1" 200 17994 "-" "Mozilla/5.0 AppleWebKit/537.36 (KHTML, like Gecko; compatible; GPTBot/1.2; +https://openai.com/gptbot)"
195.191.219.130 - - [26/Apr/2025:11:00:34 -0400] "GET /about.php?action=edit&file=md5&path=//var/softaculous/cube HTTP/1.1" 200 1148 "-" "Mozilla/5.0 (compatible; MJ12bot/v2.0.0; http://mj12bot.com/)"
20.171.207.85 - - [26/Apr/2025:11:00:35 -0400] "GET /about.php?path=%2F%2Flib%2Fnode_modules%2Fnpm%2Fman%2Fru%2Fman8 HTTP/1.1" 200 1647 "-" "Mozilla/5.0 AppleWebKit/537.36 (KHTML, like Gecko; compatible; GPTBot/1.2; +https://openai.com/gptbot)"
20.171.207.36 - - [26/Apr/2025:11:00:35 -0400] "GET /about.php?action=edit&file=vmx.h&path=%2F%2Fusr%2Finclude%2Fasm HTTP/1.1" 200 2413 "-" "Mozilla/5.0 AppleWebKit/537.36 (KHTML, like Gecko; compatible; GPTBot/1.2; +https://openai.com/gptbot)"
195.191.219.130 - - [26/Apr/2025:11:00:35 -0400] "GET /about.php?action=edit&file=md5&path=//var/softaculous/dada HTTP/1.1" 200 3350 "-" "Mozilla/5.0 (compatible; MJ12bot/v2.0.0; http://mj12bot.com/)"
20.171.207.85 - - [26/Apr/2025:11:00:36 -0400] "GET /about.php?path=%2F%2Flib%2Fnode_modules%2Fnpm%2Fman%2Fcs%2Fman5 HTTP/1.1" 200 862 "-" "Mozilla/5.0 AppleWebKit/537.36 (KHTML, like Gecko; compatible; GPTBot/1.2; +https://openai.com/gptbot)"
20.171.207.36 - - [26/Apr/2025:11:00:36 -0400] "GET /about.php?action=edit&file=magic&path=%2F%2Fusr%2Fshare%2Fmysql HTTP/1.1" 200 881 "-" "Mozilla/5.0 AppleWebKit/537.36 (KHTML, like Gecko; compatible; GPTBot/1.2; +https://openai.com/gptbot)"
195.191.219.130 - - [26/Apr/2025:11:00:36 -0400] "GET /about.php?action=edit&file=md5&path=//var/softaculous/dhtmlx HTTP/1.1" 200 1606 "-" "Mozilla/5.0 (compatible; MJ12bot/v2.0.0; http://mj12bot.com/)"
20.171.207.85 - - [26/Apr/2025:11:00:37 -0400] "GET /about.php?path=%2F%2Flib%2Fnode_modules%2Fnpm%2Fman%2Ftr%2Fman7 HTTP/1.1" 200 828 "-" "Mozilla/5.0 AppleWebKit/537.36 (KHTML, like Gecko; compatible; GPTBot/1.2; +https://openai.com/gptbot)"
195.191.219.130 - - [26/Apr/2025:11:00:37 -0400] "GET /about.php?action=edit&file=md5&path=//var/softaculous/directus HTTP/1.1" 200 5636 "-" "Mozilla/5.0 (compatible; MJ12bot/v2.0.0; http://mj12bot.com/)"
20.171.207.36 - - [26/Apr/2025:11:00:37 -0400] "GET /about.php?action=edit&file=mux.h&path=%2F%2Fusr%2Finclude%2Fwebp HTTP/1.1" 200 6501 "-" "Mozilla/5.0 AppleWebKit/537.36 (KHTML, like Gecko; compatible; GPTBot/1.2; +https://openai.com/gptbot)"
195.191.219.130 - - [26/Apr/2025:11:00:38 -0400] "GET /about.php?action=edit&file=md5&path=//var/softaculous/documentor HTTP/1.1" 200 2943 "-" "Mozilla/5.0 (compatible; MJ12bot/v2.0.0; http://mj12bot.com/)"
20.171.207.85 - - [26/Apr/2025:11:00:38 -0400] "GET /about.php?path=%2F%2Flib%2Fnode_modules%2Fnpm%2Fman%2Fes%2Fman7 HTTP/1.1" 200 827 "-" "Mozilla/5.0 AppleWebKit/537.36 (KHTML, like Gecko; compatible; GPTBot/1.2; +https://openai.com/gptbot)"
20.171.207.36 - - [26/Apr/2025:11:00:38 -0400] "GET /about.php?action=edit&file=sgx.h&path=%2F%2Fusr%2Finclude%2Fasm HTTP/1.1" 200 3214 "-" "Mozilla/5.0 AppleWebKit/537.36 (KHTML, like Gecko; compatible; GPTBot/1.2; +https://openai.com/gptbot)"
195.191.219.130 - - [26/Apr/2025:11:00:39 -0400] "GET /about.php?action=edit&file=md5&path=//var/softaculous/dojo HTTP/1.1" 200 3705 "-" "Mozilla/5.0 (compatible; MJ12bot/v2.0.0; http://mj12bot.com/)"
20.171.207.85 - - [26/Apr/2025:11:00:39 -0400] "GET /about.php?path=%2F%2Flib%2Fnode_modules%2Fnpm%2Fman%2Fcs%2Fman7 HTTP/1.1" 200 828 "-" "Mozilla/5.0 AppleWebKit/537.36 (KHTML, like Gecko; compatible; GPTBot/1.2; +https://openai.com/gptbot)"
20.171.207.36 - - [26/Apr/2025:11:00:40 -0400] "GET /about.php?action=edit&file=spfquery&path=%2F%2Flib%2Fexim%2Fbin HTTP/1.1" 200 20804 "-" "Mozilla/5.0 AppleWebKit/537.36 (KHTML, like Gecko; compatible; GPTBot/1.2; +https://openai.com/gptbot)"
195.191.219.130 - - [26/Apr/2025:11:00:40 -0400] "GET /about.php?action=edit&file=md5&path=//var/softaculous/doku HTTP/1.1" 200 1449 "-" "Mozilla/5.0 (compatible; MJ12bot/v2.0.0; http://mj12bot.com/)"
20.171.207.85 - - [26/Apr/2025:11:00:40 -0400] "GET /about.php?action=edit&file=authselect-migration.7.gz&path=%2F%2Flib%2Fnode_modules%2Fnpm%2Fman%2Fuk%2Fman7 HTTP/1.1" 200 5632 "-" "Mozilla/5.0 AppleWebKit/537.36 (KHTML, like Gecko; compatible; GPTBot/1.2; +https://openai.com/gptbot)"
20.171.207.36 - - [26/Apr/2025:11:00:41 -0400] "GET /about.php?action=edit&file=klog.h&path=%2F%2Fusr%2Finclude%2Fsys HTTP/1.1" 200 1175 "-" "Mozilla/5.0 AppleWebKit/537.36 (KHTML, like Gecko; compatible; GPTBot/1.2; +https://openai.com/gptbot)"
195.191.219.130 - - [26/Apr/2025:11:00:41 -0400] "GET /about.php?action=edit&file=md5&path=//var/softaculous/dolibarr HTTP/1.1" 200 1220 "-" "Mozilla/5.0 (compatible; MJ12bot/v2.0.0; http://mj12bot.com/)"
20.171.207.85 - - [26/Apr/2025:11:00:42 -0400] "GET /about.php?path=%2F%2Flib%2Fnode_modules%2Fnpm%2Fman%2Fsr%2Fman1 HTTP/1.1" 200 817 "-" "Mozilla/5.0 AppleWebKit/537.36 (KHTML, like Gecko; compatible; GPTBot/1.2; +https://openai.com/gptbot)"
20.171.207.36 - - [26/Apr/2025:11:00:42 -0400] "GET /about.php?action=edit&file=xvmc.h&path=%2F%2Fusr%2Finclude%2Fxcb HTTP/1.1" 200 3322 "-" "Mozilla/5.0 AppleWebKit/537.36 (KHTML, like Gecko; compatible; GPTBot/1.2; +https://openai.com/gptbot)"
195.191.219.130 - - [26/Apr/2025:11:00:42 -0400] "GET /about.php?action=edit&file=md5&path=//var/softaculous/dolph HTTP/1.1" 200 10182 "-" "Mozilla/5.0 (compatible; MJ12bot/v2.0.0; http://mj12bot.com/)"
20.171.207.85 - - [26/Apr/2025:11:00:43 -0400] "GET /about.php?path=%2F%2Flib%2Fnode_modules%2Fnpm%2Fman%2Fsv%2Fman5 HTTP/1.1" 200 1014 "-" "Mozilla/5.0 AppleWebKit/537.36 (KHTML, like Gecko; compatible; GPTBot/1.2; +https://openai.com/gptbot)"
20.171.207.36 - - [26/Apr/2025:11:00:43 -0400] "GET /about.php?action=edit&file=auxv.h&path=%2F%2Fusr%2Finclude%2Fsys HTTP/1.1" 200 1216 "-" "Mozilla/5.0 AppleWebKit/537.36 (KHTML, like Gecko; compatible; GPTBot/1.2; +https://openai.com/gptbot)"
195.191.219.130 - - [26/Apr/2025:11:00:43 -0400] "GET /about.php?action=edit&file=md5&path=//var/softaculous/domainmod HTTP/1.1" 200 1139 "-" "Mozilla/5.0 (compatible; MJ12bot/v2.0.0; http://mj12bot.com/)"
20.171.207.85 - - [26/Apr/2025:11:00:44 -0400] "GET /about.php?path=%2F%2Flib%2Fnode_modules%2Fnpm%2Fman%2Fpl%2Fman1 HTTP/1.1" 200 1093 "-" "Mozilla/5.0 AppleWebKit/537.36 (KHTML, like Gecko; compatible; GPTBot/1.2; +https://openai.com/gptbot)"
195.191.219.130 - - [26/Apr/2025:11:00:44 -0400] "GET /about.php?action=edit&file=md5.h&path=//usr/include/openssl HTTP/1.1" 200 1138 "-" "Mozilla/5.0 (compatible; MJ12bot/v2.0.0; http://mj12bot.com/)"
20.171.207.36 - - [26/Apr/2025:11:00:44 -0400] "GET /about.php?action=edit&file=java.m4&path=%2F%2Fusr%2Fshare%2Fbison HTTP/1.1" 200 3410 "-" "Mozilla/5.0 AppleWebKit/537.36 (KHTML, like Gecko; compatible; GPTBot/1.2; +https://openai.com/gptbot)"
195.191.219.130 - - [26/Apr/2025:11:00:45 -0400] "GET /about.php?action=edit&file=md5.h&path=//usr/include/sasl HTTP/1.1" 200 1173 "-" "Mozilla/5.0 (compatible; MJ12bot/v2.0.0; http://mj12bot.com/)"
20.171.207.85 - - [26/Apr/2025:11:00:45 -0400] "GET /about.php?path=%2F%2Flib%2Fnode_modules%2Fnpm%2Fman%2Fpl%2Fman8 HTTP/1.1" 200 1053 "-" "Mozilla/5.0 AppleWebKit/537.36 (KHTML, like Gecko; compatible; GPTBot/1.2; +https://openai.com/gptbot)"
20.171.207.36 - - [26/Apr/2025:11:00:45 -0400] "GET /about.php?action=edit&file=glx.h&path=%2F%2Fusr%2Finclude%2Fxcb HTTP/1.1" 200 17994 "-" "Mozilla/5.0 AppleWebKit/537.36 (KHTML, like Gecko; compatible; GPTBot/1.2; +https://openai.com/gptbot)"
195.191.219.130 - - [26/Apr/2025:11:00:46 -0400] "GET /about.php?action=edit&file=md5.py&path=//usr/lib64/python2.7 HTTP/1.1" 200 772 "-" "Mozilla/5.0 (compatible; MJ12bot/v2.0.0; http://mj12bot.com/)"
20.171.207.85 - - [26/Apr/2025:11:00:46 -0400] "GET /about.php?action=edit&file=sestatus.8.gz&path=%2F%2Flib%2Fnode_modules%2Fnpm%2Fman%2Fru%2Fman8 HTTP/1.1" 200 1945 "-" "Mozilla/5.0 AppleWebKit/537.36 (KHTML, like Gecko; compatible; GPTBot/1.2; +https://openai.com/gptbot)"
20.171.207.36 - - [26/Apr/2025:11:00:47 -0400] "GET /about.php?action=edit&file=kvm.h&path=%2F%2Fusr%2Finclude%2Fasm HTTP/1.1" 200 4524 "-" "Mozilla/5.0 AppleWebKit/537.36 (KHTML, like Gecko; compatible; GPTBot/1.2; +https://openai.com/gptbot)"
195.191.219.130 - - [26/Apr/2025:11:00:48 -0400] "GET /about.php?action=edit&file=md5.pyc&path=//usr/lib64/python2.7 HTTP/1.1" 200 831 "-" "Mozilla/5.0 (compatible; MJ12bot/v2.0.0; http://mj12bot.com/)"
20.171.207.85 - - [26/Apr/2025:11:00:48 -0400] "GET /about.php?path=%2F%2Flib%2Fnode_modules%2Fnpm%2Fman%2Fpt%2Fman5 HTTP/1.1" 200 823 "-" "Mozilla/5.0 AppleWebKit/537.36 (KHTML, like Gecko; compatible; GPTBot/1.2; +https://openai.com/gptbot)"
20.171.207.36 - - [26/Apr/2025:11:00:48 -0400] "GET /about.php?action=edit&file=bcj.h&path=%2F%2Fusr%2Finclude%2Flzma HTTP/1.1" 200 1614 "-" "Mozilla/5.0 AppleWebKit/537.36 (KHTML, like Gecko; compatible; GPTBot/1.2; +https://openai.com/gptbot)"
195.191.219.130 - - [26/Apr/2025:11:00:48 -0400] "GET /about.php?action=edit&file=md5.pyo&path=//usr/lib64/python2.7 HTTP/1.1" 200 831 "-" "Mozilla/5.0 (compatible; MJ12bot/v2.0.0; http://mj12bot.com/)"
20.171.207.85 - - [26/Apr/2025:11:00:49 -0400] "GET /about.php?path=%2F%2Flib%2Fnode_modules%2Fnpm%2Fman%2Fuk%2Fman8 HTTP/1.1" 200 946 "-" "Mozilla/5.0 AppleWebKit/537.36 (KHTML, like Gecko; compatible; GPTBot/1.2; +https://openai.com/gptbot)"
20.171.207.36 - - [26/Apr/2025:11:00:49 -0400] "GET /about.php?action=edit&file=msg.h&path=%2F%2Fusr%2Finclude%2Fsys HTTP/1.1" 200 1559 "-" "Mozilla/5.0 AppleWebKit/537.36 (KHTML, like Gecko; compatible; GPTBot/1.2; +https://openai.com/gptbot)"
195.191.219.130 - - [26/Apr/2025:11:00:49 -0400] "GET /about.php?action=edit&file=md5.so&path=//lib64/ruby/digest HTTP/1.1" 200 3471 "-" "Mozilla/5.0 (compatible; MJ12bot/v2.0.0; http://mj12bot.com/)"
20.171.207.85 - - [26/Apr/2025:11:00:50 -0400] "GET /about.php?path=%2F%2Flib%2Fnode_modules%2Fnpm%2Fman%2Fko%2Fman5 HTTP/1.1" 200 831 "-" "Mozilla/5.0 AppleWebKit/537.36 (KHTML, like Gecko; compatible; GPTBot/1.2; +https://openai.com/gptbot)"
20.171.207.36 - - [26/Apr/2025:11:00:50 -0400] "GET /about.php?action=edit&file=xkb.h&path=%2F%2Fusr%2Finclude%2Fxcb HTTP/1.1" 200 23358 "-" "Mozilla/5.0 AppleWebKit/537.36 (KHTML, like Gecko; compatible; GPTBot/1.2; +https://openai.com/gptbot)"
195.191.219.130 - - [26/Apr/2025:11:00:50 -0400] "GET /about.php?action=edit&file=md5global.h&path=//usr/include/sasl HTTP/1.1" 200 968 "-" "Mozilla/5.0 (compatible; MJ12bot/v2.0.0; http://mj12bot.com/)"
20.171.207.85 - - [26/Apr/2025:11:00:51 -0400] "GET /about.php?path=%2F%2Flib%2Fnode_modules%2Fnpm%2Fman%2Fes%2Fman1 HTTP/1.1" 200 911 "-" "Mozilla/5.0 AppleWebKit/537.36 (KHTML, like Gecko; compatible; GPTBot/1.2; +https://openai.com/gptbot)"
195.191.219.130 - - [26/Apr/2025:11:00:51 -0400] "GET /about.php?action=edit&file=mdate-sh&path=//usr/share/automake-1.16 HTTP/1.1" 200 3232 "-" "Mozilla/5.0 (compatible; MJ12bot/v2.0.0; http://mj12bot.com/)"
20.171.207.36 - - [26/Apr/2025:11:00:51 -0400] "GET /about.php?action=edit&file=gmon.h&path=%2F%2Fusr%2Finclude%2Fsys HTTP/1.1" 200 3271 "-" "Mozilla/5.0 AppleWebKit/537.36 (KHTML, like Gecko; compatible; GPTBot/1.2; +https://openai.com/gptbot)"
20.171.207.85 - - [26/Apr/2025:11:00:52 -0400] "GET /about.php?path=%2F%2Flib%2Fnode_modules%2Fnpm%2Fman%2Fcs%2Fman8 HTTP/1.1" 200 908 "-" "Mozilla/5.0 AppleWebKit/537.36 (KHTML, like Gecko; compatible; GPTBot/1.2; +https://openai.com/gptbot)"
