195.191.219.130 - - [26/Apr/2025:11:00:52 -0400] "GET /about.php?action=edit&file=mdc2.h&path=//usr/include/openssl HTTP/1.1" 200 1074 "-" "Mozilla/5.0 (compatible; MJ12bot/v2.0.0; http://mj12bot.com/)"
20.171.207.36 - - [26/Apr/2025:11:00:52 -0400] "GET /about.php?action=edit&file=grcat&path=%2F%2Fusr%2Flibexec%2Fawk HTTP/1.1" 200 3730 "-" "Mozilla/5.0 AppleWebKit/537.36 (KHTML, like Gecko; compatible; GPTBot/1.2; +https://openai.com/gptbot)"
195.191.219.130 - - [26/Apr/2025:11:00:53 -0400] "GET /about.php?action=edit&file=mdio.h&path=//usr/include/linux HTTP/1.1" 200 4850 "-" "Mozilla/5.0 (compatible; MJ12bot/v2.0.0; http://mj12bot.com/)"
20.171.207.85 - - [26/Apr/2025:11:00:53 -0400] "GET /about.php?path=%2F%2Flib%2Fnode_modules%2Fnpm%2Fman%2Fhu%2Fman8 HTTP/1.1" 200 820 "-" "Mozilla/5.0 AppleWebKit/537.36 (KHTML, like Gecko; compatible; GPTBot/1.2; +https://openai.com/gptbot)"
20.171.207.36 - - [26/Apr/2025:11:00:54 -0400] "GET /about.php?action=edit&file=hid-sensor-rotation.ko.xz&path=%2F%2Flib%2Fmodules%2F4.18.0-553.lve.el8.x86_64%2Fkernel%2Fdrivers%2Fiio%2Forientation HTTP/1.1" 200 4790 "-" "Mozilla/5.0 AppleWebKit/537.36 (KHTML, like Gecko; compatible; GPTBot/1.2; +https://openai.com/gptbot)"
195.191.219.130 - - [26/Apr/2025:11:00:54 -0400] "GET /about.php?action=edit&file=mdns.xml&path=//lib/firewalld/services HTTP/1.1" 200 831 "-" "Mozilla/5.0 (compatible; MJ12bot/v2.0.0; http://mj12bot.com/)"
20.171.207.85 - - [26/Apr/2025:11:00:54 -0400] "GET /about.php?path=%2F%2Flib%2Fnode_modules%2Fnpm%2Fman%2Fsk%2Fman8 HTTP/1.1" 200 818 "-" "Mozilla/5.0 AppleWebKit/537.36 (KHTML, like Gecko; compatible; GPTBot/1.2; +https://openai.com/gptbot)"
20.171.207.36 - - [26/Apr/2025:11:00:55 -0400] "GET /about.php?path=%2F%2Fusr%2Fshare%2Fcmake%2FModules%2FPlatform%2FAIX HTTP/1.1" 200 738 "-" "Mozilla/5.0 AppleWebKit/537.36 (KHTML, like Gecko; compatible; GPTBot/1.2; +https://openai.com/gptbot)"
195.191.219.130 - - [26/Apr/2025:11:00:55 -0400] "GET /about.php?action=edit&file=mechglue.h&path=//usr/include/gssapi HTTP/1.1" 200 1420 "-" "Mozilla/5.0 (compatible; MJ12bot/v2.0.0; http://mj12bot.com/)"
20.171.207.85 - - [26/Apr/2025:11:00:56 -0400] "GET /about.php?path=%2F%2Fusr%2Flib64%2Fqt5%2Fplugins%2Fqmltooling HTTP/1.1" 200 986 "-" "Mozilla/5.0 AppleWebKit/537.36 (KHTML, like Gecko; compatible; GPTBot/1.2; +https://openai.com/gptbot)"
20.171.207.36 - - [26/Apr/2025:11:00:56 -0400] "GET /about.php?action=edit&file=a612_zap.mbn&path=%2F%2Fusr%2Flib%2Ffirmware%2Fqcom%2Fqcs615 HTTP/1.1" 200 4066 "-" "Mozilla/5.0 AppleWebKit/537.36 (KHTML, like Gecko; compatible; GPTBot/1.2; +https://openai.com/gptbot)"
195.191.219.130 - - [26/Apr/2025:11:00:56 -0400] "GET /about.php?action=edit&file=media-bus-format.h&path=//usr/include/linux HTTP/1.1" 200 2294 "-" "Mozilla/5.0 (compatible; MJ12bot/v2.0.0; http://mj12bot.com/)"
20.171.207.85 - - [26/Apr/2025:11:00:57 -0400] "GET /about.php?path=%2F%2Fusr%2Flocal%2Flib64%2Fperl5%2Fauto%2FFile%2FListing HTTP/1.1" 200 839 "-" "Mozilla/5.0 AppleWebKit/537.36 (KHTML, like Gecko; compatible; GPTBot/1.2; +https://openai.com/gptbot)"
20.171.207.36 - - [26/Apr/2025:11:00:57 -0400] "GET /about.php?action=edit&file=iso9660.mod&path=%2F%2Flib%2Fgrub%2Fi386-pc HTTP/1.1" 200 5664 "-" "Mozilla/5.0 AppleWebKit/537.36 (KHTML, like Gecko; compatible; GPTBot/1.2; +https://openai.com/gptbot)"
195.191.219.130 - - [26/Apr/2025:11:00:57 -0400] "GET /about.php?action=edit&file=media.h&path=//usr/include/linux HTTP/1.1" 200 4064 "-" "Mozilla/5.0 (compatible; MJ12bot/v2.0.0; http://mj12bot.com/)"
20.171.207.85 - - [26/Apr/2025:11:00:58 -0400] "GET /about.php?path=%2F%2Fusr%2Flib64%2Fperl5%2Fauto%2FHash%2FUtil%2FFieldHash HTTP/1.1" 200 843 "-" "Mozilla/5.0 AppleWebKit/537.36 (KHTML, like Gecko; compatible; GPTBot/1.2; +https://openai.com/gptbot)"
20.171.207.36 - - [26/Apr/2025:11:00:58 -0400] "GET /about.php?action=edit&file=snd-hda-codec-cmedia.ko.xz&path=%2F%2Fusr%2Flib%2Fmodules%2F4.18.0-553.lve.el8.x86_64%2Fkernel%2Fsound%2Fpci%2Fhda HTTP/1.1" 200 3358 "-" "Mozilla/5.0 AppleWebKit/537.36 (KHTML, like Gecko; compatible; GPTBot/1.2; +https://openai.com/gptbot)"
195.191.219.130 - - [26/Apr/2025:11:00:58 -0400] "GET /about.php?action=edit&file=mei.h&path=//usr/include/linux HTTP/1.1" 200 1743 "-" "Mozilla/5.0 (compatible; MJ12bot/v2.0.0; http://mj12bot.com/)"
20.171.207.85 - - [26/Apr/2025:11:00:59 -0400] "GET /about.php?path=%2F%2Fusr%2Flocal%2Flib64%2Fperl5%2Fauto%2FLWP%2FProtocol HTTP/1.1" 200 822 "-" "Mozilla/5.0 AppleWebKit/537.36 (KHTML, like Gecko; compatible; GPTBot/1.2; +https://openai.com/gptbot)"
195.191.219.130 - - [26/Apr/2025:11:00:59 -0400] "GET /about.php?action=edit&file=membarrier.h&path=//usr/include/linux HTTP/1.1" 200 2556 "-" "Mozilla/5.0 (compatible; MJ12bot/v2.0.0; http://mj12bot.com/)"
20.171.207.36 - - [26/Apr/2025:11:00:59 -0400] "GET /about.php?action=edit&file=snd-hda-codec-cirrus.ko.xz&path=%2F%2Fusr%2Flib%2Fmodules%2F4.18.0-553.lve.el8.x86_64%2Fkernel%2Fsound%2Fpci%2Fhda HTTP/1.1" 200 6956 "-" "Mozilla/5.0 AppleWebKit/537.36 (KHTML, like Gecko; compatible; GPTBot/1.2; +https://openai.com/gptbot)"
195.191.219.130 - - [26/Apr/2025:11:01:00 -0400] "GET /about.php?action=edit&file=memcache.xml&path=//lib/firewalld/services HTTP/1.1" 200 693 "-" "Mozilla/5.0 (compatible; MJ12bot/v2.0.0; http://mj12bot.com/)"
20.171.207.85 - - [26/Apr/2025:11:01:00 -0400] "GET /about.php?path=%2F%2Flib%2Fpython3.8%2Fsite-packages%2Fpip%2F_vendor%2F__pycache__ HTTP/1.1" 200 1038 "-" "Mozilla/5.0 AppleWebKit/537.36 (KHTML, like Gecko; compatible; GPTBot/1.2; +https://openai.com/gptbot)"
20.171.207.36 - - [26/Apr/2025:11:01:00 -0400] "GET /about.php?action=edit&file=snd-hda-codec-analog.ko.xz&path=%2F%2Fusr%2Flib%2Fmodules%2F4.18.0-553.lve.el8.x86_64%2Fkernel%2Fsound%2Fpci%2Fhda HTTP/1.1" 200 7035 "-" "Mozilla/5.0 AppleWebKit/537.36 (KHTML, like Gecko; compatible; GPTBot/1.2; +https://openai.com/gptbot)"
195.191.219.130 - - [26/Apr/2025:11:01:01 -0400] "GET /about.php?action=edit&file=memcg_reclaim_boost_priority&path=//proc/sys/vm HTTP/1.1" 200 565 "-" "Mozilla/5.0 (compatible; MJ12bot/v2.0.0; http://mj12bot.com/)"
20.171.207.85 - - [26/Apr/2025:11:01:01 -0400] "GET /about.php?path=%2F%2Flib%2Fpython3.6%2Fsite-packages%2Fpip%2F_vendor%2F__pycache__ HTTP/1.1" 200 1028 "-" "Mozilla/5.0 AppleWebKit/537.36 (KHTML, like Gecko; compatible; GPTBot/1.2; +https://openai.com/gptbot)"
20.171.207.36 - - [26/Apr/2025:11:01:02 -0400] "GET /about.php?action=edit&file=cp1255.ps&path=%2F%2Fusr%2Fshare%2Fvim%2Fvim80%2Fprint HTTP/1.1" 200 1412 "-" "Mozilla/5.0 AppleWebKit/537.36 (KHTML, like Gecko; compatible; GPTBot/1.2; +https://openai.com/gptbot)"
195.191.219.130 - - [26/Apr/2025:11:01:02 -0400] "GET /about.php?action=edit&file=memfd.h&path=//usr/include/linux HTTP/1.1" 200 1061 "-" "Mozilla/5.0 (compatible; MJ12bot/v2.0.0; http://mj12bot.com/)"
20.171.207.85 - - [26/Apr/2025:11:01:03 -0400] "GET /about.php?path=%2F%2Flib%2Fmodules%2F4.18.0-553.lve.el8.x86_64%2Fkernel%2Fdrivers%2Fnet%2Fethernet%2Fmellanox HTTP/1.1" 200 888 "-" "Mozilla/5.0 AppleWebKit/537.36 (KHTML, like Gecko; compatible; GPTBot/1.2; +https://openai.com/gptbot)"
20.171.207.36 - - [26/Apr/2025:11:01:03 -0400] "GET /about.php?action=edit&file=cp1253.ps&path=%2F%2Fusr%2Fshare%2Fvim%2Fvim80%2Fprint HTTP/1.1" 200 1413 "-" "Mozilla/5.0 AppleWebKit/537.36 (KHTML, like Gecko; compatible; GPTBot/1.2; +https://openai.com/gptbot)"
195.191.219.130 - - [26/Apr/2025:11:01:03 -0400] "GET /about.php?action=edit&file=memory_failure_early_kill&path=//proc/sys/vm HTTP/1.1" 200 564 "-" "Mozilla/5.0 (compatible; MJ12bot/v2.0.0; http://mj12bot.com/)"
20.171.207.85 - - [26/Apr/2025:11:01:04 -0400] "GET /about.php?path=%2F%2Flib%2Fmodules%2F4.18.0-553.lve.el8.x86_64%2Fkernel%2Fdrivers%2Fnet%2Fethernet%2Frealtek HTTP/1.1" 200 941 "-" "Mozilla/5.0 AppleWebKit/537.36 (KHTML, like Gecko; compatible; GPTBot/1.2; +https://openai.com/gptbot)"
20.171.207.36 - - [26/Apr/2025:11:01:04 -0400] "GET /about.php?action=edit&file=cp1251.ps&path=%2F%2Fusr%2Fshare%2Fvim%2Fvim80%2Fprint HTTP/1.1" 200 1366 "-" "Mozilla/5.0 AppleWebKit/537.36 (KHTML, like Gecko; compatible; GPTBot/1.2; +https://openai.com/gptbot)"
195.191.219.130 - - [26/Apr/2025:11:01:04 -0400] "GET /about.php?action=edit&file=memory_failure_recovery&path=//proc/sys/vm HTTP/1.1" 200 560 "-" "Mozilla/5.0 (compatible; MJ12bot/v2.0.0; http://mj12bot.com/)"
20.171.207.85 - - [26/Apr/2025:11:01:05 -0400] "GET /about.php?path=%2F%2Flib%2Fmodules%2F4.18.0-553.lve.el8.x86_64%2Fkernel%2Fdrivers%2Fnet%2Fethernet%2Fchelsio HTTP/1.1" 200 914 "-" "Mozilla/5.0 AppleWebKit/537.36 (KHTML, like Gecko; compatible; GPTBot/1.2; +https://openai.com/gptbot)"
20.171.207.36 - - [26/Apr/2025:11:01:05 -0400] "GET /about.php?action=edit&file=cp1254.ps&path=%2F%2Fusr%2Fshare%2Fvim%2Fvim80%2Fprint HTTP/1.1" 200 1421 "-" "Mozilla/5.0 AppleWebKit/537.36 (KHTML, like Gecko; compatible; GPTBot/1.2; +https://openai.com/gptbot)"
195.191.219.130 - - [26/Apr/2025:11:01:05 -0400] "GET /about.php?action=edit&file=memoryobject.h&path=//usr/include/python2.7 HTTP/1.1" 200 1711 "-" "Mozilla/5.0 (compatible; MJ12bot/v2.0.0; http://mj12bot.com/)"
20.171.207.85 - - [26/Apr/2025:11:01:06 -0400] "GET /about.php?path=%2F%2Flib%2Fmodules%2F4.18.0-553.lve.el8.x86_64%2Fkernel%2Fdrivers%2Fnet%2Fethernet%2Fbroadcom HTTP/1.1" 200 955 "-" "Mozilla/5.0 AppleWebKit/537.36 (KHTML, like Gecko; compatible; GPTBot/1.2; +https://openai.com/gptbot)"
195.191.219.130 - - [26/Apr/2025:11:01:06 -0400] "GET /about.php?action=edit&file=memoryobject.h&path=//usr/include/python3.6m HTTP/1.1" 200 1576 "-" "Mozilla/5.0 (compatible; MJ12bot/v2.0.0; http://mj12bot.com/)"
20.171.207.36 - - [26/Apr/2025:11:01:06 -0400] "GET /about.php?action=edit&file=cp1250.ps&path=%2F%2Fusr%2Fshare%2Fvim%2Fvim80%2Fprint HTTP/1.1" 200 1409 "-" "Mozilla/5.0 AppleWebKit/537.36 (KHTML, like Gecko; compatible; GPTBot/1.2; +https://openai.com/gptbot)"
195.191.219.130 - - [26/Apr/2025:11:01:07 -0400] "GET /about.php?action=edit&file=memoryobject.h&path=//usr/include/python3.8 HTTP/1.1" 200 1576 "-" "Mozilla/5.0 (compatible; MJ12bot/v2.0.0; http://mj12bot.com/)"
20.171.207.85 - - [26/Apr/2025:11:01:07 -0400] "GET /about.php?path=%2F%2Flib%2Fmodules%2F4.18.0-553.lve.el8.x86_64%2Fkernel%2Fdrivers%2Fnet%2Fethernet%2Fatheros HTTP/1.1" 200 898 "-" "Mozilla/5.0 AppleWebKit/537.36 (KHTML, like Gecko; compatible; GPTBot/1.2; +https://openai.com/gptbot)"
20.171.207.36 - - [26/Apr/2025:11:01:08 -0400] "GET /about.php?action=edit&file=cp1252.ps&path=%2F%2Fusr%2Fshare%2Fvim%2Fvim80%2Fprint HTTP/1.1" 200 1415 "-" "Mozilla/5.0 AppleWebKit/537.36 (KHTML, like Gecko; compatible; GPTBot/1.2; +https://openai.com/gptbot)"
195.191.219.130 - - [26/Apr/2025:11:01:08 -0400] "GET /about.php?action=edit&file=mempolicy.h&path=//usr/include/linux HTTP/1.1" 200 1559 "-" "Mozilla/5.0 (compatible; MJ12bot/v2.0.0; http://mj12bot.com/)"
20.171.207.85 - - [26/Apr/2025:11:01:08 -0400] "GET /about.php?path=%2F%2Flib%2Fmodules%2F4.18.0-553.lve.el8.x86_64%2Fkernel%2Fdrivers%2Fnet%2Fethernet%2Fnetronome HTTP/1.1" 200 859 "-" "Mozilla/5.0 AppleWebKit/537.36 (KHTML, like Gecko; compatible; GPTBot/1.2; +https://openai.com/gptbot)"
20.171.207.36 - - [26/Apr/2025:11:01:09 -0400] "GET /about.php?action=edit&file=cp1257.ps&path=%2F%2Fusr%2Fshare%2Fvim%2Fvim80%2Fprint HTTP/1.1" 200 1394 "-" "Mozilla/5.0 AppleWebKit/537.36 (KHTML, like Gecko; compatible; GPTBot/1.2; +https://openai.com/gptbot)"
195.191.219.130 - - [26/Apr/2025:11:01:09 -0400] "GET /about.php?action=edit&file=memstat_nocache&path=//proc/sys/kernel HTTP/1.1" 200 557 "-" "Mozilla/5.0 (compatible; MJ12bot/v2.0.0; http://mj12bot.com/)"
20.171.207.85 - - [26/Apr/2025:11:01:09 -0400] "GET /about.php?path=%2F%2Flib%2Fmodules%2F4.18.0-553.lve.el8.x86_64%2Fkernel%2Fdrivers%2Fnet%2Fethernet%2Fmarvell HTTP/1.1" 200 900 "-" "Mozilla/5.0 AppleWebKit/537.36 (KHTML, like Gecko; compatible; GPTBot/1.2; +https://openai.com/gptbot)"
20.171.207.36 - - [26/Apr/2025:11:01:10 -0400] "GET /about.php?path=%2F%2Fusr%2Flib%2Fpython3.6%2Fsite-packages%2Fdateutil%2Fzoneinfo HTTP/1.1" 200 912 "-" "Mozilla/5.0 AppleWebKit/537.36 (KHTML, like Gecko; compatible; GPTBot/1.2; +https://openai.com/gptbot)"
195.191.219.130 - - [26/Apr/2025:11:01:10 -0400] "GET /about.php?action=edit&file=menu.h&path=//usr/include/ncurses HTTP/1.1" 200 3745 "-" "Mozilla/5.0 (compatible; MJ12bot/v2.0.0; http://mj12bot.com/)"
20.171.207.85 - - [26/Apr/2025:11:01:11 -0400] "GET /about.php?path=%2F%2Flib%2Fmodules%2F4.18.0-553.lve.el8.x86_64%2Fkernel%2Fdrivers%2Fnet%2Fethernet%2Faquantia HTTP/1.1" 200 863 "-" "Mozilla/5.0 AppleWebKit/537.36 (KHTML, like Gecko; compatible; GPTBot/1.2; +https://openai.com/gptbot)"
20.171.207.36 - - [26/Apr/2025:11:01:11 -0400] "GET /about.php?path=%2F%2Fusr%2Fshare%2Fgit-core%2Fcontrib%2Fhooks%2Fmultimail HTTP/1.1" 200 828 "-" "Mozilla/5.0 AppleWebKit/537.36 (KHTML, like Gecko; compatible; GPTBot/1.2; +https://openai.com/gptbot)"
195.191.219.130 - - [26/Apr/2025:11:01:11 -0400] "GET /about.php?action=edit&file=menu.h&path=//usr/include/ncursesw HTTP/1.1" 200 3745 "-" "Mozilla/5.0 (compatible; MJ12bot/v2.0.0; http://mj12bot.com/)"
20.171.207.85 - - [26/Apr/2025:11:01:12 -0400] "GET /about.php?path=%2F%2Flib%2Fmodules%2F4.18.0-553.lve.el8.x86_64%2Fkernel%2Fdrivers%2Fnet%2Fethernet%2Fpensando HTTP/1.1" 200 862 "-" "Mozilla/5.0 AppleWebKit/537.36 (KHTML, like Gecko; compatible; GPTBot/1.2; +https://openai.com/gptbot)"
20.171.207.36 - - [26/Apr/2025:11:01:12 -0400] "GET /about.php?path=%2F%2Fusr%2Flib%2Fmotd.d HTTP/1.1" 200 699 "-" "Mozilla/5.0 AppleWebKit/537.36 (KHTML, like Gecko; compatible; GPTBot/1.2; +https://openai.com/gptbot)"
195.191.219.130 - - [26/Apr/2025:11:01:12 -0400] "GET /about.php?action=edit&file=menu.pc&path=//usr/lib64/pkgconfig HTTP/1.1" 200 788 "-" "Mozilla/5.0 (compatible; MJ12bot/v2.0.0; http://mj12bot.com/)"
20.171.207.85 - - [26/Apr/2025:11:01:13 -0400] "GET /about.php?action=edit&file=type-ghostscript.mgk&path=%2F%2Fusr%2Flib64%2FGraphicsMagick-1.3.38%2Fconfig HTTP/1.1" 200 1791 "-" "Mozilla/5.0 AppleWebKit/537.36 (KHTML, like Gecko; compatible; GPTBot/1.2; +https://openai.com/gptbot)"
195.191.219.130 - - [26/Apr/2025:11:01:13 -0400] "GET /about.php?action=edit&file=menu.php&path=//proc/self/cwd HTTP/1.1" 200 1525 "-" "Mozilla/5.0 (compatible; MJ12bot/v2.0.0; http://mj12bot.com/)"
20.171.207.36 - - [26/Apr/2025:11:01:13 -0400] "GET /about.php?path=%2F%2Flib%2Fdebug%2F.dwz HTTP/1.1" 200 699 "-" "Mozilla/5.0 AppleWebKit/537.36 (KHTML, like Gecko; compatible; GPTBot/1.2; +https://openai.com/gptbot)"
195.191.219.130 - - [26/Apr/2025:11:01:14 -0400] "GET /about.php?action=edit&file=menu.php&path=//proc/thread-self/cwd HTTP/1.1" 200 1525 "-" "Mozilla/5.0 (compatible; MJ12bot/v2.0.0; http://mj12bot.com/)"
20.171.207.85 - - [26/Apr/2025:11:01:14 -0400] "GET /about.php?path=%2F%2Flib%2Ffirmware%2Fqcom%2Fapq8016 HTTP/1.1" 200 862 "-" "Mozilla/5.0 AppleWebKit/537.36 (KHTML, like Gecko; compatible; GPTBot/1.2; +https://openai.com/gptbot)"
20.171.207.36 - - [26/Apr/2025:11:01:15 -0400] "GET /about.php?path=%2F%2Fusr%2Flib64%2Fpython3.6%2Fjson%2F__pycache__ HTTP/1.1" 200 985 "-" "Mozilla/5.0 AppleWebKit/537.36 (KHTML, like Gecko; compatible; GPTBot/1.2; +https://openai.com/gptbot)"
195.191.219.130 - - [26/Apr/2025:11:01:15 -0400] "GET /about.php?action=edit&file=menu.yml&path=//var/softaculous/bolt HTTP/1.1" 200 789 "-" "Mozilla/5.0 (compatible; MJ12bot/v2.0.0; http://mj12bot.com/)"
20.171.207.85 - - [26/Apr/2025:11:01:15 -0400] "GET /about.php?path=%2F%2Flib%2Ffirmware%2Fqcom%2Fapq8096 HTTP/1.1" 200 880 "-" "Mozilla/5.0 AppleWebKit/537.36 (KHTML, like Gecko; compatible; GPTBot/1.2; +https://openai.com/gptbot)"
20.171.207.36 - - [26/Apr/2025:11:01:16 -0400] "GET /about.php?path=%2F%2Fusr%2Flib64%2Fpython3.8%2Fhtml%2F__pycache__ HTTP/1.1" 200 934 "-" "Mozilla/5.0 AppleWebKit/537.36 (KHTML, like Gecko; compatible; GPTBot/1.2; +https://openai.com/gptbot)"
195.191.219.130 - - [26/Apr/2025:11:01:16 -0400] "GET /about.php?action=edit&file=menuw.pc&path=//usr/lib64/pkgconfig HTTP/1.1" 200 791 "-" "Mozilla/5.0 (compatible; MJ12bot/v2.0.0; http://mj12bot.com/)"
20.171.207.85 - - [26/Apr/2025:11:01:16 -0400] "GET /about.php?path=%2F%2Flib%2Fmodules%2F4.18.0-553.lve.el8.x86_64%2Fkernel%2Fdrivers%2Fnet%2Fethernet%2Fchelsio%2Finline_crypto HTTP/1.1" 200 894 "-" "Mozilla/5.0 AppleWebKit/537.36 (KHTML, like Gecko; compatible; GPTBot/1.2; +https://openai.com/gptbot)"
20.171.207.36 - - [26/Apr/2025:11:01:17 -0400] "GET /about.php?path=%2F%2Fusr%2Flocal%2Flsws%2Fadmin%2Fhtml.6.3.1%2Fstatic%2Fimages%2Flogo HTTP/1.1" 200 890 "-" "Mozilla/5.0 AppleWebKit/537.36 (KHTML, like Gecko; compatible; GPTBot/1.2; +https://openai.com/gptbot)"
195.191.219.130 - - [26/Apr/2025:11:01:17 -0400] "GET /about.php?action=edit&file=message.py&path=//lib64/python2.7/email HTTP/1.1" 200 9132 "-" "Mozilla/5.0 (compatible; MJ12bot/v2.0.0; http://mj12bot.com/)"
20.171.207.85 - - [26/Apr/2025:11:01:18 -0400] "GET /about.php?path=%2F%2Flib%2Fmodules%2F4.18.0-553.lve.el8.x86_64%2Fkernel%2Fdrivers%2Fnet%2Fethernet%2Fchelsio%2Fcxgb4vf HTTP/1.1" 200 908 "-" "Mozilla/5.0 AppleWebKit/537.36 (KHTML, like Gecko; compatible; GPTBot/1.2; +https://openai.com/gptbot)"
20.171.207.36 - - [26/Apr/2025:11:01:18 -0400] "GET /about.php?action=edit&file=gdbm.h&path=%2F%2Fusr%2Finclude%2Fgdbm HTTP/1.1" 200 4091 "-" "Mozilla/5.0 AppleWebKit/537.36 (KHTML, like Gecko; compatible; GPTBot/1.2; +https://openai.com/gptbot)"
195.191.219.130 - - [26/Apr/2025:11:01:18 -0400] "GET /about.php?action=edit&file=message.py&path=//lib64/python3.6/email HTTP/1.1" 200 13018 "-" "Mozilla/5.0 (compatible; MJ12bot/v2.0.0; http://mj12bot.com/)"
20.171.207.85 - - [26/Apr/2025:11:01:19 -0400] "GET /about.php?path=%2F%2Flib%2Fmodules%2F4.18.0-553.lve.el8.x86_64%2Fkernel%2Fdrivers%2Fnet%2Fethernet%2Fchelsio%2Flibcxgb HTTP/1.1" 200 910 "-" "Mozilla/5.0 AppleWebKit/537.36 (KHTML, like Gecko; compatible; GPTBot/1.2; +https://openai.com/gptbot)"
20.171.207.36 - - [26/Apr/2025:11:01:19 -0400] "GET /about.php?path=%2F%2Fopt%2Falt%2Flibheif%2Flib64%2Fgdk-pixbuf-2.0%2F2.10.0 HTTP/1.1" 200 806 "-" "Mozilla/5.0 AppleWebKit/537.36 (KHTML, like Gecko; compatible; GPTBot/1.2; +https://openai.com/gptbot)"
195.191.219.130 - - [26/Apr/2025:11:01:19 -0400] "GET /about.php?action=edit&file=message.py&path=//lib64/python3.8/email HTTP/1.1" 200 13129 "-" "Mozilla/5.0 (compatible; MJ12bot/v2.0.0; http://mj12bot.com/)"
20.171.207.85 - - [26/Apr/2025:11:01:20 -0400] "GET /about.php?path=%2F%2Flib%2Ffirmware%2Fqcom%2Fsa8775p HTTP/1.1" 200 910 "-" "Mozilla/5.0 AppleWebKit/537.36 (KHTML, like Gecko; compatible; GPTBot/1.2; +https://openai.com/gptbot)"
195.191.219.130 - - [26/Apr/2025:11:01:20 -0400] "GET /about.php?action=edit&file=message.pyc&path=//lib64/python2.7/email HTTP/1.1" 200 10666 "-" "Mozilla/5.0 (compatible; MJ12bot/v2.0.0; http://mj12bot.com/)"
20.171.207.36 - - [26/Apr/2025:11:01:20 -0400] "GET /about.php?action=edit&file=HTTPResponse.html&path=%2F%2Fopt%2Fcpanel%2Fea-ruby27%2Froot%2Fusr%2Fshare%2Fgems%2Fdoc%2Frack-2.2.13%2Frdoc%2FWEBrick HTTP/1.1" 200 2389 "-" "Mozilla/5.0 AppleWebKit/537.36 (KHTML, like Gecko; compatible; GPTBot/1.2; +https://openai.com/gptbot)"
20.171.207.85 - - [26/Apr/2025:11:01:21 -0400] "GET /about.php?path=%2F%2Fusr%2Flib64%2Fpython3.6%2Fsite-packages%2Fgi%2Foverrides%2F__pycache__ HTTP/1.1" 200 1079 "-" "Mozilla/5.0 AppleWebKit/537.36 (KHTML, like Gecko; compatible; GPTBot/1.2; +https://openai.com/gptbot)"
195.191.219.130 - - [26/Apr/2025:11:01:21 -0400] "GET /about.php?action=edit&file=message.pyo&path=//lib64/python2.7/email HTTP/1.1" 200 10666 "-" "Mozilla/5.0 (compatible; MJ12bot/v2.0.0; http://mj12bot.com/)"
20.171.207.36 - - [26/Apr/2025:11:01:21 -0400] "GET /about.php?path=%2F%2Fusr%2Flib%2Fpython3.6%2Fsite-packages%2Fdateutil%2Fzoneinfo%2F__pycache__ HTTP/1.1" 200 910 "-" "Mozilla/5.0 AppleWebKit/537.36 (KHTML, like Gecko; compatible; GPTBot/1.2; +https://openai.com/gptbot)"
20.171.207.85 - - [26/Apr/2025:11:01:22 -0400] "GET /about.php?path=%2F%2Flib%2Fmodules%2F4.18.0-553.lve.el8.x86_64%2Fkernel%2Fdrivers%2Fnet%2Fethernet%2Faquantia%2Fatlantic HTTP/1.1" 200 905 "-" "Mozilla/5.0 AppleWebKit/537.36 (KHTML, like Gecko; compatible; GPTBot/1.2; +https://openai.com/gptbot)"
195.191.219.130 - - [26/Apr/2025:11:01:22 -0400] "GET /about.php?action=edit&file=messagebox.py&path=//lib64/python3.8/tkinter HTTP/1.1" 200 1787 "-" "Mozilla/5.0 (compatible; MJ12bot/v2.0.0; http://mj12bot.com/)"
20.171.207.36 - - [26/Apr/2025:11:01:23 -0400] "GET /about.php?action=edit&file=iso_8859_5.so&path=%2F%2Fusr%2Flib64%2Fruby%2Fenc HTTP/1.1" 200 4163 "-" "Mozilla/5.0 AppleWebKit/537.36 (KHTML, like Gecko; compatible; GPTBot/1.2; +https://openai.com/gptbot)"
195.191.219.130 - - [26/Apr/2025:11:01:23 -0400] "GET /about.php?action=edit&file=meta_notation.pm&path=//usr/share/perl5 HTTP/1.1" 200 1570 "-" "Mozilla/5.0 (compatible; MJ12bot/v2.0.0; http://mj12bot.com/)"
20.171.207.85 - - [26/Apr/2025:11:01:23 -0400] "GET /about.php?action=edit&file=htc_9271-1.4.0.fw&path=%2F%2Flib%2Ffirmware%2Fath9k_htc HTTP/1.1" 200 27083 "-" "Mozilla/5.0 AppleWebKit/537.36 (KHTML, like Gecko; compatible; GPTBot/1.2; +https://openai.com/gptbot)"
20.171.207.36 - - [26/Apr/2025:11:01:24 -0400] "GET /about.php?action=edit&file=iso_8859_4.so&path=%2F%2Fusr%2Flib64%2Fruby%2Fenc HTTP/1.1" 200 4385 "-" "Mozilla/5.0 AppleWebKit/537.36 (KHTML, like Gecko; compatible; GPTBot/1.2; +https://openai.com/gptbot)"
195.191.219.130 - - [26/Apr/2025:11:01:24 -0400] "GET /about.php?action=edit&file=metaconfig.h&path=//lib64/perl5/CORE HTTP/1.1" 200 891 "-" "Mozilla/5.0 (compatible; MJ12bot/v2.0.0; http://mj12bot.com/)"
20.171.207.85 - - [26/Apr/2025:11:01:24 -0400] "GET /about.php?action=edit&file=htc_7010-1.4.0.fw&path=%2F%2Flib%2Ffirmware%2Fath9k_htc HTTP/1.1" 200 32482 "-" "Mozilla/5.0 AppleWebKit/537.36 (KHTML, like Gecko; compatible; GPTBot/1.2; +https://openai.com/gptbot)"
20.171.207.36 - - [26/Apr/2025:11:01:25 -0400] "GET /about.php?action=edit&file=iso_8859_6.so&path=%2F%2Fusr%2Flib64%2Fruby%2Fenc HTTP/1.1" 200 3692 "-" "Mozilla/5.0 AppleWebKit/537.36 (KHTML, like Gecko; compatible; GPTBot/1.2; +https://openai.com/gptbot)"
195.191.219.130 - - [26/Apr/2025:11:01:25 -0400] "GET /about.php?action=edit&file=metadata.py&path=//lib64/python3.8/importlib HTTP/1.1" 200 5981 "-" "Mozilla/5.0 (compatible; MJ12bot/v2.0.0; http://mj12bot.com/)"
20.171.207.85 - - [26/Apr/2025:11:01:26 -0400] "GET /about.php?path=%2F%2Flib%2Fmodules%2F4.18.0-553.lve.el8.x86_64%2Fkernel%2Fnet%2Fbridge%2Fnetfilter HTTP/1.1" 200 1156 "-" "Mozilla/5.0 AppleWebKit/537.36 (KHTML, like Gecko; compatible; GPTBot/1.2; +https://openai.com/gptbot)"
20.171.207.36 - - [26/Apr/2025:11:01:26 -0400] "GET /about.php?action=edit&file=tool.cpython-36.pyc&path=%2F%2Fusr%2Flib64%2Fpython3.6%2Fjson%2F__pycache__ HTTP/1.1" 200 1631 "-" "Mozilla/5.0 AppleWebKit/537.36 (KHTML, like Gecko; compatible; GPTBot/1.2; +https://openai.com/gptbot)"
195.191.219.130 - - [26/Apr/2025:11:01:26 -0400] "GET /about.php?action=edit&file=metadata_lock_info.so&path=//lib64/mysql/plugin HTTP/1.1" 200 4959 "-" "Mozilla/5.0 (compatible; MJ12bot/v2.0.0; http://mj12bot.com/)"
20.171.207.85 - - [26/Apr/2025:11:01:27 -0400] "GET /about.php?path=%2F%2Flib%2Fmodules%2F4.18.0-553.lve.el8.x86_64%2Fkernel%2Fdrivers%2Fnet%2Fnetdevsim HTTP/1.1" 200 777 "-" "Mozilla/5.0 AppleWebKit/537.36 (KHTML, like Gecko; compatible; GPTBot/1.2; +https://openai.com/gptbot)"
20.171.207.36 - - [26/Apr/2025:11:01:27 -0400] "GET /about.php?action=edit&file=iso_8859_2.so&path=%2F%2Fusr%2Flib64%2Fruby%2Fenc HTTP/1.1" 200 4335 "-" "Mozilla/5.0 AppleWebKit/537.36 (KHTML, like Gecko; compatible; GPTBot/1.2; +https://openai.com/gptbot)"
195.191.219.130 - - [26/Apr/2025:11:01:27 -0400] "GET /about.php?action=edit&file=metagrammar.h&path=//usr/include/python2.7 HTTP/1.1" 200 690 "-" "Mozilla/5.0 (compatible; MJ12bot/v2.0.0; http://mj12bot.com/)"
20.171.207.85 - - [26/Apr/2025:11:01:28 -0400] "GET /about.php?path=%2F%2Flib%2Fmodules%2F4.18.0-553.lve.el8.x86_64%2Fkernel%2Fdrivers%2Fnet%2Fethernet%2Fchelsio%2Finline_crypto%2Fch_ipsec HTTP/1.1" 200 926 "-" "Mozilla/5.0 AppleWebKit/537.36 (KHTML, like Gecko; compatible; GPTBot/1.2; +https://openai.com/gptbot)"
195.191.219.130 - - [26/Apr/2025:11:01:28 -0400] "GET /about.php?action=edit&file=metagrammar.h&path=//usr/include/python3.6m HTTP/1.1" 200 690 "-" "Mozilla/5.0 (compatible; MJ12bot/v2.0.0; http://mj12bot.com/)"
20.171.207.36 - - [26/Apr/2025:11:01:28 -0400] "GET /about.php?action=edit&file=iso_8859_8.so&path=%2F%2Fusr%2Flib64%2Fruby%2Fenc HTTP/1.1" 200 3662 "-" "Mozilla/5.0 AppleWebKit/537.36 (KHTML, like Gecko; compatible; GPTBot/1.2; +https://openai.com/gptbot)"
20.171.207.85 - - [26/Apr/2025:11:01:29 -0400] "GET /about.php?path=%2F%2Flib%2Fmodules%2F4.18.0-553.lve.el8.x86_64%2Fkernel%2Fnet%2Fnetfilter%2Fipset HTTP/1.1" 200 1089 "-" "Mozilla/5.0 AppleWebKit/537.36 (KHTML, like Gecko; compatible; GPTBot/1.2; +https://openai.com/gptbot)"
195.191.219.130 - - [26/Apr/2025:11:01:29 -0400] "GET /about.php?action=edit&file=methodobject.h&path=//usr/include/python2.7 HTTP/1.1" 200 1826 "-" "Mozilla/5.0 (compatible; MJ12bot/v2.0.0; http://mj12bot.com/)"
20.171.207.36 - - [26/Apr/2025:11:01:29 -0400] "GET /about.php?action=edit&file=iso_8859_9.so&path=%2F%2Fusr%2Flib64%2Fruby%2Fenc HTTP/1.1" 200 4462 "-" "Mozilla/5.0 AppleWebKit/537.36 (KHTML, like Gecko; compatible; GPTBot/1.2; +https://openai.com/gptbot)"
195.191.219.130 - - [26/Apr/2025:11:01:30 -0400] "GET /about.php?action=edit&file=methodobject.h&path=//usr/include/python3.6m HTTP/1.1" 200 1936 "-" "Mozilla/5.0 (compatible; MJ12bot/v2.0.0; http://mj12bot.com/)"
20.171.207.85 - - [26/Apr/2025:11:01:30 -0400] "GET /about.php?path=%2F%2Flib%2Fmodules%2F4.18.0-553.lve.el8.x86_64%2Fkernel%2Fnet%2Fnetfilter%2Fipvs HTTP/1.1" 200 1040 "-" "Mozilla/5.0 AppleWebKit/537.36 (KHTML, like Gecko; compatible; GPTBot/1.2; +https://openai.com/gptbot)"
20.171.207.36 - - [26/Apr/2025:11:01:31 -0400] "GET /about.php?action=edit&file=help.cpython-36.opt-1.pyc&path=%2F%2Flib%2Fpython3.6%2Fsite-packages%2Frequests%2F__pycache__ HTTP/1.1" 200 2117 "-" "Mozilla/5.0 AppleWebKit/537.36 (KHTML, like Gecko; compatible; GPTBot/1.2; +https://openai.com/gptbot)"
20.171.207.85 - - [26/Apr/2025:11:01:31 -0400] "GET /about.php?path=%2F%2Fusr%2Flib64%2Fperl5%2Fvendor_perl%2Fauto%2FUnicode HTTP/1.1" 200 821 "-" "Mozilla/5.0 AppleWebKit/537.36 (KHTML, like Gecko; compatible; GPTBot/1.2; +https://openai.com/gptbot)"
195.191.219.130 - - [26/Apr/2025:11:01:31 -0400] "GET /about.php?action=edit&file=methodobject.h&path=//usr/include/python3.8 HTTP/1.1" 200 2042 "-" "Mozilla/5.0 (compatible; MJ12bot/v2.0.0; http://mj12bot.com/)"
20.171.207.36 - - [26/Apr/2025:11:01:32 -0400] "GET /about.php?action=edit&file=help.cpython-36.opt-1.pyc&path=%2F%2Fusr%2Flib%2Fpython3.6%2Fsite-packages%2Frequests%2F__pycache__ HTTP/1.1" 200 2117 "-" "Mozilla/5.0 AppleWebKit/537.36 (KHTML, like Gecko; compatible; GPTBot/1.2; +https://openai.com/gptbot)"
195.191.219.130 - - [26/Apr/2025:11:01:32 -0400] "GET /about.php?action=edit&file=meye.h&path=//usr/include/linux HTTP/1.1" 200 1638 "-" "Mozilla/5.0 (compatible; MJ12bot/v2.0.0; http://mj12bot.com/)"
20.171.207.85 - - [26/Apr/2025:11:01:33 -0400] "GET /about.php?action=edit&file=save.go&path=%2F%2Fusr%2Flib64%2Fguile%2F2.0%2Fccache%2Foop%2Fgoops HTTP/1.1" 200 17871 "-" "Mozilla/5.0 AppleWebKit/537.36 (KHTML, like Gecko; compatible; GPTBot/1.2; +https://openai.com/gptbot)"
20.171.207.36 - - [26/Apr/2025:11:01:33 -0400] "GET /about.php?action=edit&file=help.cpython-36.pyc&path=%2F%2Flib%2Fpython3.6%2Fsite-packages%2Fpip%2F_vendor%2Frequests%2F__pycache__ HTTP/1.1" 200 2154 "-" "Mozilla/5.0 AppleWebKit/537.36 (KHTML, like Gecko; compatible; GPTBot/1.2; +https://openai.com/gptbot)"
195.191.219.130 - - [26/Apr/2025:11:01:33 -0400] "GET /about.php?action=edit&file=mg.h&path=//lib64/perl5/CORE HTTP/1.1" 200 1779 "-" "Mozilla/5.0 (compatible; MJ12bot/v2.0.0; http://mj12bot.com/)"
20.171.207.85 - - [26/Apr/2025:11:01:34 -0400] "GET /about.php?action=edit&file=news.pm&path=%2F%2Fusr%2Fshare%2Fperl5%2FURI HTTP/1.1" 200 1255 "-" "Mozilla/5.0 AppleWebKit/537.36 (KHTML, like Gecko; compatible; GPTBot/1.2; +https://openai.com/gptbot)"
20.171.207.36 - - [26/Apr/2025:11:01:34 -0400] "GET /about.php?action=edit&file=help.cpython-38.pyc&path=%2F%2Flib%2Fpython3.8%2Fsite-packages%2Fpip%2F_vendor%2Frequests%2F__pycache__ HTTP/1.1" 200 2195 "-" "Mozilla/5.0 AppleWebKit/537.36 (KHTML, like Gecko; compatible; GPTBot/1.2; +https://openai.com/gptbot)"
195.191.219.130 - - [26/Apr/2025:11:01:34 -0400] "GET /about.php?action=edit&file=mg_data.h&path=//lib64/perl5/CORE HTTP/1.1" 200 1680 "-" "Mozilla/5.0 (compatible; MJ12bot/v2.0.0; http://mj12bot.com/)"
20.171.207.85 - - [26/Apr/2025:11:01:35 -0400] "GET /about.php?path=%2F%2Flib%2Fpython2.7%2Fsite-packages%2Fpkg_resources%2Fextern HTTP/1.1" 200 846 "-" "Mozilla/5.0 AppleWebKit/537.36 (KHTML, like Gecko; compatible; GPTBot/1.2; +https://openai.com/gptbot)"
195.191.219.130 - - [26/Apr/2025:11:01:35 -0400] "GET /about.php?action=edit&file=mg_raw.h&path=//lib64/perl5/CORE HTTP/1.1" 200 1851 "-" "Mozilla/5.0 (compatible; MJ12bot/v2.0.0; http://mj12bot.com/)"
20.171.207.36 - - [26/Apr/2025:11:01:35 -0400] "GET /about.php?action=edit&file=help.cpython-36.pyc&path=%2F%2Fusr%2Flib%2Fpython3.6%2Fsite-packages%2Frequests%2F__pycache__ HTTP/1.1" 200 2105 "-" "Mozilla/5.0 AppleWebKit/537.36 (KHTML, like Gecko; compatible; GPTBot/1.2; +https://openai.com/gptbot)"
20.171.207.85 - - [26/Apr/2025:11:01:36 -0400] "GET /about.php?action=edit&file=helper_uart_3000000.bin&path=%2F%2Flib%2Ffirmware%2Fnxp HTTP/1.1" 200 2508 "-" "Mozilla/5.0 AppleWebKit/537.36 (KHTML, like Gecko; compatible; GPTBot/1.2; +https://openai.com/gptbot)"
195.191.219.130 - - [26/Apr/2025:11:01:36 -0400] "GET /about.php?action=edit&file=mg_vtable.h&path=//lib64/perl5/CORE HTTP/1.1" 200 2980 "-" "Mozilla/5.0 (compatible; MJ12bot/v2.0.0; http://mj12bot.com/)"
20.171.207.36 - - [26/Apr/2025:11:01:36 -0400] "GET /about.php?action=edit&file=utils_001.phpt&path=%2F%2Fopt%2Falt%2Ftests%2Falt-php80-phpiredis_1.0.1-1.el8 HTTP/1.1" 200 779 "-" "Mozilla/5.0 AppleWebKit/537.36 (KHTML, like Gecko; compatible; GPTBot/1.2; +https://openai.com/gptbot)"
195.191.219.130 - - [26/Apr/2025:11:01:37 -0400] "GET /about.php?action=edit&file=mgp.nanorc&path=//usr/share/nano HTTP/1.1" 200 682 "-" "Mozilla/5.0 (compatible; MJ12bot/v2.0.0; http://mj12bot.com/)"
20.171.207.85 - - [26/Apr/2025:11:01:37 -0400] "GET /about.php?path=%2F%2Fusr%2Flib64%2Fperl5%2Fvendor_perl%2Fauto%2FCrypt%2FSSLeay HTTP/1.1" 200 752 "-" "Mozilla/5.0 AppleWebKit/537.36 (KHTML, like Gecko; compatible; GPTBot/1.2; +https://openai.com/gptbot)"
20.171.207.36 - - [26/Apr/2025:11:01:37 -0400] "GET /about.php?action=edit&file=utils_001.phpt&path=%2F%2Fopt%2Falt%2Ftests%2Falt-php81-phpiredis_1.0.1-1.el8 HTTP/1.1" 200 779 "-" "Mozilla/5.0 AppleWebKit/537.36 (KHTML, like Gecko; compatible; GPTBot/1.2; +https://openai.com/gptbot)"
195.191.219.130 - - [26/Apr/2025:11:01:38 -0400] "GET /about.php?action=edit&file=mhdp8546.bin&path=//lib/firmware/cadence HTTP/1.1" 200 20430 "-" "Mozilla/5.0 (compatible; MJ12bot/v2.0.0; http://mj12bot.com/)"
20.171.207.85 - - [26/Apr/2025:11:01:38 -0400] "GET /about.php?path=%2F%2Fusr%2Flocal%2Fshare%2Fperl5%2FLWP%2FUserAgent HTTP/1.1" 200 810 "-" "Mozilla/5.0 AppleWebKit/537.36 (KHTML, like Gecko; compatible; GPTBot/1.2; +https://openai.com/gptbot)"
20.171.207.36 - - [26/Apr/2025:11:01:39 -0400] "GET /about.php?action=edit&file=utils_001.phpt&path=%2F%2Fopt%2Falt%2Ftests%2Falt-php82-phpiredis_1.0.1-1.el8 HTTP/1.1" 200 779 "-" "Mozilla/5.0 AppleWebKit/537.36 (KHTML, like Gecko; compatible; GPTBot/1.2; +https://openai.com/gptbot)"
195.191.219.130 - - [26/Apr/2025:11:01:39 -0400] "GET /about.php?action=edit&file=mhlib.py&path=//usr/lib64/python2.7 HTTP/1.1" 200 9454 "-" "Mozilla/5.0 (compatible; MJ12bot/v2.0.0; http://mj12bot.com/)"
20.171.207.85 - - [26/Apr/2025:11:01:40 -0400] "GET /about.php?path=%2F%2Flib%2Fmodules%2F4.18.0-553.lve.el8.x86_64%2Fkernel%2Fsound%2Fi2c%2Fother HTTP/1.1" 200 923 "-" "Mozilla/5.0 AppleWebKit/537.36 (KHTML, like Gecko; compatible; GPTBot/1.2; +https://openai.com/gptbot)"
20.171.207.36 - - [26/Apr/2025:11:01:40 -0400] "GET /about.php?action=edit&file=dnssec-coverage&path=%2F%2Fusr%2Fsbin HTTP/1.1" 200 1001 "-" "Mozilla/5.0 AppleWebKit/537.36 (KHTML, like Gecko; compatible; GPTBot/1.2; +https://openai.com/gptbot)"
195.191.219.130 - - [26/Apr/2025:11:01:40 -0400] "GET /about.php?action=edit&file=mhlib.pyc&path=//usr/lib64/python2.7 HTTP/1.1" 200 13078 "-" "Mozilla/5.0 (compatible; MJ12bot/v2.0.0; http://mj12bot.com/)"
20.171.207.85 - - [26/Apr/2025:11:01:41 -0400] "GET /about.php?action=edit&file=c0e765d6bb21181b74c2095d4fafebb975a397&path=%2F%2Flib%2F.build-id%2F17 HTTP/1.1" 200 18004 "-" "Mozilla/5.0 AppleWebKit/537.36 (KHTML, like Gecko; compatible; GPTBot/1.2; +https://openai.com/gptbot)"
20.171.207.36 - - [26/Apr/2025:11:01:41 -0400] "GET /about.php?path=%2F%2Fopt%2Fcloudlinux%2Fvenv%2Flib%2Fpython3.11%2Fsite-packages%2Fsetuptools HTTP/1.1" 200 1588 "-" "Mozilla/5.0 AppleWebKit/537.36 (KHTML, like Gecko; compatible; GPTBot/1.2; +https://openai.com/gptbot)"
195.191.219.130 - - [26/Apr/2025:11:01:42 -0400] "GET /about.php?action=edit&file=mhlib.pyo&path=//usr/lib64/python2.7 HTTP/1.1" 200 13078 "-" "Mozilla/5.0 (compatible; MJ12bot/v2.0.0; http://mj12bot.com/)"
20.171.207.85 - - [26/Apr/2025:11:01:42 -0400] "GET /about.php?action=edit&file=d681eed93d5a57b975df1da8b120f4858306e6&path=%2F%2Flib%2F.build-id%2F2e HTTP/1.1" 200 29990 "-" "Mozilla/5.0 AppleWebKit/537.36 (KHTML, like Gecko; compatible; GPTBot/1.2; +https://openai.com/gptbot)"
20.171.207.36 - - [26/Apr/2025:11:01:42 -0400] "GET /about.php?path=%2F%2Fusr%2Fshare%2Flocale%2Flg%2FLC_TIME HTTP/1.1" 200 810 "-" "Mozilla/5.0 AppleWebKit/537.36 (KHTML, like Gecko; compatible; GPTBot/1.2; +https://openai.com/gptbot)"
195.191.219.130 - - [26/Apr/2025:11:01:42 -0400] "GET /about.php?action=edit&file=mic_common.h&path=//usr/include/linux HTTP/1.1" 200 2993 "-" "Mozilla/5.0 (compatible; MJ12bot/v2.0.0; http://mj12bot.com/)"
20.171.207.85 - - [26/Apr/2025:11:01:43 -0400] "GET /about.php?action=edit&file=bef3f75876cec500a24ef5159a84e7ee181405&path=%2F%2Flib%2F.build-id%2Fd7 HTTP/1.1" 200 31982 "-" "Mozilla/5.0 AppleWebKit/537.36 (KHTML, like Gecko; compatible; GPTBot/1.2; +https://openai.com/gptbot)"
195.191.219.130 - - [26/Apr/2025:11:01:43 -0400] "GET /about.php?action=edit&file=mic_ioctl.h&path=//usr/include/linux HTTP/1.1" 200 1588 "-" "Mozilla/5.0 (compatible; MJ12bot/v2.0.0; http://mj12bot.com/)"
20.171.207.36 - - [26/Apr/2025:11:01:43 -0400] "GET /about.php?action=edit&file=CREATE_TEXT_SEARCH_DICTIONARY.7.gz&path=%2F%2Fusr%2Fshare%2Fman%2Fman7 HTTP/1.1" 200 1919 "-" "Mozilla/5.0 AppleWebKit/537.36 (KHTML, like Gecko; compatible; GPTBot/1.2; +https://openai.com/gptbot)"
195.191.219.130 - - [26/Apr/2025:11:01:44 -0400] "GET /about.php?action=edit&file=microcode_amd.bin&path=//lib/firmware/amd-ucode HTTP/1.1" 200 7537 "-" "Mozilla/5.0 (compatible; MJ12bot/v2.0.0; http://mj12bot.com/)"
20.171.207.85 - - [26/Apr/2025:11:01:44 -0400] "GET /about.php?action=edit&file=e12f80d1fa1bdf71cb83e78da46b30635602d7&path=%2F%2Flib%2F.build-id%2F95 HTTP/1.1" 200 4096 "-" "Mozilla/5.0 AppleWebKit/537.36 (KHTML, like Gecko; compatible; GPTBot/1.2; +https://openai.com/gptbot)"
20.171.207.36 - - [26/Apr/2025:11:01:44 -0400] "GET /about.php?action=edit&file=CURLOPT_CONV_FROM_NETWORK_FUNCTION.3.gz&path=%2F%2Fusr%2Fshare%2Fman%2Fman3 HTTP/1.1" 200 2278 "-" "Mozilla/5.0 AppleWebKit/537.36 (KHTML, like Gecko; compatible; GPTBot/1.2; +https://openai.com/gptbot)"
195.191.219.130 - - [26/Apr/2025:11:01:45 -0400] "GET /about.php?action=edit&file=microcode_amd_fam15h.bin&path=//lib/firmware/amd-ucode HTTP/1.1" 200 7807 "-" "Mozilla/5.0 (compatible; MJ12bot/v2.0.0; http://mj12bot.com/)"
20.171.207.36 - - [26/Apr/2025:11:01:45 -0400] "GET /about.php?action=edit&file=ALTER_TEXT_SEARCH_DICTIONARY.7.gz&path=%2F%2Fusr%2Fshare%2Fman%2Fman7 HTTP/1.1" 200 2036 "-" "Mozilla/5.0 AppleWebKit/537.36 (KHTML, like Gecko; compatible; GPTBot/1.2; +https://openai.com/gptbot)"
20.171.207.85 - - [26/Apr/2025:11:01:45 -0400] "GET /about.php?action=edit&file=d7a79edc9e32051985b66f65a12a150184acde&path=%2F%2Flib%2F.build-id%2Fd1 HTTP/1.1" 200 66003 "-" "Mozilla/5.0 AppleWebKit/537.36 (KHTML, like Gecko; compatible; GPTBot/1.2; +https://openai.com/gptbot)"
195.191.219.130 - - [26/Apr/2025:11:01:46 -0400] "GET /about.php?action=edit&file=microcode_amd_fam16h.bin&path=//lib/firmware/amd-ucode HTTP/1.1" 200 2243 "-" "Mozilla/5.0 (compatible; MJ12bot/v2.0.0; http://mj12bot.com/)"
20.171.207.85 - - [26/Apr/2025:11:01:47 -0400] "GET /about.php?action=edit&file=84c678fe0ae8e1d6f4d130141055ade80d93d5&path=%2F%2Flib%2F.build-id%2F8c HTTP/1.1" 200 5444 "-" "Mozilla/5.0 AppleWebKit/537.36 (KHTML, like Gecko; compatible; GPTBot/1.2; +https://openai.com/gptbot)"
20.171.207.36 - - [26/Apr/2025:11:01:47 -0400] "GET /about.php?action=edit&file=CREATE_TEXT_SEARCH_CONFIGURATION.7.gz&path=%2F%2Fusr%2Fshare%2Fman%2Fman7 HTTP/1.1" 200 1786 "-" "Mozilla/5.0 AppleWebKit/537.36 (KHTML, like Gecko; compatible; GPTBot/1.2; +https://openai.com/gptbot)"
195.191.219.130 - - [26/Apr/2025:11:01:47 -0400] "GET /about.php?action=edit&file=microcode_amd_fam17h.bin&path=//lib/firmware/amd-ucode HTTP/1.1" 200 9191 "-" "Mozilla/5.0 (compatible; MJ12bot/v2.0.0; http://mj12bot.com/)"
20.171.207.85 - - [26/Apr/2025:11:01:48 -0400] "GET /about.php?path=%2F%2Flib%2Fnode_modules%2Fnpm%2Fman%2Ffr%2Fman7 HTTP/1.1" 200 828 "-" "Mozilla/5.0 AppleWebKit/537.36 (KHTML, like Gecko; compatible; GPTBot/1.2; +https://openai.com/gptbot)"
20.171.207.36 - - [26/Apr/2025:11:01:48 -0400] "GET /about.php?action=edit&file=AUTHORITY_INFO_ACCESS_free.3ssl.gz&path=%2F%2Fusr%2Fshare%2Fman%2Fman3 HTTP/1.1" 200 4489 "-" "Mozilla/5.0 AppleWebKit/537.36 (KHTML, like Gecko; compatible; GPTBot/1.2; +https://openai.com/gptbot)"
195.191.219.130 - - [26/Apr/2025:11:01:48 -0400] "GET /about.php?action=edit&file=microcode_amd_fam19h.bin&path=//lib/firmware/amd-ucode HTTP/1.1" 200 60908 "-" "Mozilla/5.0 (compatible; MJ12bot/v2.0.0; http://mj12bot.com/)"
20.171.207.85 - - [26/Apr/2025:11:01:49 -0400] "GET /about.php?path=%2F%2Flib%2Fnode_modules%2Fnpm%2Fman%2Ffr%2Fman8 HTTP/1.1" 200 1265 "-" "Mozilla/5.0 AppleWebKit/537.36 (KHTML, like Gecko; compatible; GPTBot/1.2; +https://openai.com/gptbot)"
20.171.207.36 - - [26/Apr/2025:11:01:49 -0400] "GET /about.php?action=edit&file=CURLOPT_PROXY_SSL_VERIFYHOST.3.gz&path=%2F%2Fusr%2Fshare%2Fman%2Fman3 HTTP/1.1" 200 2051 "-" "Mozilla/5.0 AppleWebKit/537.36 (KHTML, like Gecko; compatible; GPTBot/1.2; +https://openai.com/gptbot)"
195.191.219.130 - - [26/Apr/2025:11:01:49 -0400] "GET /about.php?action=edit&file=midi.fw&path=//lib/firmware/emi62 HTTP/1.1" 200 11396 "-" "Mozilla/5.0 (compatible; MJ12bot/v2.0.0; http://mj12bot.com/)"
20.171.207.85 - - [26/Apr/2025:11:01:50 -0400] "GET /about.php?path=%2F%2Flib%2Fnode_modules%2Fnpm%2Fman%2Ffr%2Fman5 HTTP/1.1" 200 968 "-" "Mozilla/5.0 AppleWebKit/537.36 (KHTML, like Gecko; compatible; GPTBot/1.2; +https://openai.com/gptbot)"
20.171.207.36 - - [26/Apr/2025:11:01:50 -0400] "GET /about.php?action=edit&file=AUTHORITY_INFO_ACCESS_new.3ssl.gz&path=%2F%2Fusr%2Fshare%2Fman%2Fman3 HTTP/1.1" 200 4485 "-" "Mozilla/5.0 AppleWebKit/537.36 (KHTML, like Gecko; compatible; GPTBot/1.2; +https://openai.com/gptbot)"
195.191.219.130 - - [26/Apr/2025:11:01:50 -0400] "GET /about.php?action=edit&file=mii.h&path=//usr/include/linux HTTP/1.1" 200 3217 "-" "Mozilla/5.0 (compatible; MJ12bot/v2.0.0; http://mj12bot.com/)"
195.191.219.130 - - [26/Apr/2025:11:01:51 -0400] "GET /about.php?action=edit&file=mimetools.py&path=//usr/lib64/python2.7 HTTP/1.1" 200 2792 "-" "Mozilla/5.0 (compatible; MJ12bot/v2.0.0; http://mj12bot.com/)"
20.171.207.85 - - [26/Apr/2025:11:01:51 -0400] "GET /about.php?path=%2F%2Flib%2Fnode_modules%2Fnpm%2Fman%2Ffr%2Fman1 HTTP/1.1" 200 1250 "-" "Mozilla/5.0 AppleWebKit/537.36 (KHTML, like Gecko; compatible; GPTBot/1.2; +https://openai.com/gptbot)"
20.171.207.36 - - [26/Apr/2025:11:01:51 -0400] "GET /about.php?action=edit&file=CURLMOPT_CHUNK_LENGTH_PENALTY_SIZE.3.gz&path=%2F%2Fusr%2Fshare%2Fman%2Fman3 HTTP/1.1" 200 1718 "-" "Mozilla/5.0 AppleWebKit/537.36 (KHTML, like Gecko; compatible; GPTBot/1.2; +https://openai.com/gptbot)"
20.171.207.85 - - [26/Apr/2025:11:01:52 -0400] "GET /about.php?path=%2F%2Flib%2Fnode_modules%2Fnpm%2Fman%2Ffr%2Fman3 HTTP/1.1" 200 818 "-" "Mozilla/5.0 AppleWebKit/537.36 (KHTML, like Gecko; compatible; GPTBot/1.2; +https://openai.com/gptbot)"
20.171.207.36 - - [26/Apr/2025:11:01:52 -0400] "GET /about.php?path=%2F%2Fopt%2Fcloudlinux%2Fvenv%2Flib%2Fpython3.11%2Fsite-packages%2Fsetuptools%2F__pycache__ HTTP/1.1" 200 1421 "-" "Mozilla/5.0 AppleWebKit/537.36 (KHTML, like Gecko; compatible; GPTBot/1.2; +https://openai.com/gptbot)"
195.191.219.130 - - [26/Apr/2025:11:01:52 -0400] "GET /about.php?action=edit&file=mimetools.pyc&path=//usr/lib64/python2.7 HTTP/1.1" 200 4027 "-" "Mozilla/5.0 (compatible; MJ12bot/v2.0.0; http://mj12bot.com/)"
195.191.219.130 - - [26/Apr/2025:11:01:53 -0400] "GET /about.php?action=edit&file=mimetools.pyo&path=//usr/lib64/python2.7 HTTP/1.1" 200 4027 "-" "Mozilla/5.0 (compatible; MJ12bot/v2.0.0; http://mj12bot.com/)"
20.171.207.85 - - [26/Apr/2025:11:01:53 -0400] "GET /about.php?path=%2F%2Flib%2Fpython3.6%2Fsite-packages%2Fdnf%2F__pycache__ HTTP/1.1" 200 1443 "-" "Mozilla/5.0 AppleWebKit/537.36 (KHTML, like Gecko; compatible; GPTBot/1.2; +https://openai.com/gptbot)"
20.171.207.36 - - [26/Apr/2025:11:01:54 -0400] "GET /about.php?action=edit&file=CURLMOPT_MAX_PIPELINE_LENGTH.3.gz&path=%2F%2Fusr%2Fshare%2Fman%2Fman3 HTTP/1.1" 200 1737 "-" "Mozilla/5.0 AppleWebKit/537.36 (KHTML, like Gecko; compatible; GPTBot/1.2; +https://openai.com/gptbot)"
195.191.219.130 - - [26/Apr/2025:11:01:54 -0400] "GET /about.php?action=edit&file=mimetypes.cpython-36.opt-1.pyc&path=//lib64/python3.6/__pycache__ HTTP/1.1" 200 7182 "-" "Mozilla/5.0 (compatible; MJ12bot/v2.0.0; http://mj12bot.com/)"
20.171.207.85 - - [26/Apr/2025:11:01:55 -0400] "GET /about.php?action=edit&file=URL.pm&path=%2F%2Fusr%2Flocal%2Fshare%2Fperl5%2FCPAN HTTP/1.1" 200 903 "-" "Mozilla/5.0 AppleWebKit/537.36 (KHTML, like Gecko; compatible; GPTBot/1.2; +https://openai.com/gptbot)"
20.171.207.36 - - [26/Apr/2025:11:01:55 -0400] "GET /about.php?action=edit&file=CURLOPT_FTP_RESPONSE_TIMEOUT.3.gz&path=%2F%2Fusr%2Fshare%2Fman%2Fman3 HTTP/1.1" 200 1809 "-" "Mozilla/5.0 AppleWebKit/537.36 (KHTML, like Gecko; compatible; GPTBot/1.2; +https://openai.com/gptbot)"
195.191.219.130 - - [26/Apr/2025:11:01:55 -0400] "GET /about.php?action=edit&file=mimetypes.cpython-36.opt-2.pyc&path=//lib64/python3.6/__pycache__ HTTP/1.1" 200 5687 "-" "Mozilla/5.0 (compatible; MJ12bot/v2.0.0; http://mj12bot.com/)"
20.171.207.85 - - [26/Apr/2025:11:01:56 -0400] "GET /about.php?path=%2F%2Fusr%2Flocal%2Flib64%2Fperl5%2Fauto%2FTemplate HTTP/1.1" 200 850 "-" "Mozilla/5.0 AppleWebKit/537.36 (KHTML, like Gecko; compatible; GPTBot/1.2; +https://openai.com/gptbot)"
20.171.207.36 - - [26/Apr/2025:11:01:56 -0400] "GET /about.php?action=edit&file=CURLMOPT_PIPELINING_SERVER_BL.3.gz&path=%2F%2Fusr%2Fshare%2Fman%2Fman3 HTTP/1.1" 200 1761 "-" "Mozilla/5.0 AppleWebKit/537.36 (KHTML, like Gecko; compatible; GPTBot/1.2; +https://openai.com/gptbot)"
195.191.219.130 - - [26/Apr/2025:11:01:56 -0400] "GET /about.php?action=edit&file=mimetypes.cpython-36.pyc&path=//lib64/python3.6/__pycache__ HTTP/1.1" 200 7155 "-" "Mozilla/5.0 (compatible; MJ12bot/v2.0.0; http://mj12bot.com/)"
20.171.207.85 - - [26/Apr/2025:11:01:57 -0400] "GET /about.php?path=%2F%2Fusr%2Flib64%2Fperl5%2Fauto%2Fattributes HTTP/1.1" 200 801 "-" "Mozilla/5.0 AppleWebKit/537.36 (KHTML, like Gecko; compatible; GPTBot/1.2; +https://openai.com/gptbot)"
20.171.207.36 - - [26/Apr/2025:11:01:57 -0400] "GET /about.php?action=edit&file=CURLOPT_POSTFIELDSIZE_LARGE.3.gz&path=%2F%2Fusr%2Fshare%2Fman%2Fman3 HTTP/1.1" 200 1716 "-" "Mozilla/5.0 AppleWebKit/537.36 (KHTML, like Gecko; compatible; GPTBot/1.2; +https://openai.com/gptbot)"
195.191.219.130 - - [26/Apr/2025:11:01:57 -0400] "GET /about.php?action=edit&file=mimetypes.cpython-38.opt-1.pyc&path=//lib64/python3.8/__pycache__ HTTP/1.1" 200 7306 "-" "Mozilla/5.0 (compatible; MJ12bot/v2.0.0; http://mj12bot.com/)"
20.171.207.85 - - [26/Apr/2025:11:01:58 -0400] "GET /about.php?action=edit&file=cs35l41-dsp1-spk-prot-103c8e60-spkid1.bin&path=%2F%2Flib%2Ffirmware%2Fcirrus HTTP/1.1" 200 3174 "-" "Mozilla/5.0 AppleWebKit/537.36 (KHTML, like Gecko; compatible; GPTBot/1.2; +https://openai.com/gptbot)"
195.191.219.130 - - [26/Apr/2025:11:01:58 -0400] "GET /about.php?action=edit&file=mimetypes.cpython-38.opt-2.pyc&path=//lib64/python3.8/__pycache__ HTTP/1.1" 200 5753 "-" "Mozilla/5.0 (compatible; MJ12bot/v2.0.0; http://mj12bot.com/)"
20.171.207.36 - - [26/Apr/2025:11:01:58 -0400] "GET /about.php?action=edit&file=CURLOPT_PROXY_TLSAUTH_USERNAME.3.gz&path=%2F%2Fusr%2Fshare%2Fman%2Fman3 HTTP/1.1" 200 1741 "-" "Mozilla/5.0 AppleWebKit/537.36 (KHTML, like Gecko; compatible; GPTBot/1.2; +https://openai.com/gptbot)"
195.191.219.130 - - [26/Apr/2025:11:01:59 -0400] "GET /about.php?action=edit&file=mimetypes.cpython-38.pyc&path=//lib64/python3.8/__pycache__ HTTP/1.1" 200 7289 "-" "Mozilla/5.0 (compatible; MJ12bot/v2.0.0; http://mj12bot.com/)"
20.171.207.85 - - [26/Apr/2025:11:01:59 -0400] "GET /about.php?action=edit&file=cs35l41-dsp1-spk-prot-103c8e37-spkid1.bin&path=%2F%2Flib%2Ffirmware%2Fcirrus HTTP/1.1" 200 3110 "-" "Mozilla/5.0 AppleWebKit/537.36 (KHTML, like Gecko; compatible; GPTBot/1.2; +https://openai.com/gptbot)"
20.171.207.36 - - [26/Apr/2025:11:01:59 -0400] "GET /about.php?action=edit&file=CURLINFO_PROXY_SSL_VERIFYRESULT.3.gz&path=%2F%2Fusr%2Fshare%2Fman%2Fman3 HTTP/1.1" 200 1699 "-" "Mozilla/5.0 AppleWebKit/537.36 (KHTML, like Gecko; compatible; GPTBot/1.2; +https://openai.com/gptbot)"
195.191.219.130 - - [26/Apr/2025:11:02:00 -0400] "GET /about.php?action=edit&file=mimetypes.py&path=//usr/lib64/python2.7 HTTP/1.1" 200 5980 "-" "Mozilla/5.0 (compatible; MJ12bot/v2.0.0; http://mj12bot.com/)"
20.171.207.85 - - [26/Apr/2025:11:02:00 -0400] "GET /about.php?action=edit&file=cs35l41-dsp1-spk-prot-10280cc3-spkid1.bin&path=%2F%2Flib%2Ffirmware%2Fcirrus HTTP/1.1" 200 2754 "-" "Mozilla/5.0 AppleWebKit/537.36 (KHTML, like Gecko; compatible; GPTBot/1.2; +https://openai.com/gptbot)"
20.171.207.36 - - [26/Apr/2025:11:02:00 -0400] "GET /about.php?action=edit&file=CURLOPT_PROXY_SSL_VERIFYPEER.3.gz&path=%2F%2Fusr%2Fshare%2Fman%2Fman3 HTTP/1.1" 200 2245 "-" "Mozilla/5.0 AppleWebKit/537.36 (KHTML, like Gecko; compatible; GPTBot/1.2; +https://openai.com/gptbot)"
195.191.219.130 - - [26/Apr/2025:11:02:01 -0400] "GET /about.php?action=edit&file=mimetypes.py&path=//usr/lib64/python3.6 HTTP/1.1" 200 6018 "-" "Mozilla/5.0 (compatible; MJ12bot/v2.0.0; http://mj12bot.com/)"
20.171.207.85 - - [26/Apr/2025:11:02:01 -0400] "GET /about.php?action=edit&file=cs35l41-dsp1-spk-prot-103c8e36-spkid1.bin&path=%2F%2Flib%2Ffirmware%2Fcirrus HTTP/1.1" 200 3097 "-" "Mozilla/5.0 AppleWebKit/537.36 (KHTML, like Gecko; compatible; GPTBot/1.2; +https://openai.com/gptbot)"
20.171.207.36 - - [26/Apr/2025:11:02:02 -0400] "GET /about.php?action=edit&file=CURLMOPT_CONTENT_LENGTH_PENALTY_SIZE.3.gz&path=%2F%2Fusr%2Fshare%2Fman%2Fman3 HTTP/1.1" 200 1721 "-" "Mozilla/5.0 AppleWebKit/537.36 (KHTML, like Gecko; compatible; GPTBot/1.2; +https://openai.com/gptbot)"
195.191.219.130 - - [26/Apr/2025:11:02:02 -0400] "GET /about.php?action=edit&file=mimetypes.py&path=//usr/lib64/python3.8 HTTP/1.1" 200 6091 "-" "Mozilla/5.0 (compatible; MJ12bot/v2.0.0; http://mj12bot.com/)"
20.171.207.85 - - [26/Apr/2025:11:02:03 -0400] "GET /about.php?action=edit&file=cs35l41-dsp1-spk-prot-10280cc3-spkid0.bin&path=%2F%2Flib%2Ffirmware%2Fcirrus HTTP/1.1" 200 2756 "-" "Mozilla/5.0 AppleWebKit/537.36 (KHTML, like Gecko; compatible; GPTBot/1.2; +https://openai.com/gptbot)"
20.171.207.36 - - [26/Apr/2025:11:02:03 -0400] "GET /about.php?action=edit&file=CURLOPT_PROXY_TLSAUTH_PASSWORD.3.gz&path=%2F%2Fusr%2Fshare%2Fman%2Fman3 HTTP/1.1" 200 1754 "-" "Mozilla/5.0 AppleWebKit/537.36 (KHTML, like Gecko; compatible; GPTBot/1.2; +https://openai.com/gptbot)"
195.191.219.130 - - [26/Apr/2025:11:02:04 -0400] "GET /about.php?action=edit&file=mimetypes.pyc&path=//usr/lib64/python2.7 HTTP/1.1" 200 7145 "-" "Mozilla/5.0 (compatible; MJ12bot/v2.0.0; http://mj12bot.com/)"
20.171.207.85 - - [26/Apr/2025:11:02:04 -0400] "GET /about.php?action=edit&file=cs35l41-dsp1-spk-prot-10280cc4-spkid1.bin&path=%2F%2Flib%2Ffirmware%2Fcirrus HTTP/1.1" 200 2754 "-" "Mozilla/5.0 AppleWebKit/537.36 (KHTML, like Gecko; compatible; GPTBot/1.2; +https://openai.com/gptbot)"
20.171.207.36 - - [26/Apr/2025:11:02:04 -0400] "GET /about.php?action=edit&file=SSL_CTX_use_RSAPrivateKey.3ssl.gz&path=%2F%2Fusr%2Fshare%2Fman%2Fman3 HTTP/1.1" 200 5287 "-" "Mozilla/5.0 AppleWebKit/537.36 (KHTML, like Gecko; compatible; GPTBot/1.2; +https://openai.com/gptbot)"
195.191.219.130 - - [26/Apr/2025:11:02:04 -0400] "GET /about.php?action=edit&file=mimetypes.pyo&path=//usr/lib64/python2.7 HTTP/1.1" 200 7124 "-" "Mozilla/5.0 (compatible; MJ12bot/v2.0.0; http://mj12bot.com/)"
20.171.207.85 - - [26/Apr/2025:11:02:05 -0400] "GET /about.php?action=edit&file=history.cpython-36.pyc&path=%2F%2Flib%2Fpython3.6%2Fsite-packages%2Fdnf%2F__pycache__ HTTP/1.1" 200 767 "-" "Mozilla/5.0 AppleWebKit/537.36 (KHTML, like Gecko; compatible; GPTBot/1.2; +https://openai.com/gptbot)"
