20.171.207.36 - - [26/Apr/2025:10:58:14 -0400] "GET /about.php?action=edit&file=euckrprober.cpython-36.opt-1.pyc&path=%2F%2Fusr%2Flib%2Fpython3.6%2Fsite-packages%2Fpip%2F_vendor%2Fchardet%2F__pycache__ HTTP/1.1" 200 1209 "-" "Mozilla/5.0 AppleWebKit/537.36 (KHTML, like Gecko; compatible; GPTBot/1.2; +https://openai.com/gptbot)"
20.171.207.85 - - [26/Apr/2025:10:58:14 -0400] "GET /about.php?path=%2F%2Flib%2Fmodules%2F4.18.0-553.lve.el8.x86_64%2Fkernel%2Fdrivers%2Fusb%2Ftypec%2Ftipd HTTP/1.1" 200 891 "-" "Mozilla/5.0 AppleWebKit/537.36 (KHTML, like Gecko; compatible; GPTBot/1.2; +https://openai.com/gptbot)"
20.171.207.36 - - [26/Apr/2025:10:58:15 -0400] "GET /about.php?action=edit&file=euctwprober.cpython-36.opt-1.pyc&path=%2F%2Fusr%2Flib%2Fpython3.6%2Fsite-packages%2Fpip%2F_vendor%2Fchardet%2F__pycache__ HTTP/1.1" 200 1214 "-" "Mozilla/5.0 AppleWebKit/537.36 (KHTML, like Gecko; compatible; GPTBot/1.2; +https://openai.com/gptbot)"
20.171.207.85 - - [26/Apr/2025:10:58:16 -0400] "GET /about.php?path=%2F%2Flib%2Fmodules%2F4.18.0-553.lve.el8.x86_64%2Fkernel%2Fsound%2Fx86 HTTP/1.1" 200 858 "-" "Mozilla/5.0 AppleWebKit/537.36 (KHTML, like Gecko; compatible; GPTBot/1.2; +https://openai.com/gptbot)"
20.171.207.36 - - [26/Apr/2025:10:58:16 -0400] "GET /about.php?action=edit&file=datrie.cpython-38.pyc&path=%2F%2Fusr%2Flib%2Fpython3.8%2Fsite-packages%2Fpip%2F_vendor%2Fhtml5lib%2F_trie%2F__pycache__ HTTP/1.1" 200 1611 "-" "Mozilla/5.0 AppleWebKit/537.36 (KHTML, like Gecko; compatible; GPTBot/1.2; +https://openai.com/gptbot)"
20.171.207.85 - - [26/Apr/2025:10:58:17 -0400] "GET /about.php?path=%2F%2Flib%2Fmodules%2F4.18.0-553.lve.el8.x86_64%2Fkernel%2Fdrivers%2Fntb%2Fhw%2Famd HTTP/1.1" 200 882 "-" "Mozilla/5.0 AppleWebKit/537.36 (KHTML, like Gecko; compatible; GPTBot/1.2; +https://openai.com/gptbot)"
20.171.207.36 - - [26/Apr/2025:10:58:18 -0400] "GET /about.php?action=edit&file=sessions.cpython-38.opt-1.pyc&path=%2F%2Fusr%2Flib%2Fpython3.8%2Fsite-packages%2Fpip%2F_vendor%2Frequests%2F__pycache__ HTTP/1.1" 200 9316 "-" "Mozilla/5.0 AppleWebKit/537.36 (KHTML, like Gecko; compatible; GPTBot/1.2; +https://openai.com/gptbot)"
20.171.207.85 - - [26/Apr/2025:10:58:18 -0400] "GET /about.php?path=%2F%2Flib%2Fmodules%2F4.18.0-553.lve.el8.x86_64%2Fkernel%2Fsound%2Fpci%2Fau88x0 HTTP/1.1" 200 898 "-" "Mozilla/5.0 AppleWebKit/537.36 (KHTML, like Gecko; compatible; GPTBot/1.2; +https://openai.com/gptbot)"
20.171.207.36 - - [26/Apr/2025:10:58:19 -0400] "GET /about.php?action=edit&file=structures.cpython-38.opt-1.pyc&path=%2F%2Fusr%2Flib%2Fpython3.8%2Fsite-packages%2Fpip%2F_vendor%2Frequests%2F__pycache__ HTTP/1.1" 200 2615 "-" "Mozilla/5.0 AppleWebKit/537.36 (KHTML, like Gecko; compatible; GPTBot/1.2; +https://openai.com/gptbot)"
20.171.207.85 - - [26/Apr/2025:10:58:19 -0400] "GET /about.php?path=%2F%2Flib%2Fmodules%2F4.18.0-553.lve.el8.x86_64%2Fkernel%2Fsound%2Fpci%2Fcs46xx HTTP/1.1" 200 870 "-" "Mozilla/5.0 AppleWebKit/537.36 (KHTML, like Gecko; compatible; GPTBot/1.2; +https://openai.com/gptbot)"
20.171.207.36 - - [26/Apr/2025:10:58:20 -0400] "GET /about.php?action=edit&file=latin1prober.cpython-38.opt-1.pyc&path=%2F%2Fusr%2Flib%2Fpython3.8%2Fsite-packages%2Fpip%2F_vendor%2Fchardet%2F__pycache__ HTTP/1.1" 200 1906 "-" "Mozilla/5.0 AppleWebKit/537.36 (KHTML, like Gecko; compatible; GPTBot/1.2; +https://openai.com/gptbot)"
20.171.207.85 - - [26/Apr/2025:10:58:20 -0400] "GET /about.php?path=%2F%2Flib%2Fmodules%2F4.18.0-553.lve.el8.x86_64%2Fkernel%2Fsound%2Fusb%2Fbcd2000 HTTP/1.1" 200 872 "-" "Mozilla/5.0 AppleWebKit/537.36 (KHTML, like Gecko; compatible; GPTBot/1.2; +https://openai.com/gptbot)"
20.171.207.36 - - [26/Apr/2025:10:58:21 -0400] "GET /about.php?action=edit&file=structures.cpython-36.opt-1.pyc&path=%2F%2Fusr%2Flib%2Fpython3.6%2Fsite-packages%2Fpip%2F_vendor%2Frequests%2F__pycache__ HTTP/1.1" 200 2570 "-" "Mozilla/5.0 AppleWebKit/537.36 (KHTML, like Gecko; compatible; GPTBot/1.2; +https://openai.com/gptbot)"
20.171.207.85 - - [26/Apr/2025:10:58:22 -0400] "GET /about.php?path=%2F%2Flib%2Fmodules%2F4.18.0-553.lve.el8.x86_64%2Fkernel%2Fnet%2Fipv4 HTTP/1.1" 200 1127 "-" "Mozilla/5.0 AppleWebKit/537.36 (KHTML, like Gecko; compatible; GPTBot/1.2; +https://openai.com/gptbot)"
20.171.207.36 - - [26/Apr/2025:10:58:22 -0400] "GET /about.php?action=edit&file=resources.cpython-36.opt-1.pyc&path=%2F%2Fusr%2Flib%2Fpython3.6%2Fsite-packages%2Fpip%2F_vendor%2Fdistlib%2F__pycache__ HTTP/1.1" 200 5475 "-" "Mozilla/5.0 AppleWebKit/537.36 (KHTML, like Gecko; compatible; GPTBot/1.2; +https://openai.com/gptbot)"
20.171.207.85 - - [26/Apr/2025:10:58:23 -0400] "GET /about.php?path=%2F%2Flib%2Fmodules%2F4.18.0-553.lve.el8.x86_64%2Fkernel%2Fnet%2Fatm HTTP/1.1" 200 846 "-" "Mozilla/5.0 AppleWebKit/537.36 (KHTML, like Gecko; compatible; GPTBot/1.2; +https://openai.com/gptbot)"
20.171.207.36 - - [26/Apr/2025:10:58:23 -0400] "GET /about.php?action=edit&file=timeout.cpython-38.pyc&path=%2F%2Fusr%2Flib%2Fpython3.8%2Fsite-packages%2Fpip%2F_vendor%2Furllib3%2Futil%2F__pycache__ HTTP/1.1" 200 4168 "-" "Mozilla/5.0 AppleWebKit/537.36 (KHTML, like Gecko; compatible; GPTBot/1.2; +https://openai.com/gptbot)"
20.171.207.85 - - [26/Apr/2025:10:58:24 -0400] "GET /about.php?path=%2F%2Flib%2Fmodules%2F4.18.0-553.lve.el8.x86_64%2Fkernel%2Fnet%2Ftls HTTP/1.1" 200 842 "-" "Mozilla/5.0 AppleWebKit/537.36 (KHTML, like Gecko; compatible; GPTBot/1.2; +https://openai.com/gptbot)"
20.171.207.36 - - [26/Apr/2025:10:58:24 -0400] "GET /about.php?action=edit&file=datrie.cpython-36.opt-1.pyc&path=%2F%2Flib%2Fpython3.6%2Fsite-packages%2Fpip%2F_vendor%2Fhtml5lib%2F_trie%2F__pycache__ HTTP/1.1" 200 1581 "-" "Mozilla/5.0 AppleWebKit/537.36 (KHTML, like Gecko; compatible; GPTBot/1.2; +https://openai.com/gptbot)"
20.171.207.85 - - [26/Apr/2025:10:58:25 -0400] "GET /about.php?path=%2F%2Flib%2Fmodules%2F4.18.0-553.lve.el8.x86_64%2Fkernel%2Fnet%2Fl2tp HTTP/1.1" 200 883 "-" "Mozilla/5.0 AppleWebKit/537.36 (KHTML, like Gecko; compatible; GPTBot/1.2; +https://openai.com/gptbot)"
20.171.207.36 - - [26/Apr/2025:10:58:26 -0400] "GET /about.php?action=edit&file=selectors.cpython-36.opt-1.pyc&path=%2F%2Flib%2Fpython3.6%2Fsite-packages%2Fpip%2F_vendor%2Furllib3%2Futil%2F__pycache__ HTTP/1.1" 200 7650 "-" "Mozilla/5.0 AppleWebKit/537.36 (KHTML, like Gecko; compatible; GPTBot/1.2; +https://openai.com/gptbot)"
20.171.207.85 - - [26/Apr/2025:10:58:26 -0400] "GET /about.php?path=%2F%2Flib%2Fmodules%2F4.18.0-553.lve.el8.x86_64%2Fkernel%2Fnet%2Fcan HTTP/1.1" 200 890 "-" "Mozilla/5.0 AppleWebKit/537.36 (KHTML, like Gecko; compatible; GPTBot/1.2; +https://openai.com/gptbot)"
20.171.207.36 - - [26/Apr/2025:10:58:27 -0400] "GET /about.php?action=edit&file=__init__.cpython-38.opt-1.pyc&path=%2F%2Fusr%2Flib%2Fpython3.8%2Fsite-packages%2Fpip%2F_vendor%2Fwebencodings%2F__pycache__ HTTP/1.1" 200 4468 "-" "Mozilla/5.0 AppleWebKit/537.36 (KHTML, like Gecko; compatible; GPTBot/1.2; +https://openai.com/gptbot)"
20.171.207.85 - - [26/Apr/2025:10:58:28 -0400] "GET /about.php?path=%2F%2Flib%2Fmodules%2F4.18.0-553.lve.el8.x86_64%2Fkernel%2Fnet%2Fceph HTTP/1.1" 200 851 "-" "Mozilla/5.0 AppleWebKit/537.36 (KHTML, like Gecko; compatible; GPTBot/1.2; +https://openai.com/gptbot)"
20.171.207.36 - - [26/Apr/2025:10:58:28 -0400] "GET /about.php?action=edit&file=database.cpython-38.opt-1.pyc&path=%2F%2Fusr%2Flib%2Fpython3.8%2Fsite-packages%2Fpip%2F_vendor%2Fdistlib%2F__pycache__ HTTP/1.1" 200 17484 "-" "Mozilla/5.0 AppleWebKit/537.36 (KHTML, like Gecko; compatible; GPTBot/1.2; +https://openai.com/gptbot)"
20.171.207.85 - - [26/Apr/2025:10:58:29 -0400] "GET /about.php?path=%2F%2Flib%2Fmodules%2F4.18.0-553.lve.el8.x86_64%2Fkernel%2Fnet%2Fxdp HTTP/1.1" 200 850 "-" "Mozilla/5.0 AppleWebKit/537.36 (KHTML, like Gecko; compatible; GPTBot/1.2; +https://openai.com/gptbot)"
20.171.207.36 - - [26/Apr/2025:10:58:29 -0400] "GET /about.php?action=edit&file=sjisprober.cpython-36.opt-1.pyc&path=%2F%2Fusr%2Flib%2Fpython3.6%2Fsite-packages%2Fpip%2F_vendor%2Fchardet%2F__pycache__ HTTP/1.1" 200 1968 "-" "Mozilla/5.0 AppleWebKit/537.36 (KHTML, like Gecko; compatible; GPTBot/1.2; +https://openai.com/gptbot)"
20.171.207.85 - - [26/Apr/2025:10:58:30 -0400] "GET /about.php?path=%2F%2Flib%2Fmodules%2F4.18.0-553.lve.el8.x86_64%2Fkernel%2Fnet%2Fllc HTTP/1.1" 200 845 "-" "Mozilla/5.0 AppleWebKit/537.36 (KHTML, like Gecko; compatible; GPTBot/1.2; +https://openai.com/gptbot)"
20.171.207.36 - - [26/Apr/2025:10:58:30 -0400] "GET /about.php?action=edit&file=_appengine_environ.cpython-36.opt-1.pyc&path=%2F%2Fusr%2Flib%2Fpython3.6%2Fsite-packages%2Furllib3%2Fcontrib%2F__pycache__ HTTP/1.1" 200 1130 "-" "Mozilla/5.0 AppleWebKit/537.36 (KHTML, like Gecko; compatible; GPTBot/1.2; +https://openai.com/gptbot)"
20.171.207.85 - - [26/Apr/2025:10:58:31 -0400] "GET /about.php?path=%2F%2Flib%2Fmodules%2F4.18.0-553.lve.el8.x86_64%2Fkernel%2Fnet%2Fcore HTTP/1.1" 200 849 "-" "Mozilla/5.0 AppleWebKit/537.36 (KHTML, like Gecko; compatible; GPTBot/1.2; +https://openai.com/gptbot)"
20.171.207.36 - - [26/Apr/2025:10:58:31 -0400] "GET /about.php?action=edit&file=socks.cpython-38.pyc&path=%2F%2Fusr%2Flib%2Fpython3.8%2Fsite-packages%2Fpip%2F_vendor%2Furllib3%2Fcontrib%2F__pycache__ HTTP/1.1" 200 3454 "-" "Mozilla/5.0 AppleWebKit/537.36 (KHTML, like Gecko; compatible; GPTBot/1.2; +https://openai.com/gptbot)"
20.171.207.85 - - [26/Apr/2025:10:58:32 -0400] "GET /about.php?path=%2F%2Flib%2Fmodules%2F4.18.0-553.lve.el8.x86_64%2Fkernel%2Fnet%2Fsctp HTTP/1.1" 200 757 "-" "Mozilla/5.0 AppleWebKit/537.36 (KHTML, like Gecko; compatible; GPTBot/1.2; +https://openai.com/gptbot)"
20.171.207.36 - - [26/Apr/2025:10:58:32 -0400] "GET /about.php?action=edit&file=utf8prober.cpython-38.opt-1.pyc&path=%2F%2Fusr%2Flib%2Fpython3.8%2Fsite-packages%2Fpip%2F_vendor%2Fchardet%2F__pycache__ HTTP/1.1" 200 1749 "-" "Mozilla/5.0 AppleWebKit/537.36 (KHTML, like Gecko; compatible; GPTBot/1.2; +https://openai.com/gptbot)"
20.171.207.85 - - [26/Apr/2025:10:58:33 -0400] "GET /about.php?path=%2F%2Flib%2Fmodules%2F4.18.0-553.lve.el8.x86_64%2Fkernel%2Fnet%2Fmpls HTTP/1.1" 200 874 "-" "Mozilla/5.0 AppleWebKit/537.36 (KHTML, like Gecko; compatible; GPTBot/1.2; +https://openai.com/gptbot)"
20.171.207.36 - - [26/Apr/2025:10:58:33 -0400] "GET /about.php?action=edit&file=socks.cpython-38.opt-1.pyc&path=%2F%2Fusr%2Flib%2Fpython3.8%2Fsite-packages%2Fpip%2F_vendor%2Furllib3%2Fcontrib%2F__pycache__ HTTP/1.1" 200 3456 "-" "Mozilla/5.0 AppleWebKit/537.36 (KHTML, like Gecko; compatible; GPTBot/1.2; +https://openai.com/gptbot)"
20.171.207.85 - - [26/Apr/2025:10:58:34 -0400] "GET /about.php?path=%2F%2Flib%2Fmodules%2F4.18.0-553.lve.el8.x86_64%2Fkernel%2Fnet%2Funix HTTP/1.1" 200 851 "-" "Mozilla/5.0 AppleWebKit/537.36 (KHTML, like Gecko; compatible; GPTBot/1.2; +https://openai.com/gptbot)"
20.171.207.36 - - [26/Apr/2025:10:58:35 -0400] "GET /about.php?action=edit&file=ntlmpool.cpython-38.pyc&path=%2F%2Fusr%2Flib%2Fpython3.8%2Fsite-packages%2Fpip%2F_vendor%2Furllib3%2Fcontrib%2F__pycache__ HTTP/1.1" 200 2629 "-" "Mozilla/5.0 AppleWebKit/537.36 (KHTML, like Gecko; compatible; GPTBot/1.2; +https://openai.com/gptbot)"
20.171.207.85 - - [26/Apr/2025:10:58:36 -0400] "GET /about.php?path=%2F%2Flib%2Fmodules%2F4.18.0-553.lve.el8.x86_64%2Fkernel%2Fnet%2Fipv6 HTTP/1.1" 200 1042 "-" "Mozilla/5.0 AppleWebKit/537.36 (KHTML, like Gecko; compatible; GPTBot/1.2; +https://openai.com/gptbot)"
20.171.207.36 - - [26/Apr/2025:10:58:36 -0400] "GET /about.php?action=edit&file=configuration.cpython-38.opt-1.pyc&path=%2F%2Fusr%2Flib%2Fpython3.8%2Fsite-packages%2Fpip%2F_internal%2Fcommands%2F__pycache__ HTTP/1.1" 200 3867 "-" "Mozilla/5.0 AppleWebKit/537.36 (KHTML, like Gecko; compatible; GPTBot/1.2; +https://openai.com/gptbot)"
20.171.207.85 - - [26/Apr/2025:10:58:37 -0400] "GET /about.php?path=%2F%2Flib%2Fmodules%2F4.18.0-553.lve.el8.x86_64%2Fkernel%2Fnet%2Ftipc HTTP/1.1" 200 867 "-" "Mozilla/5.0 AppleWebKit/537.36 (KHTML, like Gecko; compatible; GPTBot/1.2; +https://openai.com/gptbot)"
43.159.140.236 - - [26/Apr/2025:10:58:37 -0400] "GET /result.php HTTP/1.1" 403 1242 "-" "Mozilla/5.0 (iPhone; CPU iPhone OS 13_2_3 like Mac OS X) AppleWebKit/605.1.15 (KHTML, like Gecko) Version/13.0.3 Mobile/15E148 Safari/604.1"
20.171.207.36 - - [26/Apr/2025:10:58:37 -0400] "GET /about.php?action=edit&file=euckrprober.cpython-38.opt-1.pyc&path=%2F%2Fusr%2Flib%2Fpython3.8%2Fsite-packages%2Fpip%2F_vendor%2Fchardet%2F__pycache__ HTTP/1.1" 200 1235 "-" "Mozilla/5.0 AppleWebKit/537.36 (KHTML, like Gecko; compatible; GPTBot/1.2; +https://openai.com/gptbot)"
20.171.207.85 - - [26/Apr/2025:10:58:38 -0400] "GET /about.php?path=%2F%2Flib%2Fmodules%2F4.18.0-553.lve.el8.x86_64%2Fkernel%2Fdrivers%2Fmedia%2Fpci%2Fpt1 HTTP/1.1" 200 890 "-" "Mozilla/5.0 AppleWebKit/537.36 (KHTML, like Gecko; compatible; GPTBot/1.2; +https://openai.com/gptbot)"
20.171.207.36 - - [26/Apr/2025:10:58:38 -0400] "GET /about.php?action=edit&file=hebrewprober.cpython-36.opt-1.pyc&path=%2F%2Fusr%2Flib%2Fpython3.6%2Fsite-packages%2Fpip%2F_vendor%2Fchardet%2F__pycache__ HTTP/1.1" 200 2150 "-" "Mozilla/5.0 AppleWebKit/537.36 (KHTML, like Gecko; compatible; GPTBot/1.2; +https://openai.com/gptbot)"
20.171.207.85 - - [26/Apr/2025:10:58:39 -0400] "GET /about.php?path=%2F%2Flib%2Fmodules%2F4.18.0-553.lve.el8.x86_64%2Fkernel%2Fdrivers%2Fmedia%2Fusb%2Fhdpvr HTTP/1.1" 200 883 "-" "Mozilla/5.0 AppleWebKit/537.36 (KHTML, like Gecko; compatible; GPTBot/1.2; +https://openai.com/gptbot)"
20.171.207.36 - - [26/Apr/2025:10:58:39 -0400] "GET /about.php?action=edit&file=adapters.cpython-38.opt-1.pyc&path=%2F%2Fusr%2Flib%2Fpython3.8%2Fsite-packages%2Fpip%2F_vendor%2Frequests%2F__pycache__ HTTP/1.1" 200 7890 "-" "Mozilla/5.0 AppleWebKit/537.36 (KHTML, like Gecko; compatible; GPTBot/1.2; +https://openai.com/gptbot)"
20.171.207.85 - - [26/Apr/2025:10:58:40 -0400] "GET /about.php?path=%2F%2Flib%2Fmodules%2F4.18.0-553.lve.el8.x86_64%2Fkernel%2Fdrivers%2Fbus%2Fmhi%2Fhost HTTP/1.1" 200 906 "-" "Mozilla/5.0 AppleWebKit/537.36 (KHTML, like Gecko; compatible; GPTBot/1.2; +https://openai.com/gptbot)"
20.171.207.36 - - [26/Apr/2025:10:58:40 -0400] "GET /about.php?action=edit&file=_base.cpython-38.opt-1.pyc&path=%2F%2Flib%2Fpython3.8%2Fsite-packages%2Fpip%2F_vendor%2Fhtml5lib%2F_trie%2F__pycache__ HTTP/1.1" 200 1541 "-" "Mozilla/5.0 AppleWebKit/537.36 (KHTML, like Gecko; compatible; GPTBot/1.2; +https://openai.com/gptbot)"
20.171.207.85 - - [26/Apr/2025:10:58:41 -0400] "GET /about.php?path=%2F%2Flib%2Fmodules%2F4.18.0-553.lve.el8.x86_64%2Fkernel%2Fdrivers%2Fvideo%2Ffbdev%2Fcore HTTP/1.1" 200 940 "-" "Mozilla/5.0 AppleWebKit/537.36 (KHTML, like Gecko; compatible; GPTBot/1.2; +https://openai.com/gptbot)"
20.171.207.36 - - [26/Apr/2025:10:58:42 -0400] "GET /about.php?action=edit&file=eucjpprober.cpython-38.opt-1.pyc&path=%2F%2Fusr%2Flib%2Fpython3.8%2Fsite-packages%2Fpip%2F_vendor%2Fchardet%2F__pycache__ HTTP/1.1" 200 1992 "-" "Mozilla/5.0 AppleWebKit/537.36 (KHTML, like Gecko; compatible; GPTBot/1.2; +https://openai.com/gptbot)"
20.171.207.85 - - [26/Apr/2025:10:58:42 -0400] "GET /about.php?path=%2F%2Flib%2Fmodules%2F4.18.0-553.lve.el8.x86_64%2Fkernel%2Fdrivers%2Fnet%2Fwireless%2Fath HTTP/1.1" 200 924 "-" "Mozilla/5.0 AppleWebKit/537.36 (KHTML, like Gecko; compatible; GPTBot/1.2; +https://openai.com/gptbot)"
20.171.207.36 - - [26/Apr/2025:10:58:43 -0400] "GET /about.php?action=edit&file=req_command.cpython-38.opt-1.pyc&path=%2F%2Fusr%2Flib%2Fpython3.8%2Fsite-packages%2Fpip%2F_internal%2Fcli%2F__pycache__ HTTP/1.1" 200 4456 "-" "Mozilla/5.0 AppleWebKit/537.36 (KHTML, like Gecko; compatible; GPTBot/1.2; +https://openai.com/gptbot)"
20.171.207.85 - - [26/Apr/2025:10:58:44 -0400] "GET /about.php?path=%2F%2Flib%2Fmodules%2F4.18.0-553.lve.el8.x86_64%2Fkernel%2Fdrivers%2Fmedia%2Fusb%2Fau0828 HTTP/1.1" 200 883 "-" "Mozilla/5.0 AppleWebKit/537.36 (KHTML, like Gecko; compatible; GPTBot/1.2; +https://openai.com/gptbot)"
20.171.207.36 - - [26/Apr/2025:10:58:44 -0400] "GET /about.php?action=edit&file=initialise.cpython-36.opt-1.pyc&path=%2F%2Fusr%2Flib%2Fpython3.6%2Fsite-packages%2Fpip%2F_vendor%2Fcolorama%2F__pycache__ HTTP/1.1" 200 1498 "-" "Mozilla/5.0 AppleWebKit/537.36 (KHTML, like Gecko; compatible; GPTBot/1.2; +https://openai.com/gptbot)"
20.171.207.85 - - [26/Apr/2025:10:58:45 -0400] "GET /about.php?path=%2F%2Flib%2Fmodules%2F4.18.0-553.lve.el8.x86_64%2Fkernel%2Fdrivers%2Fnet%2Fcan%2Fusb HTTP/1.1" 200 939 "-" "Mozilla/5.0 AppleWebKit/537.36 (KHTML, like Gecko; compatible; GPTBot/1.2; +https://openai.com/gptbot)"
20.171.207.36 - - [26/Apr/2025:10:58:45 -0400] "GET /about.php?action=edit&file=timeout.cpython-38.opt-1.pyc&path=%2F%2Flib%2Fpython3.8%2Fsite-packages%2Fpip%2F_vendor%2Furllib3%2Futil%2F__pycache__ HTTP/1.1" 200 4180 "-" "Mozilla/5.0 AppleWebKit/537.36 (KHTML, like Gecko; compatible; GPTBot/1.2; +https://openai.com/gptbot)"
20.171.207.85 - - [26/Apr/2025:10:58:46 -0400] "GET /about.php?path=%2F%2Flib%2Fmodules%2F4.18.0-553.lve.el8.x86_64%2Fkernel%2Fdrivers%2Fmedia%2Fpci%2Fb2c2 HTTP/1.1" 200 889 "-" "Mozilla/5.0 AppleWebKit/537.36 (KHTML, like Gecko; compatible; GPTBot/1.2; +https://openai.com/gptbot)"
20.171.207.36 - - [26/Apr/2025:10:58:46 -0400] "GET /about.php?action=edit&file=__main__.cpython-38.opt-1.pyc&path=%2F%2Fusr%2Flib%2Fpython3.8%2Fsite-packages%2Fpip%2F_vendor%2Fcertifi%2F__pycache__ HTTP/1.1" 200 741 "-" "Mozilla/5.0 AppleWebKit/537.36 (KHTML, like Gecko; compatible; GPTBot/1.2; +https://openai.com/gptbot)"
20.171.207.85 - - [26/Apr/2025:10:58:47 -0400] "GET /about.php?path=%2F%2Flib%2Fmodules%2F4.18.0-553.lve.el8.x86_64%2Fkernel%2Fdrivers%2Fmedia%2Fusb%2Fem28xx HTTP/1.1" 200 931 "-" "Mozilla/5.0 AppleWebKit/537.36 (KHTML, like Gecko; compatible; GPTBot/1.2; +https://openai.com/gptbot)"
20.171.207.36 - - [26/Apr/2025:10:58:47 -0400] "GET /about.php?action=edit&file=request.cpython-36.pyc&path=%2F%2Fusr%2Flib%2Fpython3.6%2Fsite-packages%2Fpip%2F_vendor%2Furllib3%2Futil%2F__pycache__ HTTP/1.1" 200 2272 "-" "Mozilla/5.0 AppleWebKit/537.36 (KHTML, like Gecko; compatible; GPTBot/1.2; +https://openai.com/gptbot)"
20.171.207.85 - - [26/Apr/2025:10:58:48 -0400] "GET /about.php?path=%2F%2Flib%2Fmodules%2F4.18.0-553.lve.el8.x86_64%2Fkernel%2Fdrivers%2Fmedia%2Fusb%2Fb2c2 HTTP/1.1" 200 891 "-" "Mozilla/5.0 AppleWebKit/537.36 (KHTML, like Gecko; compatible; GPTBot/1.2; +https://openai.com/gptbot)"
20.171.207.36 - - [26/Apr/2025:10:58:49 -0400] "GET /about.php?action=edit&file=spinner.cpython-36.opt-1.pyc&path=%2F%2Fusr%2Flib%2Fpython3.6%2Fsite-packages%2Fpip%2F_vendor%2Fprogress%2F__pycache__ HTTP/1.1" 200 1211 "-" "Mozilla/5.0 AppleWebKit/537.36 (KHTML, like Gecko; compatible; GPTBot/1.2; +https://openai.com/gptbot)"
20.171.207.85 - - [26/Apr/2025:10:58:49 -0400] "GET /about.php?path=%2F%2Flib%2Fmodules%2F4.18.0-553.lve.el8.x86_64%2Fkernel%2Fdrivers%2Fmedia%2Fusb%2Fs2255 HTTP/1.1" 200 885 "-" "Mozilla/5.0 AppleWebKit/537.36 (KHTML, like Gecko; compatible; GPTBot/1.2; +https://openai.com/gptbot)"
20.171.207.36 - - [26/Apr/2025:10:58:50 -0400] "GET /about.php?action=edit&file=euctwprober.cpython-38.opt-1.pyc&path=%2F%2Fusr%2Flib%2Fpython3.8%2Fsite-packages%2Fpip%2F_vendor%2Fchardet%2F__pycache__ HTTP/1.1" 200 1236 "-" "Mozilla/5.0 AppleWebKit/537.36 (KHTML, like Gecko; compatible; GPTBot/1.2; +https://openai.com/gptbot)"
20.171.207.85 - - [26/Apr/2025:10:58:51 -0400] "GET /about.php?path=%2F%2Flib%2Fmodules%2F4.18.0-553.lve.el8.x86_64%2Fkernel%2Fdrivers%2Fmedia%2Fpci%2Fpluto2 HTTP/1.1" 200 881 "-" "Mozilla/5.0 AppleWebKit/537.36 (KHTML, like Gecko; compatible; GPTBot/1.2; +https://openai.com/gptbot)"
20.171.207.36 - - [26/Apr/2025:10:58:51 -0400] "GET /about.php?action=edit&file=eucjpprober.cpython-36.opt-1.pyc&path=%2F%2Fusr%2Flib%2Fpython3.6%2Fsite-packages%2Fpip%2F_vendor%2Fchardet%2F__pycache__ HTTP/1.1" 200 1953 "-" "Mozilla/5.0 AppleWebKit/537.36 (KHTML, like Gecko; compatible; GPTBot/1.2; +https://openai.com/gptbot)"
20.171.207.85 - - [26/Apr/2025:10:58:52 -0400] "GET /about.php?path=%2F%2Flib%2Fmodules%2F4.18.0-553.lve.el8.x86_64%2Fkernel%2Fdrivers%2Fmedia%2Fusb%2Fdvb-usb HTTP/1.1" 200 1285 "-" "Mozilla/5.0 AppleWebKit/537.36 (KHTML, like Gecko; compatible; GPTBot/1.2; +https://openai.com/gptbot)"
20.171.207.36 - - [26/Apr/2025:10:58:52 -0400] "GET /about.php?action=edit&file=initialise.cpython-38.opt-1.pyc&path=%2F%2Fusr%2Flib%2Fpython3.8%2Fsite-packages%2Fpip%2F_vendor%2Fcolorama%2F__pycache__ HTTP/1.1" 200 1538 "-" "Mozilla/5.0 AppleWebKit/537.36 (KHTML, like Gecko; compatible; GPTBot/1.2; +https://openai.com/gptbot)"
20.171.207.85 - - [26/Apr/2025:10:58:53 -0400] "GET /about.php?path=%2F%2Flib%2Fmodules%2F4.18.0-553.lve.el8.x86_64%2Fkernel%2Fdrivers%2Fmedia%2Fusb%2Fsiano HTTP/1.1" 200 885 "-" "Mozilla/5.0 AppleWebKit/537.36 (KHTML, like Gecko; compatible; GPTBot/1.2; +https://openai.com/gptbot)"
20.171.207.36 - - [26/Apr/2025:10:58:53 -0400] "GET /about.php?action=edit&file=_cmd.cpython-36.opt-1.pyc&path=%2F%2Fusr%2Flib%2Fpython3.6%2Fsite-packages%2Fpip%2F_vendor%2Fcachecontrol%2F__pycache__ HTTP/1.1" 200 1496 "-" "Mozilla/5.0 AppleWebKit/537.36 (KHTML, like Gecko; compatible; GPTBot/1.2; +https://openai.com/gptbot)"
20.171.207.85 - - [26/Apr/2025:10:58:54 -0400] "GET /about.php?path=%2F%2Flib%2Fmodules%2F4.18.0-553.lve.el8.x86_64%2Fkernel%2Fsound%2Fcore%2Fseq%2Foss HTTP/1.1" 200 889 "-" "Mozilla/5.0 AppleWebKit/537.36 (KHTML, like Gecko; compatible; GPTBot/1.2; +https://openai.com/gptbot)"
20.171.207.36 - - [26/Apr/2025:10:58:54 -0400] "GET /about.php?action=edit&file=socks.cpython-38.opt-1.pyc&path=%2F%2Flib%2Fpython3.8%2Fsite-packages%2Fpip%2F_vendor%2Furllib3%2Fcontrib%2F__pycache__ HTTP/1.1" 200 3456 "-" "Mozilla/5.0 AppleWebKit/537.36 (KHTML, like Gecko; compatible; GPTBot/1.2; +https://openai.com/gptbot)"
20.171.207.85 - - [26/Apr/2025:10:58:55 -0400] "GET /about.php?path=%2F%2Flib%2Fmodules%2F4.18.0-553.lve.el8.x86_64%2Fkernel%2Fdrivers%2Fntb%2Fhw%2Fintel HTTP/1.1" 200 884 "-" "Mozilla/5.0 AppleWebKit/537.36 (KHTML, like Gecko; compatible; GPTBot/1.2; +https://openai.com/gptbot)"
20.171.207.36 - - [26/Apr/2025:10:58:56 -0400] "GET /about.php?action=edit&file=appengine.cpython-38.opt-1.pyc&path=%2F%2Flib%2Fpython3.8%2Fsite-packages%2Fpip%2F_vendor%2Furllib3%2Fcontrib%2F__pycache__ HTTP/1.1" 200 4755 "-" "Mozilla/5.0 AppleWebKit/537.36 (KHTML, like Gecko; compatible; GPTBot/1.2; +https://openai.com/gptbot)"
20.171.207.85 - - [26/Apr/2025:10:58:56 -0400] "GET /about.php?path=%2F%2Flib%2Fmodules%2F4.18.0-553.lve.el8.x86_64%2Fkernel%2Fdrivers%2Fnet%2Fcan%2Fusb%2Fkvaser_usb HTTP/1.1" 200 904 "-" "Mozilla/5.0 AppleWebKit/537.36 (KHTML, like Gecko; compatible; GPTBot/1.2; +https://openai.com/gptbot)"
20.171.207.36 - - [26/Apr/2025:10:58:57 -0400] "GET /about.php?action=edit&file=base.cpython-38.pyc&path=%2F%2Fusr%2Flib%2Fpython3.8%2Fsite-packages%2Fpip%2F_vendor%2Fhtml5lib%2Ffilters%2F__pycache__ HTTP/1.1" 200 1055 "-" "Mozilla/5.0 AppleWebKit/537.36 (KHTML, like Gecko; compatible; GPTBot/1.2; +https://openai.com/gptbot)"
20.171.207.85 - - [26/Apr/2025:10:58:58 -0400] "GET /about.php?path=%2F%2Flib%2Fmodules%2F4.18.0-553.lve.el8.x86_64%2Fkernel%2Fdrivers%2Fnet%2Fcan%2Fusb%2Fpeak_usb HTTP/1.1" 200 913 "-" "Mozilla/5.0 AppleWebKit/537.36 (KHTML, like Gecko; compatible; GPTBot/1.2; +https://openai.com/gptbot)"
20.171.207.36 - - [26/Apr/2025:10:58:58 -0400] "GET /about.php?action=edit&file=lint.cpython-38.pyc&path=%2F%2Fusr%2Flib%2Fpython3.8%2Fsite-packages%2Fpip%2F_vendor%2Fhtml5lib%2Ffilters%2F__pycache__ HTTP/1.1" 200 2184 "-" "Mozilla/5.0 AppleWebKit/537.36 (KHTML, like Gecko; compatible; GPTBot/1.2; +https://openai.com/gptbot)"
20.171.207.85 - - [26/Apr/2025:10:58:59 -0400] "GET /about.php?path=%2F%2Flib%2Fmodules%2F4.18.0-553.lve.el8.x86_64%2Fkernel%2Fdrivers%2Fmedia%2Fpci%2Fttpci HTTP/1.1" 200 984 "-" "Mozilla/5.0 AppleWebKit/537.36 (KHTML, like Gecko; compatible; GPTBot/1.2; +https://openai.com/gptbot)"
20.171.207.36 - - [26/Apr/2025:10:58:59 -0400] "GET /about.php?action=edit&file=sbcsgroupprober.cpython-38.opt-1.pyc&path=%2F%2Fusr%2Flib%2Fpython3.8%2Fsite-packages%2Fpip%2F_vendor%2Fchardet%2F__pycache__ HTTP/1.1" 200 1520 "-" "Mozilla/5.0 AppleWebKit/537.36 (KHTML, like Gecko; compatible; GPTBot/1.2; +https://openai.com/gptbot)"
20.171.207.85 - - [26/Apr/2025:10:59:00 -0400] "GET /about.php?path=%2F%2Flib%2Fmodules%2F4.18.0-553.lve.el8.x86_64%2Fkernel%2Fdrivers%2Fmedia%2Fpci%2Fivtv HTTP/1.1" 200 900 "-" "Mozilla/5.0 AppleWebKit/537.36 (KHTML, like Gecko; compatible; GPTBot/1.2; +https://openai.com/gptbot)"
20.171.207.36 - - [26/Apr/2025:10:59:00 -0400] "GET /about.php?action=edit&file=test_memory_leaks.cpython-36.opt-1.pyc&path=%2F%2Fusr%2Flib64%2Fpython3.6%2Fsite-packages%2Fpsutil%2Ftests%2F__pycache__ HTTP/1.1" 200 8217 "-" "Mozilla/5.0 AppleWebKit/537.36 (KHTML, like Gecko; compatible; GPTBot/1.2; +https://openai.com/gptbot)"
20.171.207.85 - - [26/Apr/2025:10:59:01 -0400] "GET /about.php?path=%2F%2Flib%2Fmodules%2F4.18.0-553.lve.el8.x86_64%2Fkernel%2Fdrivers%2Fmedia%2Fusb%2Ftm6000 HTTP/1.1" 200 919 "-" "Mozilla/5.0 AppleWebKit/537.36 (KHTML, like Gecko; compatible; GPTBot/1.2; +https://openai.com/gptbot)"
20.171.207.36 - - [26/Apr/2025:10:59:01 -0400] "GET /about.php?action=edit&file=sessions.cpython-36.opt-1.pyc&path=%2F%2Fusr%2Flib%2Fpython3.6%2Fsite-packages%2Fpip%2F_vendor%2Frequests%2F__pycache__ HTTP/1.1" 200 9079 "-" "Mozilla/5.0 AppleWebKit/537.36 (KHTML, like Gecko; compatible; GPTBot/1.2; +https://openai.com/gptbot)"
195.191.219.130 - - [26/Apr/2025:10:59:02 -0400] "GET /robots.txt HTTP/1.1" 304 0 "-" "Mozilla/5.0 (compatible; MJ12bot/v2.0.0; http://mj12bot.com/)"
20.171.207.85 - - [26/Apr/2025:10:59:02 -0400] "GET /about.php?path=%2F%2Flib%2Fmodules%2F4.18.0-553.lve.el8.x86_64%2Fkernel%2Fdrivers%2Fnet%2Fcan%2Fsja1000 HTTP/1.1" 200 901 "-" "Mozilla/5.0 AppleWebKit/537.36 (KHTML, like Gecko; compatible; GPTBot/1.2; +https://openai.com/gptbot)"
20.171.207.36 - - [26/Apr/2025:10:59:03 -0400] "GET /about.php?action=edit&file=format_control.cpython-38.opt-1.pyc&path=%2F%2Fusr%2Flib%2Fpython3.8%2Fsite-packages%2Fpip%2F_internal%2Fmodels%2F__pycache__ HTTP/1.1" 200 1956 "-" "Mozilla/5.0 AppleWebKit/537.36 (KHTML, like Gecko; compatible; GPTBot/1.2; +https://openai.com/gptbot)"
195.191.219.130 - - [26/Apr/2025:10:59:03 -0400] "GET /about.php?action=edit&file=.env&path=//var/softaculous/castopod HTTP/1.1" 200 1224 "-" "Mozilla/5.0 (compatible; MJ12bot/v2.0.0; http://mj12bot.com/)"
195.191.219.130 - - [26/Apr/2025:10:59:03 -0400] "GET /about.php?action=edit&file=help.nb.txt&path=//usr/share/gnupg HTTP/1.1" 200 3495 "-" "Mozilla/5.0 (compatible; MJ12bot/v2.0.0; http://mj12bot.com/)"
20.171.207.85 - - [26/Apr/2025:10:59:03 -0400] "GET /about.php?action=edit&file=dvb-usb-az6027.ko.xz&path=%2F%2Flib%2Fmodules%2F4.18.0-553.lve.el8.x86_64%2Fkernel%2Fdrivers%2Fmedia%2Fusb%2Fdvb-usb HTTP/1.1" 200 7867 "-" "Mozilla/5.0 AppleWebKit/537.36 (KHTML, like Gecko; compatible; GPTBot/1.2; +https://openai.com/gptbot)"
20.171.207.36 - - [26/Apr/2025:10:59:04 -0400] "GET /about.php?action=edit&file=wheel.cpython-38.opt-1.pyc&path=%2F%2Fusr%2Flib%2Fpython3.8%2Fsite-packages%2Fpip%2F_internal%2Fcommands%2F__pycache__ HTTP/1.1" 200 3175 "-" "Mozilla/5.0 AppleWebKit/537.36 (KHTML, like Gecko; compatible; GPTBot/1.2; +https://openai.com/gptbot)"
195.191.219.130 - - [26/Apr/2025:10:59:04 -0400] "GET /about.php?action=edit&file=log.pyc&path=//lib64/python2.7/hotshot HTTP/1.1" 200 3044 "-" "Mozilla/5.0 (compatible; MJ12bot/v2.0.0; http://mj12bot.com/)"
20.171.207.85 - - [26/Apr/2025:10:59:05 -0400] "GET /about.php?path=%2F%2Flib%2Fmodules%2F4.18.0-553.lve.el8.x86_64%2Fkernel%2Fdrivers%2Fplatform%2Fx86%2Fintel%2Fspeed_select_if HTTP/1.1" 200 968 "-" "Mozilla/5.0 AppleWebKit/537.36 (KHTML, like Gecko; compatible; GPTBot/1.2; +https://openai.com/gptbot)"
20.171.207.36 - - [26/Apr/2025:10:59:05 -0400] "GET /about.php?action=edit&file=virtualenv.cpython-38.opt-1.pyc&path=%2F%2Fusr%2Flib%2Fpython3.8%2Fsite-packages%2Fpip%2F_internal%2Futils%2F__pycache__ HTTP/1.1" 200 1144 "-" "Mozilla/5.0 AppleWebKit/537.36 (KHTML, like Gecko; compatible; GPTBot/1.2; +https://openai.com/gptbot)"
195.191.219.130 - - [26/Apr/2025:10:59:05 -0400] "GET /about.php?action=edit&file=mac_roman.py&path=//lib64/python2.7/encodings HTTP/1.1" 200 3638 "-" "Mozilla/5.0 (compatible; MJ12bot/v2.0.0; http://mj12bot.com/)"
20.171.207.85 - - [26/Apr/2025:10:59:06 -0400] "GET /about.php?path=%2F%2Flib%2Fmodules%2F4.18.0-553.lve.el8.x86_64%2Fkernel%2Fsound%2Ffirewire%2Ffireface HTTP/1.1" 200 871 "-" "Mozilla/5.0 AppleWebKit/537.36 (KHTML, like Gecko; compatible; GPTBot/1.2; +https://openai.com/gptbot)"
20.171.207.36 - - [26/Apr/2025:10:59:06 -0400] "GET /about.php?action=edit&file=__init__.cpython-36.opt-1.pyc&path=%2F%2Fusr%2Flib%2Fpython3.6%2Fsite-packages%2Fpip%2F_vendor%2Fcolorama%2F__pycache__ HTTP/1.1" 200 868 "-" "Mozilla/5.0 AppleWebKit/537.36 (KHTML, like Gecko; compatible; GPTBot/1.2; +https://openai.com/gptbot)"
195.191.219.130 - - [26/Apr/2025:10:59:06 -0400] "GET /about.php?action=edit&file=mailcap.py&path=//usr/lib64/python2.7 HTTP/1.1" 200 3372 "-" "Mozilla/5.0 (compatible; MJ12bot/v2.0.0; http://mj12bot.com/)"
20.171.207.85 - - [26/Apr/2025:10:59:07 -0400] "GET /about.php?path=%2F%2Flib%2Fmodules%2F4.18.0-553.lve.el8.x86_64%2Fkernel%2Farch%2Fx86%2Fevents HTTP/1.1" 200 903 "-" "Mozilla/5.0 AppleWebKit/537.36 (KHTML, like Gecko; compatible; GPTBot/1.2; +https://openai.com/gptbot)"
20.171.207.36 - - [26/Apr/2025:10:59:07 -0400] "GET /about.php?action=edit&file=mbcharsetprober.cpython-38.opt-1.pyc&path=%2F%2Fusr%2Flib%2Fpython3.8%2Fsite-packages%2Fpip%2F_vendor%2Fchardet%2F__pycache__ HTTP/1.1" 200 1876 "-" "Mozilla/5.0 AppleWebKit/537.36 (KHTML, like Gecko; compatible; GPTBot/1.2; +https://openai.com/gptbot)"
195.191.219.130 - - [26/Apr/2025:10:59:07 -0400] "GET /about.php?action=edit&file=max_inotify_instances&path=//proc/sys/user HTTP/1.1" 200 567 "-" "Mozilla/5.0 (compatible; MJ12bot/v2.0.0; http://mj12bot.com/)"
20.171.207.85 - - [26/Apr/2025:10:59:08 -0400] "GET /about.php?path=%2F%2Flib%2Fmodules%2F4.18.0-553.lve.el8.x86_64%2Fkernel%2Fdrivers%2Fnet%2Fwireless%2Fbroadcom%2Fbrcm80211 HTTP/1.1" 200 897 "-" "Mozilla/5.0 AppleWebKit/537.36 (KHTML, like Gecko; compatible; GPTBot/1.2; +https://openai.com/gptbot)"
20.171.207.36 - - [26/Apr/2025:10:59:08 -0400] "GET /about.php?action=edit&file=__init__.cpython-38.opt-1.pyc&path=%2F%2Fusr%2Flib%2Fpython3.8%2Fsite-packages%2Fpip%2F_vendor%2Fcolorama%2F__pycache__ HTTP/1.1" 200 882 "-" "Mozilla/5.0 AppleWebKit/537.36 (KHTML, like Gecko; compatible; GPTBot/1.2; +https://openai.com/gptbot)"
195.191.219.130 - - [26/Apr/2025:10:59:08 -0400] "GET /about.php?action=edit&file=max_resvport&path=//proc/sys/sunrpc HTTP/1.1" 200 560 "-" "Mozilla/5.0 (compatible; MJ12bot/v2.0.0; http://mj12bot.com/)"
20.171.207.85 - - [26/Apr/2025:10:59:09 -0400] "GET /about.php?path=%2F%2Flib%2Fmodules%2F4.18.0-553.lve.el8.x86_64%2Fkernel%2Fdrivers%2Fnet%2Fwireless%2Frealtek%2Frtlwifi%2Frtl8723com HTTP/1.1" 200 932 "-" "Mozilla/5.0 AppleWebKit/537.36 (KHTML, like Gecko; compatible; GPTBot/1.2; +https://openai.com/gptbot)"
195.191.219.130 - - [26/Apr/2025:10:59:09 -0400] "GET /about.php?action=edit&file=max_time_namespaces&path=//proc/sys/user HTTP/1.1" 200 565 "-" "Mozilla/5.0 (compatible; MJ12bot/v2.0.0; http://mj12bot.com/)"
20.171.207.36 - - [26/Apr/2025:10:59:10 -0400] "GET /about.php?action=edit&file=gb2312prober.cpython-36.opt-1.pyc&path=%2F%2Fusr%2Flib%2Fpython3.6%2Fsite-packages%2Fpip%2F_vendor%2Fchardet%2F__pycache__ HTTP/1.1" 200 1207 "-" "Mozilla/5.0 AppleWebKit/537.36 (KHTML, like Gecko; compatible; GPTBot/1.2; +https://openai.com/gptbot)"
20.171.207.85 - - [26/Apr/2025:10:59:10 -0400] "GET /about.php?path=%2F%2Flib%2Fmodules%2F4.18.0-553.lve.el8.x86_64%2Fkernel%2Fsamples%2Fvfio-mdev HTTP/1.1" 200 763 "-" "Mozilla/5.0 AppleWebKit/537.36 (KHTML, like Gecko; compatible; GPTBot/1.2; +https://openai.com/gptbot)"
195.191.219.130 - - [26/Apr/2025:10:59:10 -0400] "GET /about.php?action=edit&file=max_user_namespaces&path=//proc/sys/user HTTP/1.1" 200 562 "-" "Mozilla/5.0 (compatible; MJ12bot/v2.0.0; http://mj12bot.com/)"
20.171.207.36 - - [26/Apr/2025:10:59:11 -0400] "GET /about.php?action=edit&file=__init__.cpython-38.opt-1.pyc&path=%2F%2Fusr%2Flib%2Fpython3.8%2Fsite-packages%2Fpip%2F_vendor%2Frequests%2F__pycache__ HTTP/1.1" 200 2764 "-" "Mozilla/5.0 AppleWebKit/537.36 (KHTML, like Gecko; compatible; GPTBot/1.2; +https://openai.com/gptbot)"
195.191.219.130 - - [26/Apr/2025:10:59:11 -0400] "GET /about.php?action=edit&file=max_uts_namespaces&path=//proc/sys/user HTTP/1.1" 200 565 "-" "Mozilla/5.0 (compatible; MJ12bot/v2.0.0; http://mj12bot.com/)"
20.171.207.85 - - [26/Apr/2025:10:59:12 -0400] "GET /about.php?path=%2F%2Flib%2Fmodules%2F4.18.0-553.lve.el8.x86_64%2Fkernel%2Fdrivers%2Fisdn%2Fi4l HTTP/1.1" 200 888 "-" "Mozilla/5.0 AppleWebKit/537.36 (KHTML, like Gecko; compatible; GPTBot/1.2; +https://openai.com/gptbot)"
20.171.207.36 - - [26/Apr/2025:10:59:12 -0400] "GET /about.php?action=edit&file=status_codes.cpython-38.opt-1.pyc&path=%2F%2Fusr%2Flib%2Fpython3.8%2Fsite-packages%2Fpip%2F_vendor%2Frequests%2F__pycache__ HTTP/1.1" 200 2771 "-" "Mozilla/5.0 AppleWebKit/537.36 (KHTML, like Gecko; compatible; GPTBot/1.2; +https://openai.com/gptbot)"
20.171.207.85 - - [26/Apr/2025:10:59:13 -0400] "GET /about.php?path=%2F%2Flib%2Fmodules%2F4.18.0-553.lve.el8.x86_64%2Fkernel%2Fsound%2Fpci%2Fca0106 HTTP/1.1" 200 869 "-" "Mozilla/5.0 AppleWebKit/537.36 (KHTML, like Gecko; compatible; GPTBot/1.2; +https://openai.com/gptbot)"
195.191.219.130 - - [26/Apr/2025:10:59:13 -0400] "GET /about.php?action=edit&file=mbcs.py&path=//lib64/python2.7/encodings HTTP/1.1" 200 1083 "-" "Mozilla/5.0 (compatible; MJ12bot/v2.0.0; http://mj12bot.com/)"
20.171.207.36 - - [26/Apr/2025:10:59:13 -0400] "GET /about.php?action=edit&file=database.cpython-36.opt-1.pyc&path=%2F%2Fusr%2Flib%2Fpython3.6%2Fsite-packages%2Fpip%2F_vendor%2Fdistlib%2F__pycache__ HTTP/1.1" 200 17301 "-" "Mozilla/5.0 AppleWebKit/537.36 (KHTML, like Gecko; compatible; GPTBot/1.2; +https://openai.com/gptbot)"
195.191.219.130 - - [26/Apr/2025:10:59:13 -0400] "GET /about.php?action=edit&file=mbcs.py&path=//lib64/python3.6/encodings HTTP/1.1" 200 1083 "-" "Mozilla/5.0 (compatible; MJ12bot/v2.0.0; http://mj12bot.com/)"
20.171.207.85 - - [26/Apr/2025:10:59:14 -0400] "GET /about.php?path=%2F%2Flib%2Fmodules%2F4.18.0-553.lve.el8.x86_64%2Fkernel%2Fdrivers%2Fplatform%2Fx86%2Fintel%2Funcore-frequency HTTP/1.1" 200 935 "-" "Mozilla/5.0 AppleWebKit/537.36 (KHTML, like Gecko; compatible; GPTBot/1.2; +https://openai.com/gptbot)"
20.171.207.36 - - [26/Apr/2025:10:59:14 -0400] "GET /about.php?action=edit&file=git-checkout-index.1.gz&path=%2F%2Fusr%2Fshare%2Fman%2Fman1 HTTP/1.1" 200 3307 "-" "Mozilla/5.0 AppleWebKit/537.36 (KHTML, like Gecko; compatible; GPTBot/1.2; +https://openai.com/gptbot)"
195.191.219.130 - - [26/Apr/2025:10:59:14 -0400] "GET /about.php?action=edit&file=mbcs.pyo&path=//lib64/python2.7/encodings HTTP/1.1" 200 1412 "-" "Mozilla/5.0 (compatible; MJ12bot/v2.0.0; http://mj12bot.com/)"
20.171.207.85 - - [26/Apr/2025:10:59:15 -0400] "GET /about.php?path=%2F%2Flib%2Fmodules%2F4.18.0-553.lve.el8.x86_64%2Fkernel%2Fdrivers%2Fnet%2Fethernet%2Fqlogic HTTP/1.1" 200 931 "-" "Mozilla/5.0 AppleWebKit/537.36 (KHTML, like Gecko; compatible; GPTBot/1.2; +https://openai.com/gptbot)"
20.171.207.36 - - [26/Apr/2025:10:59:15 -0400] "GET /about.php?path=%2F%2Fusr%2Flocal%2Fshare%2Fperl5%2FPOD2%2FPT_BR%2Flocal HTTP/1.1" 200 838 "-" "Mozilla/5.0 AppleWebKit/537.36 (KHTML, like Gecko; compatible; GPTBot/1.2; +https://openai.com/gptbot)"
195.191.219.130 - - [26/Apr/2025:10:59:15 -0400] "GET /about.php?action=edit&file=mc-wrapper.sh&path=//usr/libexec/mc HTTP/1.1" 200 753 "-" "Mozilla/5.0 (compatible; MJ12bot/v2.0.0; http://mj12bot.com/)"
20.171.207.85 - - [26/Apr/2025:10:59:16 -0400] "GET /about.php?path=%2F%2Flib%2Fmodules%2F4.18.0-553.lve.el8.x86_64%2Fkernel%2Fdrivers%2Fnet%2Fethernet%2Fintel HTTP/1.1" 200 945 "-" "Mozilla/5.0 AppleWebKit/537.36 (KHTML, like Gecko; compatible; GPTBot/1.2; +https://openai.com/gptbot)"
20.171.207.36 - - [26/Apr/2025:10:59:16 -0400] "GET /about.php?path=%2F%2Fusr%2Flib%2Fmodules%2F4.18.0-553.lve.el8.x86_64%2Fkernel%2Fdrivers%2Fthermal%2Fintel%2Fint340x_thermal HTTP/1.1" 200 1081 "-" "Mozilla/5.0 AppleWebKit/537.36 (KHTML, like Gecko; compatible; GPTBot/1.2; +https://openai.com/gptbot)"
195.191.219.130 - - [26/Apr/2025:10:59:16 -0400] "GET /about.php?action=edit&file=mc.charsets&path=//usr/share/mc HTTP/1.1" 200 663 "-" "Mozilla/5.0 (compatible; MJ12bot/v2.0.0; http://mj12bot.com/)"
20.171.207.85 - - [26/Apr/2025:10:59:17 -0400] "GET /about.php?path=%2F%2Flib%2Fmodules%2F4.18.0-553.lve.el8.x86_64%2Fkernel%2Fdrivers%2Fnet%2Fwireless%2Frealtek%2Frtlwifi%2Frtl8192ee HTTP/1.1" 200 923 "-" "Mozilla/5.0 AppleWebKit/537.36 (KHTML, like Gecko; compatible; GPTBot/1.2; +https://openai.com/gptbot)"
195.191.219.130 - - [26/Apr/2025:10:59:17 -0400] "GET /about.php?action=edit&file=mc.csh&path=//usr/libexec/mc HTTP/1.1" 200 588 "-" "Mozilla/5.0 (compatible; MJ12bot/v2.0.0; http://mj12bot.com/)"
20.171.207.36 - - [26/Apr/2025:10:59:18 -0400] "GET /about.php?action=edit&file=url.cpython-38.opt-1.pyc&path=%2F%2Fusr%2Flib%2Fpython3.8%2Fsite-packages%2Fpip%2F_vendor%2Furllib3%2Futil%2F__pycache__ HTTP/1.1" 200 6647 "-" "Mozilla/5.0 AppleWebKit/537.36 (KHTML, like Gecko; compatible; GPTBot/1.2; +https://openai.com/gptbot)"
195.191.219.130 - - [26/Apr/2025:10:59:18 -0400] "GET /about.php?action=edit&file=mc.lib&path=//usr/share/mc HTTP/1.1" 200 1258 "-" "Mozilla/5.0 (compatible; MJ12bot/v2.0.0; http://mj12bot.com/)"
20.171.207.85 - - [26/Apr/2025:10:59:19 -0400] "GET /about.php?path=%2F%2Flib%2Fmodules%2F4.18.0-553.lve.el8.x86_64%2Fkernel%2Farch%2Fx86%2Fevents%2Famd HTTP/1.1" 200 889 "-" "Mozilla/5.0 AppleWebKit/537.36 (KHTML, like Gecko; compatible; GPTBot/1.2; +https://openai.com/gptbot)"
20.171.207.36 - - [26/Apr/2025:10:59:19 -0400] "GET /about.php?path=%2F%2Fusr%2Fshare%2Fvim%2Fvim80%2Flang%2Fde HTTP/1.1" 200 803 "-" "Mozilla/5.0 AppleWebKit/537.36 (KHTML, like Gecko; compatible; GPTBot/1.2; +https://openai.com/gptbot)"
195.191.219.130 - - [26/Apr/2025:10:59:19 -0400] "GET /about.php?action=edit&file=mc.sh&path=//usr/libexec/mc HTTP/1.1" 200 658 "-" "Mozilla/5.0 (compatible; MJ12bot/v2.0.0; http://mj12bot.com/)"
20.171.207.85 - - [26/Apr/2025:10:59:20 -0400] "GET /about.php?path=%2F%2Flib%2Fmodules%2F4.18.0-553.lve.el8.x86_64%2Fkernel%2Farch%2Fx86%2Fevents%2Fintel HTTP/1.1" 200 909 "-" "Mozilla/5.0 AppleWebKit/537.36 (KHTML, like Gecko; compatible; GPTBot/1.2; +https://openai.com/gptbot)"
20.171.207.36 - - [26/Apr/2025:10:59:20 -0400] "GET /about.php?path=%2F%2Fusr%2Fshare%2Fvim%2Fvim80%2Flang%2Fca HTTP/1.1" 200 803 "-" "Mozilla/5.0 AppleWebKit/537.36 (KHTML, like Gecko; compatible; GPTBot/1.2; +https://openai.com/gptbot)"
195.191.219.130 - - [26/Apr/2025:10:59:20 -0400] "GET /about.php?action=edit&file=mce.h&path=//usr/include/asm HTTP/1.1" 200 1346 "-" "Mozilla/5.0 (compatible; MJ12bot/v2.0.0; http://mj12bot.com/)"
20.171.207.85 - - [26/Apr/2025:10:59:21 -0400] "GET /about.php?path=%2F%2Flib%2Fmodules%2F4.18.0-553.lve.el8.x86_64%2Fkernel%2Fdrivers%2Fnet%2Fwireless%2Frealtek%2Frtlwifi%2Frtl8723ae HTTP/1.1" 200 922 "-" "Mozilla/5.0 AppleWebKit/537.36 (KHTML, like Gecko; compatible; GPTBot/1.2; +https://openai.com/gptbot)"
20.171.207.36 - - [26/Apr/2025:10:59:21 -0400] "GET /about.php?path=%2F%2Fusr%2Fshare%2Fvim%2Fvim80%2Flang%2Faf HTTP/1.1" 200 803 "-" "Mozilla/5.0 AppleWebKit/537.36 (KHTML, like Gecko; compatible; GPTBot/1.2; +https://openai.com/gptbot)"
195.191.219.130 - - [26/Apr/2025:10:59:21 -0400] "GET /about.php?action=edit&file=mcfilter&path=//proc/self/net HTTP/1.1" 200 479 "-" "Mozilla/5.0 (compatible; MJ12bot/v2.0.0; http://mj12bot.com/)"
20.171.207.85 - - [26/Apr/2025:10:59:22 -0400] "GET /about.php?path=%2F%2Flib%2Fmodules%2F4.18.0-553.lve.el8.x86_64%2Fkernel%2Fdrivers%2Fnet%2Fwireless%2Frealtek%2Frtlwifi%2Frtl8192se HTTP/1.1" 200 922 "-" "Mozilla/5.0 AppleWebKit/537.36 (KHTML, like Gecko; compatible; GPTBot/1.2; +https://openai.com/gptbot)"
20.171.207.36 - - [26/Apr/2025:10:59:22 -0400] "GET /about.php?path=%2F%2Fusr%2Fshare%2Fvim%2Fvim80%2Flang%2Ffr HTTP/1.1" 200 802 "-" "Mozilla/5.0 AppleWebKit/537.36 (KHTML, like Gecko; compatible; GPTBot/1.2; +https://openai.com/gptbot)"
195.191.219.130 - - [26/Apr/2025:10:59:23 -0400] "GET /about.php?action=edit&file=mcfilter&path=//proc/thread-self/net HTTP/1.1" 200 580 "-" "Mozilla/5.0 (compatible; MJ12bot/v2.0.0; http://mj12bot.com/)"
20.171.207.85 - - [26/Apr/2025:10:59:23 -0400] "GET /about.php?action=edit&file=isdn.ko.xz&path=%2F%2Flib%2Fmodules%2F4.18.0-553.lve.el8.x86_64%2Fkernel%2Fdrivers%2Fisdn%2Fi4l HTTP/1.1" 200 67963 "-" "Mozilla/5.0 AppleWebKit/537.36 (KHTML, like Gecko; compatible; GPTBot/1.2; +https://openai.com/gptbot)"
20.171.207.36 - - [26/Apr/2025:10:59:23 -0400] "GET /about.php?path=%2F%2Fusr%2Fshare%2Fvim%2Fvim80%2Flang%2Fsk HTTP/1.1" 200 804 "-" "Mozilla/5.0 AppleWebKit/537.36 (KHTML, like Gecko; compatible; GPTBot/1.2; +https://openai.com/gptbot)"
195.191.219.130 - - [26/Apr/2025:10:59:23 -0400] "GET /about.php?action=edit&file=mcfilter6&path=//proc/self/net HTTP/1.1" 200 479 "-" "Mozilla/5.0 (compatible; MJ12bot/v2.0.0; http://mj12bot.com/)"
20.171.207.85 - - [26/Apr/2025:10:59:24 -0400] "GET /about.php?path=%2F%2Flib%2Fmodules%2F4.18.0-553.lve.el8.x86_64%2Fkernel%2Fdrivers%2Fnet%2Fwireless%2Frealtek%2Frtlwifi%2Frtl8192cu HTTP/1.1" 200 923 "-" "Mozilla/5.0 AppleWebKit/537.36 (KHTML, like Gecko; compatible; GPTBot/1.2; +https://openai.com/gptbot)"
195.191.219.130 - - [26/Apr/2025:10:59:24 -0400] "GET /about.php?action=edit&file=mcfilter6&path=//proc/thread-self/net HTTP/1.1" 200 591 "-" "Mozilla/5.0 (compatible; MJ12bot/v2.0.0; http://mj12bot.com/)"
20.171.207.36 - - [26/Apr/2025:10:59:24 -0400] "GET /about.php?path=%2F%2Fusr%2Fshare%2Fvim%2Fvim80%2Flang%2Fja HTTP/1.1" 200 805 "-" "Mozilla/5.0 AppleWebKit/537.36 (KHTML, like Gecko; compatible; GPTBot/1.2; +https://openai.com/gptbot)"
195.191.219.130 - - [26/Apr/2025:10:59:25 -0400] "GET /about.php?action=edit&file=mcode.bin&path=//lib/firmware/advansys HTTP/1.1" 200 2169 "-" "Mozilla/5.0 (compatible; MJ12bot/v2.0.0; http://mj12bot.com/)"
20.171.207.85 - - [26/Apr/2025:10:59:25 -0400] "GET /about.php?path=%2F%2Flib%2Fmodules%2F4.18.0-553.lve.el8.x86_64%2Fkernel%2Fdrivers%2Fnet%2Fwireless%2Frealtek%2Frtlwifi%2Frtl8192de HTTP/1.1" 200 923 "-" "Mozilla/5.0 AppleWebKit/537.36 (KHTML, like Gecko; compatible; GPTBot/1.2; +https://openai.com/gptbot)"
20.171.207.36 - - [26/Apr/2025:10:59:26 -0400] "GET /about.php?path=%2F%2Fusr%2Fshare%2Fvim%2Fvim80%2Flang%2Fcs HTTP/1.1" 200 802 "-" "Mozilla/5.0 AppleWebKit/537.36 (KHTML, like Gecko; compatible; GPTBot/1.2; +https://openai.com/gptbot)"
195.191.219.130 - - [26/Apr/2025:10:59:26 -0400] "GET /about.php?action=edit&file=md2.h&path=//usr/include/openssl HTTP/1.1" 200 1072 "-" "Mozilla/5.0 (compatible; MJ12bot/v2.0.0; http://mj12bot.com/)"
20.171.207.85 - - [26/Apr/2025:10:59:27 -0400] "GET /about.php?path=%2F%2Flib%2Fmodules%2F4.18.0-553.lve.el8.x86_64%2Fkernel%2Fdrivers%2Fnet%2Fwireless%2Frealtek%2Frtlwifi%2Frtl8821ae HTTP/1.1" 200 922 "-" "Mozilla/5.0 AppleWebKit/537.36 (KHTML, like Gecko; compatible; GPTBot/1.2; +https://openai.com/gptbot)"
20.171.207.36 - - [26/Apr/2025:10:59:27 -0400] "GET /about.php?path=%2F%2Fusr%2Fshare%2Fvim%2Fvim80%2Flang%2Fuk HTTP/1.1" 200 804 "-" "Mozilla/5.0 AppleWebKit/537.36 (KHTML, like Gecko; compatible; GPTBot/1.2; +https://openai.com/gptbot)"
195.191.219.130 - - [26/Apr/2025:10:59:27 -0400] "GET /about.php?action=edit&file=md4.h&path=//usr/include/openssl HTTP/1.1" 200 1144 "-" "Mozilla/5.0 (compatible; MJ12bot/v2.0.0; http://mj12bot.com/)"
20.171.207.85 - - [26/Apr/2025:10:59:28 -0400] "GET /about.php?path=%2F%2Flib%2Fmodules%2F4.18.0-553.lve.el8.x86_64%2Fkernel%2Fdrivers%2Fnet%2Fwireless%2Frealtek%2Frtlwifi%2Frtl8192ce HTTP/1.1" 200 922 "-" "Mozilla/5.0 AppleWebKit/537.36 (KHTML, like Gecko; compatible; GPTBot/1.2; +https://openai.com/gptbot)"
20.171.207.36 - - [26/Apr/2025:10:59:28 -0400] "GET /about.php?path=%2F%2Fusr%2Fshare%2Fvim%2Fvim80%2Flang%2Fko HTTP/1.1" 200 805 "-" "Mozilla/5.0 AppleWebKit/537.36 (KHTML, like Gecko; compatible; GPTBot/1.2; +https://openai.com/gptbot)"
195.191.219.130 - - [26/Apr/2025:10:59:28 -0400] "GET /about.php?action=edit&file=md5&path=//var/softaculous/4images HTTP/1.1" 200 1094 "-" "Mozilla/5.0 (compatible; MJ12bot/v2.0.0; http://mj12bot.com/)"
20.171.207.85 - - [26/Apr/2025:10:59:29 -0400] "GET /about.php?path=%2F%2Flib%2Fmodules%2F4.18.0-553.lve.el8.x86_64%2Fkernel%2Fdrivers%2Fnet%2Fwireless%2Frealtek%2Frtlwifi%2Frtl8723be HTTP/1.1" 200 922 "-" "Mozilla/5.0 AppleWebKit/537.36 (KHTML, like Gecko; compatible; GPTBot/1.2; +https://openai.com/gptbot)"
20.171.207.36 - - [26/Apr/2025:10:59:29 -0400] "GET /about.php?path=%2F%2Fusr%2Fshare%2Fvim%2Fvim80%2Flang%2Ffi HTTP/1.1" 200 803 "-" "Mozilla/5.0 AppleWebKit/537.36 (KHTML, like Gecko; compatible; GPTBot/1.2; +https://openai.com/gptbot)"
195.191.219.130 - - [26/Apr/2025:10:59:29 -0400] "GET /about.php?action=edit&file=md5&path=//var/softaculous/abante HTTP/1.1" 200 1098 "-" "Mozilla/5.0 (compatible; MJ12bot/v2.0.0; http://mj12bot.com/)"
20.171.207.85 - - [26/Apr/2025:10:59:30 -0400] "GET /about.php?path=%2F%2Flib%2Fmodules%2F4.18.0-553.lve.el8.x86_64%2Fkernel%2Fdrivers%2Fnet%2Fwireless%2Frealtek%2Frtlwifi%2Frtl8188ee HTTP/1.1" 200 924 "-" "Mozilla/5.0 AppleWebKit/537.36 (KHTML, like Gecko; compatible; GPTBot/1.2; +https://openai.com/gptbot)"
20.171.207.36 - - [26/Apr/2025:10:59:30 -0400] "GET /about.php?path=%2F%2Fusr%2Flib%2Fpython3.6%2Fsite-packages%2Fpkg_resources%2Fextern HTTP/1.1" 200 870 "-" "Mozilla/5.0 AppleWebKit/537.36 (KHTML, like Gecko; compatible; GPTBot/1.2; +https://openai.com/gptbot)"
195.191.219.130 - - [26/Apr/2025:10:59:30 -0400] "GET /about.php?action=edit&file=md5&path=//var/softaculous/admidio HTTP/1.1" 200 1880 "-" "Mozilla/5.0 (compatible; MJ12bot/v2.0.0; http://mj12bot.com/)"
20.171.207.85 - - [26/Apr/2025:10:59:31 -0400] "GET /about.php?path=%2F%2Flib%2Fmodules%2F4.18.0-553.lve.el8.x86_64%2Fkernel%2Fdrivers%2Fnet%2Fethernet%2Fmicrosoft HTTP/1.1" 200 861 "-" "Mozilla/5.0 AppleWebKit/537.36 (KHTML, like Gecko; compatible; GPTBot/1.2; +https://openai.com/gptbot)"
20.171.207.36 - - [26/Apr/2025:10:59:31 -0400] "GET /about.php?path=%2F%2Fusr%2Flib%2Fpython3.8%2Fsite-packages%2Fpkg_resources%2Fextern HTTP/1.1" 200 870 "-" "Mozilla/5.0 AppleWebKit/537.36 (KHTML, like Gecko; compatible; GPTBot/1.2; +https://openai.com/gptbot)"
195.191.219.130 - - [26/Apr/2025:10:59:31 -0400] "GET /about.php?action=edit&file=md5&path=//var/softaculous/adminer HTTP/1.1" 200 1825 "-" "Mozilla/5.0 (compatible; MJ12bot/v2.0.0; http://mj12bot.com/)"
195.191.219.130 - - [26/Apr/2025:10:59:32 -0400] "GET /about.php?action=edit&file=md5&path=//var/softaculous/advpoll HTTP/1.1" 200 2767 "-" "Mozilla/5.0 (compatible; MJ12bot/v2.0.0; http://mj12bot.com/)"
20.171.207.85 - - [26/Apr/2025:10:59:32 -0400] "GET /about.php?path=%2F%2Flib%2Fmodules%2F4.18.0-553.lve.el8.x86_64%2Fkernel%2Fsound%2Fusb%2F6fire HTTP/1.1" 200 872 "-" "Mozilla/5.0 AppleWebKit/537.36 (KHTML, like Gecko; compatible; GPTBot/1.2; +https://openai.com/gptbot)"
20.171.207.36 - - [26/Apr/2025:10:59:32 -0400] "GET /about.php?path=%2F%2Fusr%2Flib%2Fpython3.6%2Fsite-packages%2Fpyudev%2F_os HTTP/1.1" 200 889 "-" "Mozilla/5.0 AppleWebKit/537.36 (KHTML, like Gecko; compatible; GPTBot/1.2; +https://openai.com/gptbot)"
20.171.207.85 - - [26/Apr/2025:10:59:34 -0400] "GET /about.php?path=%2F%2Flib%2Fmodules%2F4.18.0-553.lve.el8.x86_64%2Fkernel%2Farch%2Fx86%2Fcrypto HTTP/1.1" 200 1172 "-" "Mozilla/5.0 AppleWebKit/537.36 (KHTML, like Gecko; compatible; GPTBot/1.2; +https://openai.com/gptbot)"
20.171.207.36 - - [26/Apr/2025:10:59:34 -0400] "GET /about.php?path=%2F%2Fusr%2Fshare%2Fvim%2Fvim80%2Flang%2Fde%2FLC_MESSAGES HTTP/1.1" 200 849 "-" "Mozilla/5.0 AppleWebKit/537.36 (KHTML, like Gecko; compatible; GPTBot/1.2; +https://openai.com/gptbot)"
195.191.219.130 - - [26/Apr/2025:10:59:34 -0400] "GET /about.php?action=edit&file=md5&path=//var/softaculous/aef HTTP/1.1" 200 14710 "-" "Mozilla/5.0 (compatible; MJ12bot/v2.0.0; http://mj12bot.com/)"
195.191.219.130 - - [26/Apr/2025:10:59:34 -0400] "GET /about.php?action=edit&file=md5&path=//var/softaculous/agora HTTP/1.1" 200 1378 "-" "Mozilla/5.0 (compatible; MJ12bot/v2.0.0; http://mj12bot.com/)"
20.171.207.85 - - [26/Apr/2025:10:59:35 -0400] "GET /about.php?path=%2F%2Flib%2Fmodules%2F4.18.0-553.lve.el8.x86_64%2Fkernel%2Fsound%2Fpci%2Fac97 HTTP/1.1" 200 875 "-" "Mozilla/5.0 AppleWebKit/537.36 (KHTML, like Gecko; compatible; GPTBot/1.2; +https://openai.com/gptbot)"
20.171.207.36 - - [26/Apr/2025:10:59:35 -0400] "GET /about.php?path=%2F%2Fusr%2Fshare%2Fvim%2Fvim80%2Flang%2Faf%2FLC_MESSAGES HTTP/1.1" 200 847 "-" "Mozilla/5.0 AppleWebKit/537.36 (KHTML, like Gecko; compatible; GPTBot/1.2; +https://openai.com/gptbot)"
195.191.219.130 - - [26/Apr/2025:10:59:35 -0400] "GET /about.php?action=edit&file=md5&path=//var/softaculous/ajaxchat HTTP/1.1" 200 2267 "-" "Mozilla/5.0 (compatible; MJ12bot/v2.0.0; http://mj12bot.com/)"
20.171.207.85 - - [26/Apr/2025:10:59:36 -0400] "GET /about.php?path=%2F%2Flib%2Fmodules%2F4.18.0-553.lve.el8.x86_64%2Fkernel%2Farch%2Fx86%2Fkvm HTTP/1.1" 200 908 "-" "Mozilla/5.0 AppleWebKit/537.36 (KHTML, like Gecko; compatible; GPTBot/1.2; +https://openai.com/gptbot)"
20.171.207.36 - - [26/Apr/2025:10:59:36 -0400] "GET /about.php?path=%2F%2Fusr%2Fshare%2Fvim%2Fvim80%2Flang%2Fsk%2FLC_MESSAGES HTTP/1.1" 200 849 "-" "Mozilla/5.0 AppleWebKit/537.36 (KHTML, like Gecko; compatible; GPTBot/1.2; +https://openai.com/gptbot)"
195.191.219.130 - - [26/Apr/2025:10:59:36 -0400] "GET /about.php?action=edit&file=md5&path=//var/softaculous/akaunting HTTP/1.1" 200 1141 "-" "Mozilla/5.0 (compatible; MJ12bot/v2.0.0; http://mj12bot.com/)"
