20.171.207.36 - - [26/Apr/2025:11:43:01 -0400] "GET /about.php?path=%2F%2Fvar%2Fsoftaculous%2Fflarum%2Fphp82 HTTP/1.1" 200 856 "-" "Mozilla/5.0 AppleWebKit/537.36 (KHTML, like Gecko; compatible; GPTBot/1.2; +https://openai.com/gptbot)"
20.171.207.85 - - [26/Apr/2025:11:43:01 -0400] "GET /about.php?path=%2F%2Flib%2Fmodules%2F4.18.0-553.lve.el8.x86_64%2Fkernel%2Fsound%2Fpci%2Fvx222 HTTP/1.1" 200 869 "-" "Mozilla/5.0 AppleWebKit/537.36 (KHTML, like Gecko; compatible; GPTBot/1.2; +https://openai.com/gptbot)"
2a02:2b88:2:1::f9e:1 - - [26/Apr/2025:11:43:01 -0400] "GET /about.php?action=edit&file=ntpath.cpython-36.opt-1.pyc&path=//lib64/python3.6/__pycache__ HTTP/1.1" 200 7419 "-" "Mozilla/5.0 (compatible; MJ12bot/v1.4.8; http://mj12bot.com/)"
20.171.207.36 - - [26/Apr/2025:11:43:02 -0400] "GET /about.php?path=%2F%2Fvar%2Fsoftaculous%2Fhumhub%2Fphp71 HTTP/1.1" 200 869 "-" "Mozilla/5.0 AppleWebKit/537.36 (KHTML, like Gecko; compatible; GPTBot/1.2; +https://openai.com/gptbot)"
52.15.122.33 - - [26/Apr/2025:11:43:02 -0400] "GET /about.php?action=edit&file=sitemap.xml&path=%2Fhome%2Fjuralptl%2Fpvjtogel.sbs HTTP/1.1" 200 932 "-" "Mozilla/5.0 AppleWebKit/537.36 (KHTML, like Gecko; compatible; ClaudeBot/1.0; +claudebot@anthropic.com)"
20.171.207.85 - - [26/Apr/2025:11:43:02 -0400] "GET /about.php?path=%2F%2Fusr%2Flib64%2Fperl5%2Fvendor_perl%2Fauto%2FParams%2FUtil HTTP/1.1" 200 845 "-" "Mozilla/5.0 AppleWebKit/537.36 (KHTML, like Gecko; compatible; GPTBot/1.2; +https://openai.com/gptbot)"
52.15.122.33 - - [26/Apr/2025:11:43:02 -0400] "GET /about.php?action=edit&file=app-release.apk&path=%2Fhome%2Fjuralptl%2Fpvjtogel.sbs HTTP/1.1" 200 1798034 "-" "Mozilla/5.0 AppleWebKit/537.36 (KHTML, like Gecko; compatible; ClaudeBot/1.0; +claudebot@anthropic.com)"
52.15.122.33 - - [26/Apr/2025:11:43:02 -0400] "GET /about.php?action=edit&file=assets.zip&path=%2Fhome%2Fjuralptl%2Fpvjtogel.sbs HTTP/1.1" 200 7355622 "-" "Mozilla/5.0 AppleWebKit/537.36 (KHTML, like Gecko; compatible; ClaudeBot/1.0; +claudebot@anthropic.com)"
20.171.207.36 - - [26/Apr/2025:11:43:03 -0400] "GET /about.php?path=%2F%2Fvar%2Fsoftaculous%2Fhumhub%2Fphp53 HTTP/1.1" 200 871 "-" "Mozilla/5.0 AppleWebKit/537.36 (KHTML, like Gecko; compatible; GPTBot/1.2; +https://openai.com/gptbot)"
20.171.207.85 - - [26/Apr/2025:11:43:03 -0400] "GET /about.php?path=%2F%2Fusr%2Flib64%2Fpython3.6%2Fsite-packages%2Fpsutil%2Ftests HTTP/1.1" 200 1102 "-" "Mozilla/5.0 AppleWebKit/537.36 (KHTML, like Gecko; compatible; GPTBot/1.2; +https://openai.com/gptbot)"
20.171.207.36 - - [26/Apr/2025:11:43:04 -0400] "GET /about.php?path=%2F%2Fvar%2Fsoftaculous%2Fmahara%2Fphp81 HTTP/1.1" 200 860 "-" "Mozilla/5.0 AppleWebKit/537.36 (KHTML, like Gecko; compatible; GPTBot/1.2; +https://openai.com/gptbot)"
2a02:2b88:2:1::f9e:1 - - [26/Apr/2025:11:43:04 -0400] "GET /about.php?action=edit&file=ntpath.cpython-36.opt-2.pyc&path=//lib64/python3.6/__pycache__ HTTP/1.1" 200 6249 "-" "Mozilla/5.0 (compatible; MJ12bot/v1.4.8; http://mj12bot.com/)"
20.171.207.85 - - [26/Apr/2025:11:43:05 -0400] "GET /about.php?path=%2F%2Fusr%2Flib%2Ffirmware%2Fmediatek%2Fsof-tplg HTTP/1.1" 200 863 "-" "Mozilla/5.0 AppleWebKit/537.36 (KHTML, like Gecko; compatible; GPTBot/1.2; +https://openai.com/gptbot)"
20.171.207.36 - - [26/Apr/2025:11:43:05 -0400] "GET /about.php?path=%2F%2Fvar%2Fsoftaculous%2Fcollab%2Fphp71 HTTP/1.1" 200 853 "-" "Mozilla/5.0 AppleWebKit/537.36 (KHTML, like Gecko; compatible; GPTBot/1.2; +https://openai.com/gptbot)"
20.171.207.85 - - [26/Apr/2025:11:43:06 -0400] "GET /about.php?path=%2F%2Fusr%2Fshare%2Fperl5%2Fvendor_perl%2FTAP%2FParser%2FIterator HTTP/1.1" 200 892 "-" "Mozilla/5.0 AppleWebKit/537.36 (KHTML, like Gecko; compatible; GPTBot/1.2; +https://openai.com/gptbot)"
20.171.207.36 - - [26/Apr/2025:11:43:06 -0400] "GET /about.php?path=%2F%2Fvar%2Fsoftaculous%2Fcollab%2Fphp56 HTTP/1.1" 200 856 "-" "Mozilla/5.0 AppleWebKit/537.36 (KHTML, like Gecko; compatible; GPTBot/1.2; +https://openai.com/gptbot)"
2a02:2b88:2:1::f9e:1 - - [26/Apr/2025:11:43:07 -0400] "GET /about.php?action=edit&file=ntpath.cpython-36.pyc&path=//lib64/python3.6/__pycache__ HTTP/1.1" 200 7410 "-" "Mozilla/5.0 (compatible; MJ12bot/v1.4.8; http://mj12bot.com/)"
20.171.207.85 - - [26/Apr/2025:11:43:07 -0400] "GET /about.php?path=%2F%2Fusr%2Flib%2Fpython3.6%2Fsite-packages%2Fpip%2Futils HTTP/1.1" 200 1054 "-" "Mozilla/5.0 AppleWebKit/537.36 (KHTML, like Gecko; compatible; GPTBot/1.2; +https://openai.com/gptbot)"
20.171.207.36 - - [26/Apr/2025:11:43:08 -0400] "GET /about.php?path=%2F%2Fvar%2Fsoftaculous%2Fmahara%2Fphp82 HTTP/1.1" 200 859 "-" "Mozilla/5.0 AppleWebKit/537.36 (KHTML, like Gecko; compatible; GPTBot/1.2; +https://openai.com/gptbot)"
20.171.207.85 - - [26/Apr/2025:11:43:08 -0400] "GET /about.php?action=edit&file=typec_displayport.ko.xz&path=%2F%2Flib%2Fmodules%2F4.18.0-553.lve.el8.x86_64%2Fkernel%2Fdrivers%2Fusb%2Ftypec%2Faltmodes HTTP/1.1" 200 6449 "-" "Mozilla/5.0 AppleWebKit/537.36 (KHTML, like Gecko; compatible; GPTBot/1.2; +https://openai.com/gptbot)"
20.171.207.36 - - [26/Apr/2025:11:43:09 -0400] "GET /about.php?path=%2F%2Fvar%2Fsoftaculous%2Fmahara%2Fphp56 HTTP/1.1" 200 861 "-" "Mozilla/5.0 AppleWebKit/537.36 (KHTML, like Gecko; compatible; GPTBot/1.2; +https://openai.com/gptbot)"
20.171.207.85 - - [26/Apr/2025:11:43:09 -0400] "GET /about.php?path=%2F%2Fusr%2Flocal%2Flib64%2Fperl5%2Fauto%2FLWP%2FProtocol%2Fhttps HTTP/1.1" 200 861 "-" "Mozilla/5.0 AppleWebKit/537.36 (KHTML, like Gecko; compatible; GPTBot/1.2; +https://openai.com/gptbot)"
2a02:2b88:2:1::f9e:1 - - [26/Apr/2025:11:43:09 -0400] "GET /about.php?action=edit&file=ntpath.cpython-38.opt-1.pyc&path=//lib64/python3.8/__pycache__ HTTP/1.1" 200 7887 "-" "Mozilla/5.0 (compatible; MJ12bot/v1.4.8; http://mj12bot.com/)"
20.171.207.36 - - [26/Apr/2025:11:43:10 -0400] "GET /about.php?path=%2F%2Fvar%2Fsoftaculous%2Fhumhub%2Fphp56 HTTP/1.1" 200 873 "-" "Mozilla/5.0 AppleWebKit/537.36 (KHTML, like Gecko; compatible; GPTBot/1.2; +https://openai.com/gptbot)"
20.171.207.85 - - [26/Apr/2025:11:43:10 -0400] "GET /about.php?action=edit&file=gs_type1.ps&path=%2F%2Fusr%2Fshare%2Fghostscript%2FResource%2FInit HTTP/1.1" 200 4685 "-" "Mozilla/5.0 AppleWebKit/537.36 (KHTML, like Gecko; compatible; GPTBot/1.2; +https://openai.com/gptbot)"
20.171.207.36 - - [26/Apr/2025:11:43:11 -0400] "GET /about.php?path=%2F%2Fvar%2Fsoftaculous%2Fluxcal%2Fphp82 HTTP/1.1" 200 858 "-" "Mozilla/5.0 AppleWebKit/537.36 (KHTML, like Gecko; compatible; GPTBot/1.2; +https://openai.com/gptbot)"
20.171.207.85 - - [26/Apr/2025:11:43:12 -0400] "GET /about.php?path=%2F%2Fusr%2Fshare%2Fcrypto-policies%2Fpolicies HTTP/1.1" 200 883 "-" "Mozilla/5.0 AppleWebKit/537.36 (KHTML, like Gecko; compatible; GPTBot/1.2; +https://openai.com/gptbot)"
2a02:2b88:2:1::f9e:1 - - [26/Apr/2025:11:43:12 -0400] "GET /about.php?action=edit&file=ntpath.cpython-38.opt-2.pyc&path=//lib64/python3.8/__pycache__ HTTP/1.1" 200 6855 "-" "Mozilla/5.0 (compatible; MJ12bot/v1.4.8; http://mj12bot.com/)"
20.171.207.36 - - [26/Apr/2025:11:43:12 -0400] "GET /about.php?path=%2F%2Fvar%2Fsoftaculous%2Fatutor%2Fphp81 HTTP/1.1" 200 853 "-" "Mozilla/5.0 AppleWebKit/537.36 (KHTML, like Gecko; compatible; GPTBot/1.2; +https://openai.com/gptbot)"
20.171.207.85 - - [26/Apr/2025:11:43:13 -0400] "GET /about.php?path=%2F%2Fusr%2Flib64%2Flibpoco-plesk-1.9.0 HTTP/1.1" 200 887 "-" "Mozilla/5.0 AppleWebKit/537.36 (KHTML, like Gecko; compatible; GPTBot/1.2; +https://openai.com/gptbot)"
20.171.207.36 - - [26/Apr/2025:11:43:13 -0400] "GET /about.php?action=edit&file=update_pass.php&path=%2F%2Fvar%2Fsoftaculous%2Fwacart HTTP/1.1" 200 876 "-" "Mozilla/5.0 AppleWebKit/537.36 (KHTML, like Gecko; compatible; GPTBot/1.2; +https://openai.com/gptbot)"
20.171.207.85 - - [26/Apr/2025:11:43:14 -0400] "GET /about.php?path=%2F%2Flib%2Fmodules%2F4.18.0-553.lve.el8.x86_64%2Fkernel%2Fdrivers%2Fnet%2Fethernet%2Fmellanox%2Fmlx5 HTTP/1.1" 200 878 "-" "Mozilla/5.0 AppleWebKit/537.36 (KHTML, like Gecko; compatible; GPTBot/1.2; +https://openai.com/gptbot)"
2a02:2b88:2:1::f9e:1 - - [26/Apr/2025:11:43:14 -0400] "GET /about.php?action=edit&file=ntpath.cpython-38.pyc&path=//lib64/python3.8/__pycache__ HTTP/1.1" 200 7869 "-" "Mozilla/5.0 (compatible; MJ12bot/v1.4.8; http://mj12bot.com/)"
20.171.207.36 - - [26/Apr/2025:11:43:15 -0400] "GET /about.php?path=%2F%2Fvar%2Fsoftaculous%2Fwacart%2Fphp82 HTTP/1.1" 200 856 "-" "Mozilla/5.0 AppleWebKit/537.36 (KHTML, like Gecko; compatible; GPTBot/1.2; +https://openai.com/gptbot)"
20.171.207.85 - - [26/Apr/2025:11:43:15 -0400] "GET /about.php?path=%2F%2Fusr%2Flib64%2Fpython3.6%2Fsite-packages%2Fpsutil%2Ftests%2F__pycache__ HTTP/1.1" 200 1278 "-" "Mozilla/5.0 AppleWebKit/537.36 (KHTML, like Gecko; compatible; GPTBot/1.2; +https://openai.com/gptbot)"
20.171.207.36 - - [26/Apr/2025:11:43:16 -0400] "GET /about.php?path=%2F%2Fvar%2Fsoftaculous%2Fatutor%2Fphp56 HTTP/1.1" 200 858 "-" "Mozilla/5.0 AppleWebKit/537.36 (KHTML, like Gecko; compatible; GPTBot/1.2; +https://openai.com/gptbot)"
20.171.207.85 - - [26/Apr/2025:11:43:16 -0400] "GET /about.php?path=%2F%2Flib%2Fmodules%2F4.18.0-553.lve.el8.x86_64%2Fkernel%2Fdrivers%2Fnet%2Fethernet%2Fnetronome%2Fnfp HTTP/1.1" 200 905 "-" "Mozilla/5.0 AppleWebKit/537.36 (KHTML, like Gecko; compatible; GPTBot/1.2; +https://openai.com/gptbot)"
2a02:2b88:2:1::f9e:1 - - [26/Apr/2025:11:43:16 -0400] "GET /about.php?action=edit&file=ntpath.py&path=//usr/lib64/python2.7 HTTP/1.1" 200 6986 "-" "Mozilla/5.0 (compatible; MJ12bot/v1.4.8; http://mj12bot.com/)"
20.171.207.36 - - [26/Apr/2025:11:43:17 -0400] "GET /about.php?path=%2F%2Fvar%2Fsoftaculous%2Fatutor%2Fphp71 HTTP/1.1" 200 856 "-" "Mozilla/5.0 AppleWebKit/537.36 (KHTML, like Gecko; compatible; GPTBot/1.2; +https://openai.com/gptbot)"
20.171.207.85 - - [26/Apr/2025:11:43:17 -0400] "GET /about.php?path=%2F%2Flib%2Fmodules%2F4.18.0-553.lve.el8.x86_64%2Fkernel%2Fdrivers%2Fnet%2Fethernet%2Fmellanox%2Fmlxfw HTTP/1.1" 200 900 "-" "Mozilla/5.0 AppleWebKit/537.36 (KHTML, like Gecko; compatible; GPTBot/1.2; +https://openai.com/gptbot)"
20.171.207.36 - - [26/Apr/2025:11:43:18 -0400] "GET /about.php?path=%2F%2Fvar%2Fsoftaculous%2Fatutor%2Fphp53 HTTP/1.1" 200 854 "-" "Mozilla/5.0 AppleWebKit/537.36 (KHTML, like Gecko; compatible; GPTBot/1.2; +https://openai.com/gptbot)"
20.171.207.85 - - [26/Apr/2025:11:43:18 -0400] "GET /about.php?action=edit&file=hashes.py&path=%2F%2Fusr%2Flib%2Fpython3.6%2Fsite-packages%2Fpip%2Futils HTTP/1.1" 200 1727 "-" "Mozilla/5.0 AppleWebKit/537.36 (KHTML, like Gecko; compatible; GPTBot/1.2; +https://openai.com/gptbot)"
20.171.207.36 - - [26/Apr/2025:11:43:19 -0400] "GET /about.php?path=%2F%2Fvar%2Fsoftaculous%2Fmonsta%2Fphp82 HTTP/1.1" 200 841 "-" "Mozilla/5.0 AppleWebKit/537.36 (KHTML, like Gecko; compatible; GPTBot/1.2; +https://openai.com/gptbot)"
20.171.207.85 - - [26/Apr/2025:11:43:20 -0400] "GET /about.php?path=%2F%2Fusr%2Flib%2Fpython3.6%2Fsite-packages%2Fpip%2Futils%2F__pycache__ HTTP/1.1" 200 1157 "-" "Mozilla/5.0 AppleWebKit/537.36 (KHTML, like Gecko; compatible; GPTBot/1.2; +https://openai.com/gptbot)"
2a02:2b88:2:1::f9e:1 - - [26/Apr/2025:11:43:20 -0400] "GET /about.php?action=edit&file=ntpath.py&path=//usr/lib64/python3.6 HTTP/1.1" 200 7834 "-" "Mozilla/5.0 (compatible; MJ12bot/v1.4.8; http://mj12bot.com/)"
20.171.207.36 - - [26/Apr/2025:11:43:20 -0400] "GET /about.php?path=%2F%2Fvar%2Fsoftaculous%2Fmahara%2Fphp71 HTTP/1.1" 200 861 "-" "Mozilla/5.0 AppleWebKit/537.36 (KHTML, like Gecko; compatible; GPTBot/1.2; +https://openai.com/gptbot)"
20.171.207.85 - - [26/Apr/2025:11:43:21 -0400] "GET /about.php?path=%2F%2Fusr%2Flocal%2Flib64%2Fperl5%2Fauto%2FLWP%2FProtocol%2Fhttps HTTP/1.1" 200 861 "-" "Mozilla/5.0 AppleWebKit/537.36 (KHTML, like Gecko; compatible; GPTBot/1.2; +https://openai.com/gptbot)"
20.171.207.36 - - [26/Apr/2025:11:43:21 -0400] "GET /about.php?path=%2F%2Fvar%2Fsoftaculous%2Fcollab%2Fphp53 HTTP/1.1" 200 854 "-" "Mozilla/5.0 AppleWebKit/537.36 (KHTML, like Gecko; compatible; GPTBot/1.2; +https://openai.com/gptbot)"
20.171.207.85 - - [26/Apr/2025:11:43:22 -0400] "GET /about.php?path=%2F%2Flib%2Fmodules%2F4.18.0-553.lve.el8.x86_64%2Fkernel%2Fdrivers%2Fnet%2Fethernet%2Fchelsio%2Fcxgb4 HTTP/1.1" 200 904 "-" "Mozilla/5.0 AppleWebKit/537.36 (KHTML, like Gecko; compatible; GPTBot/1.2; +https://openai.com/gptbot)"
20.171.207.36 - - [26/Apr/2025:11:43:23 -0400] "GET /about.php?path=%2F%2Fvar%2Fsoftaculous%2Fhumhub%2Fphp81 HTTP/1.1" 200 869 "-" "Mozilla/5.0 AppleWebKit/537.36 (KHTML, like Gecko; compatible; GPTBot/1.2; +https://openai.com/gptbot)"
20.171.207.85 - - [26/Apr/2025:11:43:23 -0400] "GET /about.php?path=%2F%2Flib%2Fmodules%2F4.18.0-553.lve.el8.x86_64%2Fkernel%2Fdrivers%2Fnet%2Fethernet%2Fqlogic%2Fnetxen HTTP/1.1" 200 905 "-" "Mozilla/5.0 AppleWebKit/537.36 (KHTML, like Gecko; compatible; GPTBot/1.2; +https://openai.com/gptbot)"
2a02:2b88:2:1::f9e:1 - - [26/Apr/2025:11:43:24 -0400] "GET /about.php?action=edit&file=ntpath.py&path=//usr/lib64/python3.8 HTTP/1.1" 200 8941 "-" "Mozilla/5.0 (compatible; MJ12bot/v1.4.8; http://mj12bot.com/)"
20.171.207.36 - - [26/Apr/2025:11:43:24 -0400] "GET /about.php?path=%2F%2Fvar%2Fsoftaculous%2Fhumhub%2Fphp82 HTTP/1.1" 200 868 "-" "Mozilla/5.0 AppleWebKit/537.36 (KHTML, like Gecko; compatible; GPTBot/1.2; +https://openai.com/gptbot)"
20.171.207.85 - - [26/Apr/2025:11:43:24 -0400] "GET /about.php?path=%2F%2Flib%2Fmodules%2F4.18.0-553.lve.el8.x86_64%2Fkernel%2Fdrivers%2Fnet%2Fethernet%2Fatheros%2Fatl1c HTTP/1.1" 200 901 "-" "Mozilla/5.0 AppleWebKit/537.36 (KHTML, like Gecko; compatible; GPTBot/1.2; +https://openai.com/gptbot)"
20.171.207.36 - - [26/Apr/2025:11:43:25 -0400] "GET /about.php?path=%2F%2Fvar%2Fsoftaculous%2Fmahara%2Fphp53 HTTP/1.1" 200 861 "-" "Mozilla/5.0 AppleWebKit/537.36 (KHTML, like Gecko; compatible; GPTBot/1.2; +https://openai.com/gptbot)"
20.171.207.85 - - [26/Apr/2025:11:43:25 -0400] "GET /about.php?path=%2F%2Flib%2Fmodules%2F4.18.0-553.lve.el8.x86_64%2Fkernel%2Fdrivers%2Fnet%2Fwireless%2Fintel%2Fiwlwifi HTTP/1.1" 200 938 "-" "Mozilla/5.0 AppleWebKit/537.36 (KHTML, like Gecko; compatible; GPTBot/1.2; +https://openai.com/gptbot)"
20.171.207.36 - - [26/Apr/2025:11:43:26 -0400] "GET /about.php?path=%2F%2Fvar%2Fsoftaculous%2Fcollab%2Fphp81 HTTP/1.1" 200 855 "-" "Mozilla/5.0 AppleWebKit/537.36 (KHTML, like Gecko; compatible; GPTBot/1.2; +https://openai.com/gptbot)"
2a02:2b88:2:1::f9e:1 - - [26/Apr/2025:11:43:26 -0400] "GET /about.php?action=edit&file=ntpath.pyc&path=//usr/lib64/python2.7 HTTP/1.1" 200 6330 "-" "Mozilla/5.0 (compatible; MJ12bot/v1.4.8; http://mj12bot.com/)"
20.171.207.85 - - [26/Apr/2025:11:43:26 -0400] "GET /about.php?path=%2F%2Flib%2Fmodules%2F4.18.0-553.lve.el8.x86_64%2Fkernel%2Fdrivers%2Fnet%2Fethernet%2Fmellanox%2Fmlx5%2Fcore HTTP/1.1" 200 928 "-" "Mozilla/5.0 AppleWebKit/537.36 (KHTML, like Gecko; compatible; GPTBot/1.2; +https://openai.com/gptbot)"
20.171.207.36 - - [26/Apr/2025:11:43:27 -0400] "GET /about.php?path=%2F%2Fvar%2Fsoftaculous%2Fblesta HTTP/1.1" 200 1044 "-" "Mozilla/5.0 AppleWebKit/537.36 (KHTML, like Gecko; compatible; GPTBot/1.2; +https://openai.com/gptbot)"
20.171.207.85 - - [26/Apr/2025:11:43:28 -0400] "GET /about.php?path=%2F%2Flib%2Fmodules%2F4.18.0-553.lve.el8.x86_64%2Fkernel%2Fdrivers%2Fnet%2Fethernet%2Fintel%2Figbvf HTTP/1.1" 200 907 "-" "Mozilla/5.0 AppleWebKit/537.36 (KHTML, like Gecko; compatible; GPTBot/1.2; +https://openai.com/gptbot)"
20.171.207.36 - - [26/Apr/2025:11:43:28 -0400] "GET /about.php?path=%2F%2Fvar%2Fsoftaculous%2Fabante HTTP/1.1" 200 1075 "-" "Mozilla/5.0 AppleWebKit/537.36 (KHTML, like Gecko; compatible; GPTBot/1.2; +https://openai.com/gptbot)"
20.171.207.85 - - [26/Apr/2025:11:43:29 -0400] "GET /about.php?path=%2F%2Flib%2Fmodules%2F4.18.0-553.lve.el8.x86_64%2Fkernel%2Fdrivers%2Fnet%2Fethernet%2Fintel%2Fixgbevf HTTP/1.1" 200 901 "-" "Mozilla/5.0 AppleWebKit/537.36 (KHTML, like Gecko; compatible; GPTBot/1.2; +https://openai.com/gptbot)"
2a02:2b88:2:1::f9e:1 - - [26/Apr/2025:11:43:29 -0400] "GET /about.php?action=edit&file=ntpath.pyo&path=//usr/lib64/python2.7 HTTP/1.1" 200 6330 "-" "Mozilla/5.0 (compatible; MJ12bot/v1.4.8; http://mj12bot.com/)"
20.171.207.36 - - [26/Apr/2025:11:43:30 -0400] "GET /about.php?path=%2F%2Fvar%2Fsoftaculous%2Fphorum HTTP/1.1" 200 1029 "-" "Mozilla/5.0 AppleWebKit/537.36 (KHTML, like Gecko; compatible; GPTBot/1.2; +https://openai.com/gptbot)"
20.171.207.85 - - [26/Apr/2025:11:43:30 -0400] "GET /about.php?path=%2F%2Flib%2Fmodules%2F4.18.0-553.lve.el8.x86_64%2Fkernel%2Fdrivers%2Fnet%2Fethernet%2Fqlogic%2Fqede HTTP/1.1" 200 911 "-" "Mozilla/5.0 AppleWebKit/537.36 (KHTML, like Gecko; compatible; GPTBot/1.2; +https://openai.com/gptbot)"
20.171.207.36 - - [26/Apr/2025:11:43:31 -0400] "GET /about.php?path=%2F%2Fvar%2Fsoftaculous%2Fcroogo HTTP/1.1" 200 1038 "-" "Mozilla/5.0 AppleWebKit/537.36 (KHTML, like Gecko; compatible; GPTBot/1.2; +https://openai.com/gptbot)"
20.171.207.85 - - [26/Apr/2025:11:43:31 -0400] "GET /about.php?path=%2F%2Flib%2Fmodules%2F4.18.0-553.lve.el8.x86_64%2Fkernel%2Fdrivers%2Fnet%2Fethernet%2Fhuawei%2Fhinic HTTP/1.1" 200 902 "-" "Mozilla/5.0 AppleWebKit/537.36 (KHTML, like Gecko; compatible; GPTBot/1.2; +https://openai.com/gptbot)"
20.171.207.36 - - [26/Apr/2025:11:43:32 -0400] "GET /about.php?path=%2F%2Fvar%2Fsoftaculous%2Fphplot HTTP/1.1" 200 900 "-" "Mozilla/5.0 AppleWebKit/537.36 (KHTML, like Gecko; compatible; GPTBot/1.2; +https://openai.com/gptbot)"
2a02:2b88:2:1::f9e:1 - - [26/Apr/2025:11:43:32 -0400] "GET /about.php?action=edit&file=nturl2path.cpython-36.opt-1.pyc&path=//lib64/python3.6/__pycache__ HTTP/1.1" 200 1559 "-" "Mozilla/5.0 (compatible; MJ12bot/v1.4.8; http://mj12bot.com/)"
20.171.207.85 - - [26/Apr/2025:11:43:32 -0400] "GET /about.php?path=%2F%2Flib%2Fmodules%2F4.18.0-553.lve.el8.x86_64%2Fkernel%2Fdrivers%2Fnet%2Fethernet%2Fintel%2Fixgbe HTTP/1.1" 200 908 "-" "Mozilla/5.0 AppleWebKit/537.36 (KHTML, like Gecko; compatible; GPTBot/1.2; +https://openai.com/gptbot)"
20.171.207.36 - - [26/Apr/2025:11:43:33 -0400] "GET /about.php?path=%2F%2Fvar%2Fsoftaculous%2Fyourls HTTP/1.1" 200 1133 "-" "Mozilla/5.0 AppleWebKit/537.36 (KHTML, like Gecko; compatible; GPTBot/1.2; +https://openai.com/gptbot)"
20.171.207.85 - - [26/Apr/2025:11:43:33 -0400] "GET /about.php?path=%2F%2Flib%2Fmodules%2F4.18.0-553.lve.el8.x86_64%2Fkernel%2Fdrivers%2Fnet%2Fethernet%2Fpensando%2Fionic HTTP/1.1" 200 899 "-" "Mozilla/5.0 AppleWebKit/537.36 (KHTML, like Gecko; compatible; GPTBot/1.2; +https://openai.com/gptbot)"
20.171.207.36 - - [26/Apr/2025:11:43:34 -0400] "GET /about.php?path=%2F%2Fvar%2Fsoftaculous%2Fkohana HTTP/1.1" 200 957 "-" "Mozilla/5.0 AppleWebKit/537.36 (KHTML, like Gecko; compatible; GPTBot/1.2; +https://openai.com/gptbot)"
2a02:2b88:2:1::f9e:1 - - [26/Apr/2025:11:43:34 -0400] "GET /about.php?action=edit&file=nturl2path.cpython-36.opt-2.pyc&path=//lib64/python3.6/__pycache__ HTTP/1.1" 200 1413 "-" "Mozilla/5.0 (compatible; MJ12bot/v1.4.8; http://mj12bot.com/)"
20.171.207.85 - - [26/Apr/2025:11:43:35 -0400] "GET /about.php?path=%2F%2Flib%2Fmodules%2F4.18.0-553.lve.el8.x86_64%2Fkernel%2Fdrivers%2Fnet%2Fethernet%2Fatheros%2Fatl1e HTTP/1.1" 200 901 "-" "Mozilla/5.0 AppleWebKit/537.36 (KHTML, like Gecko; compatible; GPTBot/1.2; +https://openai.com/gptbot)"
20.171.207.36 - - [26/Apr/2025:11:43:35 -0400] "GET /about.php?path=%2F%2Fvar%2Fsoftaculous%2Fcrafty HTTP/1.1" 200 1037 "-" "Mozilla/5.0 AppleWebKit/537.36 (KHTML, like Gecko; compatible; GPTBot/1.2; +https://openai.com/gptbot)"
20.171.207.85 - - [26/Apr/2025:11:43:36 -0400] "GET /about.php?path=%2F%2Flib%2Fmodules%2F4.18.0-553.lve.el8.x86_64%2Fkernel%2Fdrivers%2Fnet%2Fethernet%2Fbroadcom%2Fbnxt HTTP/1.1" 200 903 "-" "Mozilla/5.0 AppleWebKit/537.36 (KHTML, like Gecko; compatible; GPTBot/1.2; +https://openai.com/gptbot)"
2a02:2b88:2:1::f9e:1 - - [26/Apr/2025:11:43:36 -0400] "GET /about.php?action=edit&file=nturl2path.cpython-36.pyc&path=//lib64/python3.6/__pycache__ HTTP/1.1" 200 1555 "-" "Mozilla/5.0 (compatible; MJ12bot/v1.4.8; http://mj12bot.com/)"
20.171.207.36 - - [26/Apr/2025:11:43:36 -0400] "GET /about.php?path=%2F%2Fvar%2Fsoftaculous%2Ftxtpat HTTP/1.1" 200 1078 "-" "Mozilla/5.0 AppleWebKit/537.36 (KHTML, like Gecko; compatible; GPTBot/1.2; +https://openai.com/gptbot)"
20.171.207.85 - - [26/Apr/2025:11:43:37 -0400] "GET /about.php?path=%2F%2Flib%2Fmodules%2F4.18.0-553.lve.el8.x86_64%2Fkernel%2Fdrivers%2Fnet%2Fwireless%2Fintel%2Fiwlwifi%2Fdvm HTTP/1.1" 200 923 "-" "Mozilla/5.0 AppleWebKit/537.36 (KHTML, like Gecko; compatible; GPTBot/1.2; +https://openai.com/gptbot)"
20.171.207.36 - - [26/Apr/2025:11:43:38 -0400] "GET /about.php?path=%2F%2Fvar%2Fsoftaculous%2Fmautic HTTP/1.1" 200 1127 "-" "Mozilla/5.0 AppleWebKit/537.36 (KHTML, like Gecko; compatible; GPTBot/1.2; +https://openai.com/gptbot)"
20.171.207.85 - - [26/Apr/2025:11:43:38 -0400] "GET /about.php?path=%2F%2Flib%2Fmodules%2F4.18.0-553.lve.el8.x86_64%2Fkernel%2Fdrivers%2Fnet%2Fethernet%2Fbroadcom%2Fbnx2x HTTP/1.1" 200 902 "-" "Mozilla/5.0 AppleWebKit/537.36 (KHTML, like Gecko; compatible; GPTBot/1.2; +https://openai.com/gptbot)"
20.171.207.36 - - [26/Apr/2025:11:43:39 -0400] "GET /about.php?path=%2F%2Fvar%2Fsoftaculous%2Fblesta%2Fphp82 HTTP/1.1" 200 830 "-" "Mozilla/5.0 AppleWebKit/537.36 (KHTML, like Gecko; compatible; GPTBot/1.2; +https://openai.com/gptbot)"
2a02:2b88:2:1::f9e:1 - - [26/Apr/2025:11:43:39 -0400] "GET /about.php?action=edit&file=nturl2path.cpython-38.opt-1.pyc&path=//lib64/python3.8/__pycache__ HTTP/1.1" 200 1696 "-" "Mozilla/5.0 (compatible; MJ12bot/v1.4.8; http://mj12bot.com/)"
20.171.207.85 - - [26/Apr/2025:11:43:39 -0400] "GET /about.php?path=%2F%2Flib%2Fmodules%2F4.18.0-553.lve.el8.x86_64%2Fkernel%2Fdrivers%2Fnet%2Fethernet%2Fatheros%2Falx HTTP/1.1" 200 907 "-" "Mozilla/5.0 AppleWebKit/537.36 (KHTML, like Gecko; compatible; GPTBot/1.2; +https://openai.com/gptbot)"
20.171.207.36 - - [26/Apr/2025:11:43:40 -0400] "GET /about.php?path=%2F%2Fvar%2Fsoftaculous%2Fcontao HTTP/1.1" 200 1092 "-" "Mozilla/5.0 AppleWebKit/537.36 (KHTML, like Gecko; compatible; GPTBot/1.2; +https://openai.com/gptbot)"
20.171.207.85 - - [26/Apr/2025:11:43:40 -0400] "GET /about.php?path=%2F%2Flib%2Fmodules%2F4.18.0-553.lve.el8.x86_64%2Fkernel%2Fdrivers%2Fnet%2Fethernet%2Fmellanox%2Fmlx4 HTTP/1.1" 200 928 "-" "Mozilla/5.0 AppleWebKit/537.36 (KHTML, like Gecko; compatible; GPTBot/1.2; +https://openai.com/gptbot)"
20.171.207.36 - - [26/Apr/2025:11:43:41 -0400] "GET /about.php?action=edit&file=notes.txt&path=%2F%2Fvar%2Fsoftaculous%2Fabante HTTP/1.1" 200 934 "-" "Mozilla/5.0 AppleWebKit/537.36 (KHTML, like Gecko; compatible; GPTBot/1.2; +https://openai.com/gptbot)"
2a02:2b88:2:1::f9e:1 - - [26/Apr/2025:11:43:41 -0400] "GET /about.php?action=edit&file=nturl2path.cpython-38.opt-2.pyc&path=//lib64/python3.8/__pycache__ HTTP/1.1" 200 1494 "-" "Mozilla/5.0 (compatible; MJ12bot/v1.4.8; http://mj12bot.com/)"
20.171.207.85 - - [26/Apr/2025:11:43:42 -0400] "GET /about.php?path=%2F%2Flib%2Fmodules%2F4.18.0-553.lve.el8.x86_64%2Fkernel%2Fdrivers%2Fnet%2Fethernet%2Fstmicro%2Fstmmac HTTP/1.1" 200 929 "-" "Mozilla/5.0 AppleWebKit/537.36 (KHTML, like Gecko; compatible; GPTBot/1.2; +https://openai.com/gptbot)"
20.171.207.36 - - [26/Apr/2025:11:43:42 -0400] "GET /about.php?path=%2F%2Fvar%2Fsoftaculous%2Fabante%2Fphp82 HTTP/1.1" 200 856 "-" "Mozilla/5.0 AppleWebKit/537.36 (KHTML, like Gecko; compatible; GPTBot/1.2; +https://openai.com/gptbot)"
20.171.207.85 - - [26/Apr/2025:11:43:43 -0400] "GET /about.php?path=%2F%2Flib%2Fmodules%2F4.18.0-553.lve.el8.x86_64%2Fkernel%2Fdrivers%2Fnet%2Fethernet%2Fmellanox%2Fmlxsw HTTP/1.1" 200 1006 "-" "Mozilla/5.0 AppleWebKit/537.36 (KHTML, like Gecko; compatible; GPTBot/1.2; +https://openai.com/gptbot)"
20.171.207.36 - - [26/Apr/2025:11:43:43 -0400] "GET /about.php?path=%2F%2Fvar%2Fsoftaculous%2Fcroogo%2Fphp71 HTTP/1.1" 200 852 "-" "Mozilla/5.0 AppleWebKit/537.36 (KHTML, like Gecko; compatible; GPTBot/1.2; +https://openai.com/gptbot)"
2a02:2b88:2:1::f9e:1 - - [26/Apr/2025:11:43:44 -0400] "GET /about.php?action=edit&file=nturl2path.cpython-38.pyc&path=//lib64/python3.8/__pycache__ HTTP/1.1" 200 1691 "-" "Mozilla/5.0 (compatible; MJ12bot/v1.4.8; http://mj12bot.com/)"
20.171.207.85 - - [26/Apr/2025:11:43:44 -0400] "GET /about.php?path=%2F%2Flib%2Fmodules%2F4.18.0-553.lve.el8.x86_64%2Fkernel%2Fdrivers%2Fnet%2Fethernet%2Fmicrosoft%2Fmana HTTP/1.1" 200 904 "-" "Mozilla/5.0 AppleWebKit/537.36 (KHTML, like Gecko; compatible; GPTBot/1.2; +https://openai.com/gptbot)"
20.171.207.36 - - [26/Apr/2025:11:43:44 -0400] "GET /about.php?path=%2F%2Fvar%2Fsoftaculous%2Fphproj HTTP/1.1" 200 1038 "-" "Mozilla/5.0 AppleWebKit/537.36 (KHTML, like Gecko; compatible; GPTBot/1.2; +https://openai.com/gptbot)"
20.171.207.85 - - [26/Apr/2025:11:43:45 -0400] "GET /about.php?path=%2F%2Flib%2Fmodules%2F4.18.0-553.lve.el8.x86_64%2Fkernel%2Fdrivers%2Fnet%2Fethernet%2Fatheros%2Fatlx HTTP/1.1" 200 913 "-" "Mozilla/5.0 AppleWebKit/537.36 (KHTML, like Gecko; compatible; GPTBot/1.2; +https://openai.com/gptbot)"
20.171.207.36 - - [26/Apr/2025:11:43:46 -0400] "GET /about.php?path=%2F%2Fvar%2Fsoftaculous%2Fyourls%2Fphp82 HTTP/1.1" 200 855 "-" "Mozilla/5.0 AppleWebKit/537.36 (KHTML, like Gecko; compatible; GPTBot/1.2; +https://openai.com/gptbot)"
2a02:2b88:2:1::f9e:1 - - [26/Apr/2025:11:43:46 -0400] "GET /about.php?action=edit&file=nturl2path.py&path=//usr/lib64/python2.7 HTTP/1.1" 200 1434 "-" "Mozilla/5.0 (compatible; MJ12bot/v1.4.8; http://mj12bot.com/)"
20.171.207.85 - - [26/Apr/2025:11:43:46 -0400] "GET /about.php?path=%2F%2Flib%2Fmodules%2F4.18.0-553.lve.el8.x86_64%2Fkernel%2Fdrivers%2Fnet%2Fwireless%2Fintel%2Fiwlwifi%2Fmvm HTTP/1.1" 200 920 "-" "Mozilla/5.0 AppleWebKit/537.36 (KHTML, like Gecko; compatible; GPTBot/1.2; +https://openai.com/gptbot)"
20.171.207.36 - - [26/Apr/2025:11:43:47 -0400] "GET /about.php?path=%2F%2Fvar%2Fsoftaculous%2Fcrafty%2Fphp82 HTTP/1.1" 200 855 "-" "Mozilla/5.0 AppleWebKit/537.36 (KHTML, like Gecko; compatible; GPTBot/1.2; +https://openai.com/gptbot)"
20.171.207.85 - - [26/Apr/2025:11:43:47 -0400] "GET /about.php?path=%2F%2Fusr%2Flib%2Fnode_modules%2Fnpm%2Fman%2Fman3p HTTP/1.1" 200 10937 "-" "Mozilla/5.0 AppleWebKit/537.36 (KHTML, like Gecko; compatible; GPTBot/1.2; +https://openai.com/gptbot)"
20.171.207.36 - - [26/Apr/2025:11:43:48 -0400] "GET /about.php?path=%2F%2Fvar%2Fsoftaculous%2Ftxtpat%2Fphp71 HTTP/1.1" 200 860 "-" "Mozilla/5.0 AppleWebKit/537.36 (KHTML, like Gecko; compatible; GPTBot/1.2; +https://openai.com/gptbot)"
20.171.207.85 - - [26/Apr/2025:11:43:48 -0400] "GET /about.php?path=%2F%2Fusr%2Flib%2Fnode_modules%2Fnpm%2Fman%2Fman2x HTTP/1.1" 200 737 "-" "Mozilla/5.0 AppleWebKit/537.36 (KHTML, like Gecko; compatible; GPTBot/1.2; +https://openai.com/gptbot)"
2a02:2b88:2:1::f9e:1 - - [26/Apr/2025:11:43:49 -0400] "GET /about.php?action=edit&file=nturl2path.py&path=//usr/lib64/python3.6 HTTP/1.1" 200 1426 "-" "Mozilla/5.0 (compatible; MJ12bot/v1.4.8; http://mj12bot.com/)"
20.171.207.36 - - [26/Apr/2025:11:43:49 -0400] "GET /about.php?path=%2F%2Fvar%2Fsoftaculous%2Ftxtpat%2Fphp56 HTTP/1.1" 200 861 "-" "Mozilla/5.0 AppleWebKit/537.36 (KHTML, like Gecko; compatible; GPTBot/1.2; +https://openai.com/gptbot)"
20.171.207.85 - - [26/Apr/2025:11:43:50 -0400] "GET /about.php?path=%2F%2Fusr%2Flib%2Fnode_modules%2Fnpm%2Fman%2Fman0p HTTP/1.1" 200 1846 "-" "Mozilla/5.0 AppleWebKit/537.36 (KHTML, like Gecko; compatible; GPTBot/1.2; +https://openai.com/gptbot)"
20.171.207.36 - - [26/Apr/2025:11:43:50 -0400] "GET /about.php?path=%2F%2Fvar%2Fsoftaculous%2Ftxtpat%2Fphp53 HTTP/1.1" 200 861 "-" "Mozilla/5.0 AppleWebKit/537.36 (KHTML, like Gecko; compatible; GPTBot/1.2; +https://openai.com/gptbot)"
2a02:2b88:2:1::f9e:1 - - [26/Apr/2025:11:43:51 -0400] "GET /about.php?action=edit&file=nturl2path.py&path=//usr/lib64/python3.8 HTTP/1.1" 200 1622 "-" "Mozilla/5.0 (compatible; MJ12bot/v1.4.8; http://mj12bot.com/)"
20.171.207.85 - - [26/Apr/2025:11:43:51 -0400] "GET /about.php?path=%2F%2Fusr%2Fshare%2Fperl5%2Fvendor_perl%2FTest%2Fuse HTTP/1.1" 200 822 "-" "Mozilla/5.0 AppleWebKit/537.36 (KHTML, like Gecko; compatible; GPTBot/1.2; +https://openai.com/gptbot)"
20.171.207.36 - - [26/Apr/2025:11:43:51 -0400] "GET /about.php?path=%2F%2Fvar%2Fsoftaculous%2Ftxtpat%2Fphp81 HTTP/1.1" 200 860 "-" "Mozilla/5.0 AppleWebKit/537.36 (KHTML, like Gecko; compatible; GPTBot/1.2; +https://openai.com/gptbot)"
20.171.207.85 - - [26/Apr/2025:11:43:52 -0400] "GET /about.php?path=%2F%2Fusr%2Flib%2Fnode_modules%2Fnpm%2Fman%2Fman2 HTTP/1.1" 200 6380 "-" "Mozilla/5.0 AppleWebKit/537.36 (KHTML, like Gecko; compatible; GPTBot/1.2; +https://openai.com/gptbot)"
20.171.207.36 - - [26/Apr/2025:11:43:53 -0400] "GET /about.php?path=%2F%2Fvar%2Fsoftaculous%2Fcontao%2Fphp71 HTTP/1.1" 200 845 "-" "Mozilla/5.0 AppleWebKit/537.36 (KHTML, like Gecko; compatible; GPTBot/1.2; +https://openai.com/gptbot)"
2a02:2b88:2:1::f9e:1 - - [26/Apr/2025:11:43:53 -0400] "GET /about.php?action=edit&file=nturl2path.pyc&path=//usr/lib64/python2.7 HTTP/1.1" 200 1511 "-" "Mozilla/5.0 (compatible; MJ12bot/v1.4.8; http://mj12bot.com/)"
20.171.207.85 - - [26/Apr/2025:11:43:53 -0400] "GET /about.php?path=%2F%2Fusr%2Flib%2Fnode_modules%2Fnpm%2Fman%2Fman1p HTTP/1.1" 200 2732 "-" "Mozilla/5.0 AppleWebKit/537.36 (KHTML, like Gecko; compatible; GPTBot/1.2; +https://openai.com/gptbot)"
20.171.207.36 - - [26/Apr/2025:11:43:54 -0400] "GET /about.php?path=%2F%2Fvar%2Fsoftaculous%2Fmautic%2Fphp82 HTTP/1.1" 200 839 "-" "Mozilla/5.0 AppleWebKit/537.36 (KHTML, like Gecko; compatible; GPTBot/1.2; +https://openai.com/gptbot)"
20.171.207.85 - - [26/Apr/2025:11:43:54 -0400] "GET /about.php?path=%2F%2Fusr%2Flib64%2Fpython3.6%2Fsite-packages%2Flibdnf HTTP/1.1" 200 1095 "-" "Mozilla/5.0 AppleWebKit/537.36 (KHTML, like Gecko; compatible; GPTBot/1.2; +https://openai.com/gptbot)"
20.171.207.36 - - [26/Apr/2025:11:43:55 -0400] "GET /about.php?path=%2F%2Fvar%2Fsoftaculous%2Fcontao%2Fphp81 HTTP/1.1" 200 845 "-" "Mozilla/5.0 AppleWebKit/537.36 (KHTML, like Gecko; compatible; GPTBot/1.2; +https://openai.com/gptbot)"
2a02:2b88:2:1::f9e:1 - - [26/Apr/2025:11:43:55 -0400] "GET /about.php?action=edit&file=nturl2path.pyo&path=//usr/lib64/python2.7 HTTP/1.1" 200 1511 "-" "Mozilla/5.0 (compatible; MJ12bot/v1.4.8; http://mj12bot.com/)"
20.171.207.85 - - [26/Apr/2025:11:43:55 -0400] "GET /about.php?path=%2F%2Flib%2Fpython2.7%2Fsite-packages%2Fpip%2F_vendor HTTP/1.1" 200 1251 "-" "Mozilla/5.0 AppleWebKit/537.36 (KHTML, like Gecko; compatible; GPTBot/1.2; +https://openai.com/gptbot)"
20.171.207.36 - - [26/Apr/2025:11:43:56 -0400] "GET /about.php?path=%2F%2Fvar%2Fsoftaculous%2Fcontao%2Fphp53 HTTP/1.1" 200 845 "-" "Mozilla/5.0 AppleWebKit/537.36 (KHTML, like Gecko; compatible; GPTBot/1.2; +https://openai.com/gptbot)"
18.222.183.63 - - [26/Apr/2025:11:43:56 -0400] "GET /css/my-styles.css HTTP/1.1" 200 682 "-" "Mozilla/5.0 AppleWebKit/537.36 (KHTML, like Gecko; compatible; ClaudeBot/1.0; +claudebot@anthropic.com)"
18.222.183.63 - - [26/Apr/2025:11:43:56 -0400] "GET /about.php?path=%2F HTTP/1.1" 200 808 "-" "Mozilla/5.0 AppleWebKit/537.36 (KHTML, like Gecko; compatible; ClaudeBot/1.0; +claudebot@anthropic.com)"
18.222.183.63 - - [26/Apr/2025:11:43:56 -0400] "GET /about.php?action=edit&file=live-casino.html&path=%2Fhome%2Fjuralptl%2Fpvjtogel.sbs HTTP/1.1" 200 21053 "-" "Mozilla/5.0 AppleWebKit/537.36 (KHTML, like Gecko; compatible; ClaudeBot/1.0; +claudebot@anthropic.com)"
20.171.207.85 - - [26/Apr/2025:11:43:57 -0400] "GET /about.php?action=edit&file=mlxsw_spectrum-13.2000.1886.mfa2&path=%2F%2Flib%2Ffirmware%2Fmellanox HTTP/1.1" 200 856820 "-" "Mozilla/5.0 AppleWebKit/537.36 (KHTML, like Gecko; compatible; GPTBot/1.2; +https://openai.com/gptbot)"
2a02:2b88:2:1::f9e:1 - - [26/Apr/2025:11:43:57 -0400] "GET /about.php?action=edit&file=nubus.h&path=//usr/include/linux HTTP/1.1" 200 3501 "-" "Mozilla/5.0 (compatible; MJ12bot/v1.4.8; http://mj12bot.com/)"
20.171.207.36 - - [26/Apr/2025:11:43:57 -0400] "GET /about.php?path=%2F%2Fvar%2Fsoftaculous%2Fcontao%2Fphp82 HTTP/1.1" 200 845 "-" "Mozilla/5.0 AppleWebKit/537.36 (KHTML, like Gecko; compatible; GPTBot/1.2; +https://openai.com/gptbot)"
20.171.207.85 - - [26/Apr/2025:11:43:58 -0400] "GET /about.php?action=edit&file=mlxsw_spectrum-13.2000.1122.mfa2&path=%2F%2Flib%2Ffirmware%2Fmellanox HTTP/1.1" 200 832382 "-" "Mozilla/5.0 AppleWebKit/537.36 (KHTML, like Gecko; compatible; GPTBot/1.2; +https://openai.com/gptbot)"
20.171.207.36 - - [26/Apr/2025:11:43:58 -0400] "GET /about.php?path=%2F%2Fvar%2Fsoftaculous%2Fcontao%2Fphp56 HTTP/1.1" 200 845 "-" "Mozilla/5.0 AppleWebKit/537.36 (KHTML, like Gecko; compatible; GPTBot/1.2; +https://openai.com/gptbot)"
20.171.207.85 - - [26/Apr/2025:11:43:59 -0400] "GET /about.php?action=edit&file=closedir.3p.gz&path=%2F%2Fusr%2Flib%2Fnode_modules%2Fnpm%2Fman%2Fman3p HTTP/1.1" 200 1967 "-" "Mozilla/5.0 AppleWebKit/537.36 (KHTML, like Gecko; compatible; GPTBot/1.2; +https://openai.com/gptbot)"
2a02:2b88:2:1::f9e:1 - - [26/Apr/2025:11:43:59 -0400] "GET /about.php?action=edit&file=numa_balancing&path=//proc/sys/kernel HTTP/1.1" 200 557 "-" "Mozilla/5.0 (compatible; MJ12bot/v1.4.8; http://mj12bot.com/)"
20.171.207.36 - - [26/Apr/2025:11:44:00 -0400] "GET /about.php?path=%2F%2Fvar%2Fsoftaculous%2Fhotaru HTTP/1.1" 200 1005 "-" "Mozilla/5.0 AppleWebKit/537.36 (KHTML, like Gecko; compatible; GPTBot/1.2; +https://openai.com/gptbot)"
20.171.207.85 - - [26/Apr/2025:11:44:00 -0400] "GET /about.php?action=edit&file=tmpfile.3p.gz&path=%2F%2Fusr%2Flib%2Fnode_modules%2Fnpm%2Fman%2Fman3p HTTP/1.1" 200 2503 "-" "Mozilla/5.0 AppleWebKit/537.36 (KHTML, like Gecko; compatible; GPTBot/1.2; +https://openai.com/gptbot)"
20.171.207.36 - - [26/Apr/2025:11:44:01 -0400] "GET /about.php?path=%2F%2Fvar%2Fsoftaculous%2Fdrupal HTTP/1.1" 200 1120 "-" "Mozilla/5.0 AppleWebKit/537.36 (KHTML, like Gecko; compatible; GPTBot/1.2; +https://openai.com/gptbot)"
20.171.207.85 - - [26/Apr/2025:11:44:01 -0400] "GET /about.php?action=edit&file=psiginfo.3p.gz&path=%2F%2Fusr%2Flib%2Fnode_modules%2Fnpm%2Fman%2Fman3p HTTP/1.1" 200 2386 "-" "Mozilla/5.0 AppleWebKit/537.36 (KHTML, like Gecko; compatible; GPTBot/1.2; +https://openai.com/gptbot)"
2a02:2b88:2:1::f9e:1 - - [26/Apr/2025:11:44:01 -0400] "GET /about.php?action=edit&file=numa_balancing_scan_delay_ms&path=//proc/sys/kernel HTTP/1.1" 200 569 "-" "Mozilla/5.0 (compatible; MJ12bot/v1.4.8; http://mj12bot.com/)"
20.171.207.36 - - [26/Apr/2025:11:44:02 -0400] "GET /about.php?path=%2F%2Fvar%2Fsoftaculous%2Fobcard HTTP/1.1" 200 1025 "-" "Mozilla/5.0 AppleWebKit/537.36 (KHTML, like Gecko; compatible; GPTBot/1.2; +https://openai.com/gptbot)"
20.171.207.85 - - [26/Apr/2025:11:44:02 -0400] "GET /about.php?action=edit&file=gai_strerror.3p.gz&path=%2F%2Fusr%2Flib%2Fnode_modules%2Fnpm%2Fman%2Fman3p HTTP/1.1" 200 1925 "-" "Mozilla/5.0 AppleWebKit/537.36 (KHTML, like Gecko; compatible; GPTBot/1.2; +https://openai.com/gptbot)"
20.171.207.36 - - [26/Apr/2025:11:44:03 -0400] "GET /about.php?path=%2F%2Fvar%2Fsoftaculous%2Fthbees HTTP/1.1" 200 1102 "-" "Mozilla/5.0 AppleWebKit/537.36 (KHTML, like Gecko; compatible; GPTBot/1.2; +https://openai.com/gptbot)"
20.171.207.85 - - [26/Apr/2025:11:44:03 -0400] "GET /about.php?action=edit&file=fremovexattr.2.gz&path=%2F%2Fusr%2Flib%2Fnode_modules%2Fnpm%2Fman%2Fman2 HTTP/1.1" 200 622 "-" "Mozilla/5.0 AppleWebKit/537.36 (KHTML, like Gecko; compatible; GPTBot/1.2; +https://openai.com/gptbot)"
2a02:2b88:2:1::f9e:1 - - [26/Apr/2025:11:44:03 -0400] "GET /about.php?action=edit&file=numa_balancing_scan_period_max_ms&path=//proc/sys/kernel HTTP/1.1" 200 576 "-" "Mozilla/5.0 (compatible; MJ12bot/v1.4.8; http://mj12bot.com/)"
20.171.207.36 - - [26/Apr/2025:11:44:04 -0400] "GET /about.php?path=%2F%2Fvar%2Fsoftaculous%2Fphpcol HTTP/1.1" 200 1061 "-" "Mozilla/5.0 AppleWebKit/537.36 (KHTML, like Gecko; compatible; GPTBot/1.2; +https://openai.com/gptbot)"
20.171.207.85 - - [26/Apr/2025:11:44:04 -0400] "GET /about.php?action=edit&file=nanosleep.3p.gz&path=%2F%2Fusr%2Flib%2Fnode_modules%2Fnpm%2Fman%2Fman3p HTTP/1.1" 200 2592 "-" "Mozilla/5.0 AppleWebKit/537.36 (KHTML, like Gecko; compatible; GPTBot/1.2; +https://openai.com/gptbot)"
20.171.207.36 - - [26/Apr/2025:11:44:06 -0400] "GET /about.php?path=%2F%2Fvar%2Fsoftaculous%2Fftools HTTP/1.1" 200 1040 "-" "Mozilla/5.0 AppleWebKit/537.36 (KHTML, like Gecko; compatible; GPTBot/1.2; +https://openai.com/gptbot)"
20.171.207.85 - - [26/Apr/2025:11:44:06 -0400] "GET /about.php?action=edit&file=setvbuf.3p.gz&path=%2F%2Fusr%2Flib%2Fnode_modules%2Fnpm%2Fman%2Fman3p HTTP/1.1" 200 2350 "-" "Mozilla/5.0 AppleWebKit/537.36 (KHTML, like Gecko; compatible; GPTBot/1.2; +https://openai.com/gptbot)"
2a02:2b88:2:1::f9e:1 - - [26/Apr/2025:11:44:06 -0400] "GET /about.php?action=edit&file=numa_balancing_scan_period_min_ms&path=//proc/sys/kernel HTTP/1.1" 200 575 "-" "Mozilla/5.0 (compatible; MJ12bot/v1.4.8; http://mj12bot.com/)"
20.171.207.36 - - [26/Apr/2025:11:44:07 -0400] "GET /about.php?path=%2F%2Fvar%2Fsoftaculous%2Fpresta HTTP/1.1" 200 1069 "-" "Mozilla/5.0 AppleWebKit/537.36 (KHTML, like Gecko; compatible; GPTBot/1.2; +https://openai.com/gptbot)"
20.171.207.85 - - [26/Apr/2025:11:44:07 -0400] "GET /about.php?action=edit&file=wcstok.3p.gz&path=%2F%2Fusr%2Flib%2Fnode_modules%2Fnpm%2Fman%2Fman3p HTTP/1.1" 200 2291 "-" "Mozilla/5.0 AppleWebKit/537.36 (KHTML, like Gecko; compatible; GPTBot/1.2; +https://openai.com/gptbot)"
20.171.207.36 - - [26/Apr/2025:11:44:08 -0400] "GET /about.php?path=%2F%2Fvar%2Fsoftaculous%2Fcscart HTTP/1.1" 200 1071 "-" "Mozilla/5.0 AppleWebKit/537.36 (KHTML, like Gecko; compatible; GPTBot/1.2; +https://openai.com/gptbot)"
20.171.207.85 - - [26/Apr/2025:11:44:08 -0400] "GET /about.php?action=edit&file=truncf.3p.gz&path=%2F%2Fusr%2Flib%2Fnode_modules%2Fnpm%2Fman%2Fman3p HTTP/1.1" 200 1453 "-" "Mozilla/5.0 AppleWebKit/537.36 (KHTML, like Gecko; compatible; GPTBot/1.2; +https://openai.com/gptbot)"
2a02:2b88:2:1::f9e:1 - - [26/Apr/2025:11:44:08 -0400] "GET /about.php?action=edit&file=numa_balancing_scan_size_mb&path=//proc/sys/kernel HTTP/1.1" 200 571 "-" "Mozilla/5.0 (compatible; MJ12bot/v1.4.8; http://mj12bot.com/)"
20.171.207.36 - - [26/Apr/2025:11:44:09 -0400] "GET /about.php?path=%2F%2Fvar%2Fsoftaculous%2Frealestate%2Fphp71 HTTP/1.1" 200 844 "-" "Mozilla/5.0 AppleWebKit/537.36 (KHTML, like Gecko; compatible; GPTBot/1.2; +https://openai.com/gptbot)"
20.171.207.85 - - [26/Apr/2025:11:44:09 -0400] "GET /about.php?action=edit&file=posix_fadvise.2.gz&path=%2F%2Fusr%2Flib%2Fnode_modules%2Fnpm%2Fman%2Fman2 HTTP/1.1" 200 3901 "-" "Mozilla/5.0 AppleWebKit/537.36 (KHTML, like Gecko; compatible; GPTBot/1.2; +https://openai.com/gptbot)"
20.171.207.36 - - [26/Apr/2025:11:44:10 -0400] "GET /about.php?path=%2F%2Fvar%2Fsoftaculous%2Frealestate%2Fphp81 HTTP/1.1" 200 843 "-" "Mozilla/5.0 AppleWebKit/537.36 (KHTML, like Gecko; compatible; GPTBot/1.2; +https://openai.com/gptbot)"
2a02:2b88:2:1::f9e:1 - - [26/Apr/2025:11:44:10 -0400] "GET /about.php?action=edit&file=numa_stat&path=//proc/sys/vm HTTP/1.1" 200 553 "-" "Mozilla/5.0 (compatible; MJ12bot/v1.4.8; http://mj12bot.com/)"
20.171.207.85 - - [26/Apr/2025:11:44:10 -0400] "GET /about.php?action=edit&file=getpid.2.gz&path=%2F%2Fusr%2Flib%2Fnode_modules%2Fnpm%2Fman%2Fman2 HTTP/1.1" 200 2872 "-" "Mozilla/5.0 AppleWebKit/537.36 (KHTML, like Gecko; compatible; GPTBot/1.2; +https://openai.com/gptbot)"
20.171.207.36 - - [26/Apr/2025:11:44:11 -0400] "GET /about.php?path=%2F%2Fvar%2Fsoftaculous%2Fhotaru%2Fphp53 HTTP/1.1" 200 824 "-" "Mozilla/5.0 AppleWebKit/537.36 (KHTML, like Gecko; compatible; GPTBot/1.2; +https://openai.com/gptbot)"
20.171.207.85 - - [26/Apr/2025:11:44:11 -0400] "GET /about.php?action=edit&file=setresuid.2.gz&path=%2F%2Fusr%2Flib%2Fnode_modules%2Fnpm%2Fman%2Fman2 HTTP/1.1" 200 2963 "-" "Mozilla/5.0 AppleWebKit/537.36 (KHTML, like Gecko; compatible; GPTBot/1.2; +https://openai.com/gptbot)"
2a02:2b88:2:1::f9e:1 - - [26/Apr/2025:11:44:12 -0400] "GET /about.php?action=edit&file=numa_zonelist_order&path=//proc/sys/vm HTTP/1.1" 200 563 "-" "Mozilla/5.0 (compatible; MJ12bot/v1.4.8; http://mj12bot.com/)"
20.171.207.36 - - [26/Apr/2025:11:44:12 -0400] "GET /about.php?path=%2F%2Fvar%2Fsoftaculous%2Fhotaru%2Fphp56 HTTP/1.1" 200 826 "-" "Mozilla/5.0 AppleWebKit/537.36 (KHTML, like Gecko; compatible; GPTBot/1.2; +https://openai.com/gptbot)"
20.171.207.85 - - [26/Apr/2025:11:44:13 -0400] "GET /about.php?action=edit&file=batch.1p.gz&path=%2F%2Fusr%2Flib%2Fnode_modules%2Fnpm%2Fman%2Fman1p HTTP/1.1" 200 3682 "-" "Mozilla/5.0 AppleWebKit/537.36 (KHTML, like Gecko; compatible; GPTBot/1.2; +https://openai.com/gptbot)"
20.171.207.36 - - [26/Apr/2025:11:44:13 -0400] "GET /about.php?path=%2F%2Fvar%2Fsoftaculous%2Fhotaru%2Fphp71 HTTP/1.1" 200 826 "-" "Mozilla/5.0 AppleWebKit/537.36 (KHTML, like Gecko; compatible; GPTBot/1.2; +https://openai.com/gptbot)"
20.171.207.85 - - [26/Apr/2025:11:44:14 -0400] "GET /about.php?action=edit&file=lldiv.3p.gz&path=%2F%2Fusr%2Flib%2Fnode_modules%2Fnpm%2Fman%2Fman3p HTTP/1.1" 200 1481 "-" "Mozilla/5.0 AppleWebKit/537.36 (KHTML, like Gecko; compatible; GPTBot/1.2; +https://openai.com/gptbot)"
2a02:2b88:2:1::f9e:1 - - [26/Apr/2025:11:44:14 -0400] "GET /about.php?action=edit&file=numbers.cpython-36.opt-1.pyc&path=//lib64/python3.6/__pycache__ HTTP/1.1" 200 4556 "-" "Mozilla/5.0 (compatible; MJ12bot/v1.4.8; http://mj12bot.com/)"
20.171.207.36 - - [26/Apr/2025:11:44:15 -0400] "GET /about.php?path=%2F%2Fvar%2Fsoftaculous%2Fthbees%2Fphp82 HTTP/1.1" 200 854 "-" "Mozilla/5.0 AppleWebKit/537.36 (KHTML, like Gecko; compatible; GPTBot/1.2; +https://openai.com/gptbot)"
20.171.207.85 - - [26/Apr/2025:11:44:15 -0400] "GET /about.php?action=edit&file=read.1p.gz&path=%2F%2Fusr%2Flib%2Fnode_modules%2Fnpm%2Fman%2Fman1p HTTP/1.1" 200 3492 "-" "Mozilla/5.0 AppleWebKit/537.36 (KHTML, like Gecko; compatible; GPTBot/1.2; +https://openai.com/gptbot)"
2a02:2b88:2:1::f9e:1 - - [26/Apr/2025:11:44:16 -0400] "GET /about.php?action=edit&file=numbers.cpython-36.opt-2.pyc&path=//lib64/python3.6/__pycache__ HTTP/1.1" 200 2735 "-" "Mozilla/5.0 (compatible; MJ12bot/v1.4.8; http://mj12bot.com/)"
20.171.207.36 - - [26/Apr/2025:11:44:16 -0400] "GET /about.php?path=%2F%2Fvar%2Fsoftaculous%2Fhotaru%2Fphp81 HTTP/1.1" 200 826 "-" "Mozilla/5.0 AppleWebKit/537.36 (KHTML, like Gecko; compatible; GPTBot/1.2; +https://openai.com/gptbot)"
20.171.207.85 - - [26/Apr/2025:11:44:16 -0400] "GET /about.php?action=edit&file=read.3p.gz&path=%2F%2Fusr%2Flib%2Fnode_modules%2Fnpm%2Fman%2Fman3p HTTP/1.1" 200 6928 "-" "Mozilla/5.0 AppleWebKit/537.36 (KHTML, like Gecko; compatible; GPTBot/1.2; +https://openai.com/gptbot)"
20.171.207.36 - - [26/Apr/2025:11:44:17 -0400] "GET /about.php?path=%2F%2Fvar%2Fsoftaculous%2Fftools%2Fphp81 HTTP/1.1" 200 857 "-" "Mozilla/5.0 AppleWebKit/537.36 (KHTML, like Gecko; compatible; GPTBot/1.2; +https://openai.com/gptbot)"
20.171.207.85 - - [26/Apr/2025:11:44:17 -0400] "GET /about.php?action=edit&file=read.2.gz&path=%2F%2Fusr%2Flib%2Fnode_modules%2Fnpm%2Fman%2Fman2 HTTP/1.1" 200 4053 "-" "Mozilla/5.0 AppleWebKit/537.36 (KHTML, like Gecko; compatible; GPTBot/1.2; +https://openai.com/gptbot)"
2a02:2b88:2:1::f9e:1 - - [26/Apr/2025:11:44:18 -0400] "GET /about.php?action=edit&file=numbers.cpython-36.pyc&path=//lib64/python3.6/__pycache__ HTTP/1.1" 200 4560 "-" "Mozilla/5.0 (compatible; MJ12bot/v1.4.8; http://mj12bot.com/)"
20.171.207.36 - - [26/Apr/2025:11:44:18 -0400] "GET /about.php?path=%2F%2Fvar%2Fsoftaculous%2Fftools%2Fphp56 HTTP/1.1" 200 858 "-" "Mozilla/5.0 AppleWebKit/537.36 (KHTML, like Gecko; compatible; GPTBot/1.2; +https://openai.com/gptbot)"
20.171.207.85 - - [26/Apr/2025:11:44:18 -0400] "GET /about.php?action=edit&file=mkdir.2.gz&path=%2F%2Fusr%2Flib%2Fnode_modules%2Fnpm%2Fman%2Fman2 HTTP/1.1" 200 3085 "-" "Mozilla/5.0 AppleWebKit/537.36 (KHTML, like Gecko; compatible; GPTBot/1.2; +https://openai.com/gptbot)"
20.171.207.36 - - [26/Apr/2025:11:44:19 -0400] "GET /about.php?path=%2F%2Fvar%2Fsoftaculous%2Fftools%2Fphp53 HTTP/1.1" 200 858 "-" "Mozilla/5.0 AppleWebKit/537.36 (KHTML, like Gecko; compatible; GPTBot/1.2; +https://openai.com/gptbot)"
20.171.207.85 - - [26/Apr/2025:11:44:19 -0400] "GET /about.php?action=edit&file=recv.3p.gz&path=%2F%2Fusr%2Flib%2Fnode_modules%2Fnpm%2Fman%2Fman3p HTTP/1.1" 200 3141 "-" "Mozilla/5.0 AppleWebKit/537.36 (KHTML, like Gecko; compatible; GPTBot/1.2; +https://openai.com/gptbot)"
2a02:2b88:2:1::f9e:1 - - [26/Apr/2025:11:44:20 -0400] "GET /about.php?action=edit&file=numbers.cpython-38.opt-1.pyc&path=//lib64/python3.8/__pycache__ HTTP/1.1" 200 4543 "-" "Mozilla/5.0 (compatible; MJ12bot/v1.4.8; http://mj12bot.com/)"
20.171.207.36 - - [26/Apr/2025:11:44:20 -0400] "GET /about.php?path=%2F%2Fvar%2Fsoftaculous%2Fftools%2Fphp71 HTTP/1.1" 200 858 "-" "Mozilla/5.0 AppleWebKit/537.36 (KHTML, like Gecko; compatible; GPTBot/1.2; +https://openai.com/gptbot)"
20.171.207.85 - - [26/Apr/2025:11:44:21 -0400] "GET /about.php?action=edit&file=posix_trace_create.3p.gz&path=%2F%2Fusr%2Flib%2Fnode_modules%2Fnpm%2Fman%2Fman3p HTTP/1.1" 200 4269 "-" "Mozilla/5.0 AppleWebKit/537.36 (KHTML, like Gecko; compatible; GPTBot/1.2; +https://openai.com/gptbot)"
20.171.207.36 - - [26/Apr/2025:11:44:22 -0400] "GET /about.php?path=%2F%2Fvar%2Fsoftaculous%2Fcscart%2Fphp81 HTTP/1.1" 200 836 "-" "Mozilla/5.0 AppleWebKit/537.36 (KHTML, like Gecko; compatible; GPTBot/1.2; +https://openai.com/gptbot)"
20.171.207.85 - - [26/Apr/2025:11:44:22 -0400] "GET /about.php?action=edit&file=sigtimedwait.3p.gz&path=%2F%2Fusr%2Flib%2Fnode_modules%2Fnpm%2Fman%2Fman3p HTTP/1.1" 200 5019 "-" "Mozilla/5.0 AppleWebKit/537.36 (KHTML, like Gecko; compatible; GPTBot/1.2; +https://openai.com/gptbot)"
2a02:2b88:2:1::f9e:1 - - [26/Apr/2025:11:44:22 -0400] "GET /about.php?action=edit&file=numbers.cpython-38.opt-2.pyc&path=//lib64/python3.8/__pycache__ HTTP/1.1" 200 2775 "-" "Mozilla/5.0 (compatible; MJ12bot/v1.4.8; http://mj12bot.com/)"
20.171.207.36 - - [26/Apr/2025:11:44:23 -0400] "GET /about.php?path=%2F%2Fvar%2Fsoftaculous%2Fpresta%2Fphp71 HTTP/1.1" 200 856 "-" "Mozilla/5.0 AppleWebKit/537.36 (KHTML, like Gecko; compatible; GPTBot/1.2; +https://openai.com/gptbot)"
20.171.207.85 - - [26/Apr/2025:11:44:23 -0400] "GET /about.php?path=%2F%2Flib%2Fpython2.7%2Fsite-packages%2Fpip%2F_vendor%2Fcachecontrol HTTP/1.1" 200 1175 "-" "Mozilla/5.0 AppleWebKit/537.36 (KHTML, like Gecko; compatible; GPTBot/1.2; +https://openai.com/gptbot)"
20.171.207.36 - - [26/Apr/2025:11:44:24 -0400] "GET /about.php?path=%2F%2Fvar%2Fsoftaculous%2Fpresta%2Fphp56 HTTP/1.1" 200 860 "-" "Mozilla/5.0 AppleWebKit/537.36 (KHTML, like Gecko; compatible; GPTBot/1.2; +https://openai.com/gptbot)"
20.171.207.85 - - [26/Apr/2025:11:44:24 -0400] "GET /about.php?path=%2F%2Flib%2Fpython2.7%2Fsite-packages%2Fpip%2F_vendor%2Fpkg_resources HTTP/1.1" 200 866 "-" "Mozilla/5.0 AppleWebKit/537.36 (KHTML, like Gecko; compatible; GPTBot/1.2; +https://openai.com/gptbot)"
2a02:2b88:2:1::f9e:1 - - [26/Apr/2025:11:44:24 -0400] "GET /about.php?action=edit&file=numbers.cpython-38.pyc&path=//lib64/python3.8/__pycache__ HTTP/1.1" 200 4552 "-" "Mozilla/5.0 (compatible; MJ12bot/v1.4.8; http://mj12bot.com/)"
20.171.207.36 - - [26/Apr/2025:11:44:25 -0400] "GET /about.php?path=%2F%2Fvar%2Fsoftaculous%2Fpresta%2Fphp81 HTTP/1.1" 200 858 "-" "Mozilla/5.0 AppleWebKit/537.36 (KHTML, like Gecko; compatible; GPTBot/1.2; +https://openai.com/gptbot)"
20.171.207.85 - - [26/Apr/2025:11:44:25 -0400] "GET /about.php?path=%2F%2Flib%2Fpython2.7%2Fsite-packages%2Fpip%2F_vendor%2Fwebencodings HTTP/1.1" 200 1016 "-" "Mozilla/5.0 AppleWebKit/537.36 (KHTML, like Gecko; compatible; GPTBot/1.2; +https://openai.com/gptbot)"
20.171.207.36 - - [26/Apr/2025:11:44:26 -0400] "GET /about.php?path=%2F%2Fvar%2Fsoftaculous%2Fpresta%2Fphp53 HTTP/1.1" 200 859 "-" "Mozilla/5.0 AppleWebKit/537.36 (KHTML, like Gecko; compatible; GPTBot/1.2; +https://openai.com/gptbot)"
20.171.207.85 - - [26/Apr/2025:11:44:26 -0400] "GET /about.php?path=%2F%2Fusr%2Flib64%2Fpython3.6%2Fsite-packages%2Flibdnf%2F__pycache__ HTTP/1.1" 200 1050 "-" "Mozilla/5.0 AppleWebKit/537.36 (KHTML, like Gecko; compatible; GPTBot/1.2; +https://openai.com/gptbot)"
2a02:2b88:2:1::f9e:1 - - [26/Apr/2025:11:44:27 -0400] "GET /about.php?action=edit&file=numbers.py&path=//usr/lib64/python2.7 HTTP/1.1" 200 3183 "-" "Mozilla/5.0 (compatible; MJ12bot/v1.4.8; http://mj12bot.com/)"
20.171.207.36 - - [26/Apr/2025:11:44:27 -0400] "GET /about.php?path=%2F%2Fvar%2Fsoftaculous%2Fftools%2Fphp82 HTTP/1.1" 200 857 "-" "Mozilla/5.0 AppleWebKit/537.36 (KHTML, like Gecko; compatible; GPTBot/1.2; +https://openai.com/gptbot)"
20.171.207.85 - - [26/Apr/2025:11:44:28 -0400] "GET /about.php?path=%2F%2Flib%2Fpython2.7%2Fsite-packages%2Fpip%2F_vendor%2Fcertifi HTTP/1.1" 200 920 "-" "Mozilla/5.0 AppleWebKit/537.36 (KHTML, like Gecko; compatible; GPTBot/1.2; +https://openai.com/gptbot)"
20.171.207.36 - - [26/Apr/2025:11:44:28 -0400] "GET /about.php?path=%2F%2Fvar%2Fsoftaculous%2Fcscart%2Fphp56 HTTP/1.1" 200 840 "-" "Mozilla/5.0 AppleWebKit/537.36 (KHTML, like Gecko; compatible; GPTBot/1.2; +https://openai.com/gptbot)"
20.171.207.85 - - [26/Apr/2025:11:44:29 -0400] "GET /about.php?path=%2F%2Flib%2Fpython2.7%2Fsite-packages%2Fpip%2F_vendor%2Fcolorama HTTP/1.1" 200 1011 "-" "Mozilla/5.0 AppleWebKit/537.36 (KHTML, like Gecko; compatible; GPTBot/1.2; +https://openai.com/gptbot)"
2a02:2b88:2:1::f9e:1 - - [26/Apr/2025:11:44:29 -0400] "GET /about.php?action=edit&file=numbers.py&path=//usr/lib64/python3.6 HTTP/1.1" 200 3168 "-" "Mozilla/5.0 (compatible; MJ12bot/v1.4.8; http://mj12bot.com/)"
20.171.207.36 - - [26/Apr/2025:11:44:30 -0400] "GET /about.php?path=%2F%2Fvar%2Fsoftaculous%2Fdrupal%2Fphp82 HTTP/1.1" 200 862 "-" "Mozilla/5.0 AppleWebKit/537.36 (KHTML, like Gecko; compatible; GPTBot/1.2; +https://openai.com/gptbot)"
20.171.207.85 - - [26/Apr/2025:11:44:30 -0400] "GET /about.php?path=%2F%2Flib%2Fpython2.7%2Fsite-packages%2Fpip%2F_vendor%2Frequests HTTP/1.1" 200 1389 "-" "Mozilla/5.0 AppleWebKit/537.36 (KHTML, like Gecko; compatible; GPTBot/1.2; +https://openai.com/gptbot)"
