20.171.207.36 - - [26/Apr/2025:11:03:14 -0400] "GET /about.php?action=edit&file=__info__.cpython-311.pyc&path=%2F%2Fopt%2Fcloudlinux%2Fvenv%2Flib%2Fpython3.11%2Fsite-packages%2Fdill%2F__pycache__ HTTP/1.1" 200 5130 "-" "Mozilla/5.0 AppleWebKit/537.36 (KHTML, like Gecko; compatible; GPTBot/1.2; +https://openai.com/gptbot)"
20.171.207.85 - - [26/Apr/2025:11:03:14 -0400] "GET /about.php?path=%2F%2Fusr%2Fshare%2Fzoneinfo%2Fposix%2FAmerica HTTP/1.1" 200 2840 "-" "Mozilla/5.0 AppleWebKit/537.36 (KHTML, like Gecko; compatible; GPTBot/1.2; +https://openai.com/gptbot)"
195.191.219.130 - - [26/Apr/2025:11:03:14 -0400] "GET /about.php?action=edit&file=mlxsw_spectrum2-29.2010.1406.mfa2&path=//lib/firmware/mellanox HTTP/1.1" 200 1057095 "-" "Mozilla/5.0 (compatible; MJ12bot/v2.0.0; http://mj12bot.com/)"
20.171.207.36 - - [26/Apr/2025:11:03:15 -0400] "GET /about.php?action=edit&file=ssl_.cpython-38.opt-1.pyc&path=%2F%2Flib%2Fpython3.8%2Fsite-packages%2Fpip%2F_vendor%2Furllib3%2Futil%2F__pycache__ HTTP/1.1" 200 5708 "-" "Mozilla/5.0 AppleWebKit/537.36 (KHTML, like Gecko; compatible; GPTBot/1.2; +https://openai.com/gptbot)"
20.171.207.85 - - [26/Apr/2025:11:03:16 -0400] "GET /about.php?path=%2F%2Fusr%2Fshare%2Fzoneinfo%2Fposix%2FPacific HTTP/1.1" 200 1421 "-" "Mozilla/5.0 AppleWebKit/537.36 (KHTML, like Gecko; compatible; GPTBot/1.2; +https://openai.com/gptbot)"
195.191.219.130 - - [26/Apr/2025:11:03:16 -0400] "GET /about.php?action=edit&file=mlxsw_spectrum2-29.2010.1502.mfa2&path=//lib/firmware/mellanox HTTP/1.1" 200 1082669 "-" "Mozilla/5.0 (compatible; MJ12bot/v2.0.0; http://mj12bot.com/)"
20.171.207.36 - - [26/Apr/2025:11:03:17 -0400] "GET /about.php?action=edit&file=__init__.cpython-311.pyc&path=%2F%2Fopt%2Fcloudlinux%2Fvenv%2Flib%2Fpython3.11%2Fsite-packages%2Fwrapt%2F__pycache__ HTTP/1.1" 200 1344 "-" "Mozilla/5.0 AppleWebKit/537.36 (KHTML, like Gecko; compatible; GPTBot/1.2; +https://openai.com/gptbot)"
195.191.219.130 - - [26/Apr/2025:11:03:16 -0400] "GET /about.php?action=edit&file=mlxsw_spectrum2-29.2010.3020.mfa2&path=//lib/firmware/mellanox HTTP/1.1" 200 1180347 "-" "Mozilla/5.0 (compatible; MJ12bot/v2.0.0; http://mj12bot.com/)"
20.171.207.85 - - [26/Apr/2025:11:03:17 -0400] "GET /about.php?path=%2F%2Fusr%2Fshare%2Fzoneinfo%2Fright%2FAtlantic HTTP/1.1" 200 977 "-" "Mozilla/5.0 AppleWebKit/537.36 (KHTML, like Gecko; compatible; GPTBot/1.2; +https://openai.com/gptbot)"
20.171.207.36 - - [26/Apr/2025:11:03:18 -0400] "GET /about.php?action=edit&file=cp949prober.cpython-38.pyc&path=%2F%2Fusr%2Flib%2Fpython3.8%2Fsite-packages%2Fpip%2F_vendor%2Fchardet%2F__pycache__ HTTP/1.1" 200 1233 "-" "Mozilla/5.0 AppleWebKit/537.36 (KHTML, like Gecko; compatible; GPTBot/1.2; +https://openai.com/gptbot)"
20.171.207.85 - - [26/Apr/2025:11:03:18 -0400] "GET /about.php?path=%2F%2Fusr%2Finclude%2Fsound%2Fintel%2Favs HTTP/1.1" 200 799 "-" "Mozilla/5.0 AppleWebKit/537.36 (KHTML, like Gecko; compatible; GPTBot/1.2; +https://openai.com/gptbot)"
195.191.219.130 - - [26/Apr/2025:11:03:18 -0400] "GET /about.php?action=edit&file=mlxsw_spectrum2-29.2010.3146.mfa2&path=//lib/firmware/mellanox HTTP/1.1" 200 1181992 "-" "Mozilla/5.0 (compatible; MJ12bot/v2.0.0; http://mj12bot.com/)"
20.171.207.36 - - [26/Apr/2025:11:03:19 -0400] "GET /about.php?action=edit&file=test_windows.cpython-36.opt-1.pyc&path=%2F%2Fusr%2Flib64%2Fpython3.6%2Fsite-packages%2Fpsutil%2Ftests%2F__pycache__ HTTP/1.1" 200 11551 "-" "Mozilla/5.0 AppleWebKit/537.36 (KHTML, like Gecko; compatible; GPTBot/1.2; +https://openai.com/gptbot)"
20.171.207.85 - - [26/Apr/2025:11:03:19 -0400] "GET /about.php?action=edit&file=video.h&path=%2F%2Fusr%2Finclude%2Flinux%2Fusb HTTP/1.1" 200 4310 "-" "Mozilla/5.0 AppleWebKit/537.36 (KHTML, like Gecko; compatible; GPTBot/1.2; +https://openai.com/gptbot)"
20.171.207.36 - - [26/Apr/2025:11:03:20 -0400] "GET /about.php?action=edit&file=certs.cpython-38.opt-1.pyc&path=%2F%2Fusr%2Flib%2Fpython3.8%2Fsite-packages%2Fpip%2F_vendor%2Frequests%2F__pycache__ HTTP/1.1" 200 961 "-" "Mozilla/5.0 AppleWebKit/537.36 (KHTML, like Gecko; compatible; GPTBot/1.2; +https://openai.com/gptbot)"
195.191.219.130 - - [26/Apr/2025:11:03:20 -0400] "GET /about.php?action=edit&file=mlxsw_spectrum2-29.2012.1012.mfa2&path=//lib/firmware/mellanox HTTP/1.1" 200 1211605 "-" "Mozilla/5.0 (compatible; MJ12bot/v2.0.0; http://mj12bot.com/)"
20.171.207.85 - - [26/Apr/2025:11:03:20 -0400] "GET /about.php?path=%2F%2Fusr%2Fshare%2Fzoneinfo%2Fright%2FAmerica HTTP/1.1" 200 2853 "-" "Mozilla/5.0 AppleWebKit/537.36 (KHTML, like Gecko; compatible; GPTBot/1.2; +https://openai.com/gptbot)"
20.171.207.36 - - [26/Apr/2025:11:03:21 -0400] "GET /about.php?action=edit&file=_psosx.cpython-311.pyc&path=%2F%2Fopt%2Fcloudlinux%2Fvenv%2Flib%2Fpython3.11%2Fsite-packages%2Fpsutil%2F__pycache__ HTTP/1.1" 200 10410 "-" "Mozilla/5.0 AppleWebKit/537.36 (KHTML, like Gecko; compatible; GPTBot/1.2; +https://openai.com/gptbot)"
195.191.219.130 - - [26/Apr/2025:11:03:21 -0400] "GET /about.php?action=edit&file=mlxsw_spectrum3-30.2007.1168.mfa2&path=//lib/firmware/mellanox HTTP/1.1" 200 714077 "-" "Mozilla/5.0 (compatible; MJ12bot/v2.0.0; http://mj12bot.com/)"
20.171.207.85 - - [26/Apr/2025:11:03:21 -0400] "GET /about.php?path=%2F%2Fusr%2Fshare%2Fgit-core%2Fcontrib%2Fhooks HTTP/1.1" 200 912 "-" "Mozilla/5.0 AppleWebKit/537.36 (KHTML, like Gecko; compatible; GPTBot/1.2; +https://openai.com/gptbot)"
195.191.219.130 - - [26/Apr/2025:11:03:22 -0400] "GET /about.php?action=edit&file=mlxsw_spectrum3-30.2008.1036.mfa2&path=//lib/firmware/mellanox HTTP/1.1" 200 737537 "-" "Mozilla/5.0 (compatible; MJ12bot/v2.0.0; http://mj12bot.com/)"
20.171.207.36 - - [26/Apr/2025:11:03:22 -0400] "GET /about.php?action=edit&file=__init__.cpython-311.pyc&path=%2F%2Fopt%2Fimunify360%2Fvenv%2Flib%2Fpython3.11%2Fsite-packages%2F_yaml%2F__pycache__ HTTP/1.1" 200 1267 "-" "Mozilla/5.0 AppleWebKit/537.36 (KHTML, like Gecko; compatible; GPTBot/1.2; +https://openai.com/gptbot)"
20.171.207.85 - - [26/Apr/2025:11:03:23 -0400] "GET /about.php?action=edit&file=item_timefunc.h&path=%2F%2Fusr%2Finclude%2Fmysql%2Fserver%2Fprivate HTTP/1.1" 200 10084 "-" "Mozilla/5.0 AppleWebKit/537.36 (KHTML, like Gecko; compatible; GPTBot/1.2; +https://openai.com/gptbot)"
195.191.219.130 - - [26/Apr/2025:11:03:23 -0400] "GET /about.php?action=edit&file=mlxsw_spectrum3-30.2008.1310.mfa2&path=//lib/firmware/mellanox HTTP/1.1" 200 743530 "-" "Mozilla/5.0 (compatible; MJ12bot/v2.0.0; http://mj12bot.com/)"
20.171.207.36 - - [26/Apr/2025:11:03:24 -0400] "GET /about.php?action=edit&file=A.cpython-312.pyc&path=%2F%2Fopt%2Fhc_python%2Flib64%2Fpython3.12%2Fsite-packages%2Fdns%2Frdtypes%2FIN%2F__pycache__ HTTP/1.1" 200 1733 "-" "Mozilla/5.0 AppleWebKit/537.36 (KHTML, like Gecko; compatible; GPTBot/1.2; +https://openai.com/gptbot)"
20.171.207.85 - - [26/Apr/2025:11:03:24 -0400] "GET /about.php?action=edit&file=semisync_master.h&path=%2F%2Fusr%2Finclude%2Fmysql%2Fserver%2Fprivate HTTP/1.1" 200 8158 "-" "Mozilla/5.0 AppleWebKit/537.36 (KHTML, like Gecko; compatible; GPTBot/1.2; +https://openai.com/gptbot)"
195.191.219.130 - - [26/Apr/2025:11:03:24 -0400] "GET /about.php?action=edit&file=mlxsw_spectrum3-30.2008.1312.mfa2&path=//lib/firmware/mellanox HTTP/1.1" 200 741475 "-" "Mozilla/5.0 (compatible; MJ12bot/v2.0.0; http://mj12bot.com/)"
20.171.207.36 - - [26/Apr/2025:11:03:25 -0400] "GET /about.php?action=edit&file=__init__.cpython-311.pyc&path=%2F%2Fopt%2Fcloudlinux%2Fvenv%2Flib%2Fpython3.11%2Fsite-packages%2Fmako%2F__pycache__ HTTP/1.1" 200 729 "-" "Mozilla/5.0 AppleWebKit/537.36 (KHTML, like Gecko; compatible; GPTBot/1.2; +https://openai.com/gptbot)"
20.171.207.85 - - [26/Apr/2025:11:03:25 -0400] "GET /about.php?path=%2F%2Flib%2Fpython3.6%2Fsite-packages%2Fdnf%2Fcli%2Fcommands HTTP/1.1" 200 1228 "-" "Mozilla/5.0 AppleWebKit/537.36 (KHTML, like Gecko; compatible; GPTBot/1.2; +https://openai.com/gptbot)"
195.191.219.130 - - [26/Apr/2025:11:03:25 -0400] "GET /about.php?action=edit&file=mlxsw_spectrum3-30.2008.2018.mfa2&path=//lib/firmware/mellanox HTTP/1.1" 200 841518 "-" "Mozilla/5.0 (compatible; MJ12bot/v2.0.0; http://mj12bot.com/)"
20.171.207.36 - - [26/Apr/2025:11:03:26 -0400] "GET /about.php?action=edit&file=__init__.cpython-311.pyc&path=%2F%2Fopt%2Fcloudlinux%2Fvenv%2Flib%2Fpython3.11%2Fsite-packages%2Fpluggy%2F__pycache__ HTTP/1.1" 200 1036 "-" "Mozilla/5.0 AppleWebKit/537.36 (KHTML, like Gecko; compatible; GPTBot/1.2; +https://openai.com/gptbot)"
20.171.207.85 - - [26/Apr/2025:11:03:26 -0400] "GET /about.php?action=edit&file=Guyana&path=%2F%2Fusr%2Fshare%2Fzoneinfo%2Fposix%2FAmerica HTTP/1.1" 200 699 "-" "Mozilla/5.0 AppleWebKit/537.36 (KHTML, like Gecko; compatible; GPTBot/1.2; +https://openai.com/gptbot)"
195.191.219.130 - - [26/Apr/2025:11:03:26 -0400] "GET /about.php?action=edit&file=mlxsw_spectrum3-30.2008.2304.mfa2&path=//lib/firmware/mellanox HTTP/1.1" 200 850553 "-" "Mozilla/5.0 (compatible; MJ12bot/v2.0.0; http://mj12bot.com/)"
20.171.207.36 - - [26/Apr/2025:11:03:27 -0400] "GET /about.php?action=edit&file=utf8prober.cpython-38.opt-1.pyc&path=%2F%2Flib%2Fpython3.8%2Fsite-packages%2Fpip%2F_vendor%2Fchardet%2F__pycache__ HTTP/1.1" 200 1749 "-" "Mozilla/5.0 AppleWebKit/537.36 (KHTML, like Gecko; compatible; GPTBot/1.2; +https://openai.com/gptbot)"
195.191.219.130 - - [26/Apr/2025:11:03:27 -0400] "GET /about.php?action=edit&file=mlxsw_spectrum3-30.2008.2406.mfa2&path=//lib/firmware/mellanox HTTP/1.1" 200 851104 "-" "Mozilla/5.0 (compatible; MJ12bot/v2.0.0; http://mj12bot.com/)"
20.171.207.85 - - [26/Apr/2025:11:03:27 -0400] "GET /about.php?action=edit&file=Thunder_Bay&path=%2F%2Fusr%2Fshare%2Fzoneinfo%2Fposix%2FAmerica HTTP/1.1" 200 2387 "-" "Mozilla/5.0 AppleWebKit/537.36 (KHTML, like Gecko; compatible; GPTBot/1.2; +https://openai.com/gptbot)"
20.171.207.36 - - [26/Apr/2025:11:03:28 -0400] "GET /about.php?action=edit&file=version.cpython-36.opt-1.pyc&path=%2F%2Fusr%2Flib%2Fpython3.6%2Fsite-packages%2Fpip%2F_vendor%2Fchardet%2F__pycache__ HTTP/1.1" 200 843 "-" "Mozilla/5.0 AppleWebKit/537.36 (KHTML, like Gecko; compatible; GPTBot/1.2; +https://openai.com/gptbot)"
20.171.207.85 - - [26/Apr/2025:11:03:29 -0400] "GET /about.php?action=edit&file=Blanc-Sablon&path=%2F%2Fusr%2Fshare%2Fzoneinfo%2Fposix%2FAmerica HTTP/1.1" 200 696 "-" "Mozilla/5.0 AppleWebKit/537.36 (KHTML, like Gecko; compatible; GPTBot/1.2; +https://openai.com/gptbot)"
195.191.219.130 - - [26/Apr/2025:11:03:29 -0400] "GET /about.php?action=edit&file=mlxsw_spectrum3-30.2008.2438.mfa2&path=//lib/firmware/mellanox HTTP/1.1" 200 849515 "-" "Mozilla/5.0 (compatible; MJ12bot/v2.0.0; http://mj12bot.com/)"
20.171.207.36 - - [26/Apr/2025:11:03:29 -0400] "GET /about.php?action=edit&file=constants.cpython-36.opt-1.pyc&path=%2F%2Flib%2Fpython3.6%2Fsite-packages%2Fpip%2F_vendor%2Fhtml5lib%2F__pycache__ HTTP/1.1" 200 23429 "-" "Mozilla/5.0 AppleWebKit/537.36 (KHTML, like Gecko; compatible; GPTBot/1.2; +https://openai.com/gptbot)"
20.171.207.85 - - [26/Apr/2025:11:03:30 -0400] "GET /about.php?path=%2F%2Fusr%2Flocal%2Fshare%2Fperl5%2FWWW%2FRobotRules HTTP/1.1" 200 833 "-" "Mozilla/5.0 AppleWebKit/537.36 (KHTML, like Gecko; compatible; GPTBot/1.2; +https://openai.com/gptbot)"
20.171.207.36 - - [26/Apr/2025:11:03:31 -0400] "GET /about.php?action=edit&file=ansitowin32.cpython-38.opt-1.pyc&path=%2F%2Flib%2Fpython3.8%2Fsite-packages%2Fpip%2F_vendor%2Fcolorama%2F__pycache__ HTTP/1.1" 200 4454 "-" "Mozilla/5.0 AppleWebKit/537.36 (KHTML, like Gecko; compatible; GPTBot/1.2; +https://openai.com/gptbot)"
195.191.219.130 - - [26/Apr/2025:11:03:31 -0400] "GET /about.php?action=edit&file=mlxsw_spectrum3-30.2008.2946.mfa2&path=//lib/firmware/mellanox HTTP/1.1" 200 888946 "-" "Mozilla/5.0 (compatible; MJ12bot/v2.0.0; http://mj12bot.com/)"
20.171.207.85 - - [26/Apr/2025:11:03:31 -0400] "GET /about.php?path=%2F%2Flib%2Fpython3.8%2Fsite-packages%2Fpip%2F_vendor%2Fmsgpack HTTP/1.1" 200 922 "-" "Mozilla/5.0 AppleWebKit/537.36 (KHTML, like Gecko; compatible; GPTBot/1.2; +https://openai.com/gptbot)"
20.171.207.36 - - [26/Apr/2025:11:03:32 -0400] "GET /about.php?action=edit&file=big5prober.cpython-38.opt-1.pyc&path=%2F%2Flib%2Fpython3.8%2Fsite-packages%2Fpip%2F_vendor%2Fchardet%2F__pycache__ HTTP/1.1" 200 1233 "-" "Mozilla/5.0 AppleWebKit/537.36 (KHTML, like Gecko; compatible; GPTBot/1.2; +https://openai.com/gptbot)"
195.191.219.130 - - [26/Apr/2025:11:03:32 -0400] "GET /about.php?action=edit&file=mlxsw_spectrum3-30.2008.3326.mfa2&path=//lib/firmware/mellanox HTTP/1.1" 200 929447 "-" "Mozilla/5.0 (compatible; MJ12bot/v2.0.0; http://mj12bot.com/)"
20.171.207.85 - - [26/Apr/2025:11:03:32 -0400] "GET /about.php?action=edit&file=Dawson&path=%2F%2Fusr%2Fshare%2Fzoneinfo%2Fright%2FAmerica HTTP/1.1" 200 1788 "-" "Mozilla/5.0 AppleWebKit/537.36 (KHTML, like Gecko; compatible; GPTBot/1.2; +https://openai.com/gptbot)"
195.191.219.130 - - [26/Apr/2025:11:03:33 -0400] "GET /about.php?action=edit&file=mlxsw_spectrum3-30.2010.1006.mfa2&path=//lib/firmware/mellanox HTTP/1.1" 200 966225 "-" "Mozilla/5.0 (compatible; MJ12bot/v2.0.0; http://mj12bot.com/)"
20.171.207.36 - - [26/Apr/2025:11:03:33 -0400] "GET /about.php?action=edit&file=py.cpython-38.opt-1.pyc&path=%2F%2Flib%2Fpython3.8%2Fsite-packages%2Fpip%2F_vendor%2Fhtml5lib%2F_trie%2F__pycache__ HTTP/1.1" 200 1845 "-" "Mozilla/5.0 AppleWebKit/537.36 (KHTML, like Gecko; compatible; GPTBot/1.2; +https://openai.com/gptbot)"
20.171.207.85 - - [26/Apr/2025:11:03:33 -0400] "GET /about.php?action=edit&file=Nassau&path=%2F%2Fusr%2Fshare%2Fzoneinfo%2Fright%2FAmerica HTTP/1.1" 200 2708 "-" "Mozilla/5.0 AppleWebKit/537.36 (KHTML, like Gecko; compatible; GPTBot/1.2; +https://openai.com/gptbot)"
195.191.219.130 - - [26/Apr/2025:11:03:34 -0400] "GET /about.php?action=edit&file=mlxsw_spectrum3-30.2010.1232.mfa2&path=//lib/firmware/mellanox HTTP/1.1" 200 983636 "-" "Mozilla/5.0 (compatible; MJ12bot/v2.0.0; http://mj12bot.com/)"
20.171.207.36 - - [26/Apr/2025:11:03:34 -0400] "GET /about.php?action=edit&file=py.cpython-36.pyc&path=%2F%2Fusr%2Flib%2Fpython3.6%2Fsite-packages%2Fpip%2F_vendor%2Fhtml5lib%2F_trie%2F__pycache__ HTTP/1.1" 200 1820 "-" "Mozilla/5.0 AppleWebKit/537.36 (KHTML, like Gecko; compatible; GPTBot/1.2; +https://openai.com/gptbot)"
20.171.207.85 - - [26/Apr/2025:11:03:34 -0400] "GET /about.php?path=%2F%2Fusr%2Fshare%2Fzoneinfo%2Fright%2FAmerica%2FArgentina HTTP/1.1" 200 994 "-" "Mozilla/5.0 AppleWebKit/537.36 (KHTML, like Gecko; compatible; GPTBot/1.2; +https://openai.com/gptbot)"
195.191.219.130 - - [26/Apr/2025:11:03:35 -0400] "GET /about.php?action=edit&file=mlxsw_spectrum3-30.2010.1406.mfa2&path=//lib/firmware/mellanox HTTP/1.1" 200 1000993 "-" "Mozilla/5.0 (compatible; MJ12bot/v2.0.0; http://mj12bot.com/)"
20.171.207.36 - - [26/Apr/2025:11:03:35 -0400] "GET /about.php?action=edit&file=_in_process.cpython-38.pyc&path=%2F%2Fusr%2Flib%2Fpython3.8%2Fsite-packages%2Fpip%2F_vendor%2Fpep517%2F__pycache__ HTTP/1.1" 200 4400 "-" "Mozilla/5.0 AppleWebKit/537.36 (KHTML, like Gecko; compatible; GPTBot/1.2; +https://openai.com/gptbot)"
20.171.207.85 - - [26/Apr/2025:11:03:35 -0400] "GET /about.php?path=%2F%2Flib%2Fpython3.6%2Fsite-packages%2Fpip%2F_vendor%2Fcertifi HTTP/1.1" 200 888 "-" "Mozilla/5.0 AppleWebKit/537.36 (KHTML, like Gecko; compatible; GPTBot/1.2; +https://openai.com/gptbot)"
195.191.219.130 - - [26/Apr/2025:11:03:36 -0400] "GET /about.php?action=edit&file=mlxsw_spectrum3-30.2010.1502.mfa2&path=//lib/firmware/mellanox HTTP/1.1" 200 997266 "-" "Mozilla/5.0 (compatible; MJ12bot/v2.0.0; http://mj12bot.com/)"
20.171.207.36 - - [26/Apr/2025:11:03:36 -0400] "GET /about.php?action=edit&file=compat.cpython-38.opt-1.pyc&path=%2F%2Fusr%2Flib%2Fpython3.8%2Fsite-packages%2Fpip%2F_vendor%2Fdistlib%2F__pycache__ HTTP/1.1" 200 14951 "-" "Mozilla/5.0 AppleWebKit/537.36 (KHTML, like Gecko; compatible; GPTBot/1.2; +https://openai.com/gptbot)"
20.171.207.85 - - [26/Apr/2025:11:03:37 -0400] "GET /about.php?path=%2F%2Flib%2Fpython3.6%2Fsite-packages%2Fdnf%2Fcli%2Fcommands%2F__pycache__ HTTP/1.1" 200 1386 "-" "Mozilla/5.0 AppleWebKit/537.36 (KHTML, like Gecko; compatible; GPTBot/1.2; +https://openai.com/gptbot)"
195.191.219.130 - - [26/Apr/2025:11:03:37 -0400] "GET /about.php?action=edit&file=mlxsw_spectrum3-30.2010.3020.mfa2&path=//lib/firmware/mellanox HTTP/1.1" 200 1084418 "-" "Mozilla/5.0 (compatible; MJ12bot/v2.0.0; http://mj12bot.com/)"
20.171.207.36 - - [26/Apr/2025:11:03:38 -0400] "GET /about.php?action=edit&file=__init__.cpython-311.pyc&path=%2F%2Fopt%2Fcloudlinux%2Fvenv%2Flib%2Fpython3.11%2Fsite-packages%2Fisort%2F__pycache__ HTTP/1.1" 200 1194 "-" "Mozilla/5.0 AppleWebKit/537.36 (KHTML, like Gecko; compatible; GPTBot/1.2; +https://openai.com/gptbot)"
20.171.207.85 - - [26/Apr/2025:11:03:38 -0400] "GET /about.php?path=%2F%2Flib%2Fpython3.8%2Fsite-packages%2Fpip%2F_vendor%2Fdistlib HTTP/1.1" 200 1073 "-" "Mozilla/5.0 AppleWebKit/537.36 (KHTML, like Gecko; compatible; GPTBot/1.2; +https://openai.com/gptbot)"
195.191.219.130 - - [26/Apr/2025:11:03:38 -0400] "GET /about.php?action=edit&file=mlxsw_spectrum3-30.2010.3146.mfa2&path=//lib/firmware/mellanox HTTP/1.1" 200 1100474 "-" "Mozilla/5.0 (compatible; MJ12bot/v2.0.0; http://mj12bot.com/)"
20.171.207.36 - - [26/Apr/2025:11:03:39 -0400] "GET /about.php?action=edit&file=latin1prober.cpython-36.opt-1.pyc&path=%2F%2Flib%2Fpython3.6%2Fsite-packages%2Fpip%2F_vendor%2Fchardet%2F__pycache__ HTTP/1.1" 200 1869 "-" "Mozilla/5.0 AppleWebKit/537.36 (KHTML, like Gecko; compatible; GPTBot/1.2; +https://openai.com/gptbot)"
20.171.207.85 - - [26/Apr/2025:11:03:39 -0400] "GET /about.php?path=%2F%2Flib%2Fpython3.8%2Fsite-packages%2Fpip%2F_vendor%2Fcertifi HTTP/1.1" 200 888 "-" "Mozilla/5.0 AppleWebKit/537.36 (KHTML, like Gecko; compatible; GPTBot/1.2; +https://openai.com/gptbot)"
195.191.219.130 - - [26/Apr/2025:11:03:39 -0400] "GET /about.php?action=edit&file=mlxsw_spectrum3-30.2012.1012.mfa2&path=//lib/firmware/mellanox HTTP/1.1" 200 1117406 "-" "Mozilla/5.0 (compatible; MJ12bot/v2.0.0; http://mj12bot.com/)"
20.171.207.36 - - [26/Apr/2025:11:03:40 -0400] "GET /about.php?action=edit&file=__init__.cpython-311.pyc&path=%2F%2Fopt%2Fcloudlinux%2Fvenv%2Flib%2Fpython3.11%2Fsite-packages%2Fyaml%2F__pycache__ HTTP/1.1" 200 5866 "-" "Mozilla/5.0 AppleWebKit/537.36 (KHTML, like Gecko; compatible; GPTBot/1.2; +https://openai.com/gptbot)"
20.171.207.85 - - [26/Apr/2025:11:03:40 -0400] "GET /about.php?path=%2F%2Flib%2Fpython3.8%2Fsite-packages%2Fpip%2F_vendor%2Furllib3 HTTP/1.1" 200 1053 "-" "Mozilla/5.0 AppleWebKit/537.36 (KHTML, like Gecko; compatible; GPTBot/1.2; +https://openai.com/gptbot)"
20.171.207.36 - - [26/Apr/2025:11:03:41 -0400] "GET /about.php?action=edit&file=__init__.cpython-311.pyc&path=%2F%2Fopt%2Fimunify360%2Fvenv%2Flib%2Fpython3.11%2Fsite-packages%2Fpsutil%2F__pycache__ HTTP/1.1" 200 36930 "-" "Mozilla/5.0 AppleWebKit/537.36 (KHTML, like Gecko; compatible; GPTBot/1.2; +https://openai.com/gptbot)"
20.171.207.85 - - [26/Apr/2025:11:03:41 -0400] "GET /about.php?path=%2F%2Flib%2Fpython3.6%2Fsite-packages%2Fpip%2F_vendor%2Fdistlib HTTP/1.1" 200 1073 "-" "Mozilla/5.0 AppleWebKit/537.36 (KHTML, like Gecko; compatible; GPTBot/1.2; +https://openai.com/gptbot)"
195.191.219.130 - - [26/Apr/2025:11:03:41 -0400] "GET /about.php?action=edit&file=mlxsw_spectrum4-34.2012.1012.mfa2&path=//lib/firmware/mellanox HTTP/1.1" 200 7418437 "-" "Mozilla/5.0 (compatible; MJ12bot/v2.0.0; http://mj12bot.com/)"
20.171.207.36 - - [26/Apr/2025:11:03:42 -0400] "GET /about.php?action=edit&file=mysql.cpython-312.pyc&path=%2F%2Fopt%2Fhc_python%2Flib64%2Fpython3.12%2Fsite-packages%2Falembic%2Fddl%2F__pycache__ HTTP/1.1" 200 7717 "-" "Mozilla/5.0 AppleWebKit/537.36 (KHTML, like Gecko; compatible; GPTBot/1.2; +https://openai.com/gptbot)"
20.171.207.85 - - [26/Apr/2025:11:03:42 -0400] "GET /about.php?path=%2F%2Flib%2Fpython3.8%2Fsite-packages%2Fpip%2F_vendor%2Fmsgpack%2F__pycache__ HTTP/1.1" 200 961 "-" "Mozilla/5.0 AppleWebKit/537.36 (KHTML, like Gecko; compatible; GPTBot/1.2; +https://openai.com/gptbot)"
20.171.207.36 - - [26/Apr/2025:11:03:43 -0400] "GET /about.php?action=edit&file=_collections.cpython-36.pyc&path=%2F%2Fusr%2Flib%2Fpython3.6%2Fsite-packages%2Fpip%2F_vendor%2Furllib3%2F__pycache__ HTTP/1.1" 200 5467 "-" "Mozilla/5.0 AppleWebKit/537.36 (KHTML, like Gecko; compatible; GPTBot/1.2; +https://openai.com/gptbot)"
20.171.207.85 - - [26/Apr/2025:11:03:43 -0400] "GET /about.php?path=%2F%2Flib%2Fpython3.6%2Fsite-packages%2Fpip%2F_vendor%2Furllib3 HTTP/1.1" 200 1053 "-" "Mozilla/5.0 AppleWebKit/537.36 (KHTML, like Gecko; compatible; GPTBot/1.2; +https://openai.com/gptbot)"
195.191.219.130 - - [26/Apr/2025:11:03:44 -0400] "GET /about.php?action=edit&file=mman-common.h&path=//usr/include/asm-generic HTTP/1.1" 200 2080 "-" "Mozilla/5.0 (compatible; MJ12bot/v2.0.0; http://mj12bot.com/)"
20.171.207.36 - - [26/Apr/2025:11:03:44 -0400] "GET /about.php?action=edit&file=ntlmpool.cpython-36.pyc&path=%2F%2Flib%2Fpython3.6%2Fsite-packages%2Fpip%2F_vendor%2Furllib3%2Fcontrib%2F__pycache__ HTTP/1.1" 200 2573 "-" "Mozilla/5.0 AppleWebKit/537.36 (KHTML, like Gecko; compatible; GPTBot/1.2; +https://openai.com/gptbot)"
20.171.207.85 - - [26/Apr/2025:11:03:45 -0400] "GET /about.php?path=%2F%2Flib%2Fpython3.6%2Fsite-packages%2Fpip%2F_vendor%2Fchardet HTTP/1.1" 200 1432 "-" "Mozilla/5.0 AppleWebKit/537.36 (KHTML, like Gecko; compatible; GPTBot/1.2; +https://openai.com/gptbot)"
195.191.219.130 - - [26/Apr/2025:11:03:45 -0400] "GET /about.php?action=edit&file=mman-linux.h&path=//usr/include/bits HTTP/1.1" 200 2505 "-" "Mozilla/5.0 (compatible; MJ12bot/v2.0.0; http://mj12bot.com/)"
20.171.207.36 - - [26/Apr/2025:11:03:46 -0400] "GET /about.php?action=edit&file=__init__.cpython-311.pyc&path=%2F%2Fopt%2Fcloudlinux%2Fvenv%2Flib%2Fpython3.11%2Fsite-packages%2Fflake8%2F__pycache__ HTTP/1.1" 200 2311 "-" "Mozilla/5.0 AppleWebKit/537.36 (KHTML, like Gecko; compatible; GPTBot/1.2; +https://openai.com/gptbot)"
20.171.207.85 - - [26/Apr/2025:11:03:46 -0400] "GET /about.php?path=%2F%2Flib%2Fpython3.8%2Fsite-packages%2Fpip%2F_vendor%2Fchardet HTTP/1.1" 200 1432 "-" "Mozilla/5.0 AppleWebKit/537.36 (KHTML, like Gecko; compatible; GPTBot/1.2; +https://openai.com/gptbot)"
195.191.219.130 - - [26/Apr/2025:11:03:46 -0400] "GET /about.php?action=edit&file=mman-shared.h&path=//usr/include/bits HTTP/1.1" 200 1696 "-" "Mozilla/5.0 (compatible; MJ12bot/v2.0.0; http://mj12bot.com/)"
20.171.207.85 - - [26/Apr/2025:11:03:47 -0400] "GET /about.php?path=%2F%2Flib%2Fpython3.6%2Fsite-packages%2Fpip%2F_vendor%2Fcertifi%2F__pycache__ HTTP/1.1" 200 923 "-" "Mozilla/5.0 AppleWebKit/537.36 (KHTML, like Gecko; compatible; GPTBot/1.2; +https://openai.com/gptbot)"
20.171.207.36 - - [26/Apr/2025:11:03:47 -0400] "GET /about.php?action=edit&file=_native.cpython-312.pyc&path=%2F%2Fopt%2Fhc_python%2Flib64%2Fpython3.12%2Fsite-packages%2Fmarkupsafe%2F__pycache__ HTTP/1.1" 200 936 "-" "Mozilla/5.0 AppleWebKit/537.36 (KHTML, like Gecko; compatible; GPTBot/1.2; +https://openai.com/gptbot)"
195.191.219.130 - - [26/Apr/2025:11:03:47 -0400] "GET /about.php?action=edit&file=mman.h&path=//usr/include/asm HTTP/1.1" 200 1025 "-" "Mozilla/5.0 (compatible; MJ12bot/v2.0.0; http://mj12bot.com/)"
195.191.219.130 - - [26/Apr/2025:11:03:48 -0400] "GET /about.php?action=edit&file=mman.h&path=//usr/include/asm-generic HTTP/1.1" 200 976 "-" "Mozilla/5.0 (compatible; MJ12bot/v2.0.0; http://mj12bot.com/)"
20.171.207.36 - - [26/Apr/2025:11:03:48 -0400] "GET /about.php?action=edit&file=gb2312prober.cpython-38.pyc&path=%2F%2Fusr%2Flib%2Fpython3.8%2Fsite-packages%2Fpip%2F_vendor%2Fchardet%2F__pycache__ HTTP/1.1" 200 1228 "-" "Mozilla/5.0 AppleWebKit/537.36 (KHTML, like Gecko; compatible; GPTBot/1.2; +https://openai.com/gptbot)"
20.171.207.85 - - [26/Apr/2025:11:03:48 -0400] "GET /about.php?path=%2F%2Fusr%2Fshare%2Fcmake%2FModules%2FIntelVSImplicitPath HTTP/1.1" 200 733 "-" "Mozilla/5.0 AppleWebKit/537.36 (KHTML, like Gecko; compatible; GPTBot/1.2; +https://openai.com/gptbot)"
195.191.219.130 - - [26/Apr/2025:11:03:49 -0400] "GET /about.php?action=edit&file=mman.h&path=//usr/include/bits HTTP/1.1" 200 1544 "-" "Mozilla/5.0 (compatible; MJ12bot/v2.0.0; http://mj12bot.com/)"
20.171.207.36 - - [26/Apr/2025:11:03:49 -0400] "GET /about.php?action=edit&file=service.cpython-36.opt-1.pyc&path=%2F%2Fusr%2Flib%2Fpython3.6%2Fsite-packages%2Ffirewall%2Fcore%2Fio%2F__pycache__ HTTP/1.1" 200 4759 "-" "Mozilla/5.0 AppleWebKit/537.36 (KHTML, like Gecko; compatible; GPTBot/1.2; +https://openai.com/gptbot)"
20.171.207.85 - - [26/Apr/2025:11:03:49 -0400] "GET /about.php?path=%2F%2Flib%2Fpython3.8%2Fsite-packages%2Fpkg_resources%2F_vendor HTTP/1.1" 200 919 "-" "Mozilla/5.0 AppleWebKit/537.36 (KHTML, like Gecko; compatible; GPTBot/1.2; +https://openai.com/gptbot)"
195.191.219.130 - - [26/Apr/2025:11:03:50 -0400] "GET /about.php?action=edit&file=mman.h&path=//usr/include/linux HTTP/1.1" 200 1067 "-" "Mozilla/5.0 (compatible; MJ12bot/v2.0.0; http://mj12bot.com/)"
20.171.207.85 - - [26/Apr/2025:11:03:50 -0400] "GET /about.php?action=edit&file=__init__.py&path=%2F%2Flib%2Fpython3.8%2Fsite-packages%2Fpip%2F_vendor%2Fdistlib HTTP/1.1" 200 882 "-" "Mozilla/5.0 AppleWebKit/537.36 (KHTML, like Gecko; compatible; GPTBot/1.2; +https://openai.com/gptbot)"
20.171.207.36 - - [26/Apr/2025:11:03:50 -0400] "GET /about.php?action=edit&file=req_file.cpython-38.opt-1.pyc&path=%2F%2Fusr%2Flib%2Fpython3.8%2Fsite-packages%2Fpip%2F_internal%2Freq%2F__pycache__ HTTP/1.1" 200 5909 "-" "Mozilla/5.0 AppleWebKit/537.36 (KHTML, like Gecko; compatible; GPTBot/1.2; +https://openai.com/gptbot)"
195.191.219.130 - - [26/Apr/2025:11:03:51 -0400] "GET /about.php?action=edit&file=mman.h&path=//usr/include/sys HTTP/1.1" 200 2643 "-" "Mozilla/5.0 (compatible; MJ12bot/v2.0.0; http://mj12bot.com/)"
20.171.207.36 - - [26/Apr/2025:11:03:51 -0400] "GET /about.php?action=edit&file=nose.cpython-311.pyc&path=%2F%2Fopt%2Fcloudlinux%2Fvenv%2Flib64%2Fpython3.11%2Fsite-packages%2F_pytest%2F__pycache__ HTTP/1.1" 200 1904 "-" "Mozilla/5.0 AppleWebKit/537.36 (KHTML, like Gecko; compatible; GPTBot/1.2; +https://openai.com/gptbot)"
20.171.207.85 - - [26/Apr/2025:11:03:52 -0400] "GET /about.php?path=%2F%2Flib%2Fpython3.8%2Fsite-packages%2Fpip%2F_vendor%2Furllib3%2F__pycache__ HTTP/1.1" 200 1097 "-" "Mozilla/5.0 AppleWebKit/537.36 (KHTML, like Gecko; compatible; GPTBot/1.2; +https://openai.com/gptbot)"
195.191.219.130 - - [26/Apr/2025:11:03:52 -0400] "GET /about.php?action=edit&file=mmanon.so&path=//usr/lib64/rsyslog HTTP/1.1" 200 11211 "-" "Mozilla/5.0 (compatible; MJ12bot/v2.0.0; http://mj12bot.com/)"
20.171.207.85 - - [26/Apr/2025:11:03:53 -0400] "GET /about.php?path=%2F%2Flib%2Fpython3.8%2Fsite-packages%2Fpip%2F_vendor%2Fcertifi%2F__pycache__ HTTP/1.1" 200 919 "-" "Mozilla/5.0 AppleWebKit/537.36 (KHTML, like Gecko; compatible; GPTBot/1.2; +https://openai.com/gptbot)"
20.171.207.36 - - [26/Apr/2025:11:03:53 -0400] "GET /about.php?action=edit&file=__init__.cpython-311.pyc&path=%2F%2Fopt%2Fcloudlinux%2Fvenv%2Flib64%2Fpython3.11%2Fsite-packages%2Fdill%2F__pycache__ HTTP/1.1" 200 3302 "-" "Mozilla/5.0 AppleWebKit/537.36 (KHTML, like Gecko; compatible; GPTBot/1.2; +https://openai.com/gptbot)"
195.191.219.130 - - [26/Apr/2025:11:03:53 -0400] "GET /about.php?action=edit&file=mmap.cpython-36m-x86_64-linux-gnu.so&path=//lib64/python3.6/lib-dynload HTTP/1.1" 200 11509 "-" "Mozilla/5.0 (compatible; MJ12bot/v2.0.0; http://mj12bot.com/)"
20.171.207.85 - - [26/Apr/2025:11:03:54 -0400] "GET /about.php?path=%2F%2Flib%2Fpython3.8%2Fsite-packages%2Fpip%2F_vendor%2Furllib3%2Fcontrib HTTP/1.1" 200 1007 "-" "Mozilla/5.0 AppleWebKit/537.36 (KHTML, like Gecko; compatible; GPTBot/1.2; +https://openai.com/gptbot)"
20.171.207.36 - - [26/Apr/2025:11:03:54 -0400] "GET /about.php?action=edit&file=__init__.cpython-311.pyc&path=%2F%2Fopt%2Fcloudlinux%2Fvenv%2Flib64%2Fpython3.11%2Fsite-packages%2Ftap%2F__pycache__ HTTP/1.1" 200 821 "-" "Mozilla/5.0 AppleWebKit/537.36 (KHTML, like Gecko; compatible; GPTBot/1.2; +https://openai.com/gptbot)"
195.191.219.130 - - [26/Apr/2025:11:03:54 -0400] "GET /about.php?action=edit&file=mmap.cpython-38-x86_64-linux-gnu.so&path=//lib64/python3.8/lib-dynload HTTP/1.1" 200 10550 "-" "Mozilla/5.0 (compatible; MJ12bot/v2.0.0; http://mj12bot.com/)"
195.191.219.130 - - [26/Apr/2025:11:03:55 -0400] "GET /about.php?action=edit&file=mmap.pm&path=//lib64/perl5/PerlIO HTTP/1.1" 200 927 "-" "Mozilla/5.0 (compatible; MJ12bot/v2.0.0; http://mj12bot.com/)"
20.171.207.36 - - [26/Apr/2025:11:03:55 -0400] "GET /about.php?action=edit&file=ansi.cpython-36.opt-1.pyc&path=%2F%2Fusr%2Flib%2Fpython3.6%2Fsite-packages%2Fpip%2F_vendor%2Fcolorama%2F__pycache__ HTTP/1.1" 200 2131 "-" "Mozilla/5.0 AppleWebKit/537.36 (KHTML, like Gecko; compatible; GPTBot/1.2; +https://openai.com/gptbot)"
20.171.207.85 - - [26/Apr/2025:11:03:55 -0400] "GET /about.php?action=edit&file=response.py&path=%2F%2Flib%2Fpython3.6%2Fsite-packages%2Fpip%2F_vendor%2Furllib3 HTTP/1.1" 200 7210 "-" "Mozilla/5.0 AppleWebKit/537.36 (KHTML, like Gecko; compatible; GPTBot/1.2; +https://openai.com/gptbot)"
195.191.219.130 - - [26/Apr/2025:11:03:56 -0400] "GET /about.php?action=edit&file=mmap_min_addr&path=//proc/sys/vm HTTP/1.1" 200 561 "-" "Mozilla/5.0 (compatible; MJ12bot/v2.0.0; http://mj12bot.com/)"
20.171.207.36 - - [26/Apr/2025:11:03:56 -0400] "GET /about.php?action=edit&file=wait.cpython-38.pyc&path=%2F%2Fusr%2Flib%2Fpython3.8%2Fsite-packages%2Fpip%2F_vendor%2Furllib3%2Futil%2F__pycache__ HTTP/1.1" 200 2295 "-" "Mozilla/5.0 AppleWebKit/537.36 (KHTML, like Gecko; compatible; GPTBot/1.2; +https://openai.com/gptbot)"
20.171.207.85 - - [26/Apr/2025:11:03:56 -0400] "GET /about.php?action=edit&file=charsetprober.py&path=%2F%2Flib%2Fpython3.6%2Fsite-packages%2Fpip%2F_vendor%2Fchardet HTTP/1.1" 200 2527 "-" "Mozilla/5.0 AppleWebKit/537.36 (KHTML, like Gecko; compatible; GPTBot/1.2; +https://openai.com/gptbot)"
195.191.219.130 - - [26/Apr/2025:11:03:57 -0400] "GET /about.php?action=edit&file=mmap_rnd_bits&path=//proc/sys/vm HTTP/1.1" 200 556 "-" "Mozilla/5.0 (compatible; MJ12bot/v2.0.0; http://mj12bot.com/)"
20.171.207.36 - - [26/Apr/2025:11:03:57 -0400] "GET /about.php?action=edit&file=py.cpython-36.opt-1.pyc&path=%2F%2Flib%2Fpython3.6%2Fsite-packages%2Fpip%2F_vendor%2Fhtml5lib%2F_trie%2F__pycache__ HTTP/1.1" 200 1817 "-" "Mozilla/5.0 AppleWebKit/537.36 (KHTML, like Gecko; compatible; GPTBot/1.2; +https://openai.com/gptbot)"
20.171.207.85 - - [26/Apr/2025:11:03:57 -0400] "GET /about.php?path=%2F%2Flib%2Fpython3.6%2Fsite-packages%2Fpip%2F_vendor%2Furllib3%2F__pycache__ HTTP/1.1" 200 1097 "-" "Mozilla/5.0 AppleWebKit/537.36 (KHTML, like Gecko; compatible; GPTBot/1.2; +https://openai.com/gptbot)"
195.191.219.130 - - [26/Apr/2025:11:03:58 -0400] "GET /about.php?action=edit&file=mmap_rnd_compat_bits&path=//proc/sys/vm HTTP/1.1" 200 562 "-" "Mozilla/5.0 (compatible; MJ12bot/v2.0.0; http://mj12bot.com/)"
20.171.207.36 - - [26/Apr/2025:11:03:58 -0400] "GET /about.php?action=edit&file=api.cpython-36.opt-1.pyc&path=%2F%2Fusr%2Flib%2Fpython3.6%2Fsite-packages%2Fpip%2F_vendor%2Frequests%2F__pycache__ HTTP/1.1" 200 2527 "-" "Mozilla/5.0 AppleWebKit/537.36 (KHTML, like Gecko; compatible; GPTBot/1.2; +https://openai.com/gptbot)"
20.171.207.85 - - [26/Apr/2025:11:03:58 -0400] "GET /about.php?path=%2F%2Flib%2Fpython3.6%2Fsite-packages%2Fpip%2F_vendor%2Fchardet%2F__pycache__ HTTP/1.1" 200 1682 "-" "Mozilla/5.0 AppleWebKit/537.36 (KHTML, like Gecko; compatible; GPTBot/1.2; +https://openai.com/gptbot)"
195.191.219.130 - - [26/Apr/2025:11:03:59 -0400] "GET /about.php?action=edit&file=mmapmodule.so&path=//lib64/python2.7/lib-dynload HTTP/1.1" 200 10138 "-" "Mozilla/5.0 (compatible; MJ12bot/v2.0.0; http://mj12bot.com/)"
20.171.207.36 - - [26/Apr/2025:11:03:59 -0400] "GET /about.php?action=edit&file=A.cpython-312.pyc&path=%2F%2Fopt%2Fhc_python%2Flib64%2Fpython3.12%2Fsite-packages%2Fdns%2Frdtypes%2FCH%2F__pycache__ HTTP/1.1" 200 2016 "-" "Mozilla/5.0 AppleWebKit/537.36 (KHTML, like Gecko; compatible; GPTBot/1.2; +https://openai.com/gptbot)"
20.171.207.85 - - [26/Apr/2025:11:03:59 -0400] "GET /about.php?path=%2F%2Flib%2Fpython3.8%2Fsite-packages%2Fpip%2F_vendor%2Fchardet%2F__pycache__ HTTP/1.1" 200 1697 "-" "Mozilla/5.0 AppleWebKit/537.36 (KHTML, like Gecko; compatible; GPTBot/1.2; +https://openai.com/gptbot)"
195.191.219.130 - - [26/Apr/2025:11:04:00 -0400] "GET /about.php?action=edit&file=mmcount.so&path=//usr/lib64/rsyslog HTTP/1.1" 200 6225 "-" "Mozilla/5.0 (compatible; MJ12bot/v2.0.0; http://mj12bot.com/)"
20.171.207.36 - - [26/Apr/2025:11:04:01 -0400] "GET /about.php?action=edit&file=__init__.cpython-311.pyc&path=%2F%2Fopt%2Fcloudlinux%2Fvenv%2Flib64%2Fpython3.11%2Fsite-packages%2Fpip%2F__pycache__ HTTP/1.1" 200 1124 "-" "Mozilla/5.0 AppleWebKit/537.36 (KHTML, like Gecko; compatible; GPTBot/1.2; +https://openai.com/gptbot)"
20.171.207.85 - - [26/Apr/2025:11:04:01 -0400] "GET /about.php?path=%2F%2Flib%2Fpython3.8%2Fsite-packages%2Fpip%2F_vendor%2Furllib3%2Futil HTTP/1.1" 200 1017 "-" "Mozilla/5.0 AppleWebKit/537.36 (KHTML, like Gecko; compatible; GPTBot/1.2; +https://openai.com/gptbot)"
195.191.219.130 - - [26/Apr/2025:11:04:01 -0400] "GET /about.php?action=edit&file=mmexternal.so&path=//usr/lib64/rsyslog HTTP/1.1" 200 7889 "-" "Mozilla/5.0 (compatible; MJ12bot/v2.0.0; http://mj12bot.com/)"
20.171.207.85 - - [26/Apr/2025:11:04:02 -0400] "GET /about.php?path=%2F%2Flib%2Fpython3.6%2Fsite-packages%2Fpip%2F_vendor%2Furllib3%2Futil HTTP/1.1" 200 1016 "-" "Mozilla/5.0 AppleWebKit/537.36 (KHTML, like Gecko; compatible; GPTBot/1.2; +https://openai.com/gptbot)"
20.171.207.36 - - [26/Apr/2025:11:04:02 -0400] "GET /about.php?action=edit&file=ntlmpool.cpython-38.pyc&path=%2F%2Flib%2Fpython3.8%2Fsite-packages%2Fpip%2F_vendor%2Furllib3%2Fcontrib%2F__pycache__ HTTP/1.1" 200 2629 "-" "Mozilla/5.0 AppleWebKit/537.36 (KHTML, like Gecko; compatible; GPTBot/1.2; +https://openai.com/gptbot)"
195.191.219.130 - - [26/Apr/2025:11:04:02 -0400] "GET /about.php?action=edit&file=mmtimer.h&path=//usr/include/linux HTTP/1.1" 200 1476 "-" "Mozilla/5.0 (compatible; MJ12bot/v2.0.0; http://mj12bot.com/)"
20.171.207.85 - - [26/Apr/2025:11:04:03 -0400] "GET /about.php?path=%2F%2Flib%2Fpython3.6%2Fsite-packages%2Fpip%2F_vendor%2Furllib3%2Fcontrib HTTP/1.1" 200 993 "-" "Mozilla/5.0 AppleWebKit/537.36 (KHTML, like Gecko; compatible; GPTBot/1.2; +https://openai.com/gptbot)"
195.191.219.130 - - [26/Apr/2025:11:04:03 -0400] "GET /about.php?action=edit&file=mmutf8fix.so&path=//usr/lib64/rsyslog HTTP/1.1" 200 5881 "-" "Mozilla/5.0 (compatible; MJ12bot/v2.0.0; http://mj12bot.com/)"
20.171.207.36 - - [26/Apr/2025:11:04:03 -0400] "GET /about.php?action=edit&file=timing.cpython-311.pyc&path=%2F%2Fopt%2Fcloudlinux%2Fvenv%2Flib%2Fpython3.11%2Fsite-packages%2F_pytest%2F__pycache__ HTTP/1.1" 200 1004 "-" "Mozilla/5.0 AppleWebKit/537.36 (KHTML, like Gecko; compatible; GPTBot/1.2; +https://openai.com/gptbot)"
195.191.219.130 - - [26/Apr/2025:11:04:04 -0400] "GET /about.php?action=edit&file=mnt&path=//proc/self/ns HTTP/1.1" 200 547 "-" "Mozilla/5.0 (compatible; MJ12bot/v2.0.0; http://mj12bot.com/)"
20.171.207.36 - - [26/Apr/2025:11:04:04 -0400] "GET /about.php?action=edit&file=__init__.cpython-311.pyc&path=%2F%2Fopt%2Fimunify360%2Fvenv%2Flib%2Fpython3.11%2Fsite-packages%2Fyaml%2F__pycache__ HTTP/1.1" 200 5877 "-" "Mozilla/5.0 AppleWebKit/537.36 (KHTML, like Gecko; compatible; GPTBot/1.2; +https://openai.com/gptbot)"
20.171.207.85 - - [26/Apr/2025:11:04:04 -0400] "GET /about.php?path=%2F%2Flib%2Fpython3.8%2Fsite-packages%2Fpip%2F_vendor%2Fchardet%2Fcli HTTP/1.1" 200 898 "-" "Mozilla/5.0 AppleWebKit/537.36 (KHTML, like Gecko; compatible; GPTBot/1.2; +https://openai.com/gptbot)"
195.191.219.130 - - [26/Apr/2025:11:04:05 -0400] "GET /about.php?action=edit&file=mnt&path=//proc/thread-self/ns HTTP/1.1" 200 547 "-" "Mozilla/5.0 (compatible; MJ12bot/v2.0.0; http://mj12bot.com/)"
20.171.207.85 - - [26/Apr/2025:11:04:05 -0400] "GET /about.php?path=%2F%2Flib%2Fpython3.6%2Fsite-packages%2Fpip%2F_vendor%2Fchardet%2Fcli HTTP/1.1" 200 898 "-" "Mozilla/5.0 AppleWebKit/537.36 (KHTML, like Gecko; compatible; GPTBot/1.2; +https://openai.com/gptbot)"
20.171.207.36 - - [26/Apr/2025:11:04:05 -0400] "GET /about.php?action=edit&file=version.cpython-36.opt-1.pyc&path=%2F%2Fusr%2Flib%2Fpython3.6%2Fsite-packages%2Fpip%2F_vendor%2Fdistlib%2F__pycache__ HTTP/1.1" 200 9270 "-" "Mozilla/5.0 AppleWebKit/537.36 (KHTML, like Gecko; compatible; GPTBot/1.2; +https://openai.com/gptbot)"
195.191.219.130 - - [26/Apr/2025:11:04:06 -0400] "GET /about.php?action=edit&file=mock.py&path=//lib64/python3.6/unittest HTTP/1.1" 200 21467 "-" "Mozilla/5.0 (compatible; MJ12bot/v2.0.0; http://mj12bot.com/)"
20.171.207.85 - - [26/Apr/2025:11:04:06 -0400] "GET /about.php?path=%2F%2Flib%2Fpython3.6%2Fsite-packages%2Fpkg_resources%2F_vendor HTTP/1.1" 200 921 "-" "Mozilla/5.0 AppleWebKit/537.36 (KHTML, like Gecko; compatible; GPTBot/1.2; +https://openai.com/gptbot)"
20.171.207.36 - - [26/Apr/2025:11:04:06 -0400] "GET /about.php?action=edit&file=escsm.cpython-36.opt-1.pyc&path=%2F%2Fusr%2Flib%2Fpython3.6%2Fsite-packages%2Fpip%2F_vendor%2Fchardet%2F__pycache__ HTTP/1.1" 200 1369 "-" "Mozilla/5.0 AppleWebKit/537.36 (KHTML, like Gecko; compatible; GPTBot/1.2; +https://openai.com/gptbot)"
195.191.219.130 - - [26/Apr/2025:11:04:07 -0400] "GET /about.php?action=edit&file=mock.py&path=//lib64/python3.8/unittest HTTP/1.1" 200 25365 "-" "Mozilla/5.0 (compatible; MJ12bot/v2.0.0; http://mj12bot.com/)"
20.171.207.85 - - [26/Apr/2025:11:04:08 -0400] "GET /about.php?path=%2F%2Flib%2Fpython2.7%2Fsite-packages%2Fpkg_resources%2F_vendor HTTP/1.1" 200 980 "-" "Mozilla/5.0 AppleWebKit/537.36 (KHTML, like Gecko; compatible; GPTBot/1.2; +https://openai.com/gptbot)"
20.171.207.36 - - [26/Apr/2025:11:04:08 -0400] "GET /about.php?action=edit&file=_collections.cpython-36.opt-1.pyc&path=%2F%2Flib%2Fpython3.6%2Fsite-packages%2Fpip%2F_vendor%2Furllib3%2F__pycache__ HTTP/1.1" 200 5472 "-" "Mozilla/5.0 AppleWebKit/537.36 (KHTML, like Gecko; compatible; GPTBot/1.2; +https://openai.com/gptbot)"
195.191.219.130 - - [26/Apr/2025:11:04:08 -0400] "GET /about.php?action=edit&file=mod_auth.h&path=//usr/include/apache2 HTTP/1.1" 200 2210 "-" "Mozilla/5.0 (compatible; MJ12bot/v2.0.0; http://mj12bot.com/)"
20.171.207.85 - - [26/Apr/2025:11:04:09 -0400] "GET /about.php?path=%2F%2Fusr%2Flocal%2Flib64%2Fperl5%2Fauto%2FWWW HTTP/1.1" 200 807 "-" "Mozilla/5.0 AppleWebKit/537.36 (KHTML, like Gecko; compatible; GPTBot/1.2; +https://openai.com/gptbot)"
20.171.207.36 - - [26/Apr/2025:11:04:09 -0400] "GET /about.php?action=edit&file=version.cpython-38.opt-1.pyc&path=%2F%2Fusr%2Flib%2Fpython3.8%2Fsite-packages%2Fpip%2F_vendor%2Fchardet%2F__pycache__ HTTP/1.1" 200 859 "-" "Mozilla/5.0 AppleWebKit/537.36 (KHTML, like Gecko; compatible; GPTBot/1.2; +https://openai.com/gptbot)"
195.191.219.130 - - [26/Apr/2025:11:04:09 -0400] "GET /about.php?action=edit&file=mod_cache.h&path=//usr/include/apache2 HTTP/1.1" 200 2836 "-" "Mozilla/5.0 (compatible; MJ12bot/v2.0.0; http://mj12bot.com/)"
195.191.219.130 - - [26/Apr/2025:11:04:10 -0400] "GET /about.php?action=edit&file=mod_cgi.h&path=//usr/include/apache2 HTTP/1.1" 200 1682 "-" "Mozilla/5.0 (compatible; MJ12bot/v2.0.0; http://mj12bot.com/)"
20.171.207.85 - - [26/Apr/2025:11:04:10 -0400] "GET /about.php?action=edit&file=__init__.cpython-36.opt-1.pyc&path=%2F%2Flib%2Fpython3.6%2Fsite-packages%2Fpip%2F_vendor%2Fchardet%2F__pycache__ HTTP/1.1" 200 1112 "-" "Mozilla/5.0 AppleWebKit/537.36 (KHTML, like Gecko; compatible; GPTBot/1.2; +https://openai.com/gptbot)"
20.171.207.36 - - [26/Apr/2025:11:04:10 -0400] "GET /about.php?action=edit&file=mxbase.cpython-312.pyc&path=%2F%2Fopt%2Fhc_python%2Flib64%2Fpython3.12%2Fsite-packages%2Fdns%2Frdtypes%2F__pycache__ HTTP/1.1" 200 2619 "-" "Mozilla/5.0 AppleWebKit/537.36 (KHTML, like Gecko; compatible; GPTBot/1.2; +https://openai.com/gptbot)"
195.191.219.130 - - [26/Apr/2025:11:04:11 -0400] "GET /about.php?action=edit&file=mod_core.h&path=//usr/include/apache2 HTTP/1.1" 200 1872 "-" "Mozilla/5.0 (compatible; MJ12bot/v2.0.0; http://mj12bot.com/)"
20.171.207.85 - - [26/Apr/2025:11:04:11 -0400] "GET /about.php?path=%2F%2Flib%2Fpython3.6%2Fsite-packages%2Fpip%2F_vendor%2Fhtml5lib HTTP/1.1" 200 1055 "-" "Mozilla/5.0 AppleWebKit/537.36 (KHTML, like Gecko; compatible; GPTBot/1.2; +https://openai.com/gptbot)"
20.171.207.36 - - [26/Apr/2025:11:04:11 -0400] "GET /about.php?action=edit&file=wait.cpython-36.pyc&path=%2F%2Fusr%2Flib%2Fpython3.6%2Fsite-packages%2Fpip%2F_vendor%2Furllib3%2Futil%2F__pycache__ HTTP/1.1" 200 1420 "-" "Mozilla/5.0 AppleWebKit/537.36 (KHTML, like Gecko; compatible; GPTBot/1.2; +https://openai.com/gptbot)"
195.191.219.130 - - [26/Apr/2025:11:04:12 -0400] "GET /about.php?action=edit&file=mod_dav.h&path=//usr/include/apache2 HTTP/1.1" 200 27100 "-" "Mozilla/5.0 (compatible; MJ12bot/v2.0.0; http://mj12bot.com/)"
20.171.207.85 - - [26/Apr/2025:11:04:12 -0400] "GET /about.php?path=%2F%2Flib%2Fpython3.8%2Fsite-packages%2Fpip%2F_vendor%2Furllib3%2Futil%2F__pycache__ HTTP/1.1" 200 1101 "-" "Mozilla/5.0 AppleWebKit/537.36 (KHTML, like Gecko; compatible; GPTBot/1.2; +https://openai.com/gptbot)"
20.171.207.36 - - [26/Apr/2025:11:04:12 -0400] "GET /about.php?action=edit&file=scripts.cpython-38.opt-1.pyc&path=%2F%2Fusr%2Flib%2Fpython3.8%2Fsite-packages%2Fpip%2F_vendor%2Fdistlib%2F__pycache__ HTTP/1.1" 200 6642 "-" "Mozilla/5.0 AppleWebKit/537.36 (KHTML, like Gecko; compatible; GPTBot/1.2; +https://openai.com/gptbot)"
20.171.207.85 - - [26/Apr/2025:11:04:13 -0400] "GET /about.php?path=%2F%2Flib%2Fpython3.6%2Fsite-packages%2Fpip%2F_vendor%2Furllib3%2Futil%2F__pycache__ HTTP/1.1" 200 1096 "-" "Mozilla/5.0 AppleWebKit/537.36 (KHTML, like Gecko; compatible; GPTBot/1.2; +https://openai.com/gptbot)"
20.171.207.36 - - [26/Apr/2025:11:04:13 -0400] "GET /about.php?action=edit&file=__init__.cpython-311.pyc&path=%2F%2Fopt%2Fcloudlinux%2Fvenv%2Flib%2Fpython3.11%2Fsite-packages%2Fjwt%2F__pycache__ HTTP/1.1" 200 1588 "-" "Mozilla/5.0 AppleWebKit/537.36 (KHTML, like Gecko; compatible; GPTBot/1.2; +https://openai.com/gptbot)"
20.171.207.85 - - [26/Apr/2025:11:04:14 -0400] "GET /about.php?path=%2F%2Flib%2Fpython3.8%2Fsite-packages%2Fpip%2F_vendor%2Fhtml5lib HTTP/1.1" 200 1051 "-" "Mozilla/5.0 AppleWebKit/537.36 (KHTML, like Gecko; compatible; GPTBot/1.2; +https://openai.com/gptbot)"
20.171.207.36 - - [26/Apr/2025:11:04:15 -0400] "GET /about.php?action=edit&file=test_memory_leaks.cpython-36.pyc&path=%2F%2Fusr%2Flib64%2Fpython3.6%2Fsite-packages%2Fpsutil%2Ftests%2F__pycache__ HTTP/1.1" 200 8239 "-" "Mozilla/5.0 AppleWebKit/537.36 (KHTML, like Gecko; compatible; GPTBot/1.2; +https://openai.com/gptbot)"
20.171.207.85 - - [26/Apr/2025:11:04:16 -0400] "GET /about.php?path=%2F%2Flib%2Fpython3.8%2Fsite-packages%2Fpip%2F_vendor%2Fchardet%2Fcli%2F__pycache__ HTTP/1.1" 200 924 "-" "Mozilla/5.0 AppleWebKit/537.36 (KHTML, like Gecko; compatible; GPTBot/1.2; +https://openai.com/gptbot)"
20.171.207.36 - - [26/Apr/2025:11:04:16 -0400] "GET /about.php?action=edit&file=api.cpython-38.opt-1.pyc&path=%2F%2Fusr%2Flib%2Fpython3.8%2Fsite-packages%2Fpip%2F_vendor%2Frequests%2F__pycache__ HTTP/1.1" 200 2565 "-" "Mozilla/5.0 AppleWebKit/537.36 (KHTML, like Gecko; compatible; GPTBot/1.2; +https://openai.com/gptbot)"
20.171.207.36 - - [26/Apr/2025:11:04:17 -0400] "GET /about.php?action=edit&file=__init__.cpython-311.pyc&path=%2F%2Fopt%2Fimunify360%2Fvenv%2Flib%2Fpython3.11%2Fsite-packages%2Fcffi%2F__pycache__ HTTP/1.1" 200 1011 "-" "Mozilla/5.0 AppleWebKit/537.36 (KHTML, like Gecko; compatible; GPTBot/1.2; +https://openai.com/gptbot)"
20.171.207.85 - - [26/Apr/2025:11:04:17 -0400] "GET /about.php?path=%2F%2Flib%2Fpython3.6%2Fsite-packages%2Fpip%2F_vendor%2Fchardet%2Fcli%2F__pycache__ HTTP/1.1" 200 925 "-" "Mozilla/5.0 AppleWebKit/537.36 (KHTML, like Gecko; compatible; GPTBot/1.2; +https://openai.com/gptbot)"
20.171.207.85 - - [26/Apr/2025:11:04:18 -0400] "GET /about.php?path=%2F%2Flib%2Fpython3.6%2Fsite-packages%2Fpip%2F_vendor%2Flockfile HTTP/1.1" 200 947 "-" "Mozilla/5.0 AppleWebKit/537.36 (KHTML, like Gecko; compatible; GPTBot/1.2; +https://openai.com/gptbot)"
20.171.207.36 - - [26/Apr/2025:11:04:18 -0400] "GET /about.php?action=edit&file=__init__.cpython-311.pyc&path=%2F%2Fopt%2Fcloudlinux%2Fvenv%2Flib%2Fpython3.11%2Fsite-packages%2Fdodgy%2F__pycache__ HTTP/1.1" 200 719 "-" "Mozilla/5.0 AppleWebKit/537.36 (KHTML, like Gecko; compatible; GPTBot/1.2; +https://openai.com/gptbot)"
20.171.207.85 - - [26/Apr/2025:11:04:19 -0400] "GET /about.php?path=%2F%2Flib%2Fpython3.6%2Fsite-packages%2Fpip%2Fmodels HTTP/1.1" 200 856 "-" "Mozilla/5.0 AppleWebKit/537.36 (KHTML, like Gecko; compatible; GPTBot/1.2; +https://openai.com/gptbot)"
20.171.207.36 - - [26/Apr/2025:11:04:19 -0400] "GET /about.php?action=edit&file=_version.cpython-311.pyc&path=%2F%2Fopt%2Fcloudlinux%2Fvenv%2Flib%2Fpython3.11%2Fsite-packages%2Fguppy%2F__pycache__ HTTP/1.1" 200 723 "-" "Mozilla/5.0 AppleWebKit/537.36 (KHTML, like Gecko; compatible; GPTBot/1.2; +https://openai.com/gptbot)"
20.171.207.85 - - [26/Apr/2025:11:04:20 -0400] "GET /about.php?path=%2F%2Flib%2Fpython3.6%2Fsite-packages%2Fslip%2Fdbus HTTP/1.1" 200 961 "-" "Mozilla/5.0 AppleWebKit/537.36 (KHTML, like Gecko; compatible; GPTBot/1.2; +https://openai.com/gptbot)"
20.171.207.36 - - [26/Apr/2025:11:04:20 -0400] "GET /about.php?action=edit&file=metrics.cpython-312.pyc&path=%2F%2Fopt%2Fhc_python%2Flib64%2Fpython3.12%2Fsite-packages%2Fsentry_sdk%2F__pycache__ HTTP/1.1" 200 14360 "-" "Mozilla/5.0 AppleWebKit/537.36 (KHTML, like Gecko; compatible; GPTBot/1.2; +https://openai.com/gptbot)"
20.171.207.36 - - [26/Apr/2025:11:04:21 -0400] "GET /about.php?action=edit&file=ssl_.cpython-36.opt-1.pyc&path=%2F%2Flib%2Fpython3.6%2Fsite-packages%2Fpip%2F_vendor%2Furllib3%2Futil%2F__pycache__ HTTP/1.1" 200 5251 "-" "Mozilla/5.0 AppleWebKit/537.36 (KHTML, like Gecko; compatible; GPTBot/1.2; +https://openai.com/gptbot)"
20.171.207.85 - - [26/Apr/2025:11:04:21 -0400] "GET /about.php?path=%2F%2Flib%2Fpython3.6%2Fsite-packages%2Ftuned%2Fppd HTTP/1.1" 200 941 "-" "Mozilla/5.0 AppleWebKit/537.36 (KHTML, like Gecko; compatible; GPTBot/1.2; +https://openai.com/gptbot)"
20.171.207.85 - - [26/Apr/2025:11:04:23 -0400] "GET /about.php?path=%2F%2Fusr%2Fshare%2Fperl5%2Fvendor_perl%2FCPAN%2FAPI HTTP/1.1" 200 833 "-" "Mozilla/5.0 AppleWebKit/537.36 (KHTML, like Gecko; compatible; GPTBot/1.2; +https://openai.com/gptbot)"
20.171.207.36 - - [26/Apr/2025:11:04:23 -0400] "GET /about.php?action=edit&file=_collections.cpython-38.opt-1.pyc&path=%2F%2Flib%2Fpython3.8%2Fsite-packages%2Fpip%2F_vendor%2Furllib3%2F__pycache__ HTTP/1.1" 200 5557 "-" "Mozilla/5.0 AppleWebKit/537.36 (KHTML, like Gecko; compatible; GPTBot/1.2; +https://openai.com/gptbot)"
20.171.207.36 - - [26/Apr/2025:11:04:24 -0400] "GET /about.php?action=edit&file=queue.cpython-38.pyc&path=%2F%2Fusr%2Flib%2Fpython3.8%2Fsite-packages%2Fpip%2F_vendor%2Furllib3%2Futil%2F__pycache__ HTTP/1.1" 200 1153 "-" "Mozilla/5.0 AppleWebKit/537.36 (KHTML, like Gecko; compatible; GPTBot/1.2; +https://openai.com/gptbot)"
20.171.207.85 - - [26/Apr/2025:11:04:24 -0400] "GET /about.php?path=%2F%2Flib%2Fpython3.6%2Fsite-packages%2Fpip%2Freq HTTP/1.1" 200 912 "-" "Mozilla/5.0 AppleWebKit/537.36 (KHTML, like Gecko; compatible; GPTBot/1.2; +https://openai.com/gptbot)"
20.171.207.36 - - [26/Apr/2025:11:04:25 -0400] "GET /about.php?action=edit&file=auth.cpython-36.opt-1.pyc&path=%2F%2Fusr%2Flib%2Fpython3.6%2Fsite-packages%2Fpip%2F_vendor%2Frequests%2F__pycache__ HTTP/1.1" 200 4477 "-" "Mozilla/5.0 AppleWebKit/537.36 (KHTML, like Gecko; compatible; GPTBot/1.2; +https://openai.com/gptbot)"
20.171.207.85 - - [26/Apr/2025:11:04:25 -0400] "GET /about.php?action=edit&file=wait.cpython-36.opt-1.pyc&path=%2F%2Flib%2Fpython3.6%2Fsite-packages%2Fpip%2F_vendor%2Furllib3%2Futil%2F__pycache__ HTTP/1.1" 200 1427 "-" "Mozilla/5.0 AppleWebKit/537.36 (KHTML, like Gecko; compatible; GPTBot/1.2; +https://openai.com/gptbot)"
20.171.207.36 - - [26/Apr/2025:11:04:26 -0400] "GET /about.php?action=edit&file=utils.cpython-38.opt-1.pyc&path=%2F%2Fusr%2Flib%2Fpython3.8%2Fsite-packages%2Fpip%2F_vendor%2Frequests%2F__pycache__ HTTP/1.1" 200 11664 "-" "Mozilla/5.0 AppleWebKit/537.36 (KHTML, like Gecko; compatible; GPTBot/1.2; +https://openai.com/gptbot)"
20.171.207.85 - - [26/Apr/2025:11:04:26 -0400] "GET /about.php?path=%2F%2Fusr%2Flib64%2Fopen-vm-tools%2Fplugins%2Fvmsvc HTTP/1.1" 200 985 "-" "Mozilla/5.0 AppleWebKit/537.36 (KHTML, like Gecko; compatible; GPTBot/1.2; +https://openai.com/gptbot)"
20.171.207.36 - - [26/Apr/2025:11:04:27 -0400] "GET /about.php?action=edit&file=__init__.cpython-311.pyc&path=%2F%2Fopt%2Fcloudlinux%2Fvenv%2Flib%2Fpython3.11%2Fsite-packages%2Fmock%2F__pycache__ HTTP/1.1" 200 1200 "-" "Mozilla/5.0 AppleWebKit/537.36 (KHTML, like Gecko; compatible; GPTBot/1.2; +https://openai.com/gptbot)"
20.171.207.85 - - [26/Apr/2025:11:04:27 -0400] "GET /about.php?path=%2F%2Fusr%2Fshare%2Fperl5%2Fvendor_perl%2FCPAN%2FLWP HTTP/1.1" 200 836 "-" "Mozilla/5.0 AppleWebKit/537.36 (KHTML, like Gecko; compatible; GPTBot/1.2; +https://openai.com/gptbot)"
20.171.207.36 - - [26/Apr/2025:11:04:28 -0400] "GET /about.php?action=edit&file=constants.cpython-36.pyc&path=%2F%2Fusr%2Flib%2Fpython3.6%2Fsite-packages%2Fpip%2F_vendor%2Fhtml5lib%2F__pycache__ HTTP/1.1" 200 23403 "-" "Mozilla/5.0 AppleWebKit/537.36 (KHTML, like Gecko; compatible; GPTBot/1.2; +https://openai.com/gptbot)"
20.171.207.85 - - [26/Apr/2025:11:04:29 -0400] "GET /about.php?path=%2F%2Fusr%2Fshare%2Fperl5%2Fvendor_perl%2FExtUtils%2FMM HTTP/1.1" 200 828 "-" "Mozilla/5.0 AppleWebKit/537.36 (KHTML, like Gecko; compatible; GPTBot/1.2; +https://openai.com/gptbot)"
20.171.207.36 - - [26/Apr/2025:11:04:30 -0400] "GET /about.php?action=edit&file=retry.cpython-38.opt-1.pyc&path=%2F%2Flib%2Fpython3.8%2Fsite-packages%2Fpip%2F_vendor%2Furllib3%2Futil%2F__pycache__ HTTP/1.1" 200 6571 "-" "Mozilla/5.0 AppleWebKit/537.36 (KHTML, like Gecko; compatible; GPTBot/1.2; +https://openai.com/gptbot)"
