66.249.74.40 - - [26/Apr/2025:12:21:26 -0400] "GET /?v=5877783761300&channel=3314cc&from=blog.php%3Fid%3D837613-6148%26name%3D%E6%88%B8+%E5%BB%BA%E5%85%B7+%E3%83%A2%E3%83%BC%E3%83%AB%E3%82%AC%E3%83%A9%E3%82%B9+%E7%AA%93%E6%9E%A0+%E3%82%A2%E3%83%B3%E3%83%86%E3%82%A3%E3%83%BC%E3%82%AF+%E6%98%AD%E5%92%8C%E3%83%AC%E3%83%88%E3%83%AD%E3%80%80%E6%98%AD%E5%92%8C%E3%82%AC%E3%83%A9%E3%82%B9 HTTP/1.1" 200 52681 "-" "Mozilla/5.0 (Linux; Android 6.0.1; Nexus 5X Build/MMB29P) AppleWebKit/537.36 (KHTML, like Gecko) Chrome/135.0.7049.95 Mobile Safari/537.36 (compatible; Googlebot/2.1; +http://www.google.com/bot.html)"
66.249.74.40 - - [26/Apr/2025:12:22:21 -0400] "GET /?v=03577186662401&channel=5b82d7&from=category-info.php%3Fid%3D1866624-24224%26name%3DFIFTY-FIFTY+Book+Two+%E7%AC%AC%E4%B8%89%E7%89%88 HTTP/1.1" 200 55582 "-" "Mozilla/5.0 (Linux; Android 6.0.1; Nexus 5X Build/MMB29P) AppleWebKit/537.36 (KHTML, like Gecko) Chrome/135.0.7049.114 Mobile Safari/537.36 (compatible; Googlebot/2.1; +http://www.google.com/bot.html)"
66.249.74.39 - - [26/Apr/2025:12:22:54 -0400] "GET /?v=8109030000902&channel=50874c&from=blog.php%3Fid%3D300009-2590%26name%3D%E3%83%91%E3%83%8E%E3%83%A9%E3%83%9E24+3%E4%BA%BA%E6%8E%9B%E3%81%91%E3%82%BD%E3%83%95%E3%82%A1+%E5%B9%85190cm+%2B%E8%82%98%E3%82%AF%E3%83%83%E3%82%B7%E3%83%A7%E3%83%B3%2B%E8%83%8C%E3%82%82%E3%81%9F%E3%82%8C2%E5%80%8B%E3%82%BB%E3%83%83%E3%83%88+%E3%82%B9%E3%82%A4%E3%83%87%E3%82%B3+%E3%82%B9%E3%82%A4%E3%83%BC%E3%83%88%E3%83%87%E3%82%B3%E3%83%AC%E3%83%BC%E3%82%B7%E3%83%A7%E3%83%B3 HTTP/1.1" 200 0 "-" "Mozilla/5.0 (Linux; Android 6.0.1; Nexus 5X Build/MMB29P) AppleWebKit/537.36 (KHTML, like Gecko) Chrome/135.0.7049.95 Mobile Safari/537.36 (compatible; GoogleOther)"
66.249.74.38 - - [26/Apr/2025:12:22:55 -0400] "GET /?v=92211118325705&channel=2c96d7&from=shop.php%3Fid%3D1183257-3%26name%3DYKKAP+%E3%83%86%E3%83%A9%E3%82%B9%E5%B1%8B%E6%A0%B9+%E7%8B%AC%E7%AB%8B%E7%B4%8D%E3%81%BE%E3%82%8A+%E3%82%B5%E3%82%B6%E3%83%B3%E3%83%86%E3%83%A9%E3%82%B9+%E3%83%91%E3%83%BC%E3%82%B4%E3%83%A9%E3%82%BF%E3%82%A4%E3%83%97+1%E9%96%93%C3%974%E5%B0%BA+%E9%96%A2%E6%9D%B1%E9%96%93+%E3%83%9D%E3%83%AA%E3%82%AB%E5%B1%8B%E6%A0%B9+%E3%83%AD%E3%83%B3%E3%82%B0%E6%9F%B1%E4%BB%95%E6%A7%98+600N%EF%BC%8Fm2+%E7%A9%8D%E9%9B%AA HTTP/1.1" 200 0 "-" "Mozilla/5.0 (Linux; Android 6.0.1; Nexus 5X Build/MMB29P) AppleWebKit/537.36 (KHTML, like Gecko) Chrome/135.0.7049.95 Mobile Safari/537.36 (compatible; GoogleOther)"
140.245.43.10 - - [26/Apr/2025:12:23:13 -0400] "GET / HTTP/1.1" 200 0 "http://pvjbtf.site/" "Go-http-client/2.0"
140.245.43.10 - - [26/Apr/2025:12:23:14 -0400] "GET /woh.php HTTP/1.1" 200 0 "http://pvjbtf.site//woh.php" "Go-http-client/2.0"
140.245.43.10 - - [26/Apr/2025:12:23:15 -0400] "GET /classwithtostring.php HTTP/1.1" 200 0 "http://pvjbtf.site//classwithtostring.php" "Go-http-client/2.0"
140.245.43.10 - - [26/Apr/2025:12:23:16 -0400] "GET /simple.php HTTP/1.1" 200 0 "http://pvjbtf.site//simple.php" "Go-http-client/2.0"
140.245.43.10 - - [26/Apr/2025:12:23:24 -0400] "GET /zero.php HTTP/1.1" 200 0 "http://pvjbtf.site//zero.php" "Go-http-client/2.0"
140.245.43.10 - - [26/Apr/2025:12:23:26 -0400] "GET /wp-content/plugins/include.php HTTP/1.1" 200 0 "http://pvjbtf.site//wp-content/plugins/include.php#admin" "Go-http-client/2.0"
140.245.43.10 - - [26/Apr/2025:12:23:27 -0400] "GET /phpmailer.lang-sv.php HTTP/1.1" 200 0 "http://pvjbtf.site//phpmailer.lang-sv.php" "Go-http-client/2.0"
140.245.43.10 - - [26/Apr/2025:12:23:28 -0400] "GET /wp-content/themes/sketch/404.php HTTP/1.1" 200 0 "http://pvjbtf.site//wp-content/themes/sketch/404.php#admin" "Go-http-client/2.0"
140.245.43.10 - - [26/Apr/2025:12:23:29 -0400] "GET /wp-admin/css/colors/ectoplasm/load-styles.php HTTP/1.1" 200 0 "http://pvjbtf.site//wp-admin/css/colors/ectoplasm/load-styles.php" "Go-http-client/2.0"
140.245.43.10 - - [26/Apr/2025:12:23:30 -0400] "GET /wp-content/plugins/wp-help/admin/wp-fclass.php HTTP/1.1" 200 0 "http://pvjbtf.site//wp-content/plugins/wp-help/admin/wp-fclass.php" "Go-http-client/2.0"
140.245.43.10 - - [26/Apr/2025:12:23:31 -0400] "GET /wp-content/plugins/wp-help/index.php HTTP/1.1" 200 0 "http://pvjbtf.site//wp-content/plugins/wp-help/index.php" "Go-http-client/2.0"
140.245.43.10 - - [26/Apr/2025:12:23:34 -0400] "GET /cgi-bin/class_api.php HTTP/1.1" 200 0 "http://pvjbtf.site//cgi-bin/class_api.php#888xyz999" "Go-http-client/2.0"
140.245.43.10 - - [26/Apr/2025:12:23:35 -0400] "GET /wp-admin/images/class.api.php HTTP/1.1" 200 0 "http://pvjbtf.site//wp-admin/images/class.api.php#888xyz999" "Go-http-client/2.0"
140.245.43.10 - - [26/Apr/2025:12:23:36 -0400] "GET /wp-admin/js/widgets/class.api.php HTTP/1.1" 200 0 "http://pvjbtf.site//wp-admin/js/widgets/class.api.php#888xyz999" "Go-http-client/2.0"
140.245.43.10 - - [26/Apr/2025:12:23:37 -0400] "GET /.well-known/pki-validation/class_api.php HTTP/1.1" 404 1251 "http://pvjbtf.site//.well-known/pki-validation/class_api.php#888xyz999" "Go-http-client/2.0"
140.245.43.10 - - [26/Apr/2025:12:23:37 -0400] "GET /class_api.php HTTP/1.1" 200 0 "http://pvjbtf.site//class_api.php#888xyz999" "Go-http-client/2.0"
140.245.43.10 - - [26/Apr/2025:12:23:38 -0400] "GET /class.api.php HTTP/1.1" 200 0 "http://pvjbtf.site//class.api.php#888xyz999" "Go-http-client/2.0"
140.245.43.10 - - [26/Apr/2025:12:23:39 -0400] "GET /wp-content/themes/tflow/up.php HTTP/1.1" 200 0 "http://pvjbtf.site//wp-content/themes/tflow/up.php" "Go-http-client/2.0"
66.249.74.38 - - [26/Apr/2025:12:23:41 -0400] "GET /?v=5570820858902&channel=f29b45&from=news.php%3Fid%3D208589-1358%26name%3D20%EF%BC%85OFF%E3%82%AF%E3%83%BC%E3%83%9D%E3%83%B3%E5%AF%BE%E8%B1%A1%EF%BC%81%E7%89%B9%E6%B3%A8%E3%82%AB%E3%82%B9%E3%82%BF%E3%83%A0%E3%82%AF%E3%83%A9%E3%83%96+%E3%82%AD%E3%83%A3%E3%83%AD%E3%82%A6%E3%82%A7%E3%82%A4+ELYTE+%E3%82%A2%E3%82%A4%E3%82%A2%E3%83%B3+5%E6%9C%AC%E3%82%BB%E3%83%83%E3%83%88%5B%EF%BC%836-PW%5D+VENTUS+GREEN+5+for+Callaway+%E3%82%B7%E3%83%A3%E3%83%95%E3%83%88 HTTP/1.1" 200 0 "-" "Mozilla/5.0 (Linux; Android 6.0.1; Nexus 5X Build/MMB29P) AppleWebKit/537.36 (KHTML, like Gecko) Chrome/135.0.7049.95 Mobile Safari/537.36 (compatible; GoogleOther)"
140.245.43.10 - - [26/Apr/2025:12:23:41 -0400] "GET /wp-content/themes/wp-pridmag/up.php HTTP/1.1" 200 0 "http://pvjbtf.site//wp-content/themes/wp-pridmag/up.php" "Go-http-client/2.0"
140.245.43.10 - - [26/Apr/2025:12:23:42 -0400] "GET /.well-known/acme-challenge/atomlib.php HTTP/1.1" 200 0 "http://pvjbtf.site//.well-known/acme-challenge/atomlib.php" "Go-http-client/2.0"
140.245.43.10 - - [26/Apr/2025:12:23:43 -0400] "GET /.well-known/pki-validation/atomlib.php HTTP/1.1" 404 1251 "http://pvjbtf.site//.well-known/pki-validation/atomlib.php" "Go-http-client/2.0"
140.245.43.10 - - [26/Apr/2025:12:23:43 -0400] "GET /images/atomlib.php HTTP/1.1" 200 0 "http://pvjbtf.site//images/atomlib.php" "Go-http-client/2.0"
140.245.43.10 - - [26/Apr/2025:12:23:44 -0400] "GET /wp-admin/css/atomlib.php HTTP/1.1" 200 0 "http://pvjbtf.site//wp-admin/css/atomlib.php" "Go-http-client/2.0"
140.245.43.10 - - [26/Apr/2025:12:23:52 -0400] "GET /wp-admin/css/colors/blue/atomlib.php HTTP/1.1" 200 0 "http://pvjbtf.site//wp-admin/css/colors/blue/atomlib.php" "Go-http-client/2.0"
140.245.43.10 - - [26/Apr/2025:12:23:53 -0400] "GET /wp-admin/includes/atomlib.php HTTP/1.1" 200 0 "http://pvjbtf.site//wp-admin/includes/atomlib.php" "Go-http-client/2.0"
140.245.43.10 - - [26/Apr/2025:12:23:55 -0400] "GET /wp-admin/maint/atomlib.php HTTP/1.1" 200 0 "http://pvjbtf.site//wp-admin/maint/atomlib.php" "Go-http-client/2.0"
140.245.43.10 - - [26/Apr/2025:12:23:56 -0400] "GET /wp-content/languages/themes/atomlib.php HTTP/1.1" 200 0 "http://pvjbtf.site//wp-content/languages/themes/atomlib.php" "Go-http-client/2.0"
140.245.43.10 - - [26/Apr/2025:12:23:57 -0400] "GET /wp-content/themes/atomlib.php HTTP/1.1" 200 0 "http://pvjbtf.site//wp-content/themes/atomlib.php" "Go-http-client/2.0"
140.245.43.10 - - [26/Apr/2025:12:23:58 -0400] "GET /wp-admin/images/moon.php HTTP/1.1" 200 0 "http://pvjbtf.site//wp-admin/images/moon.php" "Go-http-client/2.0"
140.245.43.10 - - [26/Apr/2025:12:24:02 -0400] "GET /.tmb/moon.php HTTP/1.1" 200 0 "http://pvjbtf.site//.tmb/moon.php" "Go-http-client/2.0"
140.245.43.10 - - [26/Apr/2025:12:24:03 -0400] "GET /.well-known/acme-challenge/moon.php HTTP/1.1" 200 0 "http://pvjbtf.site//.well-known/acme-challenge/moon.php" "Go-http-client/2.0"
140.245.43.10 - - [26/Apr/2025:12:24:04 -0400] "GET /cgi-bin/moon.php HTTP/1.1" 200 0 "http://pvjbtf.site//cgi-bin/moon.php" "Go-http-client/2.0"
140.245.43.10 - - [26/Apr/2025:12:24:05 -0400] "GET /wp-admin/user/moon.php HTTP/1.1" 200 0 "http://pvjbtf.site//wp-admin/user/moon.php" "Go-http-client/2.0"
140.245.43.10 - - [26/Apr/2025:12:24:06 -0400] "GET /wp-content/upgrade/moon.php HTTP/1.1" 200 0 "http://pvjbtf.site//wp-content/upgrade/moon.php" "Go-http-client/2.0"
140.245.43.10 - - [26/Apr/2025:12:24:07 -0400] "GET /wp-admin/js/widgets/moon.php HTTP/1.1" 200 0 "http://pvjbtf.site//wp-admin/js/widgets/moon.php" "Go-http-client/2.0"
140.245.43.10 - - [26/Apr/2025:12:24:08 -0400] "GET /wp-admin/maint/moon.php HTTP/1.1" 200 0 "http://pvjbtf.site//wp-admin/maint/moon.php" "Go-http-client/2.0"
140.245.43.10 - - [26/Apr/2025:12:24:10 -0400] "GET /wp-includes/ID3/moon.php HTTP/1.1" 200 0 "http://pvjbtf.site//wp-includes/ID3/moon.php" "Go-http-client/2.0"
140.245.43.10 - - [26/Apr/2025:12:24:11 -0400] "GET /wp-includes/certificates/moon.php HTTP/1.1" 200 0 "http://pvjbtf.site//wp-includes/certificates/moon.php" "Go-http-client/2.0"
140.245.43.10 - - [26/Apr/2025:12:24:13 -0400] "GET /wp-admin/includes/moon.php HTTP/1.1" 200 0 "http://pvjbtf.site//wp-admin/includes/moon.php" "Go-http-client/2.0"
140.245.43.10 - - [26/Apr/2025:12:24:14 -0400] "GET /wp-includes/IXR/moon.php HTTP/1.1" 200 0 "http://pvjbtf.site//wp-includes/IXR/moon.php" "Go-http-client/2.0"
140.245.43.10 - - [26/Apr/2025:12:24:15 -0400] "GET /cjfuns.php HTTP/1.1" 200 0 "http://pvjbtf.site//cjfuns.php" "Go-http-client/2.0"
140.245.43.10 - - [26/Apr/2025:12:24:16 -0400] "GET /classfuns.php HTTP/1.1" 200 0 "http://pvjbtf.site//classfuns.php" "Go-http-client/2.0"
140.245.43.10 - - [26/Apr/2025:12:24:17 -0400] "GET /tempfuns.php HTTP/1.1" 200 0 "http://pvjbtf.site//tempfuns.php" "Go-http-client/2.0"
140.245.43.10 - - [26/Apr/2025:12:24:18 -0400] "GET /adminfuns.php HTTP/1.1" 200 0 "http://pvjbtf.site//adminfuns.php" "Go-http-client/2.0"
140.245.43.10 - - [26/Apr/2025:12:24:19 -0400] "GET /nf_tracking.php HTTP/1.1" 200 0 "http://pvjbtf.site//nf_tracking.php#password" "Go-http-client/2.0"
140.245.43.10 - - [26/Apr/2025:12:24:20 -0400] "GET /wp-content/wso.php HTTP/1.1" 200 0 "http://pvjbtf.site//wp-content/wso.php#UEjlZcWL%23UEjlZcWL" "Go-http-client/2.0"
140.245.43.10 - - [26/Apr/2025:12:24:21 -0400] "GET /wp-includes/wso.php HTTP/1.1" 200 0 "http://pvjbtf.site//wp-includes/wso.php#UEjlZcWL%23UEjlZcWL" "Go-http-client/2.0"
140.245.43.10 - - [26/Apr/2025:12:24:22 -0400] "GET /wso.php HTTP/1.1" 200 0 "http://pvjbtf.site//wso.php#UEjlZcWL" "Go-http-client/2.0"
140.245.43.10 - - [26/Apr/2025:12:24:23 -0400] "GET /wp-content/uploads/wp-apxupx.php?apx=upx HTTP/1.1" 200 0 "http://pvjbtf.site//wp-content/uploads/wp-apxupx.php?apx=upx" "Go-http-client/2.0"
140.245.43.10 - - [26/Apr/2025:12:24:24 -0400] "GET /wp-content/upgrade/class_api.php HTTP/1.1" 200 0 "http://pvjbtf.site//wp-content/upgrade/class_api.php" "Go-http-client/2.0"
140.245.43.10 - - [26/Apr/2025:12:24:25 -0400] "GET /cgi-bin/sgd.php HTTP/1.1" 200 0 "http://pvjbtf.site//cgi-bin/sgd.php" "Go-http-client/2.0"
140.245.43.10 - - [26/Apr/2025:12:24:26 -0400] "GET /wp-admin/js/widgets/sgd.php HTTP/1.1" 200 0 "http://pvjbtf.site//wp-admin/js/widgets/sgd.php#fg123" "Go-http-client/2.0"
140.245.43.10 - - [26/Apr/2025:12:24:27 -0400] "GET /wp-apxupx.php?apx=upx HTTP/1.1" 200 0 "http://pvjbtf.site//wp-apxupx.php?apx=upx" "Go-http-client/2.0"
140.245.43.10 - - [26/Apr/2025:12:24:29 -0400] "GET /wp-includes/IXR/class.api.php HTTP/1.1" 200 0 "http://pvjbtf.site//wp-includes/IXR/class.api.php" "Go-http-client/2.0"
140.245.43.10 - - [26/Apr/2025:12:24:30 -0400] "GET /wp-content/languages/class_api.php HTTP/1.1" 200 0 "http://pvjbtf.site//wp-content/languages/class_api.php" "Go-http-client/2.0"
140.245.43.10 - - [26/Apr/2025:12:24:31 -0400] "GET /class_api.php HTTP/1.1" 200 0 "http://pvjbtf.site//class_api.php" "Go-http-client/2.0"
140.245.43.10 - - [26/Apr/2025:12:24:32 -0400] "GET /.well-known/acme-challenge/class_api.php HTTP/1.1" 200 0 "http://pvjbtf.site//.well-known/acme-challenge/class_api.php" "Go-http-client/2.0"
140.245.43.10 - - [26/Apr/2025:12:24:33 -0400] "GET /.tmb/mariju.php HTTP/1.1" 200 0 "http://pvjbtf.site//.tmb/mariju.php" "Go-http-client/2.0"
66.249.74.40 - - [26/Apr/2025:12:24:34 -0400] "GET /?v=80986146193402&channel=6b3fa4&from=brands.php%3Fid%3D1461934-18003%26name%3D%E3%83%8F%E3%83%B3%E3%83%89%E3%83%A1%E3%82%A4%E3%83%89+%E2%99%A1%E3%82%B7%E3%83%A5%E3%82%B7%E3%83%A5+%E3%83%95%E3%83%AA%E3%83%AB+%E9%BB%92%E3%81%AB%E8%96%84%E7%B4%AB%E3%81%AE%E8%8A%B1%E3%81%AE%E5%88%BA%E3%81%97%E3%82%85%E3%81%86%E5%85%A5%E3%83%81%E3%83%A5%E3%83%BC%E3%83%AB%E3%83%AC%E3%83%BC%E3%82%B9 HTTP/1.1" 200 54774 "-" "Mozilla/5.0 (Linux; Android 6.0.1; Nexus 5X Build/MMB29P) AppleWebKit/537.36 (KHTML, like Gecko) Chrome/135.0.7049.95 Mobile Safari/537.36 (compatible; Googlebot/2.1; +http://www.google.com/bot.html)"
140.245.43.10 - - [26/Apr/2025:12:24:34 -0400] "GET /wp-content/languages/themes/class_api.php HTTP/1.1" 200 0 "http://pvjbtf.site//wp-content/languages/themes/class_api.php" "Go-http-client/2.0"
140.245.43.10 - - [26/Apr/2025:12:24:35 -0400] "GET /wp-admin/includes/class_api.php HTTP/1.1" 200 0 "http://pvjbtf.site//wp-admin/includes/class_api.php" "Go-http-client/2.0"
140.245.43.10 - - [26/Apr/2025:12:24:36 -0400] "GET /wp-admin/js/widgets/class_api.php HTTP/1.1" 200 0 "http://pvjbtf.site//wp-admin/js/widgets/class_api.php" "Go-http-client/2.0"
140.245.43.10 - - [26/Apr/2025:12:24:37 -0400] "GET /wp-admin/network/class_api.php HTTP/1.1" 200 0 "http://pvjbtf.site//wp-admin/network/class_api.php" "Go-http-client/2.0"
140.245.43.10 - - [26/Apr/2025:12:24:38 -0400] "GET /.tmb/class_api.php HTTP/1.1" 200 0 "http://pvjbtf.site//.tmb/class_api.php" "Go-http-client/2.0"
140.245.43.10 - - [26/Apr/2025:12:24:39 -0400] "GET /assets/class_api.php HTTP/1.1" 200 0 "http://pvjbtf.site//assets/class_api.php" "Go-http-client/2.0"
178.148.134.120 - - [26/Apr/2025:12:24:49 -0400] "GET /jackpot-togel-4d-3-d-2d-di-pasaran-hongkong-5jt-2/ HTTP/1.1" 200 0 "https://pvjbtf.site" "Mozilla/5.0 (Windows NT 10.0; Win64; x64) AppleWebKit/537.36 (KHTML, like Gecko) Chrome/62.0.3202.94 Safari/537.36"
66.249.74.39 - - [26/Apr/2025:12:25:11 -0400] "GET /?v=9967716173202&channel=a6f463&from=info.php%3Fid%3D161732-9652%26name%3D30%EF%BC%85OFF%E3%80%90%E3%83%A1%E3%83%BC%E3%83%AB%E4%BE%BF%E3%80%91%E3%80%90SHIROHATO%E5%85%AC%E5%BC%8F%E3%80%91%E3%80%90%E6%AD%A3%E8%A6%8F%E5%93%81%E3%83%BB%E6%96%B0%E5%93%81%E3%80%91%E3%83%AF%E3%82%B3%E3%83%BC%E3%83%AB+Wacoal+%E3%82%B5%E3%83%AB%E3%83%BC%E3%83%88+Salute+24SS%E5%85%88%E8%A1%8C+01G+CTJ201+%E3%82%AD%E3%83%A3%E3%83%9F%E3%82%BD%E3%83%BC%E3%83%AB+LL+%E3%83%A9%E3%83%B3%E3%82%B8%E3%82%A7%E3%83%AA%E3%83%BC+%E3%83%95%E3%83%AC%E3%82%A2%E3%82%B7%E3%83%AB%E3%82%A8%E3%83%83%E3%83%88+%E3%82%B3%E3%82%A2%28LL%29 HTTP/1.1" 200 0 "-" "Mozilla/5.0 (Linux; Android 6.0.1; Nexus 5X Build/MMB29P) AppleWebKit/537.36 (KHTML, like Gecko) Chrome/135.0.7049.95 Mobile Safari/537.36 (compatible; GoogleOther)"
66.249.74.40 - - [26/Apr/2025:12:25:12 -0400] "GET /?v=58437884601&channel=3f9512&from=category-info.php%3Fid%3D8846-1550%26name%3DHirotaka+BOW%E3%82%B3%E3%83%AC%E3%82%AF%E3%82%B7%E3%83%A7%E3%83%B3%E3%80%80%E3%82%B4%E3%83%BC%E3%83%AB%E3%83%89%E3%83%94%E3%82%A2%E3%82%B9 HTTP/1.1" 200 0 "-" "Mozilla/5.0 (Linux; Android 6.0.1; Nexus 5X Build/MMB29P) AppleWebKit/537.36 (KHTML, like Gecko) Chrome/135.0.7049.95 Mobile Safari/537.36 (compatible; GoogleOther)"
66.249.74.39 - - [26/Apr/2025:12:25:35 -0400] "GET /?v=52822133064101&channel=759562&from=info.php%3Fid%3D1330641-5052%26name%3DSeatflex+%E3%82%B7%E3%83%BC%E3%83%88%E3%82%AB%E3%83%90%E3%83%BC+%E5%85%A8%E5%B8%AD+%E3%83%95%E3%82%A3%E3%83%83%E3%83%88+%E3%83%80%E3%82%A4%E3%83%8F%E3%83%84+%E3%83%A0%E3%83%BC%E3%83%B4+LA100S%2FLA110S+H22%282010%29%2F12-H24%2820 HTTP/1.1" 200 53276 "-" "Mozilla/5.0 (Linux; Android 6.0.1; Nexus 5X Build/MMB29P) AppleWebKit/537.36 (KHTML, like Gecko) Chrome/135.0.7049.95 Mobile Safari/537.36 (compatible; Googlebot/2.1; +http://www.google.com/bot.html)"
66.249.74.39 - - [26/Apr/2025:12:26:35 -0400] "GET /?v=78017179923906&channel=79586a&from=news.php%3Fid%3D1799239-8735%26name%3D%EF%BC%92%E7%82%B9%E3%81%8A%E3%81%BE%E3%81%A8%E3%82%81%E2%99%A1%E9%81%8A%E8%89%B2%E7%BE%8E%E2%99%A1K18%E3%83%9C%E3%83%AB%E3%83%80%E3%83%BC%E3%82%AA%E3%83%91%E3%83%BC%E3%83%AB%E2%99%A1%E3%83%9A%E3%83%B3%E3%83%80%E3%83%B3%E3%83%88%E3%83%88%E3%83%83%E3%83%974.44ct HTTP/1.1" 200 52222 "-" "Mozilla/5.0 (Linux; Android 6.0.1; Nexus 5X Build/MMB29P) AppleWebKit/537.36 (KHTML, like Gecko) Chrome/135.0.7049.95 Mobile Safari/537.36 (compatible; Googlebot/2.1; +http://www.google.com/bot.html)"
66.249.74.38 - - [26/Apr/2025:12:26:45 -0400] "GET /?v=5291873980407&channel=32de57&from=category-info.php%3Fid%3D739804-8051%26name%3D%E5%86%99%E7%9C%9F%E5%A2%97%E3%82%84%E3%81%97%E3%81%BE%E3%81%97%E3%81%9F%EF%BC%81%E3%83%AB%E3%82%A4%E3%83%B4%E3%82%A3%E3%83%88%E3%83%B3%E3%80%80%E3%83%87%E3%83%8B%E3%83%A0%E7%94%9F%E5%9C%B0 HTTP/1.1" 200 0 "-" "Mozilla/5.0 (Linux; Android 6.0.1; Nexus 5X Build/MMB29P) AppleWebKit/537.36 (KHTML, like Gecko) Chrome/135.0.7049.95 Mobile Safari/537.36 (compatible; GoogleOther)"
66.249.74.38 - - [26/Apr/2025:12:27:36 -0400] "GET /?v=13800103053102&channel=9c15c4&from=blog.php%3Fid%3D1030531-6414%26name%3DRAI%26%2339%3BS+%E3%83%88%E3%83%A8%E3%82%BF+%E3%82%AF%E3%83%A9%E3%82%A6%E3%83%B3+%E3%83%AD%E3%82%A4%E3%83%A4%E3%83%AB+%E8%AD%A6%E8%A6%96%E5%BA%81+%E6%89%80%E8%BD%84%E7%BD%B2%E5%9C%B0%E5%9F%9F%E8%AD%A6%E3%82%89%E8%BB%8A%E4%B8%A1 HTTP/1.1" 200 0 "-" "Mozilla/5.0 (Linux; Android 6.0.1; Nexus 5X Build/MMB29P) AppleWebKit/537.36 (KHTML, like Gecko) Chrome/135.0.7049.95 Mobile Safari/537.36 (compatible; GoogleOther)"
66.249.74.38 - - [26/Apr/2025:12:27:49 -0400] "GET /?v=15991105024305&channel=7c51ff&from=jp.php%3Fid%3D1050243-12995%26name%3D%E3%82%B5%E3%83%BC%E3%83%9E%E3%83%AB%E3%83%A9%E3%82%A4%E3%83%8B%E3%83%B3%E3%82%B0%E3%83%8F%E3%83%B3%E3%83%89%E3%83%AB%E3%83%90%E3%83%BC%E3%83%9E%E3%83%95+-+%E3%82%AA%E3%83%BC%E3%83%88%E3%83%90%E3%82%A4%E3%82%AE%E3%82%A2%E3%83%8F%E3%83%B3%E3%83%89%E3%82%A6%E3%82%A9%E3%83%BC%E3%83%9E%E3%83%BC%E3%80%81%E3%82%B9%E3%83%8E%E3%83%BC%E3%83%A2%E3%83%BC%E3%83%93%E3%83%AB%E3%83%8F%E3%83%B3%E3%83%89%E3%83%AB%E3%83%90%E3%83%BC%E3%83%9E%E3%83%95+%7C+%E9%98%B2%E6%B0%B4+%E6%9A%96%E3%81%8B%E3%81%84+%E3%82%B9%E3%83%8E%E3%83%BC%E3%83%A2%E3%83%BC HTTP/1.1" 200 54419 "-" "Mozilla/5.0 (Linux; Android 6.0.1; Nexus 5X Build/MMB29P) AppleWebKit/537.36 (KHTML, like Gecko) Chrome/135.0.7049.114 Mobile Safari/537.36 (compatible; Googlebot/2.1; +http://www.google.com/bot.html)"
66.249.74.39 - - [26/Apr/2025:12:28:22 -0400] "GET /?v=08781198115900&channel=47b243&from=article.php%3Fid%3D1981159-6950%26name%3D%E5%B2%A1%E7%94%B0%E6%97%AD%E5%B3%B0%E3%80%81%E8%8D%89%E5%8E%9F%E3%81%AB%E3%81%82%E3%81%9D%E3%81%B6%E3%80%81%E5%B8%8C%E5%B0%91%E7%94%BB%E9%9B%86%E7%94%BB%E3%80%81%E6%96%B0%E5%93%81%E9%AB%98%E7%B4%9A%E9%A1%8D%E3%80%81%E9%A1%8D%E8%A3%85%E4%BB%98%E3%80%81%E7%8A%B6%E6%85%8B%E8%89%AF%E5%A5%BD%E3%80%81%E6%B2%B9%E5%BD%A9+%E9%A2%A8%E6%99%AF%E3%80%81%E9%80%81%E6%96%99%E8%BE%BC%E3%81%BF%E3%80%81eda HTTP/1.1" 200 0 "-" "Mozilla/5.0 (Linux; Android 6.0.1; Nexus 5X Build/MMB29P) AppleWebKit/537.36 (KHTML, like Gecko) Chrome/135.0.7049.95 Mobile Safari/537.36 (compatible; GoogleOther)"
66.249.74.38 - - [26/Apr/2025:12:29:07 -0400] "GET /?v=18479198606809&channel=531d08&from=shop.php%3Fid%3D1986068-11029%26name%3D%E3%83%87%E3%82%B9%E3%82%AF%E3%83%88%E3%83%83%E3%83%97PC%EF%BC%88core+i7+2600K+GTX780%EF%BC%89 HTTP/1.1" 200 0 "-" "Mozilla/5.0 (Linux; Android 6.0.1; Nexus 5X Build/MMB29P) AppleWebKit/537.36 (KHTML, like Gecko) Chrome/135.0.7049.95 Mobile Safari/537.36 (compatible; GoogleOther)"
66.249.74.38 - - [26/Apr/2025:12:30:00 -0400] "GET /?v=9942170740306&channel=b590cd&from=info.php%3Fid%3D707403-7263%26name%3D%E9%9A%8E%E6%AE%B5%E7%94%A8%E6%89%8B%E3%81%99%E3%82%8A%E6%89%8B%E3%81%99%E3%82%8A%E3%80%81%E5%B7%A5%E6%A5%AD%E7%94%A8%E3%82%A2%E3%82%A4%E3%82%A2%E3%83%B3%E3%83%96%E3%83%A9%E3%83%83%E3%82%AF%E3%83%91%E3%82%A4%E3%83%97%E9%9A%8E%E6%AE%B5%E6%89%8B%E3%81%99%E3%82%8A%E3%82%B3%E3%83%B3%E3%83%97%E3%83%AA%E3%83%BC%E3%83%88%E3%82%AD%E3%83%83%E3%83%88%E3%80%81%E9%AB%98%E9%BD%A2%E8%80%85%E7%94%A8%E5%AE%89%E5%85%A8%E9%9A%8E%E6%AE%B5%E6%89%8B%E3%81%99%E3%82%8A%E3%80%81%E3%83%9B%E3%83%BC%E3%83%A0%E5%B1%8B%E5%86%85%E5%B1%8B%E5%A4%96%E5%BB%8A%E4%B8%8B%E3%83%AD%E3%83%95%E3%83%88%E7%94%A8%E3%83%AC%E3%83%BC HTTP/1.1" 200 54518 "-" "Mozilla/5.0 (Linux; Android 6.0.1; Nexus 5X Build/MMB29P) AppleWebKit/537.36 (KHTML, like Gecko) Chrome/135.0.7049.114 Mobile Safari/537.36 (compatible; Googlebot/2.1; +http://www.google.com/bot.html)"
66.249.74.39 - - [26/Apr/2025:12:30:15 -0400] "GET /?v=2253251639606&channel=975aac&from=pin.php%3Fid%3D516396-19111%26name%3D%E4%BF%9D%E8%AD%B7%E3%82%B8%E3%83%A5%E3%82%A8%E3%83%AA%E3%83%BC%E5%8F%8E%E7%B4%8D%E3%83%90%E3%83%83%E3%82%B0+10%E5%80%8B%E3%83%91%E3%83%83%E3%82%AF+%E9%80%8F%E6%98%8E+%E9%98%B2%E6%B0%B4+%E5%AF%86%E5%B0%81%E3%83%90%E3%83%83%E3%82%B0+%E8%80%90%E9%85%B8%E5%8C%96%E6%80%A7+%E3%82%A4%E3%83%A4%E3%83%AA%E3%83%B3%E3%82%B0+%E3%83%9D%E3%83%BC%E3%83%81+%E3%83%94%E3%83%B3%E3%82%AF+%E3%82%B8%E3%83%A5%E3%82%A8%E3%83%AA%E3%83%BC%E3%83%90%E3%83%83%E3%82%B0+7%C3%9710cm HTTP/1.1" 200 56105 "-" "Mozilla/5.0 (Linux; Android 6.0.1; Nexus 5X Build/MMB29P) AppleWebKit/537.36 (KHTML, like Gecko) Chrome/135.0.7049.114 Mobile Safari/537.36 (compatible; Googlebot/2.1; +http://www.google.com/bot.html)"
66.249.74.38 - - [26/Apr/2025:12:30:37 -0400] "GET /?v=8176951826706&channel=bf1c95&from=shop.php%3Fid%3D518267-2205%26name%3D%E3%80%90%E9%80%81%E6%96%99%E7%84%A1%E6%96%99%E3%80%91%E3%83%8F%E3%83%B3%E3%82%AC%E3%83%AA%E3%83%BC%E3%83%9B%E3%83%AF%E3%82%A4%E3%83%88%E3%83%9E%E3%82%B6%E3%83%BC%E3%82%B0%E3%83%BC%E3%82%B9%E3%83%80%E3%82%A6%E3%83%B393%25%3Cbr%3E%E5%90%88%E3%81%84%E6%8E%9B%E3%81%91%E3%81%B5%E3%81%A8%E3%82%93+%28S%E3%82%B5%E3%82%A4%E3%82%BA+150cm%C3%97210cm%29+%E7%BE%BD%E6%AF%9B%E5%B8%83%E5%9B%A3+%E6%8E%9B%E3%81%91%E5%B8%83%E5%9B%A3+%E3%82%B5%E3%82%A4%E3%82%BA+%E3%82%B7%E3%83%B3%E3%82%B0%E3%83%AB+%E6%97%A5%E6%9C%AC%E8%A3%BD+%E5%90%88%E6%8E%9B%E3%81%91+%E3%83%9B%E3%83%AF%E3%82%A4%E3%83%88+%E7%84%A1%E5%9C%B0+%E7%B6%BF100%EF%BC%85+%E8%B6%85%E9%95%B7%E7%B6%BF+%E5%AF%9D%E5%85%B7++%E3%81%B5%E3%81%A8%E3%82%93+%E5%9B%BD%E7%94%A3+%E3%80%90%E7%94%B2%E5%B7%9E%E7%BE%BD%E6%AF%9B%E3%81%B5%E3%81%A8%E3%82%93%E3%80%91%EF%BC%88%E6%8E%9B%E3%81%91%E5%B8%83%E5%9B%A3%E2%94%82nishikawa%EF%BC%88%E8%A5%BF%E5%B7%9D%EF%BC%89%E5%85%AC%E5%BC%8F%E3%82%AA%E3%83%B3%E3%83%A9%E3%82%A4%E3%83%B3%E3%82%B7%E3%83%A7%E3%83%83%E3%83%97+%E5%AF%9D%E5%85%B7%E3%83%BB%E5%B8%83%E5%9B%A3%E3%83%8D%E3%83%83%E3%83%88%E9%80%9A%E8%B2%A9%EF%BC%89 HTTP/1.1" 200 0 "-" "Mozilla/5.0 (Linux; Android 6.0.1; Nexus 5X Build/MMB29P) AppleWebKit/537.36 (KHTML, like Gecko) Chrome/135.0.7049.95 Mobile Safari/537.36 (compatible; GoogleOther)"
66.249.74.38 - - [26/Apr/2025:12:31:23 -0400] "GET /?v=1711486761802&channel=131535&from=goods.php%3Fid%3D867618-3326%26name%3D%E7%95%AA%E6%B5%A6%E5%8F%B2%E6%9C%97%E9%80%A0%E3%80%80%E9%B7%84%E3%82%AA%E3%83%96%E3%82%B8%E3%82%A7%E3%80%80%E7%BD%AE%E7%89%A9%E3%80%80%E5%85%AB%E5%85%AB%E5%85%AB HTTP/1.1" 200 0 "-" "Mozilla/5.0 (Linux; Android 6.0.1; Nexus 5X Build/MMB29P) AppleWebKit/537.36 (KHTML, like Gecko) Chrome/135.0.7049.95 Mobile Safari/537.36 (compatible; GoogleOther)"
66.249.74.38 - - [26/Apr/2025:12:31:24 -0400] "GET /?v=18339137329906&channel=1c846b&from=article.php%3Fid%3D1373299-3362%26name%3D%E3%82%A2%E3%83%8B%E3%82%A8%E3%82%B9%E3%81%B9%E3%83%BC%E3%80%80%E3%83%93%E3%83%B3%E3%83%86%E3%83%BC%E3%82%B8%E3%80%80%E3%83%8F%E3%83%83%E3%83%88 HTTP/1.1" 200 0 "-" "Mozilla/5.0 (Linux; Android 6.0.1; Nexus 5X Build/MMB29P) AppleWebKit/537.36 (KHTML, like Gecko) Chrome/135.0.7049.95 Mobile Safari/537.36 (compatible; GoogleOther)"
66.249.74.39 - - [26/Apr/2025:12:32:09 -0400] "GET /?v=20342166398300&channel=867a38&from=form.php%3Fid%3D1663983-31505%26name%3DUNION+ARENA+%E3%82%B7%E3%82%A7%E3%83%AA%E3%83%AB%E3%83%BB%E3%83%8E%E3%83%BC%E3%83%A0+3%E6%9E%9A%E3%82%BB%E3%83%83%E3%83%88%E3%80%80V%E3%82%B8%E3%83%A3%E3%83%B3%E3%83%97%E4%BB%98%E9%8C%B2 HTTP/1.1" 200 53857 "-" "Mozilla/5.0 (Linux; Android 6.0.1; Nexus 5X Build/MMB29P) AppleWebKit/537.36 (KHTML, like Gecko) Chrome/135.0.7049.114 Mobile Safari/537.36 (compatible; Googlebot/2.1; +http://www.google.com/bot.html)"
66.249.74.40 - - [26/Apr/2025:12:32:10 -0400] "GET /?v=2909684760202&channel=4c52fb&from=jp.php%3Fid%3D847602-5483%26name%3D%E6%96%B0%E9%83%8E%E6%96%B0%E5%A9%A6+%E3%82%A6%E3%82%A7%E3%83%87%E3%82%A3%E3%83%B3%E3%82%B0%E3%82%B5%E3%82%A4%E3%83%B3+%E5%8F%97%E4%BB%98%E7%94%A8+%E3%83%89%E3%83%A9%E3%82%A4%E3%83%95%E3%83%A9%E3%83%AF%E3%83%BC+%E4%BA%8C%E3%81%A4%E6%8A%98%E3%82%8A%E3%83%95%E3%82%A9%E3%83%88%E3%83%95%E3%83%AC%E3%83%BC%E3%83%A0 HTTP/1.1" 200 54001 "-" "Mozilla/5.0 (Linux; Android 6.0.1; Nexus 5X Build/MMB29P) AppleWebKit/537.36 (KHTML, like Gecko) Chrome/135.0.7049.114 Mobile Safari/537.36 (compatible; Googlebot/2.1; +http://www.google.com/bot.html)"
66.249.74.39 - - [26/Apr/2025:12:33:10 -0400] "GET /?v=35012168357001&channel=341078&from=news.php%3Fid%3D1683570-4637%26name%3D%EF%BC%88%E6%96%B0%E5%93%81%E3%83%BB%E5%AE%89%E5%BF%832%E5%B9%B4%E4%BF%9D%E8%A8%BC%EF%BC%89%E3%83%91%E3%83%8A%E3%82%BD%E3%83%8B%E3%83%83%E3%82%AF+%E7%B8%A6%E5%9E%8B%E6%A5%AD%E5%8B%99%E7%94%A8%E5%86%B7%E5%87%8D%E5%BA%AB+%E5%B9%85900%C3%97%E5%A5%A5%E8%A1%8C650%C3%97%E9%AB%98%E3%81%951950%28mm%29+SRF-K961B+%28%E6%97%A7%E5%9E%8B%E7%95%AA+SRF-K961A%29 HTTP/1.1" 200 54943 "-" "Mozilla/5.0 (Linux; Android 6.0.1; Nexus 5X Build/MMB29P) AppleWebKit/537.36 (KHTML, like Gecko) Chrome/135.0.7049.114 Mobile Safari/537.36 (compatible; Googlebot/2.1; +http://www.google.com/bot.html)"
66.249.74.39 - - [26/Apr/2025:12:33:38 -0400] "GET /?v=2231483422608&channel=9ae119&from=article.php%3Fid%3D834226-23786%26name%3D%E8%87%AA%E8%BB%A2%E8%BB%8A%E3%83%9A%E3%83%80%E3%83%AB%E3%82%A8%E3%82%AF%E3%82%B9%E3%83%86%E3%83%B3%E3%83%80%E3%83%BC9%2F16+%E3%82%A4%E3%83%B3%E3%83%81-1%E3%83%9A%E3%82%A2%E3%83%AD%E3%83%BC%E3%83%89%E3%83%90%E3%82%A4%E3%82%AF%E3%83%9A%E3%83%80%E3%83%AB%E3%82%A8%E3%82%AF%E3%82%B9%E3%83%86%E3%83%B3%E3%83%87%E3%83%83%E3%83%89%E3%82%A2%E3%83%91%E3%82%BF%E3%83%BC%E3%83%99%E3%82%A2%E3%83%AA%E3%83%B3%E3%82%B0%E3%82%A8%E3%82%AF%E3%82%B9%E3%83%86%E3%83%B3%E3%83%80%E3%83%BC HTTP/1.1" 200 0 "-" "Mozilla/5.0 (Linux; Android 6.0.1; Nexus 5X Build/MMB29P) AppleWebKit/537.36 (KHTML, like Gecko) Chrome/135.0.7049.95 Mobile Safari/537.36 (compatible; GoogleOther)"
66.249.74.38 - - [26/Apr/2025:12:33:43 -0400] "GET /?v=81133171088206&channel=757ad2&from=blog.php%3Fid%3D1710882-2333%26name%3DDarich++D%E3%83%99%E3%82%A2%E3%83%81%E3%82%A7%E3%83%83%E3%82%AF%E3%83%93%E3%83%83%E3%82%B0%E3%82%B9%E3%82%BF%E3%82%B8%E3%83%A3%E3%83%B3%EF%BC%88Darich%E2%9D%A4D%E3%83%99%E3%82%A2%E3%83%81%E3%82%A7%E3%83%83%E3%82%AF%E3%83%93%E3%83%83%E3%82%B0%E3%82%B9%E3%82%BF%E3%82%B8%E3%83%A3%E3%83%B3+%E3%80%90%E6%97%A5%E6%9C%AC%E9%99%90%E5%AE%9A%E3%83%A2%E3%83%87%E3%83%AB%E3%80%91+%7C+candelascloset.es%EF%BC%89 HTTP/1.1" 200 0 "-" "Mozilla/5.0 (Linux; Android 6.0.1; Nexus 5X Build/MMB29P) AppleWebKit/537.36 (KHTML, like Gecko) Chrome/135.0.7049.95 Mobile Safari/537.36 (compatible; GoogleOther)"
66.249.74.40 - - [26/Apr/2025:12:34:24 -0400] "GET /?v=3323939946502&channel=6e2548&from=pin.php%3Fid%3D399465-6146%26name%3D%E2%9C%A8%E3%83%AA%E3%83%A2%E3%82%B3%E3%83%B3%E5%BC%8F%E2%9C%A8CORONA%E3%80%80%E7%9F%B3%E6%B2%B9%E3%83%95%E3%82%A1%E3%83%B3%E3%83%92%E3%83%BC%E3%82%BF%E3%83%BC%E3%80%8010%E7%95%B3+FH-WZ3619BY%E3%80%80%E3%82%B3%E3%83%AD%E3%83%8A+%E3%83%95%E3%82%A1%E3%83%B3%E3%83%92%E3%83%BC%E3%82%BF%E3%83%BC+No.604%E2%97%8F+%E2%80%BB%E7%8F%BE%E9%87%91%E3%80%81%E3%82%AF%E3%83%AC%E3%82%B8%E3%83%83%E3%83%88%E3%80%81%E3%82%B9%E3%83%9E%E3%83%9B%E6%B1%BA%E6%B8%88%E5%AF%BE%E5%BF%9C%E2%80%BB HTTP/1.1" 200 53678 "-" "Mozilla/5.0 (Linux; Android 6.0.1; Nexus 5X Build/MMB29P) AppleWebKit/537.36 (KHTML, like Gecko) Chrome/135.0.7049.114 Mobile Safari/537.36 (compatible; Googlebot/2.1; +http://www.google.com/bot.html)"
66.249.74.40 - - [26/Apr/2025:12:35:25 -0400] "GET /?v=82205137503802&channel=24bb32&from=jp.php%3Fid%3D1375038-1571%26name%3Dpt900++0.3%EF%BD%83%EF%BD%94%E3%83%80%E3%82%A4%E3%83%A4%E3%83%A2%E3%83%B3%E3%83%89+%E3%83%AA%E3%83%B3%E3%82%B0 HTTP/1.1" 200 56947 "-" "Mozilla/5.0 (Linux; Android 6.0.1; Nexus 5X Build/MMB29P) AppleWebKit/537.36 (KHTML, like Gecko) Chrome/135.0.7049.95 Mobile Safari/537.36 (compatible; Googlebot/2.1; +http://www.google.com/bot.html)"
66.249.74.38 - - [26/Apr/2025:12:35:25 -0400] "GET /?v=0693885379801&channel=08d523&from=article.php%3Fid%3D853798-2784%26name%3D%E3%83%AB%E3%82%A4%E3%83%BB%E3%83%B4%E3%82%A3%E3%83%88%E3%83%B3++%E3%83%80%E3%83%9F%E3%82%A8+%E3%83%9F%E3%83%8B%E3%83%9D%E3%82%B7%E3%82%A7%E3%83%83%E3%83%88%E3%82%A2%E3%82%AF%E3%82%BB%E3%82%BD%E3%83%AF%E3%83%BC%E3%83%AB+%E3%83%81%E3%82%A7%E3%83%BC%E3%83%B3+%E3%83%9D%E3%83%BC%E3%83%81 HTTP/1.1" 200 0 "-" "Mozilla/5.0 (Linux; Android 6.0.1; Nexus 5X Build/MMB29P) AppleWebKit/537.36 (KHTML, like Gecko) Chrome/135.0.7049.95 Mobile Safari/537.36 (compatible; GoogleOther)"
66.249.74.40 - - [26/Apr/2025:12:37:25 -0400] "GET /?v=7155469391305&channel=a49407&from=jp.php%3Fid%3D693913-6777%26name%3D%E3%83%86%E3%83%83%E3%83%89%E3%83%99%E3%82%A4%E3%82%AB%E3%83%BC%E3%80%80%E9%95%B7%E8%B2%A1%E5%B8%83 HTTP/1.1" 200 54540 "-" "Mozilla/5.0 (Linux; Android 6.0.1; Nexus 5X Build/MMB29P) AppleWebKit/537.36 (KHTML, like Gecko) Chrome/135.0.7049.95 Mobile Safari/537.36 (compatible; Googlebot/2.1; +http://www.google.com/bot.html)"
66.249.74.38 - - [26/Apr/2025:12:40:05 -0400] "GET /?v=0105485700703&channel=0335ac&from=article.php%3Fid%3D857007-24035%26name%3DAmosfun+%E7%9B%A3%E7%9D%A3%E3%83%9C%E3%83%BC%E3%83%89+%E3%82%AF+%E3%83%9C%E3%83%BC%E3%83%89+%E6%98%A0%E7%94%BB%E8%A3%BD%E4%BD%9C%E6%A9%9F%E6%9D%90+%E6%98%A0%E7%94%BB%E3%81%AE%E3%81%9F%E3%82%81%E3%81%AE%E3%82%AF%E3%83%A9%E3%83%83%E3%83%91%E3%83%BC%E3%83%9C%E3%83%BC%E3%83%89+%E3%82%A2%E3%82%AF%E3%82%B7%E3%83%A7%E3%83%B3%E3%82%B7%E3%83%BC%E3%83%B3%E3%81%AE%E3%82%AB%E3%83%81%E3%83%B3%E3%82%B3%E3%82%92%E3%82%AB%E3%83%83%E3%83%88+%E3%83%95%E3%82%A3%E3%83%AB%E3%83%A0%E7%94%A8%E3%81%AE HTTP/1.1" 200 0 "-" "Mozilla/5.0 (Linux; Android 6.0.1; Nexus 5X Build/MMB29P) AppleWebKit/537.36 (KHTML, like Gecko) Chrome/135.0.7049.95 Mobile Safari/537.36 (compatible; GoogleOther)"
66.249.74.39 - - [26/Apr/2025:12:40:30 -0400] "GET /?v=25845138437202&channel=e294b2&from=jp.php%3Fid%3D1384372-3319%26name%3D%E3%83%8B%E3%83%A5%E3%83%BC%E3%83%90%E3%83%A9%E3%83%B3%E3%82%B9%E3%80%80new+balance%E3%80%80MR530AA+%E6%96%B0%E5%93%81%E6%9C%AA%E4%BD%BF%E7%94%A8 HTTP/1.1" 200 54307 "-" "Mozilla/5.0 (Linux; Android 6.0.1; Nexus 5X Build/MMB29P) AppleWebKit/537.36 (KHTML, like Gecko) Chrome/135.0.7049.95 Mobile Safari/537.36 (compatible; Googlebot/2.1; +http://www.google.com/bot.html)"
66.249.74.38 - - [26/Apr/2025:12:41:16 -0400] "GET /?v=6531611381101&channel=440549&from=blog.php%3Fid%3D113811-422%26name%3D%E3%83%AD%E3%83%BC%E3%83%AA%E3%83%B3%E3%82%B0%E3%82%B9+%E8%BB%9F%E5%BC%8F+%E3%82%B0%E3%83%AD%E3%83%BC%E3%83%96+%E3%82%AA%E3%83%BC%E3%83%AB%E3%83%A9%E3%82%A6%E3%83%B3%E3%83%89+%E3%82%AA%E3%83%BC%E3%83%AB%E3%83%95%E3%82%A3%E3%83%AB%E3%83%80%E3%83%BC++%E3%83%8F%E3%82%A4%E3%83%91%E3%83%BC%E3%83%86%E3%83%83%E3%82%AFMLB%E3%83%81%E3%83%BC%E3%83%A0+%E3%82%A2%E3%82%B9%E3%83%AC%E3%83%81%E3%83%83%E3%82%AF%E3%82%B9+%E9%87%8E%E7%90%83+GR5HTMN55W+%E5%8F%B3%E6%8A%95%E3%81%92+%E3%82%B0%E3%83%AA%E3%83%BC%E3%83%B3%C3%97%E3%82%A4%E3%82%A8%E3%83%AD%E3%83%BC%EF%BC%88Amazon+%7C+%E3%83%AD%E3%83%BC%E3%83%AA%E3%83%B3%E3%82%B0%E3%82%B9%28Rawlings%29+%E9%87%8E%E7%90%83%E7%94%A8+%E3%82%B0%E3%83%A9%E3%83%96+%E3%82%B0%E3%83%AD%E3%83%BC%E3%83%96+%E8%BB%9F%E5%BC%8F+%E5%A4%A7%E4%BA%BA%E7%94%A8+HYPER+TECH+MLB+TEAM++%E3%83%A1%E3%82%B8%E3%83%A3%E3%83%BC%E3%83%AA%E3%83%BC%E3%82%B0%E3%83%99%E3%83%BC%E3%82%B9%E3%83%9C%E3%83%BC%E3%83%AB+%E3%83%81%E3%83%BC%E3%83%A0+GR5HTMN55W+%5B%E3%82%AA%E3%83%BC%E3%83%AB%E3%83%95%E3%82%A3%E3%83%BC%E3%83%AB%E3%83%80%E3%83%BC%E7%94%A8%5D+%E3%82%B5%E3%82%A4%E3%82%BA+11.75+%7C+Rawlings%28%E3%83%AD%E3%83%BC%E3%83%AA%E3%83%B3%E3%82%B0%E3%82%B9%29+%7C++%E3%82%B0%E3%83%A9%E3%83%96%E3%83%BB%E3%83%9F%E3%83%83%E3%83%88%EF%BC%89 HTTP/1.1" 200 0 "-" "Mozilla/5.0 (Linux; Android 6.0.1; Nexus 5X Build/MMB29P) AppleWebKit/537.36 (KHTML, like Gecko) Chrome/135.0.7049.95 Mobile Safari/537.36 (compatible; GoogleOther)"
66.249.74.39 - - [26/Apr/2025:12:41:30 -0400] "GET /?v=28050132895318&channel=fdd442&from=category-info.php%3Fid%3D1328953-554%26name%3D%E3%83%A9%E3%82%B0+%E3%83%9E%E3%83%83%E3%83%88+%E3%82%A6%E3%82%A3%E3%83%AB%E3%83%88%E3%83%B3%E7%B9%94+%E3%83%A1%E3%83%80%E3%83%AA%E3%82%AA%E3%83%B3+%E6%9F%84+%E3%82%A8%E3%82%B8%E3%83%97%E3%83%88%E8%A3%BD+%E7%B4%84+200%C3%97250cm++%E9%95%B7%E6%96%B9%E5%BD%A2+%E3%83%9A%E3%83%AB%E3%82%B7%E3%83%A3+%E7%B5%A8%E6%AF%AF%E9%A2%A8+%E3%82%AA%E3%83%BC%E3%83%AB%E3%82%B7%E3%83%BC%E3%82%BA%E3%83%B3+%E6%98%A5+%E5%A4%8F+%E7%A7%8B+%E5%86%AC+%E3%81%8A%E3%81%97%E3%82%83%E3%82%8C+%E5%8C%97%E6%AC%A7+%E3%82%A2%E3%82%B8%E3%82%A2%E3%83%B3+eg84268 HTTP/1.1" 200 54902 "-" "Mozilla/5.0 (Linux; Android 6.0.1; Nexus 5X Build/MMB29P) AppleWebKit/537.36 (KHTML, like Gecko) Chrome/135.0.7049.95 Mobile Safari/537.36 (compatible; Googlebot/2.1; +http://www.google.com/bot.html)"
66.249.74.39 - - [26/Apr/2025:12:42:58 -0400] "GET /?v=82891100725406&channel=025d8e&from=category-info.php%3Fid%3D1007254-3470%26name%3D2025%E5%8D%83%E8%91%89%E3%83%AD%E3%83%83%E3%83%86%E3%83%9E%E3%83%AA%E3%83%BC%E3%83%B3%E3%82%BA%E6%98%A5%E5%AD%A3%E3%82%AD%E3%83%A3%E3%83%B3%E3%83%97%E5%B8%BD%E5%AD%90%E3%80%80%E3%83%9B%E3%83%AF%E3%82%A4%E3%83%88%2F%E3%82%B0%E3%83%AC%E3%83%BC%2F%E3%83%96%E3%83%A9%E3%83%83%E3%82%AF HTTP/1.1" 200 0 "-" "Mozilla/5.0 (Linux; Android 6.0.1; Nexus 5X Build/MMB29P) AppleWebKit/537.36 (KHTML, like Gecko) Chrome/135.0.7049.95 Mobile Safari/537.36 (compatible; GoogleOther)"
66.249.74.39 - - [26/Apr/2025:12:43:17 -0400] "GET /?v=482386825900&channel=b2cacb&from=form.php%3Fid%3D68259-5907%26name%3D%E7%83%8F%E3%81%AF%E4%B8%BB%E3%82%92%E9%81%B8%E3%81%B0%E3%81%AA%E3%81%84+%E3%82%A2%E3%82%AF%E3%83%AA%E3%83%AB%E3%83%91%E3%83%8D%E3%83%AB+%E3%82%A2%E3%82%AF%E3%83%AA%E3%83%AB%E3%82%B9%E3%82%BF%E3%83%B3%E3%83%89 HTTP/1.1" 200 53138 "-" "Mozilla/5.0 (Linux; Android 6.0.1; Nexus 5X Build/MMB29P) AppleWebKit/537.36 (KHTML, like Gecko) Chrome/135.0.7049.114 Mobile Safari/537.36 (compatible; Googlebot/2.1; +http://www.google.com/bot.html)"
66.249.74.39 - - [26/Apr/2025:12:43:31 -0400] "GET /?v=43737118678805&channel=be14a9&from=blog.php%3Fid%3D1186788-10959%26name%3D%5B%E3%82%B6%E3%83%8E%E3%83%BC%E3%82%B9%E3%83%95%E3%82%A7%E3%82%A4%E3%82%B9%5D+%E3%83%91%E3%83%BC%E3%82%AB%E3%83%BC+%E3%82%B9%E3%82%A6%E3%82%A7%E3%83%83%E3%83%88+%E3%82%AD%E3%83%83%E3%82%BA+%E3%83%AA%E3%82%A2%E3%83%93%E3%83%A5%E3%83%BC%E3%83%95%E3%83%AB%E3%82%B8%E3%83%83%E3%83%97%E3%83%95%E3%83%BC%E3%83%87%E3%82%A3+%E3%83%A6%E3%83%8B%E3%82%BB%E3%83%83%E3%82%AF%E3%82%B9+%E3%82%AF%E3%82%A4%E3%83%83%E3%82%AF%E3%83%95%E3%83%AA%E3%83%BC%E3%83%95%E3%82%A1%E3%82%B9%E3%83%8A%E3%83%BC HTTP/1.1" 200 55075 "-" "Mozilla/5.0 (Linux; Android 6.0.1; Nexus 5X Build/MMB29P) AppleWebKit/537.36 (KHTML, like Gecko) Chrome/135.0.7049.95 Mobile Safari/537.36 (compatible; Googlebot/2.1; +http://www.google.com/bot.html)"
66.249.74.38 - - [26/Apr/2025:12:46:25 -0400] "GET /?v=6531611381100&channel=440549&from=form.php%3Fid%3D113811-422%26name%3D%E3%83%AD%E3%83%BC%E3%83%AA%E3%83%B3%E3%82%B0%E3%82%B9+%E8%BB%9F%E5%BC%8F+%E3%82%B0%E3%83%AD%E3%83%BC%E3%83%96+%E3%82%AA%E3%83%BC%E3%83%AB%E3%83%A9%E3%82%A6%E3%83%B3%E3%83%89+%E3%82%AA%E3%83%BC%E3%83%AB%E3%83%95%E3%82%A3%E3%83%AB%E3%83%80%E3%83%BC++%E3%83%8F%E3%82%A4%E3%83%91%E3%83%BC%E3%83%86%E3%83%83%E3%82%AFMLB%E3%83%81%E3%83%BC%E3%83%A0+%E3%82%A2%E3%82%B9%E3%83%AC%E3%83%81%E3%83%83%E3%82%AF%E3%82%B9+%E9%87%8E%E7%90%83+GR5HTMN55W+%E5%8F%B3%E6%8A%95%E3%81%92+%E3%82%B0%E3%83%AA%E3%83%BC%E3%83%B3%C3%97%E3%82%A4%E3%82%A8%E3%83%AD%E3%83%BC%EF%BC%88Amazon+%7C+%E3%83%AD%E3%83%BC%E3%83%AA%E3%83%B3%E3%82%B0%E3%82%B9%28Rawlings%29+%E9%87%8E%E7%90%83%E7%94%A8+%E3%82%B0%E3%83%A9%E3%83%96+%E3%82%B0%E3%83%AD%E3%83%BC%E3%83%96+%E8%BB%9F%E5%BC%8F+%E5%A4%A7%E4%BA%BA%E7%94%A8+HYPER+TECH+MLB+TEAM++%E3%83%A1%E3%82%B8%E3%83%A3%E3%83%BC%E3%83%AA%E3%83%BC%E3%82%B0%E3%83%99%E3%83%BC%E3%82%B9%E3%83%9C%E3%83%BC%E3%83%AB+%E3%83%81%E3%83%BC%E3%83%A0+GR5HTMN55W+%5B%E3%82%AA%E3%83%BC%E3%83%AB%E3%83%95%E3%82%A3%E3%83%BC%E3%83%AB%E3%83%80%E3%83%BC%E7%94%A8%5D+%E3%82%B5%E3%82%A4%E3%82%BA+11.75+%7C+Rawlings%28%E3%83%AD%E3%83%BC%E3%83%AA%E3%83%B3%E3%82%B0%E3%82%B9%29+%7C++%E3%82%B0%E3%83%A9%E3%83%96%E3%83%BB%E3%83%9F%E3%83%83%E3%83%88%EF%BC%89 HTTP/1.1" 200 0 "-" "Mozilla/5.0 (Linux; Android 6.0.1; Nexus 5X Build/MMB29P) AppleWebKit/537.36 (KHTML, like Gecko) Chrome/135.0.7049.95 Mobile Safari/537.36 (compatible; GoogleOther)"
66.249.74.39 - - [26/Apr/2025:12:46:28 -0400] "GET /?v=18844180282004&channel=826ff4&from=blog.php%3Fid%3D1802820-8415%26name%3D%E7%A9%BA%E8%AA%BF%E6%9C%8D%E3%82%BB%E3%83%83%E3%83%88 HTTP/1.1" 200 0 "-" "Mozilla/5.0 (Linux; Android 6.0.1; Nexus 5X Build/MMB29P) AppleWebKit/537.36 (KHTML, like Gecko) Chrome/135.0.7049.95 Mobile Safari/537.36 (compatible; GoogleOther)"
66.249.74.38 - - [26/Apr/2025:12:48:39 -0400] "GET /?v=5108911970300&channel=2c96d7&from=product.php%3Fid%3D119703-3%26name%3D%E3%80%90%E5%8F%97%E6%B3%A8%E7%94%9F%E7%94%A3%E5%93%81%E3%80%91YKKAP+%E3%83%86%E3%83%A9%E3%82%B9%E5%B1%8B%E6%A0%B9+%E3%82%BD%E3%83%A9%E3%83%AA%E3%82%A2+%E5%A3%81%E4%BB%98%E7%B4%8D%E3%81%BE%E3%82%8A+%E7%A9%8D%E9%9B%AA20cm+%E6%9F%B1%E6%A8%99%E6%BA%96%E3%82%BF%E3%82%A4%E3%83%97+%E3%83%A1%E3%83%BC%E3%82%BF%E3%83%BC%E3%83%A2%E3%82%B8%E3%83%A5%E3%83%BC%E3%83%AB+4%E9%96%93+%C3%97+11%E5%B0%BA+%E3%83%95%E3%83%A9%E3%83%83 HTTP/1.1" 200 0 "-" "Mozilla/5.0 (Linux; Android 6.0.1; Nexus 5X Build/MMB29P) AppleWebKit/537.36 (KHTML, like Gecko) Chrome/135.0.7049.95 Mobile Safari/537.36 (compatible; GoogleOther)"
66.249.74.39 - - [26/Apr/2025:12:48:49 -0400] "GET /?v=73094103218013&channel=d5fb71&from=news.php%3Fid%3D1032180-2915%26name%3D%E5%B9%85210cm+%E3%83%80%E3%82%A4%E3%83%8B%E3%83%B3%E3%82%B0%E3%83%86%E3%83%BC%E3%83%96%E3%83%AB+%E3%83%80%E3%82%A4%E3%83%8B%E3%83%B3%E3%82%B0+%E9%A3%9F%E5%8D%93%E3%83%86%E3%83%BC%E3%83%96%E3%83%AB+%E3%83%9F%E3%83%BC%E3%83%86%E3%82%A3%E3%83%B3%E3%82%B0%E3%83%86%E3%83%BC%E3%83%96%E3%83%AB+%E6%9C%A8%E8%A3%BD+%E3%81%8A%E3%81%97%E3%82%83%E3%82%8C+6%E4%BA%BA+210cm%E5%B9%85+%E3%83%86%E3%83%BC%E3%83%96%E3%83%AB%E5%8D%98%E5%93%81+Baum%28%E3%83%90%E3%82%AA%E3%83%A0%29+%E3%82%A6%E3%82%A9%E3%83%BC%E3%83%AB%E3%83%8A%E3%83%83%E3%83%88+%E5%85%A86%E3%82%BF%E3%82%A4%E3%83%97 HTTP/1.1" 200 0 "-" "Mozilla/5.0 (Linux; Android 6.0.1; Nexus 5X Build/MMB29P) AppleWebKit/537.36 (KHTML, like Gecko) Chrome/135.0.7049.95 Mobile Safari/537.36 (compatible; GoogleOther)"
66.249.74.39 - - [26/Apr/2025:12:49:35 -0400] "GET /?v=3793893168802&channel=87384e&from=news.php%3Fid%3D931688-1999%26name%3D%E3%80%90%E9%80%81%E8%BE%BC%E3%80%91%E3%82%A8%E3%83%96%E3%83%AA%E3%82%A4+%E3%82%A8%E3%83%B3%E3%83%96%E3%83%AC%E3%83%A0+%E3%82%AB%E3%82%BF%E3%82%AB%E3%83%8A+%E3%81%B5%E3%82%8A%E3%81%8C%E3%81%AA+%E3%82%B9%E3%83%86%E3%83%83%E3%82%AB%E3%83%BC+%E3%82%B7%E3%83%BC%E3%83%AB+%E7%B4%8430mm%C3%97123mm+1%E6%9E%9A++%EF%BC%88%E3%83%96%E3%83%A9%E3%83%83%E3%82%AF%EF%BC%89 HTTP/1.1" 200 54929 "-" "Mozilla/5.0 (Linux; Android 6.0.1; Nexus 5X Build/MMB29P) AppleWebKit/537.36 (KHTML, like Gecko) Chrome/135.0.7049.95 Mobile Safari/537.36 (compatible; Googlebot/2.1; +http://www.google.com/bot.html)"
196.251.89.173 - - [26/Apr/2025:12:49:51 -0400] "GET / HTTP/1.1" 200 0 "-" "Mozilla/5.0 (Windows NT 10.0; Win64; x64) AppleWebKit/537.36 (KHTML, like Gecko) Chrome/89.0.4389.114 Safari/537.36"
196.251.89.173 - - [26/Apr/2025:12:49:51 -0400] "GET //wp-includes/wlwmanifest.xml HTTP/1.1" 200 505887 "-" "Mozilla/5.0 (Windows NT 10.0; Win64; x64) AppleWebKit/537.36 (KHTML, like Gecko) Chrome/89.0.4389.114 Safari/537.36"
196.251.89.173 - - [26/Apr/2025:12:50:01 -0400] "GET / HTTP/1.1" 200 0 "-" "Mozilla/5.0 (Windows NT 10.0; Win64; x64) AppleWebKit/537.36 (KHTML, like Gecko) Chrome/89.0.4389.114 Safari/537.36"
196.251.89.173 - - [26/Apr/2025:12:50:02 -0400] "GET //blog/wp-includes/wlwmanifest.xml HTTP/1.1" 200 516686 "-" "Mozilla/5.0 (Windows NT 10.0; Win64; x64) AppleWebKit/537.36 (KHTML, like Gecko) Chrome/89.0.4389.114 Safari/537.36"
66.249.74.38 - - [26/Apr/2025:12:50:06 -0400] "GET /?v=93048113288604&channel=e6ad34&from=shared.php%3Fid%3D1132886-13761%26name%3D%E3%83%90%E3%82%B9%E3%82%B1%E3%83%83%E3%83%88%E3%83%9C%E3%83%BC%E3%83%AB%E3%83%9B%E3%83%AB%E3%83%80%E3%83%BC%E3%82%A6%E3%82%A9%E3%83%BC%E3%83%AB%E3%83%9E%E3%82%A6%E3%83%B3%E3%83%88%E3%80%81%E5%A3%81%E3%81%AB%E5%8F%96%E3%82%8A%E4%BB%98%E3%81%91%E3%82%89%E3%82%8C%E3%81%9F%E3%83%90%E3%82%B9%E3%82%B1%E3%83%83%E3%83%88%E3%83%9C%E3%83%BC%E3%83%AB%E3%83%A9%E3%83%83%E3%82%AF+%7C+%E3%83%A1%E3%82%BF%E3%83%AB%E3%83%90%E3%82%B9%E3%82%B1%E3%83%83%E3%83%88%E3%83%9C%E3%83%BC%E3%83%AB%E3%83%87%E3%82%A3%E3%82%B9%E3%83%97%E3%83%AC%E3%82%A4%E3%83%A9%E3%83%83%E3%82%AF+%7C+%EF%BC%88%E3%82%A6%E3%82%A9%E3%83%BC%E3%83%AB%E3%83%9C%E3%83%BC%E3%83%AB%E3%83%9B%E3%83%AB%E3%83%80%E3%83%BC%E3%80%81%E3%83%90%E3%82%B9%E3%82%B1%E3%83%83%E3%83%88%E3%83%9C%E3%83%BC%E3%83%AB%E3%82%A6%E3%82%A9%E3%83%BC%E3%83%AB%E3%83%9B%E3%83%AB%E3%83%80%E3%83%BC%2C%E3%83%A1%E3%82%BF%E3%83%AB%E3%83%90%E3%82%B9%E3%82%B1%E3%83%83%E3%83%88%E3%83%9C%E3%83%BC%E3%83%AB%E3%83%87%E3%82%A3%E3%82%B9%E3%83%97%E3%83%AC%E3%82%A4%E3%83%A9%E3%83%83%E3%82%AF+-+%E3%83%95%E3%83%83%E3%83%88%E3%83%9C%E3%83%BC%E3%83%AB%E3%83%90%E3%83%AC%E3%83%BC%E3%83%9C%E3%83%BC%E3%83%AB%E3%82%B5%E3%83%83%EF%BC%88Ipetboom++5%E5%80%8B+%E3%83%9C%E3%83%BC%E3%83%AB%E3%83%A9%E3%83%83%E3%82%AF+%E3%83%9C%E3%83%BC%E3%83%AB%E7%94%A8%E3%83%90%E3%82%B9%E3%82%B1%E3%83%83%E3%83%88%E3%83%9C%E3%83%BC%E3%83%AB%E3%83%9B%E3%83%AB%E3%83%80%E3%83%BC+%E3%83%9C%E3%83%BC%E3%83%AB%E3%82%A6%E3%82%A9%E3%83%BC%E3%83%AB%E3%83%9E%E3%82%A6%E3%83%B3%E3%83%88%E3%83%9C%E3%83%BC%E3%83%AB%E3%83%9B%E3%83%AB%E3%83%80%E3%83%BC+%E5%A3%81%E3%82%B5%E3%83%83%E3%82%AB%E3%83%BC%E3%83%9C%E3%83%BC%E3%83%AB%E3%83%9E%E3%82%A6%E3%83%B3+...%EF%BC%89 HTTP/1.1" 200 0 "-" "Mozilla/5.0 (Linux; Android 6.0.1; Nexus 5X Build/MMB29P) AppleWebKit/537.36 (KHTML, like Gecko) Chrome/135.0.7049.95 Mobile Safari/537.36 (compatible; GoogleOther)"
196.251.89.173 - - [26/Apr/2025:12:50:22 -0400] "GET //web/wp-includes/wlwmanifest.xml HTTP/1.1" 200 513219 "-" "Mozilla/5.0 (Windows NT 10.0; Win64; x64) AppleWebKit/537.36 (KHTML, like Gecko) Chrome/89.0.4389.114 Safari/537.36"
196.251.89.173 - - [26/Apr/2025:12:50:51 -0400] "GET //wordpress/wp-includes/wlwmanifest.xml HTTP/1.1" 200 514954 "-" "Mozilla/5.0 (Windows NT 10.0; Win64; x64) AppleWebKit/537.36 (KHTML, like Gecko) Chrome/89.0.4389.114 Safari/537.36"
196.251.89.173 - - [26/Apr/2025:12:51:07 -0400] "GET //website/wp-includes/wlwmanifest.xml HTTP/1.1" 200 507263 "-" "Mozilla/5.0 (Windows NT 10.0; Win64; x64) AppleWebKit/537.36 (KHTML, like Gecko) Chrome/89.0.4389.114 Safari/537.36"
66.249.74.38 - - [26/Apr/2025:12:51:10 -0400] "GET /?v=24753113013605&channel=50d819&from=product.php%3Fid%3D1130136-21493%26name%3D%E5%8F%A4%E9%8A%80+%E8%8C%B6%E5%A3%BA+%E3%80%8C%E7%B4%94%E9%8A%80%E9%8F%A8%E5%88%BB%E6%B5%B7%E8%8D%89%E7%B4%8B%E6%8F%90%E6%A2%81%E5%A3%BA%E3%80%8D+%E9%8A%80%E7%93%B6+%E7%85%8E%E8%8C%B6+%E6%B9%AF%E6%B2%B8+%E6%80%A5%E9%A0%88+%E8%8C%B6%E9%81%93%E5%85%B7+%E5%8D%97%E9%90%90+%E9%87%91%E5%B7%A5+%E8%8C%B6%E5%99%A8+%E6%99%82%E4%BB%A3%E7%89%A9+%E5%AE%B9%E9%87%8F1000ml+LT-11160 HTTP/1.1" 200 55345 "-" "Mozilla/5.0 (Linux; Android 6.0.1; Nexus 5X Build/MMB29P) AppleWebKit/537.36 (KHTML, like Gecko) Chrome/135.0.7049.114 Mobile Safari/537.36 (compatible; Googlebot/2.1; +http://www.google.com/bot.html)"
196.251.89.173 - - [26/Apr/2025:12:51:18 -0400] "GET //wp/wp-includes/wlwmanifest.xml HTTP/1.1" 200 509078 "-" "Mozilla/5.0 (Windows NT 10.0; Win64; x64) AppleWebKit/537.36 (KHTML, like Gecko) Chrome/89.0.4389.114 Safari/537.36"
66.249.74.39 - - [26/Apr/2025:12:51:20 -0400] "GET /?v=5791619691300&channel=a6e2b4&from=shop.php%3Fid%3D196913-10982%26name%3D%E4%BC%8A%E8%97%A4%E8%B6%85%E7%9F%AD%E6%B3%A2%E3%80%80%E3%83%8F%E3%83%B3%E3%83%87%E3%82%A3%E3%83%97%E3%83%AD%E3%83%BC%E3%83%96%E3%80%80%E3%83%8F%E3%82%A4%E3%83%9C%E3%83%AB%E3%83%86%E3%83%BC%E3%82%B8%E3%80%80%E3%83%9E%E3%82%A4%E3%82%AF%E3%83%AD%E3%82%AB%E3%83%AC%E3%83%B3%E3%83%88%E3%80%80%E8%B6%85%E9%9F%B3%E6%B3%A2 HTTP/1.1" 200 0 "-" "Mozilla/5.0 (Linux; Android 6.0.1; Nexus 5X Build/MMB29P) AppleWebKit/537.36 (KHTML, like Gecko) Chrome/135.0.7049.95 Mobile Safari/537.36 (compatible; GoogleOther)"
66.249.74.38 - - [26/Apr/2025:12:51:26 -0400] "GET /?v=20187172895902&channel=ed6717&from=goods.php%3Fid%3D1728959-19593%26name%3DIVY+Classic+36482+7-1%2F4%E3%82%A4%E3%83%B3%E3%83%81+6%E6%AD%AF%E3%83%95%E3%82%A1%E3%82%A4%E3%83%90%E3%83%BC%E3%82%BB%E3%83%A1%E3%83%B3%E3%83%88%E5%88%87%E6%96%AD%E8%B6%85%E7%A1%AC%E4%B8%B8%E9%8B%B8%E5%88%83+5%2F8%E3%82%A4%E3%83%B3%E3%83%81%E3%83%80%E3%82%A4%E3%83%A4%E3%83%A2%E3%83%B3%E3%83%89%E3%83%8E%E3%83%83%E3%82%AF%E3%82%A2%E3%82%A6%E3%83%88%E3%82%A2%E3%83%BC HTTP/1.1" 200 54341 "-" "Mozilla/5.0 (Linux; Android 6.0.1; Nexus 5X Build/MMB29P) AppleWebKit/537.36 (KHTML, like Gecko) Chrome/135.0.7049.95 Mobile Safari/537.36 (compatible; Googlebot/2.1; +http://www.google.com/bot.html)"
66.249.74.38 - - [26/Apr/2025:12:51:27 -0400] "GET /?v=10317115309103&channel=f57665&from=category-info.php%3Fid%3D1153091-15774%26name%3D%E3%82%AD%E3%83%83%E3%83%81%E3%83%B3%E3%82%B7%E3%83%B3%E3%82%AF%E3%82%AA%E3%83%BC%E3%82%AC%E3%83%8A%E3%82%A4%E3%82%B6%E3%83%BC%E3%80%81%E3%82%B7%E3%83%B3%E3%82%AF%E3%82%B9%E3%83%9D%E3%83%B3%E3%82%B8%E3%83%9B%E3%83%AB%E3%83%80%E3%83%BC+-+%E5%A4%A7%E5%AE%B9%E9%87%8F%E7%9A%BF%E7%9F%B3%E9%B9%B8%E3%83%9B%E3%83%AB%E3%83%80%E3%83%BC+-+%E5%86%8D%E5%88%A9%E7%94%A8%E5%8F%AF%E8%83%BD%E3%81%AA%E5%AE%B6%E5%BA%AD%E7%94%A8%E3%82%AC%E3%82%B8%E3%82%A7%E3%83%83%E3%83%88%E3%80%81%E5%AE%B6%E3%81%AE%E3%81%9F%E3%82%81%E3%81%AE%E3%83%87%E3%82%A3%E3%82%B9%E3%83%9A HTTP/1.1" 200 53791 "-" "Mozilla/5.0 (Linux; Android 6.0.1; Nexus 5X Build/MMB29P) AppleWebKit/537.36 (KHTML, like Gecko) Chrome/135.0.7049.95 Mobile Safari/537.36 (compatible; Googlebot/2.1; +http://www.google.com/bot.html)"
196.251.89.173 - - [26/Apr/2025:12:51:35 -0400] "GET //news/wp-includes/wlwmanifest.xml HTTP/1.1" 200 513075 "-" "Mozilla/5.0 (Windows NT 10.0; Win64; x64) AppleWebKit/537.36 (KHTML, like Gecko) Chrome/89.0.4389.114 Safari/537.36"
196.251.89.173 - - [26/Apr/2025:12:51:46 -0400] "GET //2020/wp-includes/wlwmanifest.xml HTTP/1.1" 200 512399 "-" "Mozilla/5.0 (Windows NT 10.0; Win64; x64) AppleWebKit/537.36 (KHTML, like Gecko) Chrome/89.0.4389.114 Safari/537.36"
196.251.89.173 - - [26/Apr/2025:12:52:06 -0400] "GET //2019/wp-includes/wlwmanifest.xml HTTP/1.1" 200 513427 "-" "Mozilla/5.0 (Windows NT 10.0; Win64; x64) AppleWebKit/537.36 (KHTML, like Gecko) Chrome/89.0.4389.114 Safari/537.36"
66.249.74.39 - - [26/Apr/2025:12:52:20 -0400] "GET /?v=2189683682902&channel=8fc320&from=brands.php%3Fid%3D836829-12053%26name%3DTORY+BURCH+%E3%83%88%E3%83%AA%E3%83%BC%E3%83%90%E3%83%BC%E3%83%81%E3%80%80%E3%83%90%E3%83%AC%E3%82%A8%E3%82%B7%E3%83%A5%E3%83%BC%E3%82%BA+%E3%83%99%E3%83%BC%E3%82%B8%E3%83%A5%E3%80%8023.0 HTTP/1.1" 200 53610 "-" "Mozilla/5.0 (Linux; Android 6.0.1; Nexus 5X Build/MMB29P) AppleWebKit/537.36 (KHTML, like Gecko) Chrome/135.0.7049.95 Mobile Safari/537.36 (compatible; Googlebot/2.1; +http://www.google.com/bot.html)"
196.251.89.173 - - [26/Apr/2025:12:52:26 -0400] "GET //shop/wp-includes/wlwmanifest.xml HTTP/1.1" 200 521487 "-" "Mozilla/5.0 (Windows NT 10.0; Win64; x64) AppleWebKit/537.36 (KHTML, like Gecko) Chrome/89.0.4389.114 Safari/537.36"
66.249.74.38 - - [26/Apr/2025:12:52:36 -0400] "GET /?v=9975275586900&channel=98787f&from=blog.php%3Fid%3D755869-3405%26name%3D%E5%B8%8C%E5%B0%91%E6%9C%AA%E4%BD%BF%E7%94%A8+1990%E5%B9%B4+SOUL+II+SOUL+-+Get+A+Life+%E3%83%93%E3%83%B3%E3%83%86%E3%83%BC%E3%82%B8+T%E3%82%B7%E3%83%A3%E3%83%84%2F%2F%E3%82%BD%E3%82%A6%E3%83%AB+2+%E3%82%BD%E3%82%A6%E3%83%AB+Gota%E5%B1%8B%E6%95%B7%E8%B1%AA%E5%A4%AA+JAZZY+B+Keep+On+Movin+Caron+Wheeler%E2%98%86 HTTP/1.1" 200 0 "-" "Mozilla/5.0 (Linux; Android 6.0.1; Nexus 5X Build/MMB29P) AppleWebKit/537.36 (KHTML, like Gecko) Chrome/135.0.7049.95 Mobile Safari/537.36 (compatible; GoogleOther)"
196.251.89.173 - - [26/Apr/2025:12:52:55 -0400] "GET //wp1/wp-includes/wlwmanifest.xml HTTP/1.1" 200 510411 "-" "Mozilla/5.0 (Windows NT 10.0; Win64; x64) AppleWebKit/537.36 (KHTML, like Gecko) Chrome/89.0.4389.114 Safari/537.36"
196.251.89.173 - - [26/Apr/2025:12:53:10 -0400] "GET //test/wp-includes/wlwmanifest.xml HTTP/1.1" 200 522127 "-" "Mozilla/5.0 (Windows NT 10.0; Win64; x64) AppleWebKit/537.36 (KHTML, like Gecko) Chrome/89.0.4389.114 Safari/537.36"
196.251.89.173 - - [26/Apr/2025:12:53:24 -0400] "GET //wp2/wp-includes/wlwmanifest.xml HTTP/1.1" 200 505629 "-" "Mozilla/5.0 (Windows NT 10.0; Win64; x64) AppleWebKit/537.36 (KHTML, like Gecko) Chrome/89.0.4389.114 Safari/537.36"
