66.249.74.38 - - [26/Apr/2025:12:53:38 -0400] "GET /?v=77023108801602&channel=05b02f&from=form.php%3Fid%3D1088016-20253%26name%3D%E3%82%AF%E3%83%AD%E3%83%BC%E3%82%BA%E3%83%89%E3%82%B9%E3%83%A9%E3%82%A4%E3%83%89%E3%83%95%E3%82%A1%E3%82%B9%E3%83%8A%E3%83%BC+5+%E5%80%8B+5%23+%E6%A8%B9%E8%84%82%E3%82%B8%E3%83%83%E3%83%91%E3%83%BC%E3%82%AF%E3%83%AD%E3%83%BC%E3%82%BA%E3%82%A8%E3%83%B3%E3%83%89+15-25+%E3%82%BB%E3%83%B3%E3%83%81%E3%83%A1%E3%83%BC%E3%83%88%E3%83%AB%E3%82%AA%E3%83%BC%E3%83%97%E3%83%B3%E3%82%A8%E3%83%B3%E3%83%89+30-90+%E3%82%BB%E3%83%B3%E3%83%81 HTTP/1.1" 200 0 "-" "Mozilla/5.0 (Linux; Android 6.0.1; Nexus 5X Build/MMB29P) AppleWebKit/537.36 (KHTML, like Gecko) Chrome/135.0.7049.95 Mobile Safari/537.36 (compatible; GoogleOther)"
196.251.89.173 - - [26/Apr/2025:12:53:40 -0400] "GET //site/wp-includes/wlwmanifest.xml HTTP/1.1" 200 517181 "-" "Mozilla/5.0 (Windows NT 10.0; Win64; x64) AppleWebKit/537.36 (KHTML, like Gecko) Chrome/89.0.4389.114 Safari/537.36"
66.249.74.38 - - [26/Apr/2025:12:53:52 -0400] "GET /?v=0428182875212&channel=cf7c55&from=info.php%3Fid%3D828752-3783%26name%3D%E3%80%90%E7%BE%8E%E5%93%81%E3%80%91Panasonic+%E7%A9%BA%E9%96%93%E9%99%A4%E8%8F%8C%E8%84%B1%E8%87%AD%E6%A9%9F+%E3%82%B8%E3%82%A2%E3%82%A4%E3%83%BC%E3%83%8E+F-MC1000V HTTP/1.1" 200 0 "-" "Mozilla/5.0 (Linux; Android 6.0.1; Nexus 5X Build/MMB29P) AppleWebKit/537.36 (KHTML, like Gecko) Chrome/135.0.7049.95 Mobile Safari/537.36 (compatible; GoogleOther)"
196.251.89.173 - - [26/Apr/2025:12:54:05 -0400] "GET //cms/wp-includes/wlwmanifest.xml HTTP/1.1" 200 507286 "-" "Mozilla/5.0 (Windows NT 10.0; Win64; x64) AppleWebKit/537.36 (KHTML, like Gecko) Chrome/89.0.4389.114 Safari/537.36"
66.249.74.39 - - [26/Apr/2025:12:54:21 -0400] "GET /?v=3021896453302&channel=9679bf&from=goods.php%3Fid%3D964533-5226%26name%3D%E3%82%BF%E3%83%BC%E3%83%B3%E3%82%B7%E3%82%B0%E3%83%8A%E3%83%AB%E3%83%A9%E3%83%B3%E3%83%97+%E3%83%9E%E3%83%84%E3%83%80%E7%94%A8+CX-5%E7%94%A8+CX5+2012+2013+2014+%E3%82%BF%E3%83%BC%E3%83%B3%E3%82%B7%E3%82%B0%E3%83%8A%E3%83%AB%E3%83%A9%E3%83%B3%E3%83%97%E4%BA%A4%E6%8F%9B+2+%E5%80%8B%E8%BB%8A%E3%83%87%E3%82%A4%E3%82%BF%E3%82%A4%E3%83%A0%E3%83%A9%E3%83%B3%E3%83%8B HTTP/1.1" 200 55416 "-" "Mozilla/5.0 (Linux; Android 6.0.1; Nexus 5X Build/MMB29P) AppleWebKit/537.36 (KHTML, like Gecko) Chrome/135.0.7049.114 Mobile Safari/537.36 (compatible; Googlebot/2.1; +http://www.google.com/bot.html)"
66.249.74.38 - - [26/Apr/2025:12:54:25 -0400] "GET /?v=5279193405502&channel=d3ba80&from=category-info.php%3Fid%3D934055-3558%26name%3D%E3%81%B5%E3%82%8B%E3%81%95%E3%81%A8%E7%B4%8D%E7%A8%8E+%E5%AE%9D%E5%AF%BF%E4%BB%9990%E5%8C%85%E2%80%BB108g1.2g%C3%9790%E5%8C%85%E3%80%90%E8%BE%B2%E4%BA%8B%E7%B5%84%E5%90%88%E6%B3%95%E4%BA%BA+%E6%9C%A8%E3%81%AE%E5%AD%90%E8%8B%91%E3%80%91%5BZDS001%5D+%E7%86%8A%E6%9C%AC%E7%9C%8C%E5%B1%B1%E9%B9%BF%E5%B8%82 HTTP/1.1" 200 57857 "-" "Mozilla/5.0 (Linux; Android 6.0.1; Nexus 5X Build/MMB29P) AppleWebKit/537.36 (KHTML, like Gecko) Chrome/135.0.7049.114 Mobile Safari/537.36 (compatible; Googlebot/2.1; +http://www.google.com/bot.html)"
196.251.89.173 - - [26/Apr/2025:12:54:33 -0400] "GET //sito/wp-includes/wlwmanifest.xml HTTP/1.1" 200 505269 "-" "Mozilla/5.0 (Windows NT 10.0; Win64; x64) AppleWebKit/537.36 (KHTML, like Gecko) Chrome/89.0.4389.114 Safari/537.36"
66.249.74.40 - - [26/Apr/2025:12:55:12 -0400] "GET /?v=8176951826705&channel=bf1c95&from=info.php%3Fid%3D518267-2205%26name%3D%E3%80%90%E9%80%81%E6%96%99%E7%84%A1%E6%96%99%E3%80%91%E3%83%8F%E3%83%B3%E3%82%AC%E3%83%AA%E3%83%BC%E3%83%9B%E3%83%AF%E3%82%A4%E3%83%88%E3%83%9E%E3%82%B6%E3%83%BC%E3%82%B0%E3%83%BC%E3%82%B9%E3%83%80%E3%82%A6%E3%83%B393%25%3Cbr%3E%E5%90%88%E3%81%84%E6%8E%9B%E3%81%91%E3%81%B5%E3%81%A8%E3%82%93+%28S%E3%82%B5%E3%82%A4%E3%82%BA+150cm%C3%97210cm%29+%E7%BE%BD%E6%AF%9B%E5%B8%83%E5%9B%A3+%E6%8E%9B%E3%81%91%E5%B8%83%E5%9B%A3+%E3%82%B5%E3%82%A4%E3%82%BA+%E3%82%B7%E3%83%B3%E3%82%B0%E3%83%AB+%E6%97%A5%E6%9C%AC%E8%A3%BD+%E5%90%88%E6%8E%9B%E3%81%91+%E3%83%9B%E3%83%AF%E3%82%A4%E3%83%88+%E7%84%A1%E5%9C%B0+%E7%B6%BF100%EF%BC%85+%E8%B6%85%E9%95%B7%E7%B6%BF+%E5%AF%9D%E5%85%B7++%E3%81%B5%E3%81%A8%E3%82%93+%E5%9B%BD%E7%94%A3+%E3%80%90%E7%94%B2%E5%B7%9E%E7%BE%BD%E6%AF%9B%E3%81%B5%E3%81%A8%E3%82%93%E3%80%91%EF%BC%88%E6%8E%9B%E3%81%91%E5%B8%83%E5%9B%A3%E2%94%82nishikawa%EF%BC%88%E8%A5%BF%E5%B7%9D%EF%BC%89%E5%85%AC%E5%BC%8F%E3%82%AA%E3%83%B3%E3%83%A9%E3%82%A4%E3%83%B3%E3%82%B7%E3%83%A7%E3%83%83%E3%83%97+%E5%AF%9D%E5%85%B7%E3%83%BB%E5%B8%83%E5%9B%A3%E3%83%8D%E3%83%83%E3%83%88%E9%80%9A%E8%B2%A9%EF%BC%89 HTTP/1.1" 200 0 "-" "Mozilla/5.0 (Linux; Android 6.0.1; Nexus 5X Build/MMB29P) AppleWebKit/537.36 (KHTML, like Gecko) Chrome/135.0.7049.95 Mobile Safari/537.36 (compatible; GoogleOther)"
66.249.74.39 - - [26/Apr/2025:12:56:33 -0400] "GET /?v=06327145769906&channel=18c04f&from=shop.php%3Fid%3D1457699-2195%26name%3D%E3%80%901%2F25%E3%81%AF%E3%83%9D%E3%82%A4%E3%83%B3%E3%83%8810%E5%80%8D%E3%80%91+Yogibo+Zoola+Ottoman+Premium%EF%BC%88%E3%82%BA%E3%83%BC%E3%83%A9%E3%82%AA%E3%83%83%E3%83%88%E3%83%9E%E3%83%B3+%E3%83%97%E3%83%AC%E3%83%9F%E3%82%A2%E3%83%A0%29 HTTP/1.1" 200 0 "-" "Mozilla/5.0 (Linux; Android 6.0.1; Nexus 5X Build/MMB29P) AppleWebKit/537.36 (KHTML, like Gecko) Chrome/135.0.7049.95 Mobile Safari/537.36 (compatible; GoogleOther)"
66.249.74.39 - - [26/Apr/2025:12:56:38 -0400] "GET /?v=6991169789205&channel=256dc4&from=shared.php%3Fid%3D697892-16602%26name%3D%E3%82%AF%E3%83%AA%E3%82%B9%E3%83%9E%E3%82%B9%E3%83%84%E3%83%AA%E3%83%BC%E8%A3%85%E9%A3%BE+%E3%82%AF%E3%83%AA%E3%82%B9%E3%83%9E%E3%82%B9%E3%83%97%E3%83%AC%E3%82%BC%E3%83%B3%E3%83%88%E3%83%9C%E3%83%83%E3%82%AF%E3%82%B9+%E3%82%AA%E3%83%BC%E3%83%8A%E3%83%A1%E3%83%B3%E3%83%88+7%E7%82%B9%E3%82%BB%E3%83%83%E3%83%88+%E3%83%97%E3%83%AC%E3%82%BC%E3%83%B3%E3%83%88%E3%83%9C%E3%83%83%E3%82%AF%E3%82%B9+%E3%82%AF%E3%83%AA%E3%82%B9%E3%83%9E%E3%82%B9%E9%9B%91%E8%B2%A8+%E9%9B%B0%E5%9B%B2%E6%B0%97+%E3%82%B4%E3%83%BC%E3%82%B8%E3%83%A3%E3%82%B9 HTTP/1.1" 200 0 "-" "Mozilla/5.0 (Linux; Android 6.0.1; Nexus 5X Build/MMB29P) AppleWebKit/537.36 (KHTML, like Gecko) Chrome/135.0.7049.95 Mobile Safari/537.36 (compatible; GoogleOther)"
66.249.74.40 - - [26/Apr/2025:12:57:53 -0400] "GET /?v=0960234058513&channel=3d5433&from=article.php%3Fid%3D340585-11493%26name%3D%E9%BB%92%E5%9C%B0+%E7%86%A8%E6%96%97%E6%9F%84%E9%87%91%E9%A7%92%E5%88%BA%E7%B9%8D+%E6%8C%AF%E8%A2%96+%E4%BD%90%E8%B3%80%E9%8C%A6%E8%A2%8B%E5%B8%AF%E3%83%95%E3%83%AB%E3%82%BB%E3%83%83%E3%83%88+%E3%81%B5%E3%81%8F%E3%82%88%E3%81%8B%E3%82%B5%E3%82%A4%E3%82%BA HTTP/1.1" 200 0 "-" "Mozilla/5.0 (Linux; Android 6.0.1; Nexus 5X Build/MMB29P) AppleWebKit/537.36 (KHTML, like Gecko) Chrome/135.0.7049.95 Mobile Safari/537.36 (compatible; GoogleOther)"
66.249.74.39 - - [26/Apr/2025:12:58:05 -0400] "GET /?v=10051147929601&channel=d912ee&from=info.php%3Fid%3D1479296-25755%26name%3Dtopps2024+%E5%A4%A7%E8%B0%B7%E7%BF%94%E5%B9%B3+1of1+%E4%B8%96%E7%95%8C%E3%81%AB1%E6%9E%9A HTTP/1.1" 200 55327 "-" "Mozilla/5.0 (Linux; Android 6.0.1; Nexus 5X Build/MMB29P) AppleWebKit/537.36 (KHTML, like Gecko) Chrome/135.0.7049.95 Mobile Safari/537.36 (compatible; Googlebot/2.1; +http://www.google.com/bot.html)"
66.249.74.38 - - [26/Apr/2025:12:58:58 -0400] "GET /?v=0479392382604&channel=adba04&from=article.php%3Fid%3D923826-6%26name%3D%E3%83%B4%E3%82%A3%E3%83%88%E3%83%B3%E2%98%86%E3%83%84%E3%82%A4%E3%82%B9%E3%83%88MINI%2F%E3%82%B7%E3%83%A7%E3%83%AB%E3%83%80%E3%83%BC%2F%E7%99%BD%C3%97%E3%83%94%E3%83%B3%E3%82%AF HTTP/1.1" 200 53802 "-" "Mozilla/5.0 (Linux; Android 6.0.1; Nexus 5X Build/MMB29P) AppleWebKit/537.36 (KHTML, like Gecko) Chrome/135.0.7049.95 Mobile Safari/537.36 (compatible; Googlebot/2.1; +http://www.google.com/bot.html)"
66.249.74.39 - - [26/Apr/2025:12:59:13 -0400] "GET /?v=81083168069103&channel=a49407&from=shop.php%3Fid%3D1680691-6777%26name%3D%E3%80%90%E6%9C%AA%E4%BD%BF%E7%94%A8%E5%93%81%E3%80%91%E3%82%A8%E3%83%AB%E3%83%A1%E3%82%B9+%E3%82%B3%E3%83%B3%E3%82%B9%E3%82%BF%E3%83%B3%E3%82%B9+%E3%83%AD%E3%83%B3%E3%82%B0+%E3%83%88%E3%82%A5%E3%83%BC+%E3%82%B4%E3%83%BC+080126CK+%E3%82%B7%E3%83%A7%E3%83%AB%E3%83%80%E3%83%BC%E3%82%A6%E3%82%A9%E3%83%AC%E3%83%83%E3%83%88 HTTP/1.1" 200 0 "-" "Mozilla/5.0 (Linux; Android 6.0.1; Nexus 5X Build/MMB29P) AppleWebKit/537.36 (KHTML, like Gecko) Chrome/135.0.7049.95 Mobile Safari/537.36 (compatible; GoogleOther)"
66.249.74.38 - - [26/Apr/2025:12:59:38 -0400] "GET /?v=6321769158200&channel=d3b6cb&from=brands.php%3Fid%3D691582-9309%26name%3D%E3%82%A2%E3%82%B9%E3%83%88%E3%83%A9%E3%83%83%E3%83%88+ASTRAET+%E3%82%B9%E3%82%AB%E3%83%BC%E3%83%88 HTTP/1.1" 200 0 "-" "Mozilla/5.0 (Linux; Android 6.0.1; Nexus 5X Build/MMB29P) AppleWebKit/537.36 (KHTML, like Gecko) Chrome/135.0.7049.95 Mobile Safari/537.36 (compatible; GoogleOther)"
66.249.74.39 - - [26/Apr/2025:13:00:34 -0400] "GET /?v=63929193859005&channel=436119&from=form.php%3Fid%3D1938590-12703%26name%3DNintendo+Switch%E3%81%82%E3%81%A4%E3%81%BE%E3%82%8C%E3%81%A9%E3%81%86%E3%81%B6%E3%81%A4%E3%81%AE%E6%A3%AE%E3%82%BB%E3%83%83%E3%83%88 HTTP/1.1" 200 0 "-" "Mozilla/5.0 (Linux; Android 6.0.1; Nexus 5X Build/MMB29P) AppleWebKit/537.36 (KHTML, like Gecko) Chrome/135.0.7049.95 Mobile Safari/537.36 (compatible; GoogleOther)"
113.219.218.197 - - [26/Apr/2025:13:01:20 -0400] "GET / HTTP/1.1" 200 0 "http://pvjbtf.site" "Mozilla/5.0 (iPhone; CPU iPhone OS 13_2_3 like Mac OS X) AppleWebKit/605.1.15 (KHTML, like Gecko) Version/13.0.3 Mobile/15E148 Safari/604.1"
66.249.74.39 - - [26/Apr/2025:13:01:55 -0400] "GET /?v=2202067229107&channel=9bea68&from=pin.php%3Fid%3D672291-19490%26name%3D%E3%83%91%E3%82%B8%E3%83%A3%E3%83%9E+%E4%B8%8D%E6%80%9D%E8%AD%B0%E3%81%AE%E5%9B%BD%E3%81%AE%E3%82%A2%E3%83%AA%E3%82%B9+%E3%83%81%E3%82%A7%E3%82%B7%E3%83%A3%E7%8C%AB+%E5%AD%90%E4%BE%9B%E6%9C%8D+%E3%82%AD%E3%83%83%E3%82%BA+%E3%83%91%E3%82%B8%E3%83%A3%E3%83%9E+2%E7%82%B9%E3%82%BB%E3%83%83%E3%83%88+%E9%95%B7%E8%A2%96+%E9%95%B7%E3%82%BA%E3%83%9C%E3%83%B3+%E4%B8%8A%E4%B8%8B%E3%82%BB%E3%83%83%E3%83%88+%E7%94%B7%E3%81%AE%E5%AD%90+%E5%A5%B3%E3%81%AE%E5%AD%90+%E5%AF%9D%E5%B7%BB%E3%81%8D HTTP/1.1" 200 0 "-" "Mozilla/5.0 (Linux; Android 6.0.1; Nexus 5X Build/MMB29P) AppleWebKit/537.36 (KHTML, like Gecko) Chrome/135.0.7049.95 Mobile Safari/537.36 (compatible; GoogleOther)"
66.249.74.39 - - [26/Apr/2025:13:02:31 -0400] "GET /?v=08220161986203&channel=1bd368&from=goods.php%3Fid%3D1619862-2810%26name%3D%E3%82%A2%E3%82%A4%E3%82%A2%E3%83%B3+%E3%82%B7%E3%83%A5%E3%83%BC%E3%82%BA%E3%82%B9%E3%82%AF%E3%83%AC%E3%83%BC%E3%83%91%E3%83%BC+%E7%8A%AC+%E3%83%89%E3%83%83%E3%82%B0+%E3%82%A2%E3%83%8B%E3%83%9E%E3%83%AB+%E5%8B%95%E7%89%A9++%E9%9D%B4+%E9%9D%B4%E5%BA%95+%E6%B3%A5%E8%90%BD%E3%81%A8%E3%81%97+%E9%89%84%E8%A3%BD+%E7%BD%AE%E7%89%A9+%E3%82%AA%E3%83%96%E3%82%B8%E3%82%A7+%E3%83%80%E3%83%83%E3%82%AF%E3%82%B9%E3%83%95%E3%83%B3%E3%83%89+%E3%82%A4%E3%83%B3%E3%83%86%E3%83%AA%E3%82%A2+%E3%83%B4%E3%82%A3%E3%83%B3%E3%83%86%E3%83%BC%E3%82%B8%EF%BC%88emu+australia+%E3%82%A8%E3%83%9F%E3%83%A5%E3%83%BC+paterson+mini+em10946ok+%E3%82%AA%E2%80%95%E3%82%AF+%E3%80%90EMU+%E3%82%A6%E3%82%A9%E3%83%BC%E3%82%BF%E3%83%BC%E3%83%97%E3%83%AB%E3%83%BC%E3%83%95%E3%83%BB%E3%82%B7%E3%83%BC%E3%83%97%E3%82%B9%E3%82%AD%E3%83%B3%E3%83%96%E3%83%BC%E3%83%84%E3%83%BBemu++australia+%E3%83%91%E3%82%BF%E3%83%BC%E3%82%BD%E3%83%B3%E3%83%BB%E3%83%9F%E3%83%8B%E3%80%82%E5%AE%8C%E5%85%A8%E9%98%B2%E6%B0%B4%E3%80%82%E3%80%91%EF%BC%89 HTTP/1.1" 200 56883 "-" "Mozilla/5.0 (Linux; Android 6.0.1; Nexus 5X Build/MMB29P) AppleWebKit/537.36 (KHTML, like Gecko) Chrome/135.0.7049.95 Mobile Safari/537.36 (compatible; Googlebot/2.1; +http://www.google.com/bot.html)"
66.249.74.38 - - [26/Apr/2025:13:02:35 -0400] "GET /?v=7205092533600&channel=4efd90&from=form.php%3Fid%3D925336-5051%26name%3D%E3%81%AB%E9%81%A9%E7%94%A8+%E3%83%AC%E3%82%AF%E3%82%B5%E3%82%B9Lexus+RC+F+2015-2019%EF%BD%9E%E7%8F%BE%E8%A1%8C+%E8%BB%8A%E4%B8%AD%E6%B3%8A%E3%83%9E%E3%83%83%E3%83%88+%E5%BE%8C%E9%83%A8%E5%BA%A7%E5%B8%AD+%E8%BB%8A%E4%B8%AD%E6%B3%8A%E3%83%9E%E3%83%83%E3%83%88+%E3%81%9F%E3%81%9F%E3%81%BF%E5%BC%8F+%E8%BB%8A%E4%B8%AD%E6%B3%8A%E3%83%99%E3%83%83%E3%83%89+%E9%98%B2%E7%81%BD%E3%82%B0 HTTP/1.1" 200 53731 "-" "Mozilla/5.0 (Linux; Android 6.0.1; Nexus 5X Build/MMB29P) AppleWebKit/537.36 (KHTML, like Gecko) Chrome/135.0.7049.95 Mobile Safari/537.36 (compatible; Googlebot/2.1; +http://www.google.com/bot.html)"
66.249.74.38 - - [26/Apr/2025:13:02:39 -0400] "GET /?v=8069148998100&channel=e2957a&from=article.php%3Fid%3D489981-1169%26name%3D%E2%AD%90%EF%B8%8F2020%E5%B9%B4%E8%A3%BD%E2%AD%90%EF%B8%8F+%E9%99%90%E7%95%8C%E4%BE%A1%E6%A0%BC%E6%8C%91%E6%88%A6%EF%BC%81%EF%BC%81%E6%96%B0%E7%94%9F%E6%B4%BB%E5%AE%B6%E9%9B%BB%E2%99%AC%E2%99%AC%E6%B4%97%E6%BF%AF%E6%A9%9F%2F%E5%86%B7%E8%94%B5%E5%BA%AB%E2%99%AC41 HTTP/1.1" 200 0 "-" "Mozilla/5.0 (Linux; Android 6.0.1; Nexus 5X Build/MMB29P) AppleWebKit/537.36 (KHTML, like Gecko) Chrome/135.0.7049.95 Mobile Safari/537.36 (compatible; GoogleOther)"
66.249.74.38 - - [26/Apr/2025:13:03:15 -0400] "GET /?v=3235212064401&channel=68a3d3&from=shared.php%3Fid%3D120644-1567%26name%3D%E4%BA%BA%E5%B7%A5%E7%9A%AE%E4%B8%89%E7%B7%9A%E3%81%9D%E3%81%AE%E2%91%A5++%E3%83%8F%E3%83%BC%E3%83%89%E3%82%B1%E3%83%BC%E3%82%B9%E3%81%A4%E3%81%8D%EF%BC%88%E7%9C%9F%E5%A3%81%E5%9E%8B%E9%BB%92%E5%A1%97%E3%82%8A+%E4%BA%BA%E5%B7%A5%E7%9A%AE%E5%BC%B5%E3%82%8A%E4%B8%89%E7%B7%9A+%E2%80%93+%E7%B1%B3%E9%A0%88%E4%B8%89%E7%B7%9A%E5%BA%97%EF%BC%89 HTTP/1.1" 200 0 "-" "Mozilla/5.0 (Linux; Android 6.0.1; Nexus 5X Build/MMB29P) AppleWebKit/537.36 (KHTML, like Gecko) Chrome/135.0.7049.95 Mobile Safari/537.36 (compatible; GoogleOther)"
66.249.74.40 - - [26/Apr/2025:13:06:25 -0400] "GET /?v=09293106505803&channel=d250e4&from=blog.php%3Fid%3D1065058-3680%26name%3D%E3%80%90%E6%B1%BA%E3%81%BE%E3%82%8A%E3%81%BE%E3%81%97%E3%81%9F%E3%80%91%E3%83%AB%E3%82%A4%E3%82%AC%E3%83%8E+%E3%83%AD%E3%83%BC%E3%83%89%E3%83%90%E3%82%A4%E3%82%AF HTTP/1.1" 200 0 "-" "Mozilla/5.0 (Linux; Android 6.0.1; Nexus 5X Build/MMB29P) AppleWebKit/537.36 (KHTML, like Gecko) Chrome/135.0.7049.95 Mobile Safari/537.36 (compatible; GoogleOther)"
66.249.74.39 - - [26/Apr/2025:13:07:17 -0400] "GET /?v=72267128166301&channel=077ef0&from=category-info.php%3Fid%3D1281663-1188%26name%3Dadidas+%E3%82%A2%E3%83%87%E3%82%A3%E3%83%80%E3%82%B9%E3%80%80%E8%85%95%E6%99%82%E8%A8%88%E3%80%80%E3%83%A6%E3%83%8B%E3%82%BB%E3%83%83%E3%82%AF%E3%82%B9%E3%80%80%E3%82%B4%E3%83%BC%E3%83%AB%E3%83%89 HTTP/1.1" 200 0 "-" "Mozilla/5.0 (Linux; Android 6.0.1; Nexus 5X Build/MMB29P) AppleWebKit/537.36 (KHTML, like Gecko) Chrome/135.0.7049.95 Mobile Safari/537.36 (compatible; GoogleOther)"
66.249.74.40 - - [26/Apr/2025:13:09:27 -0400] "GET /?v=35715118144500&channel=3533a6&from=shared.php%3Fid%3D1181445-20844%26name%3DAbaodam+1+%E3%82%BB%E3%83%83%E3%83%88+%E3%82%A4%E3%83%BC%E3%82%B9%E3%82%BF%E3%83%BC+%E3%83%A9%E3%83%86+%E3%82%A2%E3%83%BC%E3%83%88+%E6%98%A5+%E3%83%87%E3%82%B3%E3%83%AC%E3%83%BC%E3%82%B7%E3%83%A7%E3%83%B3+%E5%AE%B6%E5%BA%AD%E7%94%A8+%E5%86%99%E7%9C%9F+%E3%82%AC%E3%83%BC%E3%83%A9%E3%83%B3%E3%83%89+%E3%82%A6%E3%82%B5%E3%82%AE+%E3%83%91%E3%82%BF%E3%83%BC%E3%83%B3+%E3%82%AC%E3%83%BC%E3%83%A9%E3%83%B3%E3%83%89+%E6%98%A5 HTTP/1.1" 200 0 "-" "Mozilla/5.0 (Linux; Android 6.0.1; Nexus 5X Build/MMB29P) AppleWebKit/537.36 (KHTML, like Gecko) Chrome/135.0.7049.95 Mobile Safari/537.36 (compatible; GoogleOther)"
66.249.74.39 - - [26/Apr/2025:13:10:06 -0400] "GET /?v=29581176203705&channel=07a3b6&from=form.php%3Fid%3D1762037-22365%26name%3DYOPIHU+%E6%98%87%E9%99%8D%E3%83%87%E3%82%B9%E3%82%AF+%E9%9B%BB%E5%8B%95%E6%98%87%E9%99%8D%E5%BC%8F%E3%83%87%E3%82%B9%E3%82%AF+%E9%AB%98%E3%81%95%E8%AA%BF%E7%AF%80+71cm-119cm+%E9%9D%99%E9%9F%B3+%E3%83%A1%E3%83%A2%E3%83%AA%E3%83%BC%E6%A9%9F%E8%83%BD+%E5%8F%8E%E7%B4%8D%E3%83%95%E3%83%83%E3%82%AF%E4%BB%98%E3%81%8D+%E3%82%AD%E3%83%A3%E3%82%B9%E3%82%BF%E3%83%BC%E4%BB%98%E3%81%8D+%E3%82%AA%E3%83%95 HTTP/1.1" 200 0 "-" "Mozilla/5.0 (Linux; Android 6.0.1; Nexus 5X Build/MMB29P) AppleWebKit/537.36 (KHTML, like Gecko) Chrome/135.0.7049.95 Mobile Safari/537.36 (compatible; GoogleOther)"
66.249.74.38 - - [26/Apr/2025:13:10:37 -0400] "GET /?v=5612024499802&channel=46ca17&from=shop.php%3Fid%3D244998-158%26name%3D%E3%80%90%E5%85%AC%E5%BC%8F%E3%80%91%E3%83%81%E3%83%A3%E3%83%B3%E3%83%94%E3%82%AA%E3%83%B3+Champion+%E3%83%AA%E3%83%90%E3%83%BC%E3%82%B9%E3%82%A6%E3%82%A3%E3%83%BC%E3%83%96%28R%29%E3%83%95%E3%83%BC%E3%83%87%E3%83%83%E3%83%89%E3%82%B9%E3%82%A6%E3%82%A7%E3%83%83%E3%83%88%E3%82%B7%E3%83%A3%E3%83%84+25SS+%E3%80%90%E6%98%A5%E5%A4%8F%E6%96%B0%E4%BD%9C%E3%80%91%E3%83%A1%E3%83%B3%E3%82%BA%E3%82%AB%E3%82%B8%E3%83%A5%E3%82%A2%E3%83%AB%28C3-B105%29%3Cbr%3E%E2%98%85+%E3%83%A1%E3%83%B3%E3%82%BA+%E3%83%AC%E3%83%87%E3%82%A3%E3%83%BC%E3%82%B9+sweat+%E3%82%B9%E3%82%A6%E3%82%A7%E3%83%83%E3%83%88+%28+%E3%83%88%E3%83%AC%E3%83%BC%E3%83%8A%E3%83%BC+%29++%E3%83%95%E3%83%BC%E3%83%89%E4%BB%98%E3%81%8D HTTP/1.1" 200 56054 "-" "Mozilla/5.0 (Linux; Android 6.0.1; Nexus 5X Build/MMB29P) AppleWebKit/537.36 (KHTML, like Gecko) Chrome/135.0.7049.95 Mobile Safari/537.36 (compatible; Googlebot/2.1; +http://www.google.com/bot.html)"
66.249.74.39 - - [26/Apr/2025:13:11:10 -0400] "GET /?v=12441180631801&channel=3fe3ed&from=brands.php%3Fid%3D1806318-3349%26name%3D%E3%82%B3%E3%83%BC%E3%83%81+COACH+%E3%83%99%E3%83%AB%E3%83%88+%E3%83%A1%E3%83%B3%E3%82%BA+%E3%83%AC%E3%82%B6%E3%83%BC+%E3%83%90%E3%83%83%E3%82%AF%E3%83%AB%E4%BB%98%E3%81%91%E6%9B%BF%E3%81%88%E5%8F%AF%E8%83%BD+C4423QBSRX HTTP/1.1" 200 55239 "-" "Mozilla/5.0 (Linux; Android 6.0.1; Nexus 5X Build/MMB29P) AppleWebKit/537.36 (KHTML, like Gecko) Chrome/135.0.7049.114 Mobile Safari/537.36 (compatible; Googlebot/2.1; +http://www.google.com/bot.html)"
66.249.74.39 - - [26/Apr/2025:13:11:19 -0400] "GET /?v=86862119799101&channel=d71755&from=pin.php%3Fid%3D1197991-109%26name%3DGIANT+escape+r3++XS HTTP/1.1" 200 0 "-" "Mozilla/5.0 (Linux; Android 6.0.1; Nexus 5X Build/MMB29P) AppleWebKit/537.36 (KHTML, like Gecko) Chrome/135.0.7049.95 Mobile Safari/537.36 (compatible; GoogleOther)"
66.249.74.38 - - [26/Apr/2025:13:11:30 -0400] "GET /?v=99261109313405&channel=e47ee8&from=brands.php%3Fid%3D1093134-16070%26name%3D%E2%98%86%E5%AE%8C%E5%A3%B2%E5%93%81%E2%98%86%E3%83%91%E3%83%BC%E3%83%AA%E3%83%BC%E3%82%B2%E3%82%A4%E3%83%84+PEARLY+GATES+%E3%82%AD%E3%83%A3%E3%83%87%E3%82%A3%E3%83%90%E3%83%83%E3%82%B0 HTTP/1.1" 200 54332 "-" "Mozilla/5.0 (Linux; Android 6.0.1; Nexus 5X Build/MMB29P) AppleWebKit/537.36 (KHTML, like Gecko) Chrome/135.0.7049.95 Mobile Safari/537.36 (compatible; Googlebot/2.1; +http://www.google.com/bot.html)"
66.249.74.39 - - [26/Apr/2025:13:12:32 -0400] "GET /?v=6299260210605&channel=58d56b&from=pin.php%3Fid%3D602106-1082%26name%3D%E3%80%90%E6%9C%AA%E9%96%8B%E5%B0%81%E5%93%81%E3%80%91+P.O.P+SA-MAXIMUM+%27%E5%A4%A9%E5%A4%9C%E5%8F%89%27+%E3%83%89%E3%83%B3%E3%82%AD%E3%83%9B%E3%83%BC%E3%83%86%E3%83%BB%E3%83%89%E3%83%95%E3%83%A9%E3%83%9F%E3%83%B3%E3%82%B4+%E3%83%A1%E3%82%AC%E3%83%88%E3%83%AC%E3%82%B7%E3%83%A7%E3%83%83%E3%83%97%26%E3%82%AA%E3%83%B3%E3%83%A9%E3%82%A4%E3%83%B3%E3%82%B7%E3%83%A7%E3%83%83%E3%83%97%E9%99%90%E5%AE%9A+%E3%83%AF%E3%83%B3%E3%83%94%E3%83%BC%E3%82%B9+%E3%83%95%E3%82%A3%E3%82%AE%E3%83%A5%E3%82%A2 HTTP/1.1" 200 54578 "-" "Mozilla/5.0 (Linux; Android 6.0.1; Nexus 5X Build/MMB29P) AppleWebKit/537.36 (KHTML, like Gecko) Chrome/135.0.7049.114 Mobile Safari/537.36 (compatible; Googlebot/2.1; +http://www.google.com/bot.html)"
66.249.74.38 - - [26/Apr/2025:13:12:39 -0400] "GET /?v=0458582818207&channel=32faa4&from=article.php%3Fid%3D828182-12015%26name%3D%E3%83%AD%E3%83%99%E3%83%AB%E3%82%BF%E3%82%AC%E3%83%B3%E3%83%89%E3%83%AB%E3%83%95%E3%82%A3%E3%80%80%E7%BE%BD%E7%B9%94%E3%80%80%E8%96%84%E6%89%8B%E3%80%80%E5%8F%AF%E6%84%9B%E3%81%84%E3%80%80%E8%8A%B1%E6%9F%84%E3%80%80%E3%83%9E%E3%82%A6%E3%83%B3%E3%83%86%E3%83%B3%E3%83%91%E3%83%BC%E3%82%AB%E3%83%BC%E3%80%80%E3%83%8A%E3%82%A4%E3%83%AD%E3%83%B3 HTTP/1.1" 200 0 "-" "Mozilla/5.0 (Linux; Android 6.0.1; Nexus 5X Build/MMB29P) AppleWebKit/537.36 (KHTML, like Gecko) Chrome/135.0.7049.95 Mobile Safari/537.36 (compatible; GoogleOther)"
66.249.74.40 - - [26/Apr/2025:13:13:06 -0400] "GET /?v=56309125288402&channel=d16077&from=article.php%3Fid%3D1252884-10696%26name%3DABOOFAN+4%E5%80%8B+%E3%83%9C%E3%83%AB%E3%83%88%E3%83%9B%E3%83%BC%E3%82%B9+%E3%83%9B%E3%83%BC%E3%82%B9%E3%82%AF%E3%83%AA%E3%83%83%E3%83%97+%E6%B0%B4%E3%81%AE%E3%83%9B%E3%83%BC%E3%82%B9+%E3%83%80%E3%82%AF%E3%83%88+%E3%83%90%E3%83%B3%E3%83%89+%E3%82%B1%E3%83%BC%E3%83%96%E3%83%AB+%E3%83%91%E3%82%A4%E3%83%97+%E3%83%9B%E3%83%BC%E3%82%B9%E3%81%AE%E7%95%99%E3%82%81%E9%87%91+%E3%82%B9%E3%83%86%E3%83%B3%E3%83%AC%E3%82%B9%E8%A3%BD%E3%83%9B%E3%83%BC%E3%82%B9 HTTP/1.1" 200 54074 "-" "Mozilla/5.0 (Linux; Android 6.0.1; Nexus 5X Build/MMB29P) AppleWebKit/537.36 (KHTML, like Gecko) Chrome/135.0.7049.114 Mobile Safari/537.36 (compatible; Googlebot/2.1; +http://www.google.com/bot.html)"
66.249.74.38 - - [26/Apr/2025:13:13:16 -0400] "GET /?v=811899106205&channel=f9305f&from=shop.php%3Fid%3D91062-6969%26name%3D%5B%E3%83%A0%E3%83%BC%E3%83%96%E3%82%B9%E3%83%9D%E3%83%BC%E3%83%84%5D+%E3%82%B8%E3%83%A3%E3%83%BC%E3%82%B8+%E3%83%A1%E3%83%B3%E3%82%BA+%E4%B8%8A%E4%B8%8B%E3%82%BB%E3%83%83%E3%83%88+%E3%83%87%E3%82%B5%E3%83%B3%E3%83%88+ST5SJG13M HTTP/1.1" 200 53954 "-" "Mozilla/5.0 (Linux; Android 6.0.1; Nexus 5X Build/MMB29P) AppleWebKit/537.36 (KHTML, like Gecko) Chrome/135.0.7049.95 Mobile Safari/537.36 (compatible; Googlebot/2.1; +http://www.google.com/bot.html)"
66.249.74.38 - - [26/Apr/2025:13:13:24 -0400] "GET /?v=61800143807405&channel=3a6f3a&from=news.php%3Fid%3D1438074-16894%26name%3D%5BCosbanana%5D+%E3%83%9D%E3%83%81%E3%83%A3%E3%83%83%E3%82%B3+%E8%8A%B1%E6%9F%84+%E3%83%96%E3%83%A9%E3%83%83%E3%82%AF+%E3%82%B9%E3%83%9E%E3%83%9B%E3%82%B9%E3%83%88%E3%83%A9%E3%83%83%E3%83%97+%E3%82%B7%E3%83%A7%E3%83%AB%E3%83%80%E3%83%BC+%E9%A6%96%E6%8E%9B%E3%81%91+%E6%96%9C%E3%82%81%E6%8E%9B%E3%81%91+%E8%82%A9%E6%8E%9B%E3%81%91%E3%82%B9%E3%83%88%E3%83%A9%E3%83%83%E3%83%97+%E6%90%BA%E5%B8%AF%E3%82%B9%E3%83%88%E3%83%A9%E3%83%83%E3%83%97 HTTP/1.1" 200 54059 "-" "Mozilla/5.0 (Linux; Android 6.0.1; Nexus 5X Build/MMB29P) AppleWebKit/537.36 (KHTML, like Gecko) Chrome/135.0.7049.114 Mobile Safari/537.36 (compatible; Googlebot/2.1; +http://www.google.com/bot.html)"
66.249.74.40 - - [26/Apr/2025:13:14:00 -0400] "GET /?v=1920780788800&channel=f45114&from=pin.php%3Fid%3D807888-23457%26name%3D%E3%83%95%E3%82%A3%E3%83%B3%E3%82%AC%E3%83%BC%E3%82%AB%E3%82%A6%E3%83%B3%E3%82%BF%E3%83%BC%E3%80%81%E5%A4%A7%E3%81%8D%E3%81%AA%E3%83%87%E3%82%B8%E3%82%BF%E3%83%AB%E3%83%87%E3%82%A3%E3%82%B9%E3%83%97%E3%83%AC%E3%82%A4%E4%BB%98%E3%81%8D%E3%83%95%E3%82%A3%E3%83%B3%E3%82%AC%E3%83%BC%E3%82%AB%E3%82%A6%E3%83%B3%E3%82%BF%E3%83%BC%E3%82%AF%E3%83%AA%E3%83%83%E3%82%AB%E3%83%BC%E3%83%AA%E3%83%B3%E3%82%B0%E3%80%816x5x4%E3%82%A4%E3%83%B3%E3%83%81%E3%83%9D%E3%83%BC%E3%82%BF%E3%83%96%E3%83%AB%E7%A5%88%E3%82%8A%E3%81%AE%E3%82%AB%E3%82%A6%E3%83%B3%E3%83%88%E3%82%A8+%EF%BC%88dicobaby+%E9%9B%BB%E5%8B%95%E3%83%87%E3%82%B8%E3%82%BF%E3%83%AB%E3%82%AB%E3%82%A6%E3%83%B3%E3%82%BF%E3%83%BC+%E3%83%87%E3%82%B8%E3%82%BF%E3%83%AB%E3%83%87%E3%82%A3%E3%82%B9%E3%83%97%E3%83%AC%E3%82%A4+%E3%83%95%E3%82%A3%E3%83%B3%E3%82%AC%E3%83%BC%E3%82%AB%E3%82%A6%E3%83%B3%E3%82%BF%E3%83%BC+5%E6%A1%81%E3%82%AB%E3%82%A6%E3%83%B3%E3%83%88%E6%A9%9F%E8%83%BD%E4%BB%98%E3%81%8D+%E5%92%B2%E3%81%8B%E3%81%9B+%E7%B0%A1%E5%8D%98%E3%81%AB%EF%BC%89 HTTP/1.1" 200 0 "-" "Mozilla/5.0 (Linux; Android 6.0.1; Nexus 5X Build/MMB29P) AppleWebKit/537.36 (KHTML, like Gecko) Chrome/135.0.7049.95 Mobile Safari/537.36 (compatible; GoogleOther)"
66.249.74.38 - - [26/Apr/2025:13:14:10 -0400] "GET /?v=1730836434902&channel=7bf434&from=goods.php%3Fid%3D364349-11976%26name%3DYAMAHA+MX49 HTTP/1.1" 200 54337 "-" "Mozilla/5.0 (Linux; Android 6.0.1; Nexus 5X Build/MMB29P) AppleWebKit/537.36 (KHTML, like Gecko) Chrome/135.0.7049.95 Mobile Safari/537.36 (compatible; Googlebot/2.1; +http://www.google.com/bot.html)"
66.249.74.39 - - [26/Apr/2025:13:15:22 -0400] "GET /?v=51528104244810&channel=6ef723&from=info.php%3Fid%3D1042448-2030%26name%3D%E3%80%901%2F31%E3%81%BE%E3%81%A7%21%E5%85%88%E7%9D%8030%E5%90%8D%E6%A7%98%E9%99%90%E5%AE%9A%21%E5%85%A8%E5%95%86%E5%93%8115%25OFF%E3%82%AF%E3%83%BC%E3%83%9D%E3%83%B3%E3%80%91%E3%83%97%E3%83%A9%E3%83%80+PRADA+%E3%82%B5%E3%83%95%E3%82%A3%E3%82%A2%E3%83%BC%E3%83%8E+%E3%83%AC%E3%82%B6%E3%83%BC+2way+%E3%83%8F%E3%83%B3%E3%83%89%E3%83%90%E3%83%83%E3%82%B0+%E3%83%99%E3%83%BC%E3%82%B8%E3%83%A5+WS8871+%E3%80%90%E4%B8%AD%E5%8F%A4%E3%80%91 HTTP/1.1" 200 0 "-" "Mozilla/5.0 (Linux; Android 6.0.1; Nexus 5X Build/MMB29P) AppleWebKit/537.36 (KHTML, like Gecko) Chrome/135.0.7049.95 Mobile Safari/537.36 (compatible; GoogleOther)"
66.249.74.38 - - [26/Apr/2025:13:15:56 -0400] "GET /?v=55179191391701&channel=6f8a77&from=news.php%3Fid%3D1913917-14993%26name%3D%E3%82%B7%E3%83%A7%E3%83%BC%E3%83%88%E3%83%96%E3%83%BC%E3%83%84+%E3%83%AF%E3%83%BC%E3%82%AF%E3%83%96%E3%83%BC%E3%83%84+%E3%83%A1%E3%83%B3%E3%82%BA+%E5%8E%9A%E5%BA%95+%E3%82%A8%E3%83%B3%E3%82%B8%E3%83%8B%E3%82%A2+%E3%82%BD%E3%83%83%E3%82%AF%E3%82%B9%E3%83%96%E3%83%BC%E3%83%84+%E3%83%9F%E3%83%AA%E3%82%BF%E3%83%AA%E3%83%BC+%E3%83%AC%E3%83%BC%E3%82%B9%E3%82%A2%E3%83%83%E3%83%97+%E3%82%A2%E3%83%A1%E3%82%AB%E3%82%B8+%E3%82%B7%E3%83%B3%E3%83%97%E3%83%AB+%E3%81%8B%E3%81%A3%E3%81%93%E3%81%84%E3%81%84+B7Dn463 HTTP/1.1" 200 56165 "-" "Mozilla/5.0 (Linux; Android 6.0.1; Nexus 5X Build/MMB29P) AppleWebKit/537.36 (KHTML, like Gecko) Chrome/135.0.7049.95 Mobile Safari/537.36 (compatible; Googlebot/2.1; +http://www.google.com/bot.html)"
66.249.74.39 - - [26/Apr/2025:13:16:41 -0400] "GET /?v=6117767224804&channel=9bea68&from=form.php%3Fid%3D672248-19490%26name%3D%5BSimefabric%5D+%E3%83%8B%E3%83%A3%E3%83%B3%E3%83%80%E3%83%95%E3%83%AB+%E3%83%91%E3%82%B8%E3%83%A3%E3%83%9E+%E4%B8%8A%E4%B8%8B%E3%82%BB%E3%83%83%E3%83%88+%E9%95%B7%E8%A2%96+%E7%B7%8F%E6%9F%84+%E5%A5%B3%E3%81%AE%E5%AD%90+%E3%81%8B%E3%82%8F%E3%81%84%E3%81%84+%E3%82%AD%E3%83%83%E3%82%BA+%E3%82%B8%E3%83%A5%E3%83%8B%E3%82%A2+%E5%89%8D%E9%96%8B%E3%81%8D+%E3%82%AD%E3%83%A3%E3%83%A9%E3%82%AF%E3%82%BF%E3%83%BC HTTP/1.1" 200 0 "-" "Mozilla/5.0 (Linux; Android 6.0.1; Nexus 5X Build/MMB29P) AppleWebKit/537.36 (KHTML, like Gecko) Chrome/135.0.7049.95 Mobile Safari/537.36 (compatible; GoogleOther)"
66.249.74.39 - - [26/Apr/2025:13:16:49 -0400] "GET /?v=8370111286805&channel=fb8601&from=category-info.php%3Fid%3D112868-4863%26name%3DANTIQUA+GOLF%C3%97STCH+%E3%83%8F%E3%83%BC%E3%83%95%E3%83%91%E3%83%B3%E3%83%84+%E3%83%AC%E3%83%87%E3%82%A3%E3%83%BC%E3%82%B9+%E9%80%81%E6%96%99%E7%84%A1%E6%96%99%E3%83%BB3%E6%9C%8814%E6%97%A510%E6%99%82%E3%80%9C%E7%99%BA%E5%A3%B2%E3%80%8280pt%E3%83%A1%E3%83%BC%E3%83%AB%E4%BE%BF%E5%8F%AF HTTP/1.1" 200 53428 "-" "Mozilla/5.0 (Linux; Android 6.0.1; Nexus 5X Build/MMB29P) AppleWebKit/537.36 (KHTML, like Gecko) Chrome/135.0.7049.95 Mobile Safari/537.36 (compatible; Googlebot/2.1; +http://www.google.com/bot.html)"
66.249.74.40 - - [26/Apr/2025:13:17:22 -0400] "GET /?v=3211284178502&channel=1e8302&from=article.php%3Fid%3D841785-7393%26name%3D%E6%8A%BC%E3%81%97%E5%85%A5%E3%82%8C%E5%8F%8E%E7%B4%8D%E3%80%80%E5%BC%95%E3%81%8D%E5%87%BA%E3%81%97 HTTP/1.1" 200 53673 "-" "Mozilla/5.0 (Linux; Android 6.0.1; Nexus 5X Build/MMB29P) AppleWebKit/537.36 (KHTML, like Gecko) Chrome/135.0.7049.114 Mobile Safari/537.36 (compatible; Googlebot/2.1; +http://www.google.com/bot.html)"
66.249.74.40 - - [26/Apr/2025:13:18:35 -0400] "GET /?v=57791140142604&channel=70cd15&from=jp.php%3Fid%3D1401426-1367%26name%3D%E9%80%81%E6%96%99%E7%84%A1%E6%96%99+%E3%82%B9%E3%83%8E%E3%83%BC+%E3%83%9C%E3%83%BC%E3%83%89+%E6%9D%BF+CAPITA+%E3%82%AD%E3%83%A3%E3%83%94%E3%82%BF+MEGA+MERCURY+%E3%83%A1%E3%82%AC+%E3%83%9E%E3%83%BC%E3%82%AD%E3%83%A5%E3%83%AA%E3%83%BC+%E3%83%A1%E3%83%B3%E3%82%BA+%E3%82%B9%E3%83%8E%E3%83%BC%E3%83%9C%E3%83%BC%E3%83%89+%E3%82%B9%E3%83%8E%E3%83%9C+%E7%B4%B3%E5%A3%AB+155+2024-2025%E5%86%AC%E6%96%B0%E4%BD%9C HTTP/1.1" 200 54612 "-" "Mozilla/5.0 (Linux; Android 6.0.1; Nexus 5X Build/MMB29P) AppleWebKit/537.36 (KHTML, like Gecko) Chrome/135.0.7049.95 Mobile Safari/537.36 (compatible; Googlebot/2.1; +http://www.google.com/bot.html)"
66.249.74.38 - - [26/Apr/2025:13:19:28 -0400] "GET /?v=17091116868006&channel=e3835c&from=product.php%3Fid%3D1168680-1986%26name%3D%E6%A5%B5%E7%BE%8E%E5%93%81+%E3%82%B3%E3%83%BC%E3%83%81+%E3%82%AD%E3%83%83%E3%83%88+%E3%83%9D%E3%82%B7%E3%82%A7%E3%83%83%E3%83%88+%E3%82%B7%E3%83%A7%E3%83%AB%E3%83%80%E3%83%BC%E3%83%90%E3%83%83%E3%82%B0+2way+%E3%83%AC%E3%82%B6%E3%83%BC HTTP/1.1" 200 49095 "-" "Mozilla/5.0 (Linux; Android 6.0.1; Nexus 5X Build/MMB29P) AppleWebKit/537.36 (KHTML, like Gecko) Chrome/135.0.7049.95 Mobile Safari/537.36 (compatible; Googlebot/2.1; +http://www.google.com/bot.html)"
66.249.74.39 - - [26/Apr/2025:13:19:48 -0400] "GET /?v=20112154858004&channel=7d4b58&from=article.php%3Fid%3D1548580-24717%26name%3D%E9%88%B4%E6%9C%A8%E7%92%B0+%E9%BB%92%E3%83%94%E3%82%B8%E3%83%A7%E3%83%B3%E3%82%AB%E3%83%83%E3%83%97+%E4%B8%AD+M%E3%82%B5%E3%82%A4%E3%82%BA+%E6%96%B0%E5%93%81%E6%9C%AA%E4%BD%BF%E7%94%A8+%E3%83%96%E3%83%A9%E3%83%83%E3%82%AF HTTP/1.1" 200 0 "-" "Mozilla/5.0 (Linux; Android 6.0.1; Nexus 5X Build/MMB29P) AppleWebKit/537.36 (KHTML, like Gecko) Chrome/135.0.7049.95 Mobile Safari/537.36 (compatible; GoogleOther)"
66.249.74.38 - - [26/Apr/2025:13:19:58 -0400] "GET /?v=195083703801&channel=8e0f9b&from=shop.php%3Fid%3D37038-1578%26name%3DVIVIFY%28%E3%83%B4%E3%82%A3%E3%83%B4%E3%82%A3%E3%83%95%E3%82%A1%E3%82%A4%EF%BC%89%3Cbr%3EVIVIFY+x+Topnoch+Flavor+Necklace%3Cbr%3E%E3%80%90%E3%82%AA%E3%83%BC%E3%83%80%E3%83%BC%E3%83%A1%E3%82%A4%E3%83%89+%E5%8F%97%E6%B3%A8%E7%94%9F%E7%94%A3%E3%80%91%E3%80%90%E3%82%AD%E3%83%A3%E3%83%B3%E3%82%BB%E3%83%AB%E4%B8%8D%E5%8F%AF%E3%80%91%3Cbr%3E%E3%80%90VIVIFY+%E3%83%8D%E3%83%83%E3%82%AF%E3%83%AC%E3%82%B9%E3%80%91%E3%80%90VFN-123%E3%80%91%3Cbr%3E HTTP/1.1" 200 55495 "-" "Mozilla/5.0 (Linux; Android 6.0.1; Nexus 5X Build/MMB29P) AppleWebKit/537.36 (KHTML, like Gecko) Chrome/135.0.7049.114 Mobile Safari/537.36 (compatible; Googlebot/2.1; +http://www.google.com/bot.html)"
66.249.74.38 - - [26/Apr/2025:13:20:17 -0400] "GET /?v=81111143225700&channel=c59818&from=brands.php%3Fid%3D1432257-7203%26name%3DBE%3AFIRST+Mainstream%E9%8A%80%E3%83%86%E3%83%BC%E3%83%97+%E3%83%95%E3%83%AB%E3%82%B5%E3%82%A4%E3%82%BA HTTP/1.1" 200 54415 "-" "Mozilla/5.0 (Linux; Android 6.0.1; Nexus 5X Build/MMB29P) AppleWebKit/537.36 (KHTML, like Gecko) Chrome/135.0.7049.114 Mobile Safari/537.36 (compatible; Googlebot/2.1; +http://www.google.com/bot.html)"
66.249.74.39 - - [26/Apr/2025:13:21:16 -0400] "GET /?v=98590185935208&channel=f86687&from=form.php%3Fid%3D1859352-995%26name%3D%E6%96%B0%E5%93%81%E6%9C%AA%E9%96%8B%E5%B0%81%21%21+%E3%80%90%E9%99%90%E5%AE%9A%E8%B2%A9%E5%A3%B2%E3%80%91+figma%E3%80%80%E3%83%95%E3%82%A3%E3%82%B0%E3%83%9E%E3%80%80%E3%83%90%E3%83%8B%E3%83%BC%E3%82%B9%E3%83%BC%E3%83%84%E3%80%80%E3%83%97%E3%83%A9%E3%83%B3%E3%83%8B%E3%83%B3%E3%82%B0%E3%80%80%E3%83%B4%E3%82%A7%E3%83%AD%E3%83%8B%E3%82%AB%E3%83%BB%E3%82%B9%E3%82%A4%E3%83%BC%E3%83%88%E3%83%8F%E3%83%BC%E3%83%88 HTTP/1.1" 200 55930 "-" "Mozilla/5.0 (Linux; Android 6.0.1; Nexus 5X Build/MMB29P) AppleWebKit/537.36 (KHTML, like Gecko) Chrome/135.0.7049.95 Mobile Safari/537.36 (compatible; Googlebot/2.1; +http://www.google.com/bot.html)"
66.249.74.40 - - [26/Apr/2025:13:21:19 -0400] "GET /?v=98116196028700&channel=725868&from=jp.php%3Fid%3D1960287-173%26name%3DHG+%E4%BB%AE%E9%9D%A2%E3%83%A9%E3%82%A4%E3%83%80%E3%83%BC+%E3%83%AC%E3%82%B8%E3%82%A7%E3%83%B3%E3%83%89%E3%83%A9%E3%82%A4%E3%83%80%E3%83%BC+vol.2+%E5%85%A84%E7%A8%AE%E3%82%BB%E3%83%83%E3%83%88+%E5%8F%B0%E7%B4%99%E5%88%A5%E5%A3%B2%E3%82%BB%E3%83%83%E3%83%88%E3%81%82%E3%82%8A HTTP/1.1" 200 55854 "-" "Mozilla/5.0 (Linux; Android 6.0.1; Nexus 5X Build/MMB29P) AppleWebKit/537.36 (KHTML, like Gecko) Chrome/135.0.7049.114 Mobile Safari/537.36 (compatible; Googlebot/2.1; +http://www.google.com/bot.html)"
66.249.74.39 - - [26/Apr/2025:13:21:24 -0400] "GET /?v=0421884496003&channel=11aea7&from=shop.php%3Fid%3D844960-18563%26name%3D%E3%82%BD%E3%83%BC%E3%83%A9%E3%83%BC%E3%83%91%E3%83%AF%E3%83%BC%E3%81%AE%E3%83%95%E3%83%AD%E3%82%A2%E3%82%B9%E3%82%BF%E3%83%B3%E3%83%89%E3%83%95%E3%82%A1%E3%83%B3%E3%80%8110000mAh%E3%83%90%E3%83%83%E3%83%86%E3%83%AA%E3%83%BC%E3%80%812%E3%81%A4%E3%81%AE%E5%85%85%E9%9B%BB%E6%96%B9%E6%B3%95%E3%80%813%E3%81%A4%E3%81%AE%E9%80%9F%E5%BA%A6%E3%80%81%E5%BA%83%E8%A7%92%E6%8C%AF%E5%8B%95%E3%80%81%E5%AE%B6%E5%BA%AD%E3%80%81%E3%82%AA%E3%83%95%E3%82%A3%E3%82%B9%E3%80%81%E5%B1%8B%E5%A4%96%E7%94%A8%E3%81%AE%E3%83%9D%E3%83%BC HTTP/1.1" 200 0 "-" "Mozilla/5.0 (Linux; Android 6.0.1; Nexus 5X Build/MMB29P) AppleWebKit/537.36 (KHTML, like Gecko) Chrome/135.0.7049.95 Mobile Safari/537.36 (compatible; GoogleOther)"
66.249.74.39 - - [26/Apr/2025:13:21:27 -0400] "GET /?v=8297185701001&channel=0335ac&from=product.php%3Fid%3D857010-24035%26name%3DWATIIFUFU+%E6%9C%A8%E8%A3%BD%E5%86%99%E7%9C%9F%E7%94%A8%E5%BD%B1%E5%B0%8F%E9%81%93%E5%85%B7+%E5%95%86%E5%93%81%E5%86%99%E7%9C%9F%E7%94%A8%E8%83%8C%E6%99%AF%E5%B9%95+%E3%82%B8%E3%83%A5%E3%82%A8%E3%83%AA%E3%83%BC+%E9%A3%9F%E5%93%81++%E5%8C%96%E7%B2%A7%E5%93%81%E7%94%A8%E7%AA%93%E7%94%A8%E5%BD%B1%EF%BC%88Amazon+%7C+%E7%B4%A0%E6%9C%B4%E3%81%AA%E3%83%9B%E3%83%AF%E3%82%A4%E3%83%88%E3%82%A6%E3%83%83%E3%83%89%E3%81%AE%E8%83%8C%E6%99%AF%E5%B9%95+%E5%86%99%E7%9C%9F%E7%94%A8+%E5%B1%8B%E5%86%85%E3%83%99%E3%82%A2%E3%83%86%E3%83%B3%E3%83%88%E8%A3%85%E9%A3%BE+%E6%9A%96%E3%81%8B%E3%81%84+%E7%A7%81%E3%81%9F%E3%81%A1%E3%81%AE%E5%B7%A3+%E3%82%AF%E3%83%AA%E3%82%B9%E3%83%9E%E3%82%B9%E3%83%84%E3%83%AA%E3%83%BC+%E5%86%AC%E3%81%AE%E3%83%95%E3%82%A9%E3%83%88%E3%82%B9%E3%82%BF%E3%82%B8%E3%82%AA+%E3%83%95%E3%82%A9%E3%83%88%E3%83%96%E3%83%BC%E3%82%B9%E8%83%8C%E6%99%AF++%E8%B5%A4%E3%81%A1%E3%82%83%E3%82%93+%E5%AD%90%E4%BE%9B%E3%81%AE%E3%83%9D%E3%83%BC%E3%83%88%E3%83%AC%E3%83%BC%E3%83%88+%E3%83%90%E3%83%83%E3%82%AF%E3%83%89%E3%83%AD%E3%83%83%E3%83%97+%E5%A3%81%E7%B4%99+%7C+HUAYI+%7C+%E3%83%90%E3%83%83%E3%82%AF%E3%83%9A%E3%83%BC%E3%83%91%E3%83%BC%E3%83%BB%E8%83%8C%E6%99%AF%E5%B8%83%EF%BC%89 HTTP/1.1" 200 0 "-" "Mozilla/5.0 (Linux; Android 6.0.1; Nexus 5X Build/MMB29P) AppleWebKit/537.36 (KHTML, like Gecko) Chrome/135.0.7049.95 Mobile Safari/537.36 (compatible; GoogleOther)"
66.249.74.39 - - [26/Apr/2025:13:22:09 -0400] "GET /?v=0704550806201&channel=0ea6b8&from=blog.php%3Fid%3D508062-9979%26name%3D%E3%80%905%E5%B9%B4%E9%96%93%E5%BB%B6%E9%95%B7%E4%BF%9D%E8%A8%BC%E8%BE%BC+%E2%98%85%E5%BD%93%E7%A4%BE%E3%81%AE%E5%BB%B6%E9%95%B7%E4%BF%9D%E8%A8%BC%E3%81%AF%E4%BF%AE%E7%90%86%E6%99%82%E3%81%AE%E8%87%AA%E5%B7%B1%E8%B2%A0%E6%8B%85%E7%84%A1%E3%81%97%EF%BC%81%E3%80%91OM+SYSTEM+OM-3+12-45mm+F4.0+PRO+%E3%83%AC%E3%83%B3%E3%82%BA%E3%82%AD%E3%83%83%E3%83%88+%E3%82%B7%E3%83%AB%E3%83%90%E3%83%BC%E3%80%80%E3%80%90%E5%88%9D%E5%9B%9E%E5%85%A5%E8%8D%B7%E5%88%86%E3%81%94%E4%BA%88%E7%B4%84%E5%8F%97%E4%BB%98%E4%B8%AD%E3%80%91 HTTP/1.1" 200 54780 "-" "Mozilla/5.0 (Linux; Android 6.0.1; Nexus 5X Build/MMB29P) AppleWebKit/537.36 (KHTML, like Gecko) Chrome/135.0.7049.95 Mobile Safari/537.36 (compatible; Googlebot/2.1; +http://www.google.com/bot.html)"
66.249.74.38 - - [26/Apr/2025:13:22:09 -0400] "GET /?v=2759972412204&channel=771243&from=goods.php%3Fid%3D724122-1564%26name%3DVespa+GTS+250ie+ETC%E4%BB%98%E3%81%8D%E3%80%81%E3%82%A6%E3%82%A4%E3%83%B3%E3%83%89%E3%82%B9%E3%82%AF%E3%83%AA%E3%83%BC%E3%83%B3%E4%BB%98%E3%81%8D HTTP/1.1" 200 55357 "-" "Mozilla/5.0 (Linux; Android 6.0.1; Nexus 5X Build/MMB29P) AppleWebKit/537.36 (KHTML, like Gecko) Chrome/135.0.7049.95 Mobile Safari/537.36 (compatible; Googlebot/2.1; +http://www.google.com/bot.html)"
66.249.74.39 - - [26/Apr/2025:13:22:18 -0400] "GET /?v=28860194070006&channel=f882ee&from=info.php%3Fid%3D1940700-15265%26name%3DCRILSTYLEO+%E3%83%9C%E3%83%83%E3%82%AF%E3%82%B9+%E5%AD%90%E4%BE%9B%E7%94%A8+%E6%AD%AF+%E3%83%9C%E3%83%83%E3%82%AF%E3%82%B9+%E8%B5%A4%E3%81%A1%E3%82%83%E3%82%93+%E6%AD%AF+%E3%83%9B%E3%83%AB%E3%83%80%E3%83%BC+%E9%87%91%E5%B1%9E+%E6%AD%AF+%E3%83%9B%E3%83%AB%E3%83%80%E3%83%BC+%E6%AD%AF+%E3%82%AA%E3%83%BC%E3%82%AC%E3%83%8A%E3%82%A4%E3%82%B6%E3%83%BC+%E5%B0%8F%E5%9E%8B+%E6%AD%AF+%E5%8F%8E%E7%B4%8D HTTP/1.1" 200 54138 "-" "Mozilla/5.0 (Linux; Android 6.0.1; Nexus 5X Build/MMB29P) AppleWebKit/537.36 (KHTML, like Gecko) Chrome/135.0.7049.114 Mobile Safari/537.36 (compatible; Googlebot/2.1; +http://www.google.com/bot.html)"
66.249.74.38 - - [26/Apr/2025:13:22:21 -0400] "GET /?v=02717103860900&channel=e9b0d7&from=goods.php%3Fid%3D1038609-7109%26name%3D8%2F20%E5%AF%8C%E5%A3%AB%E9%80%9A%2FFUJITSU+%E3%82%A8%E3%82%A2%E3%82%B3%E3%83%B3+AS-C221L-W+2021%E5%B9%B4%E8%A3%BD+%E5%AE%A4%E5%A4%96%E6%A9%9F HTTP/1.1" 200 55413 "-" "Mozilla/5.0 (Linux; Android 6.0.1; Nexus 5X Build/MMB29P) AppleWebKit/537.36 (KHTML, like Gecko) Chrome/135.0.7049.114 Mobile Safari/537.36 (compatible; Googlebot/2.1; +http://www.google.com/bot.html)"
85.208.96.200 - - [26/Apr/2025:13:23:09 -0400] "GET /robots.txt HTTP/1.1" 200 80 "-" "Mozilla/5.0 (compatible; SemrushBot/7~bl; +http://www.semrush.com/bot.html)"
85.208.96.208 - - [26/Apr/2025:13:23:10 -0400] "GET /tag/pvjslot/ HTTP/1.1" 200 0 "-" "Mozilla/5.0 (compatible; SemrushBot/7~bl; +http://www.semrush.com/bot.html)"
66.249.74.38 - - [26/Apr/2025:13:23:51 -0400] "GET /?v=71900157426804&channel=b29891&from=article.php%3Fid%3D1574268-232%26name%3D%E2%98%86%E7%BE%8E%E5%93%81%E2%98%86%E8%B5%B7%E5%8B%95%E7%A2%BA%E8%AA%8D%E6%B8%88%E3%81%BF%E3%83%A1%E3%82%AC%E3%83%89%E3%83%A9%E3%82%A4%E3%83%96+%E3%83%A2%E3%83%B3%E3%82%B9%E3%82%BF%E3%83%BC%E3%83%AF%E3%83%BC%E3%83%AB%E3%83%893 HTTP/1.1" 200 0 "-" "Mozilla/5.0 (Linux; Android 6.0.1; Nexus 5X Build/MMB29P) AppleWebKit/537.36 (KHTML, like Gecko) Chrome/135.0.7049.95 Mobile Safari/537.36 (compatible; GoogleOther)"
66.249.74.39 - - [26/Apr/2025:13:23:55 -0400] "GET /?v=1930362128500&channel=5c0242&from=shop.php%3Fid%3D621285-4354%26name%3D%E6%8C%AF%E8%A2%96%E3%83%95%E3%83%AB%E3%82%BB%E3%83%83%E3%83%88%E3%80%80%E7%99%BD HTTP/1.1" 200 53467 "-" "Mozilla/5.0 (Linux; Android 6.0.1; Nexus 5X Build/MMB29P) AppleWebKit/537.36 (KHTML, like Gecko) Chrome/135.0.7049.95 Mobile Safari/537.36 (compatible; Googlebot/2.1; +http://www.google.com/bot.html)"
66.249.74.39 - - [26/Apr/2025:13:23:56 -0400] "GET /?v=3982138317611&channel=40a14d&from=product.php%3Fid%3D383176-2189%26name%3D%E5%95%86%E5%93%81%E5%90%8D+%E3%81%84%E8%8D%89%E9%A2%A8%E3%83%A9%E3%82%B0+BRK+%E7%95%B3%E9%A2%A8%E3%83%A9%E3%82%B0+%E5%A4%8F+%E3%83%A9%E3%82%B0+%E6%B4%97%E3%81%88%E3%82%8B+%E3%81%84%E8%8D%89%E9%A2%A8%E3%82%AB%E3%83%BC%E3%83%9A%E3%83%83%E3%83%88%3Cbr%3E%E3%82%B5%E3%82%A4%E3%82%BA+%E6%B1%9F%E6%88%B8%E9%96%934.5%E7%95%B3+%E5%B9%85261+%E5%A5%A5%E8%A1%8C261cm%3Cbr%3E%E3%82%B0%E3%83%AA%E3%83%BC%E3%83%B3+%E3%83%99%E3%83%BC%E3%82%B8%E3%83%A5+%E3%83%96%E3%83%A9%E3%82%A6%E3%83%B3+%E3%83%8D%E3%82%A4%E3%83%93%E3%83%BC+%E3%82%A4%E8%8D%89%E9%A2%A8+%E3%83%A9%E3%82%B0%E3%83%9E%E3%83%83%E3%83%88%3Cbr%3E%E6%97%A5%E6%9C%AC%E8%A3%BD+%E5%9B%BD%E7%94%A3+%E8%BB%BD%E9%87%8F+%E5%82%B7%E9%98%B2%E6%AD%A2+%E5%92%8C%E3%83%A2%E3%83%80%E3%83%B3+%E3%81%8A%E3%81%97%E3%82%83%E3%82%8C+%E7%B5%A8%E6%AF%AF%3Cbr%3E%E5%92%8C%E5%AE%A4+%E5%92%8C%E9%A2%A8+%E3%83%A2%E3%83%80%E3%83%B3+%E9%98%B2%E3%83%80%E3%83%8B+%E3%82%B4%E3%82%B6+%E5%AF%9D%E3%81%94%E3%81%96+%E5%AF%9D%E3%82%B4%E3%82%B6 HTTP/1.1" 200 57310 "-" "Mozilla/5.0 (Linux; Android 6.0.1; Nexus 5X Build/MMB29P) AppleWebKit/537.36 (KHTML, like Gecko) Chrome/135.0.7049.95 Mobile Safari/537.36 (compatible; Googlebot/2.1; +http://www.google.com/bot.html)"
66.249.74.38 - - [26/Apr/2025:13:23:57 -0400] "GET /?v=27776113289802&channel=e6ad34&from=shop.php%3Fid%3D1132898-13761%26name%3D%E3%83%90%E3%82%B9%E3%82%B1%E3%83%83%E3%83%88%E3%83%9C%E3%83%BC%E3%83%AB%E3%83%9B%E3%83%AB%E3%83%80%E3%83%BC%E3%82%A6%E3%82%A9%E3%83%BC%E3%83%AB%E3%83%9E%E3%82%A6%E3%83%B3%E3%83%88%E3%80%81%E5%A3%81%E3%81%AB%E5%8F%96%E3%82%8A%E4%BB%98%E3%81%91%E3%82%89%E3%82%8C%E3%81%9F%E3%83%90%E3%82%B9%E3%82%B1%E3%83%83%E3%83%88%E3%83%9C%E3%83%BC%E3%83%AB%E3%83%A9%E3%83%83%E3%82%AF%2C%E3%83%87%E3%82%A3%E3%82%B9%E3%83%97%E3%83%AC%E3%82%A4%E3%83%90%E3%82%B9%E3%82%B1%E3%83%83%E3%83%88%E3%83%9C%E3%83%BC%E3%83%AB%E7%94%A8%E3%81%AE%E3%82%A6%E3%82%A9%E3%83%BC%E3%83%AB%E3%83%A1%E3%82%BF%E3%83%AB%E5%9E%82 HTTP/1.1" 200 0 "-" "Mozilla/5.0 (Linux; Android 6.0.1; Nexus 5X Build/MMB29P) AppleWebKit/537.36 (KHTML, like Gecko) Chrome/135.0.7049.95 Mobile Safari/537.36 (compatible; GoogleOther)"
66.249.74.39 - - [26/Apr/2025:13:24:45 -0400] "GET /?v=5000968275301&channel=3b85e9&from=category-info.php%3Fid%3D682753-4040%26name%3DSANEI+%E5%A3%81%E4%BB%98%E3%82%B7%E3%83%B3%E3%82%B0%E3%83%AB%E3%83%AC%E3%83%90%E3%83%BC%E6%B7%B7%E5%90%88%E6%A0%93+%E4%B8%80%E8%88%AC%E5%9C%B0%E7%94%A8+K1712-3U-13+%E6%B0%B4%E6%A0%93%E9%87%91%E5%85%B7+%E3%82%AD%E3%83%83%E3%83%81%E3%83%B3%E7%94%A8+%E3%82%AD%E3%83%83%E3%83%81%E3%83%B3%E6%B0%B4%E6%A0%93+%E4%B8%89%E6%A0%84%E6%B0%B4%E6%A0%93 HTTP/1.1" 200 0 "-" "Mozilla/5.0 (Linux; Android 6.0.1; Nexus 5X Build/MMB29P) AppleWebKit/537.36 (KHTML, like Gecko) Chrome/135.0.7049.95 Mobile Safari/537.36 (compatible; GoogleOther)"
66.249.74.38 - - [26/Apr/2025:13:24:49 -0400] "GET /?v=9511780792401&channel=0d810e&from=info.php%3Fid%3D807924-10832%26name%3D%E3%82%B4%E3%83%A0%E6%8E%A5%E7%9C%BC%E3%83%AC%E3%83%B3%E3%82%BA%E3%82%A2%E3%82%A4%E3%82%B7%E3%83%BC%E3%83%AB%E3%83%89+28+%E3%83%9F%E3%83%AA%E3%83%A1%E3%83%BC%E3%83%88%E3%83%AB-37+%E3%83%9F%E3%83%AA%E3%83%A1%E3%83%BC%E3%83%88%E3%83%AB%E3%83%97%E3%83%AD%E3%83%95%E3%82%A7%E3%83%83%E3%82%B7%E3%83%A7%E3%83%8A%E3%83%AB%E3%82%A2%E3%82%A4%E3%82%BA%E3%82%AC%E3%83%BC%E3%83%89%E3%82%AB%E3%83%83%E3%83%97%E9%A1%95%E5%BE%AE%E9%8F%A1%E6%8E%A5%E7%9C%BC%E3%83%AC%E3%83%B3%E3%82%BA%E5%8D%98%E7%9C%BC%E9%8F%A1 HTTP/1.1" 200 56341 "-" "Mozilla/5.0 (Linux; Android 6.0.1; Nexus 5X Build/MMB29P) AppleWebKit/537.36 (KHTML, like Gecko) Chrome/135.0.7049.95 Mobile Safari/537.36 (compatible; Googlebot/2.1; +http://www.google.com/bot.html)"
66.249.74.39 - - [26/Apr/2025:13:24:50 -0400] "GET /?v=81821124507808&channel=09b935&from=article.php%3Fid%3D1245078-10235%26name%3D%E3%83%87%E3%82%A3%E3%82%AA%E3%83%BC%E3%83%AB%E3%83%BB%E3%82%AA%E3%83%A0+PARLEY+%E3%82%B3%E3%83%A9%E3%83%9C+2ESWS006POS+%E3%83%A1%E3%83%B3%E3%82%BA+%E3%83%8A%E3%82%A4%E3%83%AD%E3%83%B3%2C%E3%83%AC%E3%82%B6%E3%83%BC+%E3%82%B7%E3%83%A7%E3%83%AB%E3%83%80%E3%83%BC%E3%83%90%E3%83%83%E3%82%B0+%E3%83%A9%E3%82%A4%E3%83%88%E3%82%B0%E3%83%AC%E3%83%BC HTTP/1.1" 200 52299 "-" "Mozilla/5.0 (Linux; Android 6.0.1; Nexus 5X Build/MMB29P) AppleWebKit/537.36 (KHTML, like Gecko) Chrome/135.0.7049.95 Mobile Safari/537.36 (compatible; Googlebot/2.1; +http://www.google.com/bot.html)"
66.249.74.40 - - [26/Apr/2025:13:26:05 -0400] "GET /?v=3228717889501&channel=e5d97e&from=pin.php%3Fid%3D178895-10244%26name%3D%E3%82%B5%E3%82%A4%E3%83%89+%E3%83%91%E3%83%8D%E3%83%AB+%E3%83%93%E3%83%A5%E3%83%83%E3%83%95%E3%82%A7+%E3%83%A2%E3%83%80%E3%83%B3%E3%81%AA%E5%8F%8E%E7%B4%8D%E3%82%B9%E3%83%9A%E3%83%BC%E3%82%B9+%E3%82%B5%E3%82%A4%E3%83%89%E3%83%9C%E3%83%BC%E3%83%89%E5%AE%B6%E5%BA%AD%E7%94%A8%E3%83%86%E3%82%A3%E3%83%BC%E3%82%AD%E3%83%A3%E3%83%93%E3%83%8D%E3%83%83%E3%83%88%E3%82%B7%E3%83%B3%E3%83%97%E3%83%AB%E3%81%AA%E3%83%97%E3%83%83%E3%82%B7%E3%83%A5%E3%83%97%E3%83%AB%E5%BC%95%E3%81%8D%E5%87%BA%E3%81%97%E4%B8%A1%E9%96%8B%E3%81%8D%E3%83%89%E3%82%A2%E3%82%AD%E3%83%83%E3%83%81 HTTP/1.1" 200 0 "-" "Mozilla/5.0 (Linux; Android 6.0.1; Nexus 5X Build/MMB29P) AppleWebKit/537.36 (KHTML, like Gecko) Chrome/135.0.7049.95 Mobile Safari/537.36 (compatible; GoogleOther)"
66.249.74.39 - - [26/Apr/2025:13:26:36 -0400] "GET /?v=3130237438802&channel=d17641&from=pin.php%3Fid%3D374388-6793%26name%3D%E4%BE%8D%E2%97%86%E3%80%90Baccarat+%E3%83%90%E3%82%AB%E3%83%A9%E3%80%91%E3%82%AF%E3%83%AA%E3%82%B9%E3%82%BF%E3%83%AB%E3%82%AC%E3%83%A9%E3%82%B9+%E3%83%95%E3%83%A9%E3%83%AF%E3%83%BC%E3%83%99%E3%83%BC%E3%82%B9+%E9%AB%98%E3%81%9536.2cm+%E9%87%8D%E9%87%8F2.7kg+%E9%8A%80%E5%BA%A7%E5%92%8C%E5%85%89%E8%B2%A9%E5%A3%B2%E3%83%9C%E3%83%83%E3%82%AF%E3%82%B9%E4%BB%98+19 HTTP/1.1" 200 57135 "-" "Mozilla/5.0 (Linux; Android 6.0.1; Nexus 5X Build/MMB29P) AppleWebKit/537.36 (KHTML, like Gecko) Chrome/135.0.7049.95 Mobile Safari/537.36 (compatible; Googlebot/2.1; +http://www.google.com/bot.html)"
66.249.74.38 - - [26/Apr/2025:13:26:38 -0400] "GET /?v=817047958408&channel=d9e73c&from=news.php%3Fid%3D79584-1822%26name%3D%E3%80%902%2F18%E3%80%9C2%2F25%E9%99%90%E5%AE%9A%E2%98%85P2%E5%80%8D%E3%80%91%E9%AF%89%E3%81%AE%E3%81%BC%E3%82%8A+%E5%BA%AD%E7%94%A8%E3%82%B9%E3%82%BF%E3%83%B3%E3%83%89%E3%82%BB%E3%83%83%E3%83%88+%E3%81%93%E3%81%84%E3%81%AE%E3%81%BC%E3%82%8A+%E8%92%BC%E9%BE%8D+2%EF%BD%8D+%E7%A0%82%E8%A2%8B%E4%BB%98+%E5%AE%B6%E7%B4%8B%E5%85%A5%E3%82%8C%E3%83%BB%E5%90%8D%E5%89%8D%E5%85%A5%E3%82%8C%E5%8F%AF%E8%83%BD%E5%90%B9%E6%B5%81%E3%81%97 HTTP/1.1" 200 0 "-" "Mozilla/5.0 (Linux; Android 6.0.1; Nexus 5X Build/MMB29P) AppleWebKit/537.36 (KHTML, like Gecko) Chrome/135.0.7049.95 Mobile Safari/537.36 (compatible; GoogleOther)"
66.249.74.39 - - [26/Apr/2025:13:27:00 -0400] "GET /?v=1091867618202&channel=a72fba&from=shop.php%3Fid%3D676182-21870%26name%3DNOLITOY+2+%E3%82%BB%E3%83%83%E3%83%88+%E3%83%8D%E3%82%A4%E3%83%AB+%E3%82%A2%E3%83%BC%E3%83%88+%E3%83%91%E3%83%AC%E3%83%83%E3%83%88+%E3%83%9D%E3%83%AA%E3%83%83%E3%82%B7%E3%83%A5+%E3%82%AB%E3%83%A9%E3%83%BC+%E3%83%9F%E3%82%AD%E3%82%B7%E3%83%B3%E3%82%B0+%E3%83%91%E3%83%AC%E3%83%83%E3%83%88+%E3%83%A1%E3%82%A4%E3%82%AF%E3%82%A2%E3%83%83%E3%83%97+%E3%83%91%E3%83%AC%E3%83%83%E3%83%88+%E3%83%A1%E3%82%A4%E3%82%AF%E3%82%A2%E3%83%83%E3%83%97 HTTP/1.1" 200 55282 "-" "Mozilla/5.0 (Linux; Android 6.0.1; Nexus 5X Build/MMB29P) AppleWebKit/537.36 (KHTML, like Gecko) Chrome/135.0.7049.114 Mobile Safari/537.36 (compatible; Googlebot/2.1; +http://www.google.com/bot.html)"
117.189.228.177 - - [26/Apr/2025:13:27:03 -0400] "GET /wp-includes/class-wp-block-editor-context.php HTTP/1.1" 403 1242 "-" "Mozilla/5.0 (Macintosh; U; Intel Mac OS X 10_12_4; rv:1.9.6.20) Gecko/3310-02-13 20:52:39.712570 Firefox/3.6.8"
66.249.74.39 - - [26/Apr/2025:13:27:26 -0400] "GET /?v=0368922405002&channel=dd47c2&from=blog.php%3Fid%3D224050-3681%26name%3D564%E3%80%81%E3%82%B8%E3%83%A5%E3%83%8B%E3%82%A2%E3%83%9E%E3%82%A6%E3%83%B3%E3%83%86%E3%83%B3%E3%83%90%E3%82%A4%E3%82%AF24%E3%82%A4%E3%83%B3%E3%83%81 HTTP/1.1" 200 0 "-" "Mozilla/5.0 (Linux; Android 6.0.1; Nexus 5X Build/MMB29P) AppleWebKit/537.36 (KHTML, like Gecko) Chrome/135.0.7049.95 Mobile Safari/537.36 (compatible; GoogleOther)"
66.249.74.40 - - [26/Apr/2025:13:28:28 -0400] "GET /?v=80707156663906&channel=068e91&from=shop.php%3Fid%3D1566639-11281%26name%3D%E9%80%81%E6%96%99%E8%BE%BC%E3%81%BF%E3%80%80%E7%B1%B3%E8%BB%8D%E3%80%80%E5%A4%A7%E5%AE%B9%E9%87%8F%E3%83%AA%E3%83%A5%E3%83%83%E3%82%AF%E3%80%80%E3%83%9C%E3%82%B9%E3%83%88%E3%83%B3%E3%83%90%E3%83%83%E3%82%B0+R39 HTTP/1.1" 200 55644 "-" "Mozilla/5.0 (Linux; Android 6.0.1; Nexus 5X Build/MMB29P) AppleWebKit/537.36 (KHTML, like Gecko) Chrome/135.0.7049.114 Mobile Safari/537.36 (compatible; Googlebot/2.1; +http://www.google.com/bot.html)"
66.249.74.39 - - [26/Apr/2025:13:28:47 -0400] "GET /?v=8996859425003&channel=b567b2&from=blog.php%3Fid%3D594250-16565%26name%3D%E3%82%B1%E3%83%B3%E3%82%A6%E3%83%83%E3%83%89ts950+sd HTTP/1.1" 200 0 "-" "Mozilla/5.0 (Linux; Android 6.0.1; Nexus 5X Build/MMB29P) AppleWebKit/537.36 (KHTML, like Gecko) Chrome/135.0.7049.95 Mobile Safari/537.36 (compatible; GoogleOther)"
66.249.74.40 - - [26/Apr/2025:13:29:10 -0400] "GET /?v=42990124706702&channel=5e896c&from=shared.php%3Fid%3D1247067-1215%26name%3DSITA+PARANTICA+%E3%83%AC%E3%82%B6%E3%83%BC%E3%83%88%E3%83%BC%E3%83%88%EF%BC%88%E3%82%B7%E3%83%A7%E3%82%A6%EF%BC%89 HTTP/1.1" 200 54907 "-" "Mozilla/5.0 (Linux; Android 6.0.1; Nexus 5X Build/MMB29P) AppleWebKit/537.36 (KHTML, like Gecko) Chrome/135.0.7049.114 Mobile Safari/537.36 (compatible; Googlebot/2.1; +http://www.google.com/bot.html)"
66.249.74.38 - - [26/Apr/2025:13:29:16 -0400] "GET /?v=61238136989603&channel=961d65&from=article.php%3Fid%3D1369896-28395%26name%3D10568+%E3%83%A8%E3%83%8D%E3%83%83%E3%82%AF%E3%82%B9+%E3%82%B2%E3%83%BC%E3%83%A0%E3%82%B7%E3%83%A3%E3%83%84+%E3%83%A6%E3%83%8BO+%E3%83%A9%E3%82%A4%E3%83%88%E3%82%AA%E3%83%AA%E3%83%BC%E3%83%96 HTTP/1.1" 200 53311 "-" "Mozilla/5.0 (Linux; Android 6.0.1; Nexus 5X Build/MMB29P) AppleWebKit/537.36 (KHTML, like Gecko) Chrome/135.0.7049.95 Mobile Safari/537.36 (compatible; Googlebot/2.1; +http://www.google.com/bot.html)"
66.249.74.38 - - [26/Apr/2025:13:29:38 -0400] "GET /?v=2759461293403&channel=eb4689&from=goods.php%3Fid%3D612934-5770%26name%3DJBL+%E3%83%91%E3%83%BC%E3%83%86%E3%82%A3%E3%83%BC%E3%83%9C%E3%83%83%E3%82%AF%E3%82%B9110 HTTP/1.1" 200 0 "-" "Mozilla/5.0 (Linux; Android 6.0.1; Nexus 5X Build/MMB29P) AppleWebKit/537.36 (KHTML, like Gecko) Chrome/135.0.7049.95 Mobile Safari/537.36 (compatible; GoogleOther)"
66.249.74.38 - - [26/Apr/2025:13:30:07 -0400] "GET /?v=0470057300906&channel=6c6439&from=info.php%3Fid%3D573009-14347%26name%3DBAZEITFLOW+50%E5%80%8B+%E6%A4%85%E5%AD%90%E3%81%AE%E8%84%9A%E3%83%95%E3%83%AD%E3%82%A2%E3%83%97%E3%83%AD%E3%83%86%E3%82%AF%E3%82%BF%E3%83%BC%E9%95%B7%E6%96%B9%E5%BD%A2+%E4%BF%9D%E8%AD%B7%E7%9A%84%E3%81%AA+%E3%82%A4%E3%83%B3%E3%83%8A%E3%83%BC+%E9%9D%9E%E5%AE%B6%E5%85%B7%E3%83%91%E3%83%83%E3%83%89+%E6%A4%85%E5%AD%90%E3%81%AE%E8%84%9A%E7%94%A8%E3%81%AE%E3%83%95%E3%83%AD%E3%82%A2%E3%83%97%E3%83%AD%E3%83%86%E3%82%AF%E3%82%BF%E3%83%BC+%E5%BA%8A HTTP/1.1" 200 0 "-" "Mozilla/5.0 (Linux; Android 6.0.1; Nexus 5X Build/MMB29P) AppleWebKit/537.36 (KHTML, like Gecko) Chrome/135.0.7049.95 Mobile Safari/537.36 (compatible; GoogleOther)"
66.249.74.38 - - [26/Apr/2025:13:30:09 -0400] "GET /?v=07770112281400&channel=d5dfd5&from=jp.php%3Fid%3D1122814-16710%26name%3Drosebud+%E3%83%8A%E3%83%AD%E3%83%BC%E3%82%B9%E3%82%AD%E3%83%8B%E3%83%BC%E3%83%91%E3%83%B3%E3%83%84+%E3%83%87%E3%83%8B%E3%83%A0+%E3%83%91%E3%83%B3%E3%83%84 HTTP/1.1" 200 54878 "-" "Mozilla/5.0 (Linux; Android 6.0.1; Nexus 5X Build/MMB29P) AppleWebKit/537.36 (KHTML, like Gecko) Chrome/135.0.7049.95 Mobile Safari/537.36 (compatible; Googlebot/2.1; +http://www.google.com/bot.html)"
