66.249.74.38 - - [26/Apr/2025:11:47:24 -0400] "GET /?v=28717177208804&channel=9ef36f&from=blog.php%3Fid%3D1772088-1605%26name%3D300%E5%86%86OFF%E3%82%AF%E3%83%BC%E3%83%9D%E3%83%B3+%E3%82%B2%E3%83%BC%E3%83%9F%E3%83%B3%E3%82%B0%E3%83%9E%E3%82%A6%E3%82%B9%E3%83%91%E3%83%83%E3%83%89+%E8%B6%85%E5%A4%A7%E5%9E%8B+INS%E9%A2%A8+%E3%83%87%E3%82%B9%E3%82%AF%E3%83%9E%E3%83%83%E3%83%88+%E8%A3%81%E7%B8%AB%E3%82%A8%E3%83%83%E3%82%B8%E4%BB%98%E3%81%8D+%E5%A4%A7%E3%81%8D%E3%81%84%E3%82%B5%E3%82%A4%E3%82%BA+%E6%BB%91%E3%82%8A%E6%AD%A2%E3%82%81+%E3%83%9E%E3%82%A6%E3%82%B9%E3%83%91%E3%83%83%E3%83%89+%E9%98%B2%E6%B0%B4%E8%80%90%E4%B9%85+%E3%83%9E%E3%82%A6%E3%82%B9%E3%83%91%E3%83%83%E3%83%89+%E3%82%B2%E3%83%BC%E3%83%9F%E3%83%B3%E3%82%B0+%E3%82%AD%E3%83%BC%E3%83%9C%E3%83%BC%E3%83%89%E3%83%91%E3%83%83%E3%83%89+%E3%82%AB%E3%83%A9%E3%83%95%E3%83%AB+%E3%83%96%E3%83%A9%E3%83%83%E3%82%AF+%E3%81%BB%E3%81%A4%E3%82%8C%E9%98%B2%E6%AD%A2+%E3%83%87%E3%82%B9%E3%82%AF%E7%94%A8%E5%93%81+%E6%90%BA%E5%B8%AF%E4%BE%BF%E5%88%A9+Yj6x HTTP/1.1" 200 55828 "-" "Mozilla/5.0 (Linux; Android 6.0.1; Nexus 5X Build/MMB29P) AppleWebKit/537.36 (KHTML, like Gecko) Chrome/135.0.7049.95 Mobile Safari/537.36 (compatible; Googlebot/2.1; +http://www.google.com/bot.html)"
66.249.74.39 - - [26/Apr/2025:11:47:25 -0400] "GET /?v=21912132781905&channel=2820c7&from=jp.php%3Fid%3D1327819-24836%26name%3Dideamall+%E3%82%B7%E3%83%BC%E3%83%88%E3%82%AB%E3%83%90%E3%83%BC+%E8%BB%8A+%E3%82%AB%E3%83%BC%E3%82%B7%E3%83%BC%E3%83%88%E3%82%AB%E3%83%90%E3%83%BC+%E8%BB%BD%E8%87%AA%E5%8B%95%E8%BB%8A+%E6%99%AE%E9%80%9A%E8%BB%8A+%E6%B1%8E%E7%94%A8+%E3%83%98%E3%83%83%E3%83%89%E3%83%AC%E3%82%B9%E3%83%88%E3%82%AB%E3%83%90%E3%83%BC%E4%BB%98%E3%81%8D+%E5%89%8D%E5%B8%AD2%E6%9E%9A%E3%82%BB%E3%83%83%E3%83%88+%28%E3%83%AC%E3%83%83%E3%83%89%29 HTTP/1.1" 200 54351 "-" "Mozilla/5.0 (Linux; Android 6.0.1; Nexus 5X Build/MMB29P) AppleWebKit/537.36 (KHTML, like Gecko) Chrome/135.0.7049.95 Mobile Safari/537.36 (compatible; Googlebot/2.1; +http://www.google.com/bot.html)"
66.249.74.38 - - [26/Apr/2025:11:47:55 -0400] "GET /?v=8739835740600&channel=e8b421&from=blog.php%3Fid%3D357406-8634%26name%3D%E6%9C%AA%E9%96%8B%E5%B0%81+%E5%8F%A4%E9%85%921969+Baron+Gaston+Legrand HTTP/1.1" 200 0 "-" "Mozilla/5.0 (Linux; Android 6.0.1; Nexus 5X Build/MMB29P) AppleWebKit/537.36 (KHTML, like Gecko) Chrome/135.0.7049.95 Mobile Safari/537.36 (compatible; GoogleOther)"
66.249.74.40 - - [26/Apr/2025:11:48:00 -0400] "GET /?v=74974198918906&channel=3c2231&from=goods.php%3Fid%3D1989189-6264%26name%3DToysmith+%E3%83%94%E3%82%AF%E3%83%8B%E3%83%83%E3%82%AF%E3%82%A2%E3%82%A6%E3%83%88%E3%83%89%E3%82%A2%E3%83%96%E3%83%A9%E3%83%B3%E3%82%B1%E3%83%83%E3%83%88%E3%82%A2%E3%82%A6%E3%83%88%E3%83%89%E3%82%A2%E3%82%AD%E3%83%A3%E3%83%B3%E3%83%97%E3%83%9E%E3%83%83%E3%83%88%E3%83%9D%E3%83%BC%E3%82%BF%E3%83%96%E3%83%AB%E6%B1%8E%E7%94%A8%E6%80%A7%E3%81%AE%E9%AB%98%E3%81%84%E3%83%96%E3%83%A9%E3%83%B3%E3%82%B1%E3%83%83%E3%83%88%E8%8A%9D%E7%94%9F%E3%83%9E%E3%83%83%E3%83%88%E3%83%91%E3%83%BC%E3%82%AF%E3%83%90%E3%83%BC%E3%83%99%E3%82%AD HTTP/1.1" 200 56552 "-" "Mozilla/5.0 (Linux; Android 6.0.1; Nexus 5X Build/MMB29P) AppleWebKit/537.36 (KHTML, like Gecko) Chrome/135.0.7049.114 Mobile Safari/537.36 (compatible; Googlebot/2.1; +http://www.google.com/bot.html)"
66.249.74.39 - - [26/Apr/2025:11:48:21 -0400] "GET /?v=60802104561704&channel=e1bd1a&from=shared.php%3Fid%3D1045617-1214%26name%3D%E3%83%AB%E3%82%A4%E3%83%B4%E3%82%A3%E3%83%88%E3%83%B3+%E3%83%80%E3%83%9F%E3%82%A8+%E3%83%99%E3%83%AB%E3%82%AC%E3%83%A2+MM+%E3%83%8F%E3%83%B3%E3%83%89%E3%83%90%E3%83%83%E3%82%B0+%E3%83%96%E3%83%A9%E3%82%A6%E3%83%B3 HTTP/1.1" 200 53334 "-" "Mozilla/5.0 (Linux; Android 6.0.1; Nexus 5X Build/MMB29P) AppleWebKit/537.36 (KHTML, like Gecko) Chrome/135.0.7049.114 Mobile Safari/537.36 (compatible; Googlebot/2.1; +http://www.google.com/bot.html)"
66.249.74.38 - - [26/Apr/2025:11:48:21 -0400] "GET /?v=7021071742601&channel=341565&from=form.php%3Fid%3D717426-4685%26name%3D%E3%82%B8%E3%83%A3%E3%82%B1%E3%83%83%E3%83%88+%E3%83%86%E3%83%BC%E3%83%A9%E3%83%BC%E3%83%89%E3%82%B8%E3%83%A3%E3%82%B1%E3%83%83%E3%83%88+%E3%83%AC%E3%83%8E%E3%82%AF%E3%83%AD%E3%82%B9+%E9%AB%98%E9%80%9A%E6%B0%97%E3%82%B8%E3%83%A3%E3%82%B1%E3%83%83%E3%83%88+%E3%83%99%E3%83%BC%E3%82%B8%E3%83%A5%2F%E3%83%8D%E3%82%A4%E3%83%93%E3%83%BC+%E3%83%A1%E3%83%B3%E3%82%BA HTTP/1.1" 200 53332 "-" "Mozilla/5.0 (Linux; Android 6.0.1; Nexus 5X Build/MMB29P) AppleWebKit/537.36 (KHTML, like Gecko) Chrome/135.0.7049.114 Mobile Safari/537.36 (compatible; Googlebot/2.1; +http://www.google.com/bot.html)"
66.249.74.38 - - [26/Apr/2025:11:48:24 -0400] "GET /?v=16198120205402&channel=d9359e&from=article.php%3Fid%3D1202054-25112%26name%3D%E3%83%88%E3%83%AA%E3%83%A0%E3%82%BF%E3%83%96%E9%99%BD%E6%A5%B5%E3%80%81%E3%83%9C%E3%83%BC%E3%83%88%E3%83%A2%E3%83%BC%E3%82%BF%E3%83%BC%E3%83%88%E3%83%AA%E3%83%A0%E3%82%BF%E3%83%96%E9%99%BD%E6%A5%B5+%E3%82%A2%E3%83%AB%E3%83%9F%E3%83%8B%E3%82%A6%E3%83%A0%E5%90%88%E9%87%91+822157T2+%E4%BA%A4%E6%8F%9B%E7%94%A8+Mariner+25-50+HP+2+4%E3%82%B9 HTTP/1.1" 200 0 "-" "Mozilla/5.0 (Linux; Android 6.0.1; Nexus 5X Build/MMB29P) AppleWebKit/537.36 (KHTML, like Gecko) Chrome/135.0.7049.95 Mobile Safari/537.36 (compatible; GoogleOther)"
66.249.74.38 - - [26/Apr/2025:11:48:35 -0400] "GET /?v=89711162525400&channel=efdf5c&from=category-info.php%3Fid%3D1625254-19809%26name%3D%E3%82%B0%E3%83%A9%E3%83%96%E3%83%AB%E3%83%95%E3%82%A7%E3%82%B92023%E3%83%91%E3%83%B3%E3%83%95%E3%83%AC%E3%83%83%E3%83%88+%E3%82%B0%E3%83%A9%E3%83%96%E3%83%ABEXTRA%E3%83%95%E3%82%A7%E3%82%B9+%E5%8D%81%E5%A4%A9%E8%A1%86%E9%99%90%E7%95%8C%E8%B6%85%E8%B6%8A%E3%81%8A%E5%8A%A9%E3%81%91%E3%82%BB%E3%83%83%E3%83%88140ver+%E3%82%B7%E3%83%AA%E3%82%A2%E3%83%AB%E3%82%B3%E3%83%BC%E3%83%89 HTTP/1.1" 200 55531 "-" "Mozilla/5.0 (Linux; Android 6.0.1; Nexus 5X Build/MMB29P) AppleWebKit/537.36 (KHTML, like Gecko) Chrome/135.0.7049.95 Mobile Safari/537.36 (compatible; Googlebot/2.1; +http://www.google.com/bot.html)"
66.249.74.38 - - [26/Apr/2025:11:48:58 -0400] "GET /?v=0433555290016&channel=bcc93f&from=goods.php%3Fid%3D552900-19766%26name%3D%E3%82%BF%E3%83%9F%E3%83%A4%E2%98%85TOYOTA+MR-S+RACING+%E3%82%AB%E3%83%BC%E3%83%9C%E3%83%B3%E3%83%91%E3%82%BF%E3%83%BC%E3%83%B3%E3%83%9C%E3%83%87%E3%82%A3%E4%BB%98+%E9%9B%BB%E5%8B%95RC HTTP/1.1" 200 0 "-" "Mozilla/5.0 (Linux; Android 6.0.1; Nexus 5X Build/MMB29P) AppleWebKit/537.36 (KHTML, like Gecko) Chrome/135.0.7049.95 Mobile Safari/537.36 (compatible; GoogleOther)"
66.249.74.38 - - [26/Apr/2025:11:49:35 -0400] "GET /?v=39939198244603&channel=5da1ac&from=info.php%3Fid%3D1982446-33294%26name%3DCallaway%E5%AE%9A%E4%BE%A111000%E5%86%86%E3%83%AC%E3%83%87%E3%82%A3%E3%83%BC%E3%82%B9%E3%82%B4%E3%83%AB%E3%83%95+%E3%83%96%E3%83%A9%E3%83%83%E3%82%AF%E6%96%B0%E5%93%81%E6%9C%AA%E4%BD%BF%E7%94%A8L%E3%82%B5%E3%82%A4%E3%82%BA HTTP/1.1" 200 53130 "-" "Mozilla/5.0 (Linux; Android 6.0.1; Nexus 5X Build/MMB29P) AppleWebKit/537.36 (KHTML, like Gecko) Chrome/135.0.7049.95 Mobile Safari/537.36 (compatible; Googlebot/2.1; +http://www.google.com/bot.html)"
66.249.74.39 - - [26/Apr/2025:11:49:39 -0400] "GET /?v=92723164763306&channel=84a326&from=news.php%3Fid%3D1647633-19235%26name%3D%5BTIRTIR%5D+MASK+FIT+ALL-COVER+DUAL+CONCEALER+%5B%E3%83%86%E3%82%A3%E3%83%AB%E3%83%86%E3%82%A3%E3%83%AB%5D+%E3%83%9E%E3%82%B9%E3%82%AF%E3%83%95%E3%82%A3%E3%83%83%E3%83%88%E3%82%AA%E3%83%BC%E3%83%AB%E3%82%AB%E3%83%90%E3%83%BC%E3%82%B3%E3%83%B3%E3%82%B7%E3%83%BC%E3%83%A9%E3%83%BC+%2301+%E3%83%8A%E3%83%81%E3%83%A5%E3%83%A9%E3%83%AB+%5B%2301+%E3%83%8A%E3%83%81%E3%83%A5%E3%83%A9%E3%83%AB%5D+%5B1%E5%80%8B+%28x+1%29%5D HTTP/1.1" 200 0 "-" "Mozilla/5.0 (Linux; Android 6.0.1; Nexus 5X Build/MMB29P) AppleWebKit/537.36 (KHTML, like Gecko) Chrome/135.0.7049.95 Mobile Safari/537.36 (compatible; GoogleOther)"
66.249.74.40 - - [26/Apr/2025:11:50:46 -0400] "GET /?v=1794427779401&channel=c951d8&from=article.php%3Fid%3D277794-8272%26name%3D%E4%BA%8B%E5%8B%99%E7%94%A8%E3%82%AD%E3%83%A3%E3%83%93%E3%83%8D%E3%83%83%E3%83%88+3%E6%AE%B5+%E7%99%BD+%E9%8D%B5%E4%BB%98%E3%80%90%E3%83%A6%E3%83%BC%E3%82%BA%E3%83%89%E3%83%A6%E3%83%BC%E3%82%BA%E5%90%8D%E5%8F%A4%E5%B1%8B%E5%A4%A9%E7%99%BD%E5%BA%97%E3%80%91 HTTP/1.1" 200 0 "-" "Mozilla/5.0 (Linux; Android 6.0.1; Nexus 5X Build/MMB29P) AppleWebKit/537.36 (KHTML, like Gecko) Chrome/135.0.7049.95 Mobile Safari/537.36 (compatible; GoogleOther)"
66.249.74.38 - - [26/Apr/2025:11:50:55 -0400] "GET /?v=28002110832104&channel=91bdcd&from=blog.php%3Fid%3D1108321-1490%26name%3D%E3%83%AA%E3%83%83%E3%83%81%E3%82%A7%E3%83%AB+%E5%90%B8%E3%81%9B%E3%81%A4%E3%83%A9%E3%83%9C+%E3%81%8A%E3%81%97%E3%82%83%E3%81%B6%E3%82%8A+%E3%83%93%E3%82%B9%E3%82%B1%E3%83%83%E3%83%88+%E6%96%B0%E7%94%9F%E5%85%90%E7%94%A8+%E3%82%B1%E3%83%BC%E3%82%B9%E4%BB%98 HTTP/1.1" 200 0 "-" "Mozilla/5.0 (Linux; Android 6.0.1; Nexus 5X Build/MMB29P) AppleWebKit/537.36 (KHTML, like Gecko) Chrome/135.0.7049.95 Mobile Safari/537.36 (compatible; GoogleOther)"
66.249.74.38 - - [26/Apr/2025:11:52:10 -0400] "GET /?v=39819116457401&channel=a96a53&from=form.php%3Fid%3D1164574-6026%26name%3DiPhone+8%E6%9C%AC%E4%BD%93Gold+64GB HTTP/1.1" 200 0 "-" "Mozilla/5.0 (Linux; Android 6.0.1; Nexus 5X Build/MMB29P) AppleWebKit/537.36 (KHTML, like Gecko) Chrome/135.0.7049.95 Mobile Safari/537.36 (compatible; GoogleOther)"
66.249.74.38 - - [26/Apr/2025:11:52:23 -0400] "GET /?v=2589280595405&channel=66c229&from=article.php%3Fid%3D805954-23434%26name%3D%E3%83%9E%E3%82%B0%E3%83%8D%E3%83%83%E3%83%88%E3%83%95%E3%83%83%E3%82%AF+%E7%A3%81%E7%9F%B3%E3%83%95%E3%83%83%E3%82%AF+%E5%BC%B7%E5%8A%9B%E3%83%9E%E3%82%B0%E3%83%8D%E3%83%83%E3%83%88+8%E5%80%8B%E3%82%BB%E3%83%83%E3%83%88+%E3%82%AD%E3%83%83%E3%83%81%E3%83%B3+%E5%86%B7%E8%94%B5%E5%BA%AB+%E7%8E%84%E9%96%A2+%E3%82%AD%E3%83%BC%E3%83%9B%E3%83%AB%E3%83%80%E3%83%BC+%E6%B5%B4%E5%AE%A4+%E3%81%8A%E9%A2%A8%E5%91%82+%E5%A3%81%E6%8E%9B%E3%81%91%E7%94%A8+%E3%82%AA%E3%83%95%E3%82%A3%E3%82%B9 HTTP/1.1" 200 0 "-" "Mozilla/5.0 (Linux; Android 6.0.1; Nexus 5X Build/MMB29P) AppleWebKit/537.36 (KHTML, like Gecko) Chrome/135.0.7049.95 Mobile Safari/537.36 (compatible; GoogleOther)"
66.249.74.38 - - [26/Apr/2025:11:53:26 -0400] "GET /?v=9910380850204&channel=be321d&from=blog.php%3Fid%3D808502-5296%26name%3D%E6%A4%8D%E7%89%A9%E3%81%AE%E5%A3%81%E3%83%8F%E3%83%B3%E3%82%AC%E3%83%BC%E3%80%81%E6%A4%8D%E7%89%A9%E3%83%8F%E3%83%B3%E3%82%AC%E3%83%BC%E5%B1%8B%E5%86%85%E5%A3%81%E3%83%9E%E3%82%A6%E3%83%B3%E3%83%88+-+%E3%83%98%E3%83%93%E3%83%BC%E3%83%87%E3%83%A5%E3%83%BC%E3%83%86%E3%82%A3%E3%82%A6%E3%82%A9%E3%83%BC%E3%83%AB%E3%83%9E%E3%82%A6%E3%83%B3%E3%83%88%E3%83%97%E3%83%A9%E3%83%B3%E3%83%88%E3%83%8F%E3%83%B3%E3%82%AC%E3%83%BC%2C%E5%B1%8B%E5%86%85%E5%B1%8B%E5%A4%96%E3%81%AE%E8%A3%85%E9%A3%BE%E3%81%AE%E3%81%9F%E3%82%81%E3%81%AE%E7%B4%A0%E6%9C%B4%E3%81%AA%E8%A3%85%E9%A3%BE HTTP/1.1" 200 0 "-" "Mozilla/5.0 (Linux; Android 6.0.1; Nexus 5X Build/MMB29P) AppleWebKit/537.36 (KHTML, like Gecko) Chrome/135.0.7049.95 Mobile Safari/537.36 (compatible; GoogleOther)"
66.249.74.38 - - [26/Apr/2025:11:53:38 -0400] "GET /?v=2924192235200&channel=ed6b56&from=shop.php%3Fid%3D922352-5205%26name%3D%E7%AE%B1%E4%BB%98%E7%BE%8E%E5%93%81+%E3%82%B8%E3%83%9F%E3%83%BC%E3%83%81%E3%83%A5%E3%82%A6+JIMMY+CHOO+ALINA+%E3%82%B9%E3%82%BF%E3%83%BC%E3%82%B9%E3%82%BF%E3%83%83%E3%82%BA+%E3%82%AB%E3%83%BC%E3%83%95%E3%83%AC%E3%82%B6%E3%83%BC+%E3%83%90%E3%83%AC%E3%82%A8+%E3%83%95%E3%83%A9%E3%83%83%E3%83%88+%E3%83%91%E3%83%B3%E3%83%97%E3%82%B9+%E3%83%AC%E3%83%87%E3%82%A3%E3%83%BC%E3%82%B9+37+24cm+%E9%BB%92 HTTP/1.1" 200 0 "-" "Mozilla/5.0 (Linux; Android 6.0.1; Nexus 5X Build/MMB29P) AppleWebKit/537.36 (KHTML, like Gecko) Chrome/135.0.7049.95 Mobile Safari/537.36 (compatible; GoogleOther)"
66.249.74.39 - - [26/Apr/2025:11:54:41 -0400] "GET /?v=81133171088205&channel=757ad2&from=form.php%3Fid%3D1710882-2333%26name%3DDarich++D%E3%83%99%E3%82%A2%E3%83%81%E3%82%A7%E3%83%83%E3%82%AF%E3%83%93%E3%83%83%E3%82%B0%E3%82%B9%E3%82%BF%E3%82%B8%E3%83%A3%E3%83%B3%EF%BC%88Darich%E2%9D%A4D%E3%83%99%E3%82%A2%E3%83%81%E3%82%A7%E3%83%83%E3%82%AF%E3%83%93%E3%83%83%E3%82%B0%E3%82%B9%E3%82%BF%E3%82%B8%E3%83%A3%E3%83%B3+%E3%80%90%E6%97%A5%E6%9C%AC%E9%99%90%E5%AE%9A%E3%83%A2%E3%83%87%E3%83%AB%E3%80%91+%7C+candelascloset.es%EF%BC%89 HTTP/1.1" 200 0 "-" "Mozilla/5.0 (Linux; Android 6.0.1; Nexus 5X Build/MMB29P) AppleWebKit/537.36 (KHTML, like Gecko) Chrome/135.0.7049.95 Mobile Safari/537.36 (compatible; GoogleOther)"
66.249.74.39 - - [26/Apr/2025:11:55:48 -0400] "GET /?v=28179106620904&channel=4896ab&from=shared.php%3Fid%3D1066209-5736%26name%3D%E3%80%90%E8%B2%B4%E9%87%8D%E3%80%91%E5%B1%B1%E7%BE%8A%E9%A0%AD%E9%AA%A8+%E9%BB%92%E8%A7%92 HTTP/1.1" 200 54266 "-" "Mozilla/5.0 (Linux; Android 6.0.1; Nexus 5X Build/MMB29P) AppleWebKit/537.36 (KHTML, like Gecko) Chrome/135.0.7049.114 Mobile Safari/537.36 (compatible; Googlebot/2.1; +http://www.google.com/bot.html)"
66.249.74.40 - - [26/Apr/2025:11:56:29 -0400] "GET /?v=0269369391400&channel=be5f7f&from=goods.php%3Fid%3D693914-20700%26name%3DTBC+%E3%83%95%E3%82%A3%E3%83%88%E3%82%AF%E3%83%AA%E3%82%A2C+EX HTTP/1.1" 200 0 "-" "Mozilla/5.0 (Linux; Android 6.0.1; Nexus 5X Build/MMB29P) AppleWebKit/537.36 (KHTML, like Gecko) Chrome/135.0.7049.95 Mobile Safari/537.36 (compatible; GoogleOther)"
66.249.74.38 - - [26/Apr/2025:11:56:58 -0400] "GET /?v=73299118921204&channel=7dbbed&from=shop.php%3Fid%3D1189212-21120%26name%3DBESTOYARD+5%E3%82%BB%E3%83%83%E3%83%88+%E3%82%B5%E3%82%A4%E3%82%AF%E3%83%AD%E3%83%97%E3%82%B9%E3%83%97%E3%83%AC%E3%82%A2%E3%82%A4%E3%83%91%E3%83%83%E3%83%81+%E7%89%87%E7%9C%BC%E5%B8%AF+%E3%83%8F%E3%83%AD%E3%82%A6%E3%82%A3%E3%83%B3%E3%82%A2%E3%82%A4%E3%82%AB%E3%83%90%E3%83%BC+%E8%A3%85%E9%A3%BE%E5%B0%8F%E9%81%93%E5%85%B7+%E3%83%91%E3%83%BC%E3%83%86%E3%82%A3%E3%83%BC%E3%81%AE%E8%A8%98%E5%BF%B5%E5%93%81+%E9%A0%AD%E8%93%8B%E9%AA%A8%E3%81%AE%E7%9C%BC%E5%B8%AF HTTP/1.1" 200 53679 "-" "Mozilla/5.0 (Linux; Android 6.0.1; Nexus 5X Build/MMB29P) AppleWebKit/537.36 (KHTML, like Gecko) Chrome/135.0.7049.114 Mobile Safari/537.36 (compatible; Googlebot/2.1; +http://www.google.com/bot.html)"
66.249.74.40 - - [26/Apr/2025:11:58:47 -0400] "GET /?v=96217100461601&channel=8d633c&from=pin.php%3Fid%3D1004616-2180%26name%3D%E3%80%90%E3%83%A1%E3%83%BC%E3%82%AB%E3%83%BC%E5%9C%A8%E5%BA%AB%E3%81%82%E3%82%8A%E3%80%91+%E3%83%9B%E3%83%B3%E3%83%80%E7%B4%94%E6%AD%A3+%E3%82%AB%E3%83%A9%E3%83%BC+%E3%83%81%E3%83%A3%E3%83%B3%E3%83%91%E3%83%BC%E3%83%9E%E3%82%A6%E3%83%B3%E3%83%86%E3%82%A3%E3%83%B3%E3%82%B0+18424-MN5-000+HD%E5%BA%97 HTTP/1.1" 200 56167 "-" "Mozilla/5.0 (Linux; Android 6.0.1; Nexus 5X Build/MMB29P) AppleWebKit/537.36 (KHTML, like Gecko) Chrome/135.0.7049.114 Mobile Safari/537.36 (compatible; Googlebot/2.1; +http://www.google.com/bot.html)"
66.249.74.38 - - [26/Apr/2025:11:59:00 -0400] "GET /?v=6687128682406&channel=e10dd9&from=article.php%3Fid%3D286824-10771%26name%3D%E3%83%91%E3%83%BC%E3%82%AD%E3%83%B3%E3%82%B0%E3%83%96%E3%83%AC%E3%83%BC%E3%82%AD%E3%82%A2%E3%82%AF%E3%83%81%E3%83%A5%E3%82%A8%E3%83%BC%E3%82%BF%E3%83%BC+%E9%9B%BB%E5%AD%90%E3%83%8F%E3%83%B3%E3%83%89%E3%83%96%E3%83%AC%E3%83%BC%E3%82%AD+%E3%83%8F%E3%83%B3%E3%83%89%E3%83%96%E3%83%AC%E3%83%BC%E3%82%AD+%E3%83%91%E3%83%BC%E3%82%AD%E3%83%B3%E3%82%B0%E3%83%96%E3%83%AC%E3%83%BC%E3%82%AD%E3%82%B9%E3%82%A4%E3%83%83%E3%83%81+%E3%82%AA%E3%83%BC%E3%83%88%E3%83%91%E3%83%BC%E3%82%AF%E3%83%9C%E3%82%BF%E3%83%B3+%E3%81%9F%E3%82%81%E3%81%AB+%E7%B4%A0%E6%99%B4 HTTP/1.1" 200 53387 "-" "Mozilla/5.0 (Linux; Android 6.0.1; Nexus 5X Build/MMB29P) AppleWebKit/537.36 (KHTML, like Gecko) Chrome/135.0.7049.114 Mobile Safari/537.36 (compatible; Googlebot/2.1; +http://www.google.com/bot.html)"
66.249.74.39 - - [26/Apr/2025:11:59:20 -0400] "GET /?v=68413164368303&channel=a5a29b&from=shared.php%3Fid%3D1643683-18533%26name%3D%E6%96%B0%E5%93%81iPhone+15%E3%82%B1%E3%83%BC%E3%82%B9 HTTP/1.1" 200 0 "-" "Mozilla/5.0 (Linux; Android 6.0.1; Nexus 5X Build/MMB29P) AppleWebKit/537.36 (KHTML, like Gecko) Chrome/135.0.7049.95 Mobile Safari/537.36 (compatible; GoogleOther)"
66.249.74.40 - - [26/Apr/2025:12:01:43 -0400] "GET /?v=08019124390702&channel=077ef0&from=jp.php%3Fid%3D1243907-1188%26name%3D%E5%B0%82%E7%94%A8+%E7%BE%8E%E5%93%81+%E3%82%AB%E3%83%AB%E3%83%86%E3%82%A3%E3%82%A8+%E3%83%9E%E3%82%B9%E3%83%88+%E3%83%B4%E3%82%A1%E3%83%B3%E3%83%89%E3%83%BC%E3%83%A0+%E3%82%AA%E3%83%91%E3%83%A9%E3%83%B3+%E3%83%AD%E3%83%BC%E3%83%9E%E3%83%B3+SM HTTP/1.1" 200 53449 "-" "Mozilla/5.0 (Linux; Android 6.0.1; Nexus 5X Build/MMB29P) AppleWebKit/537.36 (KHTML, like Gecko) Chrome/135.0.7049.95 Mobile Safari/537.36 (compatible; Googlebot/2.1; +http://www.google.com/bot.html)"
66.249.74.40 - - [26/Apr/2025:12:01:44 -0400] "GET /?v=5936128202&channel=2c96d7&from=article.php%3Fid%3D282-3%26name%3DYKK+ap+%E3%82%B5%E3%82%B6%E3%83%B3%E3%83%86%E3%83%A9%E3%82%B9+%E3%83%91%E3%83%BC%E3%82%B4%E3%83%A9%E3%82%BF%E3%82%A4%E3%83%97+2%E9%9A%8E%E7%94%A8+%E9%96%A2%E6%9D%B1%E9%96%93+1500N%EF%BC%8F%EF%BD%8D2+2%E9%96%93%C3%977%E5%B0%BA+%E7%86%B1%E7%B7%9A%E9%81%AE%E6%96%ADFRP%E6%9D%BF+%E5%BE%8C%E4%BB%98%E3%81%91+%E3%82%B7%E3%83%A7%E3%82%B3%E3%83%A9%E3%82%A6%E3%82%A9%E3%83%BC%E3%83%AB HTTP/1.1" 200 54047 "-" "Mozilla/5.0 (Linux; Android 6.0.1; Nexus 5X Build/MMB29P) AppleWebKit/537.36 (KHTML, like Gecko) Chrome/135.0.7049.95 Mobile Safari/537.36 (compatible; Googlebot/2.1; +http://www.google.com/bot.html)"
66.249.74.39 - - [26/Apr/2025:12:01:44 -0400] "GET /?v=28287143410100&channel=e0304e&from=news.php%3Fid%3D1434101-20713%26name%3D%E6%96%B0%E5%93%81+%E3%83%AC%E3%82%AE%E3%83%A5%E3%83%AC%E3%83%BC%E3%82%BF%E3%83%BC+ZX-6R+ZX-10R+ZX-14R+ZG1400+YZF-R1+%E3%82%AB%E3%82%B9%E3%82%BF%E3%83%A0+%E3%83%91%E3%83%BC%E3%83%84 HTTP/1.1" 200 54359 "-" "Mozilla/5.0 (Linux; Android 6.0.1; Nexus 5X Build/MMB29P) AppleWebKit/537.36 (KHTML, like Gecko) Chrome/135.0.7049.95 Mobile Safari/537.36 (compatible; Googlebot/2.1; +http://www.google.com/bot.html)"
66.249.74.38 - - [26/Apr/2025:12:01:58 -0400] "GET /?v=22628114839401&channel=c9251d&from=info.php%3Fid%3D1148394-11279%26name%3D%EF%BC%88%E3%83%9E%E3%83%BC%E3%82%AC%E3%83%AC%E3%83%83%E3%83%88%EF%BC%89m461+%E3%83%96%E3%83%A9%E3%83%83%E3%82%AF%E3%83%95%E3%82%A9%E3%83%BC%E3%83%9E%E3%83%AB+%E3%83%AC%E3%83%87%E3%82%A3%E3%83%BC%E3%82%B9+%E5%96%AA%E6%9C%8D+%E3%82%A2%E3%83%B3%E3%82%B5%E3%83%B3%E3%83%96%E3%83%AB+%E5%89%8D HTTP/1.1" 200 53819 "-" "Mozilla/5.0 (Linux; Android 6.0.1; Nexus 5X Build/MMB29P) AppleWebKit/537.36 (KHTML, like Gecko) Chrome/135.0.7049.114 Mobile Safari/537.36 (compatible; Googlebot/2.1; +http://www.google.com/bot.html)"
66.249.74.39 - - [26/Apr/2025:12:02:12 -0400] "GET /?v=84090183947702&channel=d0fa84&from=shared.php%3Fid%3D1839477-4380%26name%3D%E3%83%95%E3%82%A9%E3%83%BC%E3%83%89+%E3%83%95%E3%83%AC%E3%83%83%E3%82%AF%E3%82%B9+%E3%83%88%E3%83%BC%E3%83%A9%E3%82%B9+%E3%83%AA%E3%83%B3%E3%82%AB%E3%83%BC%E3%83%B3+MKS+MKT+%E9%9B%BB%E5%8B%95%E3%83%91%E3%83%AF%E3%83%BC%E3%82%B9%E3%83%86%E3%82%A2%E3%83%AA%E3%83%B3%E3%82%B0+%E3%83%A9%E3%83%83%E3%82%AF%26amp%3B%E3%83%94%E3%83%8B%E3%82%AA%E3%83%B3+GAP+%E5%B7%A6%E3%83%8F%E3%83%B3%E3%83%89%E3%83%AB%E3%81%AB%E9%81%A9 HTTP/1.1" 200 0 "-" "Mozilla/5.0 (Linux; Android 6.0.1; Nexus 5X Build/MMB29P) AppleWebKit/537.36 (KHTML, like Gecko) Chrome/135.0.7049.95 Mobile Safari/537.36 (compatible; GoogleOther)"
66.249.74.38 - - [26/Apr/2025:12:02:23 -0400] "GET /?v=5221888179600&channel=c8c75b&from=news.php%3Fid%3D881796-24090%26name%3D%E3%83%AF%E3%82%A4%E3%83%A4%E3%83%BC%E3%83%97%E3%83%A9%E3%83%B3%E3%83%84%E3%82%AB%E3%83%83%E3%83%88%E8%8B%97 HTTP/1.1" 200 52580 "-" "Mozilla/5.0 (Linux; Android 6.0.1; Nexus 5X Build/MMB29P) AppleWebKit/537.36 (KHTML, like Gecko) Chrome/135.0.7049.114 Mobile Safari/537.36 (compatible; Googlebot/2.1; +http://www.google.com/bot.html)"
66.249.74.38 - - [26/Apr/2025:12:02:45 -0400] "GET /?v=15800113361300&channel=7deeeb&from=goods.php%3Fid%3D1133613-5877%26name%3D%E3%83%A1%E3%82%AC%E3%83%8D%E3%82%B1%E3%83%BC%E3%82%B9%E3%80%80%E3%83%AD%E3%82%A8%E3%83%99 HTTP/1.1" 200 53203 "-" "Mozilla/5.0 (Linux; Android 6.0.1; Nexus 5X Build/MMB29P) AppleWebKit/537.36 (KHTML, like Gecko) Chrome/135.0.7049.95 Mobile Safari/537.36 (compatible; Googlebot/2.1; +http://www.google.com/bot.html)"
66.249.74.40 - - [26/Apr/2025:12:04:01 -0400] "GET /?v=7188824600603&channel=e8fc14&from=blog.php%3Fid%3D246006-12300%26name%3Dboss+me80+%E3%83%9E%E3%83%AB%E3%83%81%E3%82%A8%E3%83%95%E3%82%A7%E3%82%AF%E3%82%BF%E3%83%BC HTTP/1.1" 200 55675 "-" "Mozilla/5.0 (Linux; Android 6.0.1; Nexus 5X Build/MMB29P) AppleWebKit/537.36 (KHTML, like Gecko) Chrome/135.0.7049.114 Mobile Safari/537.36 (compatible; Googlebot/2.1; +http://www.google.com/bot.html)"
66.249.74.39 - - [26/Apr/2025:12:04:53 -0400] "GET /?v=88995100670201&channel=597fae&from=form.php%3Fid%3D1006702-25560%26name%3D%E3%80%90%E4%B8%AD%E5%8F%A4%E3%80%91+Piretti+Piretti+%E5%90%84%E7%A8%AE%E3%83%8F%E3%83%B3%E3%83%89%E3%83%A1%E3%82%A4%E3%83%89+%E3%83%91%E3%82%BF%E3%83%BC+PT+%E3%82%B9%E3%83%81%E3%83%BC%E3%83%AB+%28%E3%83%95%E3%83%AC%E3%83%83%E3%82%AF%E3%82%B9%E3%81%9D%E3%81%AE%E4%BB%96%29+%E3%83%A1%E3%83%B3%E3%82%BA+%E7%94%B7%E6%80%A7%E7%94%A8+%E5%8F%B3%E5%88%A9%E3%81%8D+%E5%8F%B3%E7%94%A8+B%E3%83%A9%E3%83%B3%E3%82%AF+%E3%82%B4%E3%83%AB%E3%83%95%E3%82%AF%E3%83%A9%E3%83%96 HTTP/1.1" 200 0 "-" "Mozilla/5.0 (Linux; Android 6.0.1; Nexus 5X Build/MMB29P) AppleWebKit/537.36 (KHTML, like Gecko) Chrome/135.0.7049.95 Mobile Safari/537.36 (compatible; GoogleOther)"
66.249.74.39 - - [26/Apr/2025:12:05:01 -0400] "GET /?v=200103219001&channel=3e1fde&from=pin.php%3Fid%3D32190-3674%26name%3D%E6%8A%98%E3%82%8A%E7%95%B3%E3%81%BF%E8%87%AA%E8%BB%A2%E8%BB%8A%E3%80%80%E3%83%80%E3%83%9B%E3%83%B3%E3%80%80%E2%84%96D-1 HTTP/1.1" 200 54966 "-" "Mozilla/5.0 (Linux; Android 6.0.1; Nexus 5X Build/MMB29P) AppleWebKit/537.36 (KHTML, like Gecko) Chrome/135.0.7049.114 Mobile Safari/537.36 (compatible; Googlebot/2.1; +http://www.google.com/bot.html)"
66.249.74.40 - - [26/Apr/2025:12:05:07 -0400] "GET /?v=08007182016200&channel=43aeae&from=news.php%3Fid%3D1820162-32419%26name%3DK3D3-241108+%E3%83%AC%E3%82%A2%EF%BC%BB%E6%A8%99%E6%BA%96%E7%90%B4%E6%9B%B2%E8%AD%9C+%E3%81%99%E3%81%90%E3%82%8F%E3%81%8B%E3%82%8B%E7%90%B4%E3%81%AE%E8%AD%9C%E6%9C%AC+%E7%94%9F%E7%94%B0%E6%B5%81+%E5%BE%A1%E5%9C%92%E3%81%AE%E6%9D%BE+%E6%99%82%E9%B3%A5+%E4%BB%96+%E3%81%BE%E3%81%A8%E3%82%81%E3%81%A685%E5%86%8A%E4%BB%A5%E4%B8%8A%E3%82%BB%E3%83%83%E3%83%88%EF%BC%BD HTTP/1.1" 200 55749 "-" "Mozilla/5.0 (Linux; Android 6.0.1; Nexus 5X Build/MMB29P) AppleWebKit/537.36 (KHTML, like Gecko) Chrome/135.0.7049.95 Mobile Safari/537.36 (compatible; Googlebot/2.1; +http://www.google.com/bot.html)"
66.249.74.38 - - [26/Apr/2025:12:05:15 -0400] "GET /?v=4769714322900&channel=7c5534&from=brands.php%3Fid%3D143229-4751%26name%3D%E9%80%81%E6%96%99%E8%BE%BC+EVA-FRAME01%E3%82%A8%E3%83%B4%E3%82%A1%E3%83%95%E3%83%AC%E3%83%BC%E3%83%A0%E5%85%A88%E7%A8%AE%E3%82%A8%E3%83%B4%E3%82%A1%E3%83%B3%E3%82%B2%E3%83%AA%E3%82%AA%E3%83%B31%E3%82%A2%E3%83%BC%E3%83%9E%E3%83%BC%E3%82%BB%E3%83%83%E3%83%8802%E3%83%95%E3%83%AC%E3%83%BC%E3%83%A0%E3%82%BB%E3%83%83%E3%83%8803+2%E5%8F%B7%E6%A9%9F04+05%E9%9B%B6%E5%8F%B7%E6%A9%9F%28%E6%94%B9%2906+07%E3%82%AA%E3%83%97%E3%82%B7%E3%83%A7%E3%83%B3%E3%82%BB%E3%83%83%E3%83%8808 HTTP/1.1" 200 56411 "-" "Mozilla/5.0 (Linux; Android 6.0.1; Nexus 5X Build/MMB29P) AppleWebKit/537.36 (KHTML, like Gecko) Chrome/135.0.7049.114 Mobile Safari/537.36 (compatible; Googlebot/2.1; +http://www.google.com/bot.html)"
66.249.74.39 - - [26/Apr/2025:12:05:16 -0400] "GET /?v=5964010222801&channel=a23a59&from=blog.php%3Fid%3D102228-1565%26name%3D%E3%83%9E%E3%82%B8%E3%82%A7%E3%82%B9%E3%83%86%E3%82%A34D9 HTTP/1.1" 200 53668 "-" "Mozilla/5.0 (Linux; Android 6.0.1; Nexus 5X Build/MMB29P) AppleWebKit/537.36 (KHTML, like Gecko) Chrome/135.0.7049.114 Mobile Safari/537.36 (compatible; Googlebot/2.1; +http://www.google.com/bot.html)"
66.249.74.38 - - [26/Apr/2025:12:05:43 -0400] "GET /?v=0910959360102&channel=f74cc1&from=blog.php%3Fid%3D593601-18152%26name%3D%E3%80%8A%E6%9C%AA%E4%BD%BF%E7%94%A8%E3%80%8B%E3%83%91%E3%83%B3%E3%83%84+%E3%83%A6%E3%83%8B%E3%82%AF%E3%83%AD+140cm HTTP/1.1" 200 0 "-" "Mozilla/5.0 (Linux; Android 6.0.1; Nexus 5X Build/MMB29P) AppleWebKit/537.36 (KHTML, like Gecko) Chrome/135.0.7049.95 Mobile Safari/537.36 (compatible; GoogleOther)"
66.249.74.39 - - [26/Apr/2025:12:06:01 -0400] "GET /?v=90688157345508&channel=637afb&from=brands.php%3Fid%3D1573455-22087%26name%3D%E3%83%9C%E3%83%88%E3%83%AB%E3%82%AF%E3%83%AA%E3%83%BC%E3%83%8A%E3%83%BC%E3%83%96%E3%83%A9%E3%82%B7%E3%80%81%E3%82%A6%E3%82%A9%E3%83%BC%E3%82%BF%E3%83%BC%E3%83%9C%E3%83%88%E3%83%AB%E3%82%AF%E3%83%AA%E3%83%BC%E3%83%8B%E3%83%B3%E3%82%B0%E3%83%96%E3%83%A9%E3%82%B7%2C+L%E5%AD%97%E5%9E%8B%E3%82%B9%E3%82%AF%E3%83%A9%E3%83%96%E3%82%AF%E3%83%AA%E3%83%BC%E3%83%8A%E3%83%BC%E3%83%96%E3%83%A9%E3%82%B7%2C+%E3%82%AF%E3%83%AA%E3%83%BC%E3%83%8B%E3%83%B3%E3%82%B0%E3%83%84%E3%83%BC%E3%83%AB%E3%80%81%E3%82%A6%E3%83%83%E3%83%89%E3%83%8F%E3%83%B3%E3%83%89%E3%83%AB%E3%82%AC+%EF%BC%88%E3%82%A6%E3%82%A9%E3%83%BC%E3%82%BF%E3%83%BC%E3%83%9C%E3%83%88%E3%83%AB%E3%82%AF%E3%83%AA%E3%83%BC%E3%83%8B%E3%83%B3%E3%82%B0%E3%83%96%E3%83%A9%E3%82%B7%E3%80%81%E3%83%9C%E3%83%88%E3%83%AB%E3%82%B9%E3%82%AF%E3%83%A9%E3%83%96%E3%83%96%E3%83%A9%E3%82%B7+%7C+L%E5%AD%97%E5%9E%8B%E3%82%AB%E3%83%83%E3%83%97%E3%83%96%E3%83%A9%E3%82%B7+%E5%AF%9D%E8%BE%BC%E3%82%80+%7C+%E3%82%AF%E3%83%AA%E3%83%BC%E3%83%8B%E3%83%B3%E3%82%B0%EF%BC%89 HTTP/1.1" 200 0 "-" "Mozilla/5.0 (Linux; Android 6.0.1; Nexus 5X Build/MMB29P) AppleWebKit/537.36 (KHTML, like Gecko) Chrome/135.0.7049.95 Mobile Safari/537.36 (compatible; GoogleOther)"
66.249.74.38 - - [26/Apr/2025:12:06:21 -0400] "GET /?v=9882067679103&channel=d4c4ed&from=info.php%3Fid%3D676791-21876%26name%3D%E3%82%AD%E3%83%83%E3%82%BA+%E3%82%AD%E3%83%A3%E3%83%83%E3%83%97+%E3%81%99%E3%81%9A%E3%82%81%E3%81%AE%E6%88%B8%E7%B7%A0%E3%81%BE%E3%82%8A+%E9%87%8E%E7%90%83%E5%B8%BD+%E5%AD%90%E3%81%A9%E3%82%82%E5%B8%BD%E5%AD%90+%E5%B8%BD%E5%AD%90+%E6%97%A5%E3%82%88%E3%81%91%E9%87%8E%E7%90%83%E5%B8%BD+%E9%87%8E%E7%90%83%E3%82%AD%E3%83%A3%E3%83%83%E3%83%97+%E3%83%99%E3%83%BC%E3%82%B9%E3%83%9C%E3%83%BC%E3%83%AB%E5%B8%BD+%E6%97%A5%E3%82%88%E3%81%91%E5%B8%BD+%E3%82%B9%E3%83%9D%E3%83%BC%E3%83%84%E3%82%AD%E3%83%A3%E3%83%83%E3%83%97 HTTP/1.1" 200 53710 "-" "Mozilla/5.0 (Linux; Android 6.0.1; Nexus 5X Build/MMB29P) AppleWebKit/537.36 (KHTML, like Gecko) Chrome/135.0.7049.114 Mobile Safari/537.36 (compatible; Googlebot/2.1; +http://www.google.com/bot.html)"
66.249.74.39 - - [26/Apr/2025:12:07:14 -0400] "GET /?v=80026139521902&channel=fb72ea&from=form.php%3Fid%3D1395219-24205%26name%3DApple+iPhone+12+%E9%9D%92%E8%89%B2+%E6%9C%AC%E4%BD%93+%E3%82%B8%E3%83%A3%E3%83%B3%E3%82%AF%E5%93%81 HTTP/1.1" 200 53782 "-" "Mozilla/5.0 (Linux; Android 6.0.1; Nexus 5X Build/MMB29P) AppleWebKit/537.36 (KHTML, like Gecko) Chrome/135.0.7049.114 Mobile Safari/537.36 (compatible; Googlebot/2.1; +http://www.google.com/bot.html)"
66.249.74.38 - - [26/Apr/2025:12:07:32 -0400] "GET /?v=0770971322000&channel=08d523&from=info.php%3Fid%3D713220-2784%26name%3D%E3%80%90%E5%AE%8C%E5%A3%B2+%E6%96%B0%E5%93%81%E3%82%BF%E3%82%B0%E3%81%A4%E3%81%8D%E3%80%91%E3%82%B9%E3%83%8A%E3%82%A4%E3%83%87%E3%83%AB+%E3%82%A6%E3%82%A8%E3%82%B9%E3%83%88%E3%83%9D%E3%83%BC%E3%83%81 HTTP/1.1" 200 55058 "-" "Mozilla/5.0 (Linux; Android 6.0.1; Nexus 5X Build/MMB29P) AppleWebKit/537.36 (KHTML, like Gecko) Chrome/135.0.7049.114 Mobile Safari/537.36 (compatible; Googlebot/2.1; +http://www.google.com/bot.html)"
66.249.74.39 - - [26/Apr/2025:12:08:10 -0400] "GET /?v=86799111990602&channel=6a2176&from=blog.php%3Fid%3D1119906-12965%26name%3DBelca+%E6%97%A5%E6%9C%AC%E8%A3%BD+%E6%8E%92%E6%B0%B4%E5%8F%A3+%E3%81%B5%E3%81%9F+%E6%B5%81%E3%81%97%E7%94%A8%E3%82%B9%E3%83%86%E3%83%B3%E3%83%AC%E3%82%B9%E6%8E%92%E6%B0%B4%E3%83%97%E3%83%AC%E3%83%BC%E3%83%88+%E5%8D%8A%E5%86%86%E3%82%BF%E3%82%A4%E3%83%97+%E7%9B%B4%E5%BE%8414.5cm%E7%94%A8+%E7%9B%B4%E5%BE%8414.3%C3%97%E9%AB%98%E3%81%952.8cm+%E3%82%B9%E3%83%86%E3%83%B3%E3%83%AC%E3%82%B9+SP%E3%83%BC207T HTTP/1.1" 200 54730 "-" "Mozilla/5.0 (Linux; Android 6.0.1; Nexus 5X Build/MMB29P) AppleWebKit/537.36 (KHTML, like Gecko) Chrome/135.0.7049.95 Mobile Safari/537.36 (compatible; Googlebot/2.1; +http://www.google.com/bot.html)"
66.249.74.39 - - [26/Apr/2025:12:08:11 -0400] "GET /?v=8957884783602&channel=6443f9&from=jp.php%3Fid%3D847836-5482%26name%3D%E3%80%90%E6%95%B0%E9%87%8F%E9%99%90%E5%AE%9A%E3%80%91Rieibi+FUJIFILM+%E3%82%A2%E3%83%AB%E3%83%90%E3%83%A0%E3%80%81%E3%83%81%E3%82%A7%E3%82%AD+%E3%82%A2%E3%83%AB%E3%83%90%E3%83%A0+instax+mini99%2F90%2F12%2Fmini11%2Fmini40%2FEVO%2Fmini9%2Fmini8%E5%AF%BE%E5%BF%9C%E3%83%81%E3%82%A7%E3%82%AD%E3%82%A2%E3%83%AB%E3%83%90%E3%83%A0+%E5%A4%A7%E5%AE%B9%E9%87%8F+3%E3%82%A4%E3%83%B3%E3%83%81%E5%86%99%E7%9C%9F+108%E6%9E%9A%E5%8F%8E%E7%B4%8D+mini12%E3%83%9C%E3%83%87%E3%82%A3%E3%81%A8%E5%90%8C%E8%89%B2+5%E8%89%B2%E5%B1%95%E9%96%8B HTTP/1.1" 200 54839 "-" "Mozilla/5.0 (Linux; Android 6.0.1; Nexus 5X Build/MMB29P) AppleWebKit/537.36 (KHTML, like Gecko) Chrome/135.0.7049.95 Mobile Safari/537.36 (compatible; Googlebot/2.1; +http://www.google.com/bot.html)"
66.249.74.40 - - [26/Apr/2025:12:08:11 -0400] "GET /?v=64850117819006&channel=4bf834&from=news.php%3Fid%3D1178190-19178%26name%3D%E5%AE%8C%E5%A3%B2%E3%80%80%E5%85%AC%E5%BC%8F%E3%82%B3%E3%83%A9%E3%83%9C%E3%80%80%E3%83%8F%E3%83%AA%E3%83%BC%E3%83%9D%E3%83%83%E3%82%BF%E3%83%BC%E3%80%80%E3%82%B3%E3%82%B9%E3%83%A1%E3%82%BB%E3%83%83%E3%83%88%E3%80%80%E6%96%B0%E5%93%81%E3%80%80%E7%BF%8C%E6%97%A5%E7%99%BA%E9%80%81 HTTP/1.1" 200 53792 "-" "Mozilla/5.0 (Linux; Android 6.0.1; Nexus 5X Build/MMB29P) AppleWebKit/537.36 (KHTML, like Gecko) Chrome/135.0.7049.95 Mobile Safari/537.36 (compatible; Googlebot/2.1; +http://www.google.com/bot.html)"
66.249.74.38 - - [26/Apr/2025:12:08:39 -0400] "GET /?v=01911167218702&channel=f56bb8&from=product.php%3Fid%3D1672187-7060%26name%3D%E3%81%BF%E3%81%AB%E3%81%8D%E3%81%A6%E3%81%83%E3%81%95%E3%82%93%E3%81%94%E5%B0%82%E7%94%A8 HTTP/1.1" 200 0 "-" "Mozilla/5.0 (Linux; Android 6.0.1; Nexus 5X Build/MMB29P) AppleWebKit/537.36 (KHTML, like Gecko) Chrome/135.0.7049.95 Mobile Safari/537.36 (compatible; GoogleOther)"
66.249.74.38 - - [26/Apr/2025:12:08:41 -0400] "GET /?v=42386162629108&channel=a49407&from=product.php%3Fid%3D1626291-6777%26name%3D%E6%96%B0%E5%93%81%E5%90%8C%E6%A7%98+%E3%83%AB%E3%82%A4%E3%83%B4%E3%82%A3%E3%83%88%E3%83%B3+%E7%8F%BE%E8%A1%8C+%E3%83%A2%E3%83%8E%E3%82%B0%E3%83%A9%E3%83%A0+%E3%83%9D%E3%83%AB%E3%83%88%E3%83%95%E3%82%A9%E3%82%A4%E3%83%A6%E3%82%BE%E3%82%A8+%E3%83%95%E3%83%A5%E3%83%BC%E3%82%B7%E3%83%A3+%E8%B2%A1%E5%B8%83 HTTP/1.1" 200 0 "-" "Mozilla/5.0 (Linux; Android 6.0.1; Nexus 5X Build/MMB29P) AppleWebKit/537.36 (KHTML, like Gecko) Chrome/135.0.7049.95 Mobile Safari/537.36 (compatible; GoogleOther)"
140.240.76.86 - - [26/Apr/2025:12:08:54 -0400] "GET /wp-includes/class-wp-fatal-error-handler.php HTTP/1.1" 403 1242 "-" "Opera/9.87.(Windows NT 6.2; eo-US) Presto/2.9.165 Version/10.00"
39.148.147.68 - - [26/Apr/2025:12:09:06 -0400] "GET /wp-includes/class-wp-fatal-error-handler.php HTTP/1.1" 403 1242 "-" "Mozilla/5.0 (Android 3.1; Mobile; rv:17.0) Gecko/17.0 Firefox/17.0"
66.249.74.39 - - [26/Apr/2025:12:09:12 -0400] "GET /?v=14228194033405&channel=1de27a&from=article.php%3Fid%3D1940334-22939%26name%3Dladies+jacket+for+winter+%E3%83%99%E3%83%93%E3%83%BC+%E3%82%A2%E3%82%A6%E3%82%BF%E3%83%BC+90+%E3%83%9D%E3%82%B1%E3%83%A9%E3%83%B3%E3%82%AB%E3%83%90%E3%83%BC+%E3%82%AA%E3%83%AC%E3%83%B3%E3%82%B8+%E3%82%BA%E3%83%9C%E3%83%B3+%E3%83%99%E3%83%B3%E3%83%81+%E3%82%B3%E3%83%BC%E3%83%88+%E6%9A%96%E3%81%8B%E3%81%84 HTTP/1.1" 200 54160 "-" "Mozilla/5.0 (Linux; Android 6.0.1; Nexus 5X Build/MMB29P) AppleWebKit/537.36 (KHTML, like Gecko) Chrome/135.0.7049.95 Mobile Safari/537.36 (compatible; Googlebot/2.1; +http://www.google.com/bot.html)"
66.249.74.39 - - [26/Apr/2025:12:09:48 -0400] "GET /?v=90178115276503&channel=9c4e28&from=news.php%3Fid%3D1152765-3837%26name%3D%E8%AA%BF%E6%95%B4%E5%8F%AF%E8%83%BD%E3%81%AA%E3%82%BF%E3%82%A4%E3%83%AB%E3%83%AA%E3%83%95%E3%82%BF%E3%83%BC%E3%82%BF%E3%82%A4%E3%83%AB%E9%AB%98%E3%81%95%E3%83%AC%E3%82%AE%E3%83%A5%E3%83%AC%E3%83%BC%E3%82%BF%E3%83%BC%E3%83%97%E3%83%AD%E3%82%B8%E3%82%A7%E3%82%AF%E3%83%88%E9%87%91%E5%B1%9E%E5%8D%98%E4%B8%80%E3%83%AC%E3%82%AE%E3%83%A5%E3%83%AC%E3%83%BC%E3%82%BF%E3%83%BC%E5%BC%B7%E5%8C%96%E3%83%96%E3%83%A9%E3%82%B1%E3%83%83%E3%83%88%E3%83%87%E3%83%90%E3%82%A4%E3%82%B9 HTTP/1.1" 200 0 "-" "Mozilla/5.0 (Linux; Android 6.0.1; Nexus 5X Build/MMB29P) AppleWebKit/537.36 (KHTML, like Gecko) Chrome/135.0.7049.95 Mobile Safari/537.36 (compatible; GoogleOther)"
66.249.74.38 - - [26/Apr/2025:12:10:46 -0400] "GET /?v=27078133133804&channel=5eaf65&from=product.php%3Fid%3D1331338-9766%26name%3D%E3%82%B8%E3%82%A7%E3%83%95%E3%83%BB%E3%83%99%E3%83%83%E3%82%AF+JEFF++BECK+++%E3%83%96%E3%83%AD%E3%82%A6%E3%83%BB%E3%83%90%E3%82%A4%E3%83%BB%E3%83%96%E3%83%AD%E3%82%A6 HTTP/1.1" 200 0 "-" "Mozilla/5.0 (Linux; Android 6.0.1; Nexus 5X Build/MMB29P) AppleWebKit/537.36 (KHTML, like Gecko) Chrome/135.0.7049.95 Mobile Safari/537.36 (compatible; GoogleOther)"
66.249.74.39 - - [26/Apr/2025:12:11:04 -0400] "GET /?v=81827170210800&channel=379cd9&from=shared.php%3Fid%3D1702108-17228%26name%3D%E3%82%A8%E3%83%8B%E3%82%A3%E3%83%95%E3%82%A1%E3%83%A0%E3%80%80%E3%83%95%E3%82%A9%E3%83%BC%E3%83%9E%E3%83%AB%E3%80%80%EF%BC%91%EF%BC%91%EF%BC%90cm HTTP/1.1" 200 0 "-" "Mozilla/5.0 (Linux; Android 6.0.1; Nexus 5X Build/MMB29P) AppleWebKit/537.36 (KHTML, like Gecko) Chrome/135.0.7049.95 Mobile Safari/537.36 (compatible; GoogleOther)"
66.249.74.39 - - [26/Apr/2025:12:11:16 -0400] "GET /?v=0700049543501&channel=cbd948&from=news.php%3Fid%3D495435-18597%26name%3D%EA%95%A4%EF%B8%8E%EF%B8%8E%C2%B7%CD%9C%C2%B7+%EF%B8%8E%EF%B8%8E%E3%83%9A%E3%83%BC%E3%83%91%E3%83%BC%E3%83%8A%E3%83%97%E3%82%AD%E3%83%B3%E3%83%87%E3%82%B3%E3%83%91%E3%83%BC%E3%82%B8%E3%83%A5%E6%96%B0%E4%BD%9CN%E3%83%BB6%E6%9E%9A%E3%82%BB%E3%83%83%E3%83%88 HTTP/1.1" 200 53862 "-" "Mozilla/5.0 (Linux; Android 6.0.1; Nexus 5X Build/MMB29P) AppleWebKit/537.36 (KHTML, like Gecko) Chrome/135.0.7049.95 Mobile Safari/537.36 (compatible; Googlebot/2.1; +http://www.google.com/bot.html)"
66.249.74.38 - - [26/Apr/2025:12:11:20 -0400] "GET /?v=6531611381100&channel=440549&from=form.php%3Fid%3D113811-422%26name%3D%E3%83%AD%E3%83%BC%E3%83%AA%E3%83%B3%E3%82%B0%E3%82%B9+%E8%BB%9F%E5%BC%8F+%E3%82%B0%E3%83%AD%E3%83%BC%E3%83%96+%E3%82%AA%E3%83%BC%E3%83%AB%E3%83%A9%E3%82%A6%E3%83%B3%E3%83%89+%E3%82%AA%E3%83%BC%E3%83%AB%E3%83%95%E3%82%A3%E3%83%AB%E3%83%80%E3%83%BC+%E3%83%8F%E3%82%A4%E3%83%91%E3%83%BC%E3%83%86%E3%83%83%E3%82%AFMLB%E3%83%81%E3%83%BC%E3%83%A0+%E3%82%A2%E3%82%B9%E3%83%AC%E3%83%81%E3%83%83%E3%82%AF%E3%82%B9+%E9%87%8E%E7%90%83+GR5HTMN55W+%E5%8F%B3%E6%8A%95%E3%81%92+%E3%82%B0%E3%83%AA%E3%83%BC%E3%83%B3%C3%97%E3%82%A4%E3%82%A8%E3%83%AD%E3%83%BC HTTP/1.1" 200 55088 "-" "Mozilla/5.0 (Linux; Android 6.0.1; Nexus 5X Build/MMB29P) AppleWebKit/537.36 (KHTML, like Gecko) Chrome/135.0.7049.95 Mobile Safari/537.36 (compatible; Googlebot/2.1; +http://www.google.com/bot.html)"
66.249.74.40 - - [26/Apr/2025:12:12:19 -0400] "GET /?v=62461171260402&channel=f12d5e&from=product.php%3Fid%3D1712604-18219%26name%3D%E3%80%90HAOCOO%E3%80%91%E3%83%A9%E3%82%B0+%E5%86%86%E5%BD%A2+%E3%83%A9%E3%82%B0%E3%83%9E%E3%83%83%E3%83%88+140cm+%E3%83%81%E3%82%A7%E3%82%A2%E3%83%9E%E3%83%83%E3%83%88+%E6%B4%97%E3%81%88%E3%82%8B+%E5%8C%97%E6%AC%A7%E9%A2%A8 HTTP/1.1" 200 0 "-" "Mozilla/5.0 (Linux; Android 6.0.1; Nexus 5X Build/MMB29P) AppleWebKit/537.36 (KHTML, like Gecko) Chrome/135.0.7049.95 Mobile Safari/537.36 (compatible; GoogleOther)"
66.249.74.38 - - [26/Apr/2025:12:13:22 -0400] "GET /?v=7012067039802&channel=405a2b&from=pin.php%3Fid%3D670398-2679%26name%3D%E3%80%90+%E9%80%81%E6%96%99%E7%84%A1%E6%96%99+%E3%80%91++%E3%82%B3%E3%83%BC%E3%83%92%E3%83%BC%E3%83%9F%E3%83%AB+%E6%89%8B%E5%8B%95+%E6%89%8B%E6%8C%BD%E3%81%8D+%E3%81%8A%E3%81%97%E3%82%83%E3%82%8C+%E3%82%BB%E3%83%A9%E3%83%9F%E3%83%83%E3%82%AF+%E6%B4%97%E3%81%88%E3%82%8B+%E3%82%B3%E3%83%B3%E3%83%91%E3%82%AF%E3%83%88+%E3%82%A2%E3%82%A6%E3%83%88%E3%83%89%E3%82%A2+%E3%82%AD%E3%83%A3%E3%83%B3%E3%83%97+%E3%82%B3%E3%83%B3%E3%83%91%E3%82%AF%E3%83%88+%E9%AB%98%E7%B4%9A+%E3%82%A2%E3%83%B3%E3%83%86%E3%82%A3%E3%83%BC%E3%82%AF+%E7%8F%88%E7%90%B2%E3%83%9F%E3%83%AB+%E3%82%B9%E3%83%86%E3%83%B3%E3%83%AC%E3%82%B9 HTTP/1.1" 200 56917 "-" "Mozilla/5.0 (Linux; Android 6.0.1; Nexus 5X Build/MMB29P) AppleWebKit/537.36 (KHTML, like Gecko) Chrome/135.0.7049.95 Mobile Safari/537.36 (compatible; Googlebot/2.1; +http://www.google.com/bot.html)"
66.249.74.38 - - [26/Apr/2025:12:13:26 -0400] "GET /?v=56790183371003&channel=a11fd8&from=article.php%3Fid%3D1833710-4819%26name%3D%E6%9D%B1%E9%A6%AC+54683620+UP%E3%83%A2%E3%83%B3%E3%83%89%E3%83%A9%E3%82%A6%E3%83%B3%E3%83%89%E3%83%81%E3%82%A7%E3%82%A2+BK+%E3%83%96%E3%83%A9%E3%83%83%E3%82%AF+%E3%83%A1%E3%83%BC%E3%82%AB%E3%83%BC%E7%9B%B4%E9%80%81 HTTP/1.1" 200 0 "-" "Mozilla/5.0 (Linux; Android 6.0.1; Nexus 5X Build/MMB29P) AppleWebKit/537.36 (KHTML, like Gecko) Chrome/135.0.7049.95 Mobile Safari/537.36 (compatible; GoogleOther)"
66.249.74.38 - - [26/Apr/2025:12:13:35 -0400] "GET /?v=9197832529601&channel=907176&from=article.php%3Fid%3D325296-3945%26name%3D4+%E3%82%A4%E3%83%B3%E3%83%81%E3%81%AE%E5%8E%9A%E3%81%95%E3%81%AE+Geogrid++%E3%81%AE%E5%9C%B0%E9%9D%A2%E3%81%AE%E5%AE%89%E5%AE%9A%E8%A3%85%E7%BD%AE%E3%80%81+%E5%B1%8B%E5%A4%96%E3%81%AE%E9%80%9A%E8%B7%AF%2F%E8%BB%8A%E9%81%93%E3%81%AE%E7%A0%82%E5%88%A9%E3%81%AE%E4%BF%9D%E6%8C%81%E6%A0%BC%E5%AD%90%E3%80%813.3%2F6.5%2F10%2F13%2F16.5%2F20%EF%BC%88Amazon.co.jp%3A+%E9%A7%90%E8%BB%8A%E5%A0%B4+%E3%82%B4%E3%83%A0%E3%83%9E%E3%83%83%E3%83%88+%E6%80%A5%E3%81%AA%E6%96%9C%E9%9D%A2%E3%81%AE%E5%AE%89%E5%AE%9A%E8%A3%85%E7%BD%AE%E3%81%AE%E5%9C%B0%E9%9D%A2%E3%81%AE%E6%A0%BC%E5%AD%90+Geogrid+%E3%81%AE%E6%8B%A1%E5%BC%B5%E5%8F%AF%E8%83%BD%E3%81%AA+Geocell++%E3%81%AE%E7%A7%81%E9%81%93%E3%81%AE%E7%A0%82%E5%88%A9%E3%81%AE%E6%A0%BC%E5%AD%90%E8%8D%89%E3%81%AE%E6%A0%BC%E5%AD%90%E3%80%81%E5%89%8D%E5%BA%AD%E3%81%AE%E7%BE%8E%E5%8C%96%E3%81%AE%E5%82%BE%E6%96%9C%E8%B7%AF%E3%81%AE%E6%AD%A9%E9%81%93%E3%81%AE%E3%81%9F%E3%82%81%E3%81%AB+%28Size+%3A+2x9M%2F6.6x29.5FT%29+%3A+DIY%E3%83%BB%E5%B7%A5%E5%85%B7%E3%83%BB%E3%82%AC%E3%83%BC%E3%83%87%E3%83%B3%EF%BC%89 HTTP/1.1" 200 0 "-" "Mozilla/5.0 (Linux; Android 6.0.1; Nexus 5X Build/MMB29P) AppleWebKit/537.36 (KHTML, like Gecko) Chrome/135.0.7049.95 Mobile Safari/537.36 (compatible; GoogleOther)"
66.249.74.38 - - [26/Apr/2025:12:14:22 -0400] "GET /?v=1718013852400&channel=32649b&from=form.php%3Fid%3D138524-1575%26name%3D%EF%BC%92%E6%9C%88%E7%99%BA%E5%A3%B2%E3%80%80%E3%82%A8%E3%83%83%E3%82%B7%E3%82%A7%E3%83%B3%E3%83%90%E3%83%83%E3%83%8F+acunis+%E3%82%A2%E3%82%AF%E3%83%8B%E3%82%B9%E3%80%80%E7%9B%AE%E3%82%92%E5%8A%B4%E3%82%8F%E3%82%8B%E3%82%B5%E3%83%B3%E3%82%B0%E3%83%A9%E3%82%B9%E3%80%80%E3%82%AF%E3%83%AA%E3%83%83%E3%83%97%E3%82%AA%E3%83%B3 HTTP/1.1" 200 0 "-" "Mozilla/5.0 (Linux; Android 6.0.1; Nexus 5X Build/MMB29P) AppleWebKit/537.36 (KHTML, like Gecko) Chrome/135.0.7049.95 Mobile Safari/537.36 (compatible; GoogleOther)"
66.249.74.38 - - [26/Apr/2025:12:14:50 -0400] "GET /?v=37971188336200&channel=9c337c&from=goods.php%3Fid%3D1883362-1296%26name%3D%E2%97%8F%E5%BE%85%E6%A9%9F%E3%83%A2%E3%83%BC%E3%83%89%E3%80%80%E9%95%B7%E9%96%80%E3%80%80C%E3%83%BB%E3%83%8E%E3%83%BC%E3%83%9E%E3%83%AB%E7%89%88%E3%80%804%E6%9E%9A%E3%82%BB%E3%83%83%E3%83%88%E3%80%80SY%2FWE09-25%E3%80%80%E3%83%B4%E3%82%A1%E3%82%A4%E3%82%B9%E3%82%B7%E3%83%A5%E3%83%B4%E3%82%A1%E3%83%AB%E3%83%84%E3%80%80%E6%B6%BC%E5%AE%AE%E3%83%8F%E3%83%AB%E3%83%92%E3%81%AE%E6%86%82%E9%AC%B1%E3%80%80%E9%95%B7%E9%96%80%E6%9C%89%E5%B8%8C+%EF%BC%88BT%E3%80%91%E6%B6%BC%E5%AE%AE%E3%83%8F%E3%83%AB%E3%83%92%E3%81%AE%E6%86%82%E9%AC%B1+%E5%95%86%E5%93%81%E6%A4%9C%E7%B4%A2+%7C+%E3%83%89%E3%83%A9%E3%82%B4%E3%83%B3%E3%82%B9%E3%82%BF%E3%83%BC+%7C+%E3%83%B4%E3%82%A1%E3%82%A4%E3%82%B9%E3%82%B7%E3%83%A5%E3%83%B4%E3%82%A1%E3%83%AB%E3%83%84%EF%BC%89 HTTP/1.1" 200 0 "-" "Mozilla/5.0 (Linux; Android 6.0.1; Nexus 5X Build/MMB29P) AppleWebKit/537.36 (KHTML, like Gecko) Chrome/135.0.7049.95 Mobile Safari/537.36 (compatible; GoogleOther)"
66.249.74.38 - - [26/Apr/2025:12:16:06 -0400] "GET /?v=83202170459208&channel=d70734&from=info.php%3Fid%3D1704592-10091%26name%3D%E3%80%90%E7%93%8F%E3%80%91%E3%80%8C%E9%AD%8F%E7%B4%AB%E7%86%99%E4%BD%9C+%E7%A7%8B%E5%B1%B1%E8%A1%8C%E9%9B%B2%E5%9B%B3%E3%80%8D%E8%BF%91%E4%BB%A3%E7%94%BB%E5%AE%B6+%E8%82%89%E7%AD%86%E7%B4%99%E6%9C%AC++%E6%8E%9B%E3%81%91%E8%BB%B8+%E6%9B%B8%E7%94%BB%E7%AB%8B%E8%BB%B8+%E5%B7%BB%E3%81%8D%E7%89%A9+%E4%B8%AD%E5%9B%BD%E6%9B%B8%E7%94%BB+%E5%8F%A4%E7%BE%8E%E8%A1%93+%E9%AA%A8%E8%91%A3%E5%93%81+%E8%94%B5%E5%87%BA%EF%BC%88%E6%8E%9B%E8%BB%B8+%E7%82%B3%E6%96%87%E9%A1%8C+%E5%BC%B5%E6%96%87%E5%90%9B%E7%94%BB%E3%80%8E%E5%8F%A4%E5%AF%92%E5%B1%B1%E5%AF%BA%E5%9B%B3%E3%80%8F%E4%B8%AD%E5%9B%BD%E7%94%BB+%E7%B5%B9%E6%9C%AC+%E8%82%89%E7%AD%86+%E6%8E%9B%E3%81%91%E8%BB%B8+w121308%E3%81%AE%E9%80%9A%E8%B2%A9+by+%E5%90%89%E7%8C%AB%E5%A0%82%27s+shop%EF%BD%9C%E3%83%A9%E3%82%AF%E3%83%9E%EF%BC%89 HTTP/1.1" 200 0 "-" "Mozilla/5.0 (Linux; Android 6.0.1; Nexus 5X Build/MMB29P) AppleWebKit/537.36 (KHTML, like Gecko) Chrome/135.0.7049.95 Mobile Safari/537.36 (compatible; GoogleOther)"
66.249.74.38 - - [26/Apr/2025:12:16:29 -0400] "GET /?v=1471071059301&channel=a1df71&from=info.php%3Fid%3D710593-17659%26name%3D%E3%82%AE%E3%83%AB%E3%83%86%E3%82%A3+%E3%82%A2%E3%83%96%E3%82%BD%E3%83%AA%E3%83%A5%E3%83%BC%E3%83%88+%E3%82%AA%E3%83%BC%E3%83%89%E3%83%91%E3%83%AB%E3%83%95%E3%82%A1%E3%83%A0+90mL HTTP/1.1" 200 0 "-" "Mozilla/5.0 (Linux; Android 6.0.1; Nexus 5X Build/MMB29P) AppleWebKit/537.36 (KHTML, like Gecko) Chrome/135.0.7049.95 Mobile Safari/537.36 (compatible; GoogleOther)"
66.249.74.38 - - [26/Apr/2025:12:17:21 -0400] "GET /?v=79492142471201&channel=964cce&from=jp.php%3Fid%3D1424712-29042%26name%3D%E7%89%B9%E4%BE%A1%E3%80%80%E7%89%9B%E6%9C%AC%E3%83%8C%E3%83%A1%E9%9D%A9%E3%82%AF%E3%83%A9%E3%83%95%E3%83%88%E7%94%A8%E4%BB%95%E4%B8%8A%E3%82%8A%E9%9D%A9%E3%80%80A3%E3%80%80%E5%8E%9A%E9%81%B8%E3%81%B9%E3%82%8B%E3%80%80%E3%83%8A%E3%83%81%E3%83%A5%E3%83%A9%E3%83%AB%E3%80%80%EF%BC%91%E6%9E%9A+%EF%BC%88%E3%83%AC%E3%82%B6%E3%83%BC%E3%82%AF%E3%83%A9%E3%83%95%E3%83%88%E6%9D%90%E6%96%99%E3%81%AE%E6%BF%80%E5%AE%89%E7%89%9B%E9%9D%A9%E3%80%81%E7%89%9B%E3%83%8C%E3%83%A1%E9%9D%A9%E3%82%92%E9%80%9A%E8%B2%A9%E3%81%A8%E5%AE%9F%E5%BA%97%E8%88%97%E3%81%A7%E8%B2%A9%E5%A3%B2+%E2%80%93+%E3%83%AC%E3%82%B6%E3%83%BC%E3%83%9E%E3%83%8B%E3%82%A2%E6%9D%B1%E4%BA%AC%E9%80%9A%E8%B2%A9%EF%BC%89 HTTP/1.1" 200 0 "-" "Mozilla/5.0 (Linux; Android 6.0.1; Nexus 5X Build/MMB29P) AppleWebKit/537.36 (KHTML, like Gecko) Chrome/135.0.7049.95 Mobile Safari/537.36 (compatible; GoogleOther)"
66.249.74.38 - - [26/Apr/2025:12:17:24 -0400] "GET /?v=4685120195605&channel=10f382&from=news.php%3Fid%3D201956-11232%26name%3D%E3%82%B9%E3%83%AF%E3%83%B3%E3%82%BA%E3%80%80%E3%82%B9%E3%82%AD%E3%83%BC%E2%80%A2%E3%82%B9%E3%83%8E%E3%83%9C%E3%80%80%E8%AA%BF%E5%85%89%E3%82%B4%E3%83%BC%E3%82%B0%E3%83%AB HTTP/1.1" 200 53413 "-" "Mozilla/5.0 (Linux; Android 6.0.1; Nexus 5X Build/MMB29P) AppleWebKit/537.36 (KHTML, like Gecko) Chrome/135.0.7049.95 Mobile Safari/537.36 (compatible; Googlebot/2.1; +http://www.google.com/bot.html)"
66.249.74.38 - - [26/Apr/2025:12:17:25 -0400] "GET /?v=7047993010304&channel=c9a039&from=form.php%3Fid%3D930103-24753%26name%3D%E7%87%83%E6%96%99%E3%83%9D%E3%83%B3%E3%83%97%E3%82%A2%E3%82%BB%E3%83%B3%E3%83%96%E3%83%AA+OE%3A+31372898+23432898+%E3%83%9C%E3%83%AB%E3%83%9C+S80+II+V70+III+XC60+XC70+II+%E3%81%A8 HTTP/1.1" 200 53364 "-" "Mozilla/5.0 (Linux; Android 6.0.1; Nexus 5X Build/MMB29P) AppleWebKit/537.36 (KHTML, like Gecko) Chrome/135.0.7049.95 Mobile Safari/537.36 (compatible; Googlebot/2.1; +http://www.google.com/bot.html)"
66.249.74.39 - - [26/Apr/2025:12:17:25 -0400] "GET /?v=05308170026003&channel=22ecae&from=news.php%3Fid%3D1700260-104%26name%3D%E3%80%90%E6%96%B0%E5%93%81%E3%80%912024%E5%B9%B4%E8%A3%BD+BS+BRIDGESTONE+NEWNO+155%2F65R14+75H+14%E3%82%A4%E3%83%B3%E3%83%81+%E5%A4%8F%E3%82%BF%E3%82%A4%E3%83%A4+4%E6%9C%AC+%E3%82%B9%E3%83%90%E3%83%ABR1%2FR2+%E3%83%9F%E3%83%A9%E3%82%A4%E3%83%BC%E3%82%B9+%E3%82%BF%E3%83%B3%E3%83%88%E7%AD%89%E3%80%80%28JRB032%29%E3%82%AF%E3%83%AC%E3%82%B8%E3%83%83%E3%83%88%E3%82%AB%E3%83%BC%E3%83%89+QR%E3%82%B3%E3%83%BC%E3%83%89%E6%B1%BA%E6%B8%88%E5%8F%AF%E8%83%BD HTTP/1.1" 200 54448 "-" "Mozilla/5.0 (Linux; Android 6.0.1; Nexus 5X Build/MMB29P) AppleWebKit/537.36 (KHTML, like Gecko) Chrome/135.0.7049.95 Mobile Safari/537.36 (compatible; Googlebot/2.1; +http://www.google.com/bot.html)"
66.249.74.40 - - [26/Apr/2025:12:18:36 -0400] "GET /?v=9197832529600&channel=907176&from=blog.php%3Fid%3D325296-3945%26name%3D4+%E3%82%A4%E3%83%B3%E3%83%81%E3%81%AE%E5%8E%9A%E3%81%95%E3%81%AE+Geogrid++%E3%81%AE%E5%9C%B0%E9%9D%A2%E3%81%AE%E5%AE%89%E5%AE%9A%E8%A3%85%E7%BD%AE%E3%80%81+%E5%B1%8B%E5%A4%96%E3%81%AE%E9%80%9A%E8%B7%AF%2F%E8%BB%8A%E9%81%93%E3%81%AE%E7%A0%82%E5%88%A9%E3%81%AE%E4%BF%9D%E6%8C%81%E6%A0%BC%E5%AD%90%E3%80%813.3%2F6.5%2F10%2F13%2F16.5%2F20%EF%BC%88Amazon.co.jp%3A+%E9%A7%90%E8%BB%8A%E5%A0%B4+%E3%82%B4%E3%83%A0%E3%83%9E%E3%83%83%E3%83%88+%E6%80%A5%E3%81%AA%E6%96%9C%E9%9D%A2%E3%81%AE%E5%AE%89%E5%AE%9A%E8%A3%85%E7%BD%AE%E3%81%AE%E5%9C%B0%E9%9D%A2%E3%81%AE%E6%A0%BC%E5%AD%90+Geogrid+%E3%81%AE%E6%8B%A1%E5%BC%B5%E5%8F%AF%E8%83%BD%E3%81%AA+Geocell++%E3%81%AE%E7%A7%81%E9%81%93%E3%81%AE%E7%A0%82%E5%88%A9%E3%81%AE%E6%A0%BC%E5%AD%90%E8%8D%89%E3%81%AE%E6%A0%BC%E5%AD%90%E3%80%81%E5%89%8D%E5%BA%AD%E3%81%AE%E7%BE%8E%E5%8C%96%E3%81%AE%E5%82%BE%E6%96%9C%E8%B7%AF%E3%81%AE%E6%AD%A9%E9%81%93%E3%81%AE%E3%81%9F%E3%82%81%E3%81%AB+%28Size+%3A+2x9M%2F6.6x29.5FT%29+%3A+DIY%E3%83%BB%E5%B7%A5%E5%85%B7%E3%83%BB%E3%82%AC%E3%83%BC%E3%83%87%E3%83%B3%EF%BC%89 HTTP/1.1" 200 0 "-" "Mozilla/5.0 (Linux; Android 6.0.1; Nexus 5X Build/MMB29P) AppleWebKit/537.36 (KHTML, like Gecko) Chrome/135.0.7049.95 Mobile Safari/537.36 (compatible; GoogleOther)"
66.249.74.39 - - [26/Apr/2025:12:19:24 -0400] "GET /?v=82103173805901&channel=24bb32&from=product.php%3Fid%3D1738059-1571%26name%3D%E3%80%90%E6%9C%AC%E7%89%A9%E4%BF%9D%E8%A8%BC%E3%80%91+%E6%96%B0%E5%93%81%E5%90%8C%E6%A7%98+%E3%83%AA%E3%83%B3%E3%82%B0+%E6%8C%87%E8%BC%AA+K18YG+%E3%83%A1%E3%83%AC%E3%83%80%E3%82%A4%E3%83%A4%E3%83%A2%E3%83%B3%E3%83%89+0.086ct+8.5%E5%8F%B7+%E3%83%8E%E3%83%BC%E3%83%96%E3%83%A9%E3%83%B3%E3%83%89+No+brand+%E3%80%90%E4%B8%AD%E5%8F%A4%E3%80%91 HTTP/1.1" 200 55077 "-" "Mozilla/5.0 (Linux; Android 6.0.1; Nexus 5X Build/MMB29P) AppleWebKit/537.36 (KHTML, like Gecko) Chrome/135.0.7049.114 Mobile Safari/537.36 (compatible; Googlebot/2.1; +http://www.google.com/bot.html)"
66.249.74.39 - - [26/Apr/2025:12:20:36 -0400] "GET /?v=51822195289900&channel=e621d6&from=goods.php%3Fid%3D1952899-2081%26name%3D%E3%80%90%E4%B8%AD%E5%8F%A4%E3%80%91%5BFIG%5D%E9%AD%82%E3%82%A6%E3%82%A7%E3%83%96%E5%95%86%E5%BA%97%E9%99%90%E5%AE%9A+ROBOT%E9%AD%82%28SIDE+AB%29+%E3%83%93%E3%83%AB%E3%83%90%E3%82%A4%E3%83%B3%28%E8%BF%B7%E5%BD%A9%E5%A1%97%E8%A3%85Ver.%29+%E8%81%96%E6%88%A6%E5%A3%AB%E3%83%80%E3%83%B3%E3%83%90%E3%82%A4%E3%83%B3+%E5%AE%8C%E6%88%90%E5%93%81+%E5%8F%AF%E5%8B%95%E3%83%95%E3%82%A3%E3%82%AE%E3%83%A5%E3%82%A2+%E3%83%90%E3%83%B3%E3%83%80%E3%82%A4%2861183987%29 HTTP/1.1" 200 0 "-" "Mozilla/5.0 (Linux; Android 6.0.1; Nexus 5X Build/MMB29P) AppleWebKit/537.36 (KHTML, like Gecko) Chrome/135.0.7049.95 Mobile Safari/537.36 (compatible; GoogleOther)"
66.249.74.39 - - [26/Apr/2025:12:20:38 -0400] "GET /?v=0037943890905&channel=de4329&from=brands.php%3Fid%3D438909-17275%26name%3DHDBODY+304%E3%82%B9%E3%83%86%E3%83%B3%E3%83%AC%E3%82%B9%E3%82%B9%E3%83%81%E3%83%BC%E3%83%AB%E7%B9%94%E7%B7%9A%E3%80%8130%E3%83%A1%E3%83%83%E3%82%B7%E3%83%A5%E3%83%A1%E3%83%83%E3%82%B7%E3%83%A5%E3%83%A1%E3%82%BF%E3%83%AB%E3%83%A1%E3%83%83%E3%82%B7%E3%83%A5%E3%82%B9%E3%82%AF%E3%83%AA%E3%83%BC%E3%83%B3%E3%80%81%E3%82%A6%E3%82%A3%E3%83%B3%E3%83%89%E3%82%A6%E3%82%B9%E3%82%AF%E3%83%AA%E3%83%BC%E3%83%B3%E3%83%8D%E3%83%83%E3%83%88%E3%80%81%E3%83%AB%E3%83%BC%E3%83%95%E3%82%BD%E3%83%95%E3%82%A3%E3%83%83 HTTP/1.1" 200 0 "-" "Mozilla/5.0 (Linux; Android 6.0.1; Nexus 5X Build/MMB29P) AppleWebKit/537.36 (KHTML, like Gecko) Chrome/135.0.7049.95 Mobile Safari/537.36 (compatible; GoogleOther)"
66.249.74.39 - - [26/Apr/2025:12:20:58 -0400] "GET /?v=776023918002&channel=2281d5&from=goods.php%3Fid%3D39180-4054%26name%3D%E3%83%8F%E3%82%A4%E3%83%9B%E3%83%AF%E3%82%A4%E3%83%88%E3%82%B7%E3%83%AB%E3%83%90%E3%83%BC%E3%80%80%E5%8E%9A%E3%81%950.05mm%C3%97%E5%B9%85270cm%C3%97%E9%95%B7%E3%81%9525m%EF%BC%88%E3%83%80%E3%83%96%E3%83%AB%E6%8A%98%E3%82%8A%EF%BC%89 HTTP/1.1" 200 53773 "-" "Mozilla/5.0 (Linux; Android 6.0.1; Nexus 5X Build/MMB29P) AppleWebKit/537.36 (KHTML, like Gecko) Chrome/135.0.7049.114 Mobile Safari/537.36 (compatible; Googlebot/2.1; +http://www.google.com/bot.html)"
66.249.74.40 - - [26/Apr/2025:12:21:24 -0400] "GET /?v=7692981837505&channel=adba04&from=jp.php%3Fid%3D818375-6%26name%3D%E7%BE%8E%E5%93%81+%E3%82%A2%E3%83%B3%E3%83%86%E3%83%97%E3%83%AA%E3%83%9E+%E3%83%9F%E3%83%8B%E3%82%AF%E3%83%AD%E3%82%B9%E3%82%B7%E3%83%A7%E3%83%AB%E3%83%80%E3%83%BC%E3%83%90+%EF%BC%88%E3%83%9F%E3%83%8B%E3%83%90%E3%83%83%E3%82%B0%E3%80%90%E5%85%AC%E5%BC%8F%E3%80%91%E3%82%A2%E3%83%B3%E3%83%86%E3%83%97%E3%83%AA%E3%83%9E+%E3%82%AA%E3%83%B3%E3%83%A9%E3%82%A4%E3%83%B3%E3%82%B9%E3%83%88%E3%82%A2%E3%80%90%E6%96%B0%E8%A6%8F%E4%BC%9A%E5%93%A1%E7%99%BB%E9%8C%B2%E3%81%A7%EF%BC%95%EF%BC%90%EF%BC%90%E3%83%9D%E3%82%A4%E3%83%B3%E3%83%88%E3%83%97%E3%83%AC%E3%82%BC%E3%83%B3%E3%83%88%EF%BC%81%E3%80%91%EF%BC%89 HTTP/1.1" 200 0 "-" "Mozilla/5.0 (Linux; Android 6.0.1; Nexus 5X Build/MMB29P) AppleWebKit/537.36 (KHTML, like Gecko) Chrome/135.0.7049.95 Mobile Safari/537.36 (compatible; GoogleOther)"
