4.227.36.109 - - [28/Apr/2025:15:03:49 -0400] "GET /robots.txt HTTP/1.1" 200 61 "-" "Mozilla/5.0 AppleWebKit/537.36 (KHTML, like Gecko; compatible; GPTBot/1.2; +https://openai.com/gptbot)"
20.171.207.249 - - [28/Apr/2025:15:03:50 -0400] "GET /xmlrpc.php HTTP/1.1" 403 1242 "-" "Mozilla/5.0 AppleWebKit/537.36 (KHTML, like Gecko; compatible; GPTBot/1.2; +https://openai.com/gptbot)"
93.123.109.81 - - [28/Apr/2025:15:03:59 -0400] "GET /.env HTTP/1.1" 403 1242 "-" "Mozilla/5.0 (X11; Linux x86_64) AppleWebKit/537.36 (KHTML, like Gecko) Chrome/81.0.4044.129 Safari/537.36"
93.123.109.81 - - [28/Apr/2025:15:04:00 -0400] "GET /api/.env HTTP/1.1" 403 1242 "-" "Mozilla/5.0 (X11; Linux x86_64) AppleWebKit/537.36 (KHTML, like Gecko) Chrome/81.0.4044.129 Safari/537.36"
93.123.109.81 - - [28/Apr/2025:15:04:00 -0400] "GET /.env.save HTTP/1.1" 403 1242 "-" "Mozilla/5.0 (X11; Linux x86_64) AppleWebKit/537.36 (KHTML, like Gecko) Chrome/81.0.4044.129 Safari/537.36"
93.123.109.81 - - [28/Apr/2025:15:04:01 -0400] "GET /.env.prod HTTP/1.1" 403 1242 "-" "Mozilla/5.0 (X11; Linux x86_64) AppleWebKit/537.36 (KHTML, like Gecko) Chrome/81.0.4044.129 Safari/537.36"
93.123.109.81 - - [28/Apr/2025:15:04:01 -0400] "GET /env.js HTTP/1.1" 200 0 "-" "Mozilla/5.0 (X11; Linux x86_64) AppleWebKit/537.36 (KHTML, like Gecko) Chrome/81.0.4044.129 Safari/537.36"
93.123.109.81 - - [28/Apr/2025:15:04:02 -0400] "GET /api/config.js HTTP/1.1" 200 0 "-" "Mozilla/5.0 (X11; Linux x86_64) AppleWebKit/537.36 (KHTML, like Gecko) Chrome/81.0.4044.129 Safari/537.36"
93.123.109.81 - - [28/Apr/2025:15:04:03 -0400] "GET /assets/env.js HTTP/1.1" 200 0 "-" "Mozilla/5.0 (X11; Linux x86_64) AppleWebKit/537.36 (KHTML, like Gecko) Chrome/81.0.4044.129 Safari/537.36"
93.123.109.81 - - [28/Apr/2025:15:04:04 -0400] "GET /js/config.js HTTP/1.1" 200 0 "-" "Mozilla/5.0 (X11; Linux x86_64) AppleWebKit/537.36 (KHTML, like Gecko) Chrome/81.0.4044.129 Safari/537.36"
93.123.109.81 - - [28/Apr/2025:15:04:05 -0400] "GET /js/app.js HTTP/1.1" 200 0 "-" "Mozilla/5.0 (X11; Linux x86_64) AppleWebKit/537.36 (KHTML, like Gecko) Chrome/81.0.4044.129 Safari/537.36"
93.123.109.81 - - [28/Apr/2025:15:04:06 -0400] "GET /config.json HTTP/1.1" 200 0 "-" "Mozilla/5.0 (X11; Linux x86_64) AppleWebKit/537.36 (KHTML, like Gecko) Chrome/81.0.4044.129 Safari/537.36"
93.123.109.81 - - [28/Apr/2025:15:04:07 -0400] "GET /phpinfo.php HTTP/1.1" 200 0 "-" "Mozilla/5.0 (X11; Linux x86_64) AppleWebKit/537.36 (KHTML, like Gecko) Chrome/81.0.4044.129 Safari/537.36"
93.123.109.81 - - [28/Apr/2025:15:04:08 -0400] "GET /phpinfo HTTP/1.1" 200 0 "-" "Mozilla/5.0 (X11; Linux x86_64) AppleWebKit/537.36 (KHTML, like Gecko) Chrome/81.0.4044.129 Safari/537.36"
93.123.109.81 - - [28/Apr/2025:15:04:09 -0400] "GET /dev/.env HTTP/1.1" 403 1242 "-" "Mozilla/5.0 (X11; Linux x86_64) AppleWebKit/537.36 (KHTML, like Gecko) Chrome/81.0.4044.129 Safari/537.36"
93.123.109.81 - - [28/Apr/2025:15:04:09 -0400] "GET /application/.env HTTP/1.1" 403 1242 "-" "Mozilla/5.0 (X11; Linux x86_64) AppleWebKit/537.36 (KHTML, like Gecko) Chrome/81.0.4044.129 Safari/537.36"
93.123.109.81 - - [28/Apr/2025:15:04:10 -0400] "GET /php_info.php HTTP/1.1" 200 0 "-" "Mozilla/5.0 (X11; Linux x86_64) AppleWebKit/537.36 (KHTML, like Gecko) Chrome/81.0.4044.129 Safari/537.36"
93.123.109.81 - - [28/Apr/2025:15:04:11 -0400] "GET /_profiler/phpinfo HTTP/1.1" 200 0 "-" "Mozilla/5.0 (X11; Linux x86_64) AppleWebKit/537.36 (KHTML, like Gecko) Chrome/81.0.4044.129 Safari/537.36"
93.123.109.81 - - [28/Apr/2025:15:04:12 -0400] "POST / HTTP/1.1" 200 0 "-" "Mozilla/5.0 (X11; Linux x86_64) AppleWebKit/537.36 (KHTML, like Gecko) Chrome/81.0.4044.129 Safari/537.36"
66.249.75.170 - - [28/Apr/2025:15:04:15 -0400] "GET /?v=6325885276806&channel=171130&from=goods.php%3Fid%3D852768-9765%26name%3D%E3%83%AB%E3%82%A4%E3%83%B4%E3%82%A3%E3%83%88%E3%83%B3+Louis+Vuitton+%E3%82%AD%E3%83%BC%E3%83%9D%E3%83%AB+%E3%83%90%E3%83%B3%E3%83%89%E3%83%AA%E3%82%A8%E3%83%BC%E3%83%AB55+%E3%83%9C%E3%82%B9%E3%83%88%E3%83%B3 HTTP/1.1" 200 53858 "-" "Mozilla/5.0 (Linux; Android 6.0.1; Nexus 5X Build/MMB29P) AppleWebKit/537.36 (KHTML, like Gecko) Chrome/135.0.7049.114 Mobile Safari/537.36 (compatible; Googlebot/2.1; +http://www.google.com/bot.html)"
66.249.75.169 - - [28/Apr/2025:15:04:34 -0400] "GET /?v=7073972164402&channel=f03c23&from=pin.php%3Fid%3D721644-3877%26name%3DMilisten+4+%E3%82%BB%E3%83%83%E3%83%88+%E3%83%80%E3%82%A4%E3%83%A4%E3%83%A2%E3%83%B3%E3%83%89%E5%A1%97%E8%A3%85%E9%A2%A8%E9%88%B4+%E3%83%81%E3%83%A3%E3%82%A4%E3%83%A0+%E5%A4%A7%E3%81%8D%E3%81%AA%E3%83%93%E3%83%BC%E3%82%BA+%E3%83%9A%E3%83%B3%E3%83%80%E3%83%B3%E3%83%88+%E3%82%B5%E3%83%B3%E3%83%93%E3%83%BC%E3%82%BA+%E3%83%80%E3%82%A4%E3%83%A4%E3%83%A2%E3%83%B3%E3%83%89%E3%82%A2%E3%83%BC%E3%83%88+%E8%8A%B1+%E3%83%89%E3%83%AA%E3%83%BC%E3%83%A0 HTTP/1.1" 200 55102 "-" "Mozilla/5.0 (Linux; Android 6.0.1; Nexus 5X Build/MMB29P) AppleWebKit/537.36 (KHTML, like Gecko) Chrome/135.0.7049.95 Mobile Safari/537.36 (compatible; Googlebot/2.1; +http://www.google.com/bot.html)"
66.249.75.170 - - [28/Apr/2025:15:05:36 -0400] "GET /?v=95902168188500&channel=2513de&from=blog.php%3Fid%3D1681885-130%26name%3D%E3%82%B6%E3%83%8A%E3%83%83%E3%82%AF%E3%82%B9+Xanax+%E7%A1%AC%E5%BC%8F%E3%83%88%E3%83%AC%E3%83%BC%E3%83%8B%E3%83%B3%E3%82%B0%E3%82%B0%E3%83%A9%E3%83%96+%E5%8F%B3%E6%8A%95%E7%94%A8+%E3%82%AA%E3%83%AC%E3%83%B3%E3%82%B8%C3%97%E3%83%AC%E3%83%83%E3%83%89%C3%97%E3%82%BF%E3%83%B3+BHG9121TP HTTP/1.1" 200 0 "-" "Mozilla/5.0 (Linux; Android 6.0.1; Nexus 5X Build/MMB29P) AppleWebKit/537.36 (KHTML, like Gecko) Chrome/135.0.7049.95 Mobile Safari/537.36 (compatible; GoogleOther)"
66.249.75.171 - - [28/Apr/2025:15:07:33 -0400] "GET /?v=56201136692905&channel=65ef4e&from=blog.php%3Fid%3D1366929-18173%26name%3D%E3%83%90%E3%82%B9%E3%83%AB%E3%83%BC%E3%83%A0%E3%82%B0%E3%83%A9%E3%83%96%E3%83%90%E3%83%BC+%E3%83%90%E3%82%B9%E3%83%AB%E3%83%BC%E3%83%A0%E3%82%B0%E3%83%A9%E3%83%96%E3%83%90%E3%83%BC+%E3%82%BF%E3%82%AA%E3%83%AB%E3%83%90%E3%83%BC+%E5%AE%89%E5%85%A8%E3%83%8F%E3%83%B3%E3%83%89%E3%83%AB+%E3%83%90%E3%82%B9%E3%82%BF%E3%83%96%E3%82%B0%E3%83%A9%E3%83%96%E3%83%90%E3%83%BC+%E3%82%B7%E3%83%A3%E3%83%AF%E3%83%BC%E3%83%8F%E3%83%B3%E3%83%89%E3%82%B0%E3%83%AA%E3%83%83%E3%83%97+%E3%82%B7%E3%83%A3%E3%83%AF%E3%83%BC%E3%82%B0%E3%83%A9%E3%83%96%E3%83%90%E3%83%BC HTTP/1.1" 200 0 "-" "Mozilla/5.0 (Linux; Android 6.0.1; Nexus 5X Build/MMB29P) AppleWebKit/537.36 (KHTML, like Gecko) Chrome/135.0.7049.95 Mobile Safari/537.36 (compatible; GoogleOther)"
66.249.75.169 - - [28/Apr/2025:15:08:18 -0400] "GET /?v=94997156995601&channel=701fe4&from=product.php%3Fid%3D1569956-8972%26name%3D%E2%98%85%E6%86%A7%E3%82%8C%E3%81%AE%E3%83%95%E3%83%AB%E3%82%B5%E3%82%A4%E3%82%BA%E2%98%85DIGIC+4%E6%90%AD%E8%BC%89%E2%98%85%E3%82%AD%E3%83%A3%E3%83%8E%E3%83%B3+5D+MarkII+%E3%82%86%E3%81%86%E3%83%91%E3%83%83%E3%82%AF%E4%BB%A3%E5%BC%95%E3%81%8D%E7%99%BA%E9%80%81%E2%99%AA%E9%80%81%E6%96%99%E3%80%81%E4%BB%A3%E5%BC%95%E3%81%8D%E6%89%8B%E6%95%B0%E6%96%99%E7%84%A1%E6%96%99%E2%99%AA HTTP/1.1" 200 55688 "-" "Mozilla/5.0 (Linux; Android 6.0.1; Nexus 5X Build/MMB29P) AppleWebKit/537.36 (KHTML, like Gecko) Chrome/135.0.7049.114 Mobile Safari/537.36 (compatible; Googlebot/2.1; +http://www.google.com/bot.html)"
54.36.149.38 - - [28/Apr/2025:15:08:31 -0400] "GET /robots.txt HTTP/1.1" 200 0 "-" "Mozilla/5.0 (compatible; AhrefsBot/7.0; +http://ahrefs.com/robot/)"
51.222.253.17 - - [28/Apr/2025:15:08:33 -0400] "GET /tag/maxwin/feed/ HTTP/1.1" 200 0 "-" "Mozilla/5.0 (compatible; AhrefsBot/7.0; +http://ahrefs.com/robot/)"
39.162.111.241 - - [28/Apr/2025:15:09:04 -0400] "GET /wp-includes/theme.json HTTP/1.1" 200 8704 "-" "Mozilla/5.0 (Linux; Android 4.0) AppleWebKit/531.2 (KHTML, like Gecko) Chrome/44.0.861.0 Safari/531.2"
66.249.75.171 - - [28/Apr/2025:15:09:40 -0400] "GET /?v=76632181193604&channel=afb3ed&from=goods.php%3Fid%3D1811936-116%26name%3DHjxdxwdp+%E3%82%AD%E3%83%A3%E3%83%83%E3%83%88%E3%82%BF%E3%83%AF%E3%83%BC+%E7%8C%AB%E3%82%AF%E3%83%A9%E3%82%A4%E3%83%9F%E3%83%B3%E3%82%B0%E3%83%95%E3%83%AC%E3%83%BC%E3%83%A0+%E7%8C%AB%E3%81%AE%E3%81%8A%E3%82%82%E3%81%A1%E3%82%83++%E3%82%AD%E3%83%A3%E3%83%83%E3%83%88%E3%83%8F%E3%82%A6%E3%82%B9+%E7%8C%AB%E3%83%99%E3%83%83%E3%83%89+%E7%8C%AB%E3%81%AE%E5%B7%A3+%E3%82%AD%E3%83%A3%E3%83%83%E3%83%88%E3%83%8F%E3%82%A6%E3%82%B9+%E3%81%99%E3%81%B9%E3%81%A6%E3%81%AE%E7%8C%AB%EF%BC%88%E7%8C%AB%E3%83%8F%E3%82%A6%E3%82%B9%26%E3%82%AD%E3%83%A3%E3%83%83%E3%83%88%E3%82%BF%E3%83%AF%E3%83%BC+%E5%9B%9B%E8%A7%92BOX%E2%91%A1%E7%AE%B1%E4%B8%B8+%EF%BD%9C+%E7%8C%AB%E3%81%AE%E3%81%9F%E3%82%81%E3%81%AE%E6%9C%A8%E5%B7%A5%E6%89%80%EF%BC%89 HTTP/1.1" 200 55121 "-" "Mozilla/5.0 (Linux; Android 6.0.1; Nexus 5X Build/MMB29P) AppleWebKit/537.36 (KHTML, like Gecko) Chrome/135.0.7049.95 Mobile Safari/537.36 (compatible; Googlebot/2.1; +http://www.google.com/bot.html)"
66.249.75.169 - - [28/Apr/2025:15:10:31 -0400] "GET /?v=12920185109102&channel=25e655&from=blog.php%3Fid%3D1851091-27380%26name%3D%E2%96%A0%E8%A6%B3%E5%BF%83%E3%83%BB%E6%99%82%E4%BB%A3%E6%97%A7%E8%94%B5%E2%96%A0C7638%E9%AB%98%E9%BA%97%E6%97%A7%E8%94%B5+%E6%9C%9D%E9%AE%AE%E7%BE%8E%E8%A1%93+%E9%AB%98%E9%BA%97%E7%A3%81+%E6%9C%9D%E9%AE%AE%E5%8F%A4%E9%99%B6%E7%A3%81%E5%99%A8+%E5%8F%A4%E9%AB%98%E9%BA%97+%E6%9D%8E%E6%9C%9D+%E9%AB%98%E9%BA%97%E7%B5%9E%E8%83%8E%E8%91%AB%E8%8A%A6%E7%93%B6 HTTP/1.1" 200 0 "-" "Mozilla/5.0 (Linux; Android 6.0.1; Nexus 5X Build/MMB29P) AppleWebKit/537.36 (KHTML, like Gecko) Chrome/135.0.7049.95 Mobile Safari/537.36 (compatible; GoogleOther)"
66.249.75.170 - - [28/Apr/2025:15:10:34 -0400] "GET /?v=2854641905102&channel=6ef723&from=article.php%3Fid%3D419051-2030%26name%3D%E3%83%AA%E3%83%A5%E3%83%83%E3%82%AF+%E3%83%95%E3%83%A9%E3%83%83%E3%83%97%E4%BB%98%E3%81%8D+%E3%83%AD%E3%82%B4%E3%83%AC%E3%82%B9+15.3%E3%82%A4%E3%83%B3%E3%83%81+PC%E5%8F%8E%E7%B4%8D+%E9%80%9A%E5%AD%A6+%E9%80%9A%E5%8B%A4+%E3%82%AB%E3%82%B8%E3%83%A5%E3%82%A2%E3%83%AB+%E5%A4%9A%E6%A9%9F%E8%83%BD+%E3%83%A1%E3%83%B3%E3%82%BA+%E3%83%93%E3%82%B8%E3%83%8D%E3%82%B9+%E3%83%90%E3%83%83%E3%82%AF%E3%83%91%E3%83%83%E3%82%AF+%E5%A4%A7%E5%AE%B9%E9%87%8F+24L+A4%E5%8F%8E%E7%B4%8D+%E3%83%96%E3%83%A9%E3%83%83%E3%82%AF HTTP/1.1" 200 0 "-" "Mozilla/5.0 (Linux; Android 6.0.1; Nexus 5X Build/MMB29P) AppleWebKit/537.36 (KHTML, like Gecko) Chrome/135.0.7049.95 Mobile Safari/537.36 (compatible; GoogleOther)"
66.249.75.170 - - [28/Apr/2025:15:12:24 -0400] "GET /?v=7222569032400&channel=682f76&from=article.php%3Fid%3D690324-4915%26name%3D%E3%80%90%E4%B8%AD%E5%8F%A4%E3%80%91+SAMYANG+%E5%8D%98%E7%84%A6%E7%82%B9%E9%AD%9A%E7%9C%BC%E3%83%AC%E3%83%B3%E3%82%BA+8mm+F2.8+II+%E3%83%96%E3%83%A9%E3%83%83%E3%82%AF+%E3%83%95%E3%82%B8%E3%83%95%E3%82%A4%E3%83%AB%E3%83%A0+X%E7%94%A8+APS-C%E7%94%A8 HTTP/1.1" 200 57828 "-" "Mozilla/5.0 (Linux; Android 6.0.1; Nexus 5X Build/MMB29P) AppleWebKit/537.36 (KHTML, like Gecko) Chrome/135.0.7049.114 Mobile Safari/537.36 (compatible; Googlebot/2.1; +http://www.google.com/bot.html)"
66.249.75.169 - - [28/Apr/2025:15:12:31 -0400] "GET /?v=17421166844203&channel=24bb32&from=product.php%3Fid%3D1668442-1571%26name%3DK18YG%2FPG%2FWG%2FPt950%E3%80%900.05ct%E3%80%91%E3%83%81%E3%82%A7%E3%83%BC%E3%83%B3%E3%83%A2%E3%83%81%E3%83%BC%E3%83%95+%E3%83%80%E3%82%A4%E3%83%A4%E3%83%A2%E3%83%B3%E3%83%89+%E3%83%AA%E3%83%B3%E3%82%B0++%3Cbr%3E%E3%82%AE%E3%83%95%E3%83%88%E5%8C%85%E8%A3%85++%E9%80%81%E6%96%99%E7%84%A1%E6%96%99+18%E9%87%91+K18+%E3%83%97%E3%83%A9%E3%83%81%E3%83%8A+%E3%83%80%E3%82%A4%E3%83%A4+%E3%83%80%E3%82%A4%E3%82%A2+%E6%8C%87%E8%BC%AA+4%E6%9C%88%E8%AA%95%E7%94%9F%E7%9F%B3+%E3%83%80%E3%82%A4%E3%83%A4%E3%83%AA%E3%83%B3%E3%82%B0+%E3%81%8A%E3%81%97%E3%82%83%E3%82%8C+%E5%80%8B%E6%80%A7%E7%9A%84+%E3%83%81%E3%82%A7%E3%83%BC%E3%83%B3%E3%83%87%E3%82%B6%E3%82%A4%E3%83%B3+%E9%8E%96+%E3%83%81%E3%82%A7%E3%83%BC%E3%83%B3%E3%83%AA%E3%83%B3%E3%82%B0+%E3%83%A6%E3%83%8B%E3%83%BC%E3%82%AF+%E3%82%A8%E3%82%A2%E3%83%AA%E3%83%BC+%E4%BA%BA%E6%B0%97+%E3%83%AC%E3%83%87%E3%82%A3%E3%83%BC%E3%82%B9++%E3%82%B8%E3%83%A5%E3%82%A8%E3%83%AA%E3%83%BC+LEPORGEM HTTP/1.1" 200 0 "-" "Mozilla/5.0 (Linux; Android 6.0.1; Nexus 5X Build/MMB29P) AppleWebKit/537.36 (KHTML, like Gecko) Chrome/135.0.7049.95 Mobile Safari/537.36 (compatible; GoogleOther)"
66.249.75.169 - - [28/Apr/2025:15:12:41 -0400] "GET /?v=15055182005511&channel=770457&from=info.php%3Fid%3D1820055-2961%26name%3D%E3%83%9D%E3%83%BC%E3%82%BF%E3%83%96%E3%83%AB+%E8%BB%8A%E8%BC%89+%E4%BF%9D%E6%B8%A9+%E5%86%B7%E5%87%8D+%E5%86%B7%E8%94%B5%E5%BA%AB+32L+-20%E2%84%83%E3%80%9C55%E2%84%83+%E3%83%80%E3%83%96%E3%83%AB+%E3%83%90%E3%83%83%E3%83%86%E3%83%AA%E3%83%BC+%E5%86%85%E8%94%B5%E5%8F%AF+%E3%82%A2%E3%82%A6%E3%83%88%E3%83%89%E3%82%A2+%E9%87%A3%E3%82%8A+%E6%A5%AD%E5%8B%99%E7%94%A8+%E9%81%A0%E9%9A%94%E6%93%8D%E4%BD%9C+3WAY%E9%9B%BB%E6%BA%90+%E3%83%9B%E3%82%A4%E3%83%BC%E3%83%AB+%E7%89%BD%E5%BC%95+%E6%80%A5%E9%80%9F%E5%86%B7%E5%87%8D HTTP/1.1" 200 54784 "-" "Mozilla/5.0 (Linux; Android 6.0.1; Nexus 5X Build/MMB29P) AppleWebKit/537.36 (KHTML, like Gecko) Chrome/135.0.7049.95 Mobile Safari/537.36 (compatible; Googlebot/2.1; +http://www.google.com/bot.html)"
66.249.75.169 - - [28/Apr/2025:15:14:08 -0400] "GET /?v=2858919045414&channel=e9d979&from=shared.php%3Fid%3D190454-10651%26name%3D%E3%83%87%E3%82%B6%E3%82%A4%E3%83%B3%E3%83%9C%E3%83%BC%E3%83%89%E3%83%99%E3%83%83%E3%83%89+%E3%82%B9%E3%82%BF%E3%83%B3%E3%83%80%E3%83%BC%E3%83%89%E3%83%9C%E3%83%B3%E3%83%8D%E3%83%AB%E3%82%B3%E3%82%A4%E3%83%AB%E3%83%9E%E3%83%83%E3%83%88%E3%83%AC%E3%82%B9%E4%BB%98%E3%81%8D+%E6%9C%A8%E8%84%9A%E3%82%BF%E3%82%A4%E3%83%97+%E3%82%B9%E3%83%86%E3%83%BC%E3%82%B8+%E3%82%BB%E3%83%9F%E3%82%B7%E3%83%B3%E3%82%B0%E3%83%AB+%E3%83%95%E3%83%AC%E3%83%BC%E3%83%A0%E5%B9%85100+%E7%B5%84%E7%AB%8B%E8%A8%AD%E7%BD%AE%E4%BB%98 HTTP/1.1" 200 0 "-" "Mozilla/5.0 (Linux; Android 6.0.1; Nexus 5X Build/MMB29P) AppleWebKit/537.36 (KHTML, like Gecko) Chrome/135.0.7049.95 Mobile Safari/537.36 (compatible; GoogleOther)"
66.249.75.165 - - [28/Apr/2025:15:14:41 -0400] "GET /?v=0939710825701&channel=60bfaa&from=category-info.php%3Fid%3D108257-3448%26name%3D%E2%97%86%E3%82%B9%E3%83%AA%E3%83%BC%E3%82%BC%E3%83%AD%E2%97%86%E3%83%AD%E3%83%9C%E9%81%93+%E3%82%A8%E3%83%B4%E3%82%A1%E3%83%B3%E3%82%B2%E3%83%AA%E3%82%AA%E3%83%B3+%E6%96%B0%E5%8A%87%E5%A0%B4%E7%89%88+%E5%88%9D%E5%8F%B7%E6%A9%9F++%E3%80%90%E6%AD%A3%E8%A6%8F%E5%93%81%E3%80%91%EF%BC%88threezero%E3%80%8C%E3%83%AD%E3%83%9C%E9%81%93%E3%80%8D%E3%82%B7%E3%83%AA%E3%83%BC%E3%82%BA%E3%81%AB%E3%82%A8%E3%83%B4%E3%82%A1%E5%88%9D%E5%8F%B7%E6%A9%9F%E3%81%8C%E7%99%BB%E5%A0%B4%EF%BC%819%E6%9C%88%E7%99%BA%E5%A3%B2+-+%E3%82%A8%E3%83%B4%E3%82%A1%E7%B7%8A%E6%80%A5%E3%83%8B%E3%83%A5%E3%83%BC%E3%82%B9%EF%BC%89 HTTP/1.1" 200 53964 "-" "Mozilla/5.0 (Linux; Android 6.0.1; Nexus 5X Build/MMB29P) AppleWebKit/537.36 (KHTML, like Gecko) Chrome/135.0.7049.95 Mobile Safari/537.36 (compatible; Googlebot/2.1; +http://www.google.com/bot.html)"
66.249.75.171 - - [28/Apr/2025:15:15:45 -0400] "GET /?v=99799195519902&channel=553b08&from=info.php%3Fid%3D1955199-3872%26name%3DPoxvythb+%E3%82%AB%E3%83%BC%E3%83%86%E3%83%B3+PVC%E3%82%B9%E3%83%88%E3%83%AA%E3%83%83%E3%83%97+%E6%96%AD%E7%86%B1%E3%83%91%E3%83%BC%E3%83%86+DIY+%E3%83%89%E3%82%A2+%E9%80%8F%E6%98%8E%E3%81%AA%E3%83%97%E3%83%A9%E3%82%B9%E3%83%81%E3%83%83%E3%82%AF+%E3%82%BD%E3%83%95%E3%83%88+%E9%98%B2%E6%B0%B4+%E9%98%B2%E9%A2%A8+%E9%98%B2%E5%A1%B5+%E3%83%93%E3%83%8B%E3%83%BC%E3%83%AB+%E5%8F%96%E3%82%8A HTTP/1.1" 200 0 "-" "Mozilla/5.0 (Linux; Android 6.0.1; Nexus 5X Build/MMB29P) AppleWebKit/537.36 (KHTML, like Gecko) Chrome/135.0.7049.95 Mobile Safari/537.36 (compatible; GoogleOther)"
66.249.75.171 - - [28/Apr/2025:15:17:42 -0400] "GET /?v=3100211871201&channel=a67afa&from=blog.php%3Fid%3D118712-8280%26name%3D%E3%82%BF%E3%82%B8%E3%83%9E%28Tajima%29+%E3%82%B7%E3%83%A0%E3%83%AD%E3%83%B3-L+%E5%B9%8513mm+%E9%95%B7%E3%81%9550m+%E5%BC%B5%E5%8A%9B20N+YSL-50+%E9%BB%92 HTTP/1.1" 200 52671 "-" "Mozilla/5.0 (Linux; Android 6.0.1; Nexus 5X Build/MMB29P) AppleWebKit/537.36 (KHTML, like Gecko) Chrome/135.0.7049.95 Mobile Safari/537.36 (compatible; Googlebot/2.1; +http://www.google.com/bot.html)"
66.249.75.169 - - [28/Apr/2025:15:18:03 -0400] "GET /?v=19202170437303&channel=d70734&from=article.php%3Fid%3D1704373-10091%26name%3Dys5506767%3B+%E5%B1%B1%E4%B8%8B%E5%B7%8C%E7%AD%86%E3%80%80%E7%88%BD%E7%A7%8B%E5%9B%B3%E3%80%80%E8%82%89%E7%AD%86%E7%B4%99%E6%9C%AC%E6%8E%9B%E8%BB%B8%EF%BC%88%E5%85%B1%E7%AE%B1%EF%BC%89%E3%80%90%E9%81%93%E3%80%91 HTTP/1.1" 200 0 "-" "Mozilla/5.0 (Linux; Android 6.0.1; Nexus 5X Build/MMB29P) AppleWebKit/537.36 (KHTML, like Gecko) Chrome/135.0.7049.95 Mobile Safari/537.36 (compatible; GoogleOther)"
66.249.75.170 - - [28/Apr/2025:15:19:15 -0400] "GET /?v=0779137975502&channel=a23a59&from=info.php%3Fid%3D379755-1565%26name%3DYAMAHA%E3%80%80TW%E3%80%80%E9%83%A8%E5%93%81%E3%81%AE%E3%81%BF%E3%80%80%E5%80%8B%E4%BA%BA%E5%87%BA%E5%93%81+%EF%BC%88%E9%83%A8%E5%93%81%E6%83%85%E5%A0%B1%E6%A4%9C%E7%B4%A2+%7C+%E3%83%A4%E3%83%9E%E3%83%8F%E7%99%BA%E5%8B%95%E6%A9%9F%EF%BC%89 HTTP/1.1" 200 0 "-" "Mozilla/5.0 (Linux; Android 6.0.1; Nexus 5X Build/MMB29P) AppleWebKit/537.36 (KHTML, like Gecko) Chrome/135.0.7049.95 Mobile Safari/537.36 (compatible; GoogleOther)"
66.249.75.170 - - [28/Apr/2025:15:19:47 -0400] "GET /?v=08523179993820&channel=46ca17&from=jp.php%3Fid%3D1799938-158%26name%3DHAVERSACK+%7C+%3C%E5%88%A5%E6%B3%A8%3E%E4%B8%B8%E8%A5%9F%E3%82%B7%E3%83%A3%E3%83%84+MEN HTTP/1.1" 200 55059 "-" "Mozilla/5.0 (Linux; Android 6.0.1; Nexus 5X Build/MMB29P) AppleWebKit/537.36 (KHTML, like Gecko) Chrome/135.0.7049.114 Mobile Safari/537.36 (compatible; Googlebot/2.1; +http://www.google.com/bot.html)"
66.249.75.171 - - [28/Apr/2025:15:20:01 -0400] "GET /?v=9881712600&channel=2c96d7&from=form.php%3Fid%3D126-3%26name%3DYKK+ap+%E3%82%B5%E3%82%B6%E3%83%B3%E3%83%86%E3%83%A9%E3%82%B9+%E3%83%91%E3%83%BC%E3%82%B4%E3%83%A9%E3%82%BF%E3%82%A4%E3%83%97+%E9%96%A2%E6%9D%B1%E9%96%93+600N%EF%BC%8F%EF%BD%8D2+3%E9%96%93%C3%977%E5%B0%BA+%EF%BC%882%E9%80%A3%E7%B5%90%EF%BC%89+%E7%86%B1%E7%B7%9A%E9%81%AE%E6%96%ADFRP%E6%9D%BF+%E5%BE%8C%E4%BB%98%E3%81%91+%E3%82%B7%E3%83%A7%E3%82%B3%E3%83%A9%E3%82%A6%E3%82%A9%E3%83%BC HTTP/1.1" 200 54915 "-" "Mozilla/5.0 (Linux; Android 6.0.1; Nexus 5X Build/MMB29P) AppleWebKit/537.36 (KHTML, like Gecko) Chrome/135.0.7049.114 Mobile Safari/537.36 (compatible; Googlebot/2.1; +http://www.google.com/bot.html)"
66.249.75.171 - - [28/Apr/2025:15:20:02 -0400] "GET /?v=90247132629000&channel=88fef0&from=jp.php%3Fid%3D1326290-3756%26name%3DSUGARHILL+20aw+%E3%82%AA%E3%83%BC%E3%83%90%E3%83%BC%E3%82%AA%E3%83%BC%E3%83%AB HTTP/1.1" 200 52384 "-" "Mozilla/5.0 (Linux; Android 6.0.1; Nexus 5X Build/MMB29P) AppleWebKit/537.36 (KHTML, like Gecko) Chrome/135.0.7049.114 Mobile Safari/537.36 (compatible; Googlebot/2.1; +http://www.google.com/bot.html)"
66.249.75.169 - - [28/Apr/2025:15:20:22 -0400] "GET /?v=7128075798803&channel=065d9e&from=goods.php%3Fid%3D757988-22989%26name%3DVORCOOL+3%E5%80%8B+%E3%82%BB%E3%83%AB%E3%83%95%E3%82%A3%E3%83%BC+%E3%83%95%E3%83%A9%E3%83%83%E3%82%B7%E3%83%A5+%E3%83%A9%E3%83%B3%E3%83%97+%E3%83%9D%E3%83%BC%E3%82%BF%E3%83%96%E3%83%AB%E3%83%AA%E3%83%B3%E3%82%B0%E3%83%A9%E3%82%A4%E3%83%88+%E6%90%BA%E5%B8%AF%E9%9B%BB%E8%A9%B1+%E3%83%95%E3%82%A3%E3%83%AB%E3%83%A9%E3%82%A4%E3%83%88+%E3%83%9B%E3%83%AF%E3%82%A4%E3%83%88%E3%83%8B%E3%83%B3%E3%82%B0%E3%83%A9%E3%83%B3%E3%83%97+%E8%87%AA%E6%92%AE%E3%82%8A%E3%83%A9 HTTP/1.1" 200 54292 "-" "Mozilla/5.0 (Linux; Android 6.0.1; Nexus 5X Build/MMB29P) AppleWebKit/537.36 (KHTML, like Gecko) Chrome/135.0.7049.114 Mobile Safari/537.36 (compatible; Googlebot/2.1; +http://www.google.com/bot.html)"
66.249.75.169 - - [28/Apr/2025:15:20:59 -0400] "GET /?v=89074117823600&channel=4bf834&from=category-info.php%3Fid%3D1178236-19178%26name%3D%E3%80%90EL5%E3%80%91YSL%E3%80%80%E3%82%B5%E3%83%B3%E3%83%AD%E3%83%BC%E3%83%A9%E3%83%B3%E3%80%80%E5%8F%A3%E7%B4%85%E3%80%80%E3%83%95%E3%82%A1%E3%83%B3%E3%83%87%E3%80%80%E3%83%AA%E3%83%83%E3%83%97%E3%80%80%E3%82%A2%E3%82%A4%E3%82%B7%E3%83%A3%E3%83%89%E3%83%BC%E3%80%80%E3%81%AA%E3%81%A916%E7%82%B9%E3%82%BB%E3%83%83%E3%83%88%E3%80%80MK9116+%EF%BC%88%E3%82%A4%E3%83%B4%E3%83%BB%E3%82%B5%E3%83%B3%E3%83%AD%E3%83%BC%E3%83%A9%E3%83%B3%EF%BC%88Yves+Saint+Laurent%EF%BC%89%E3%83%A1%E3%82%A4%E3%82%AF%E3%82%A2%E3%83%83%E3%83%97%E3%81%AE%E9%80%9A%E8%B2%A9%EF%BD%9CDEPACO+%E5%A4%A7%E4%B8%B8%E3%83%BB%E6%9D%BE%E5%9D%82%E5%B1%8B+%E3%82%B3%E3%82%B9%E3%83%A1%E3%82%B9%E3%83%88%E3%82%A2%28%E4%B8%A6%E3%81%B3%E9%A0%86%EF%BC%9A%E3%81%8A%E3%81%99%E3%81%99%E3%82%81%E9%A0%86%29%EF%BC%89 HTTP/1.1" 200 0 "-" "Mozilla/5.0 (Linux; Android 6.0.1; Nexus 5X Build/MMB29P) AppleWebKit/537.36 (KHTML, like Gecko) Chrome/135.0.7049.95 Mobile Safari/537.36 (compatible; GoogleOther)"
66.249.75.169 - - [28/Apr/2025:15:21:06 -0400] "GET /?v=27607142107000&channel=1c9932&from=info.php%3Fid%3D1421070-6649%26name%3D%E3%83%89%E3%83%AB%E3%83%81%E3%82%A7%E3%82%B0%E3%82%B9%E3%83%88+%E3%82%B3%E3%83%BC%E3%83%92%E3%83%BC%E3%83%A1%E3%83%BC%E3%82%AB%E3%83%BC+%E3%82%B8%E3%82%A7%E3%83%8B%E3%82%AA%E3%82%A8%E3%82%B9plus HTTP/1.1" 200 54354 "-" "Mozilla/5.0 (Linux; Android 6.0.1; Nexus 5X Build/MMB29P) AppleWebKit/537.36 (KHTML, like Gecko) Chrome/135.0.7049.114 Mobile Safari/537.36 (compatible; Googlebot/2.1; +http://www.google.com/bot.html)"
66.249.75.169 - - [28/Apr/2025:15:22:01 -0400] "GET /?v=2231112000301&channel=194fcd&from=info.php%3Fid%3D120003-1674%26name%3D%E3%82%A2%E3%83%AB%E3%83%88%E3%82%B5%E3%83%83%E3%82%AF%E3%82%B9 HTTP/1.1" 200 0 "-" "Mozilla/5.0 (Linux; Android 6.0.1; Nexus 5X Build/MMB29P) AppleWebKit/537.36 (KHTML, like Gecko) Chrome/135.0.7049.95 Mobile Safari/537.36 (compatible; GoogleOther)"
66.249.75.171 - - [28/Apr/2025:15:22:02 -0400] "GET /?v=70919127231000&channel=898e92&from=goods.php%3Fid%3D1272310-13087%26name%3D%E3%80%90%E6%96%B0%E5%93%81%E3%80%91%E3%82%A8%E3%83%97%E3%82%BD%E3%83%B3%E3%82%A4%E3%83%B3%E3%82%AF%E3%83%91%E3%83%83%E3%82%AF+%E3%83%96%E3%83%A9%E3%83%83%E3%82%AF+1500ml+SC22BK30+1%E3%83%91%E3%83%83%E3%82%AF%EF%BC%882%E5%80%8B%EF%BC%89 HTTP/1.1" 200 55427 "-" "Mozilla/5.0 (Linux; Android 6.0.1; Nexus 5X Build/MMB29P) AppleWebKit/537.36 (KHTML, like Gecko) Chrome/135.0.7049.114 Mobile Safari/537.36 (compatible; Googlebot/2.1; +http://www.google.com/bot.html)"
66.249.75.170 - - [28/Apr/2025:15:22:18 -0400] "GET /?v=0732394966805&channel=7cb287&from=blog.php%3Fid%3D949668-25043%26name%3D%E6%98%A0%E7%94%BB%E3%80%8E%E3%83%90%E3%83%BC%E3%83%93%E3%83%BC%E3%80%8F%E3%82%AE%E3%83%B3%E3%82%AC%E3%83%A0%E3%83%89%E3%83%AC%E3%82%B9%E4%BA%BA%E5%BD%A2%E3%80%80%28%E3%83%98%E3%83%83%E3%83%89%E3%81%AE%E3%81%BF%29 HTTP/1.1" 200 55336 "-" "Mozilla/5.0 (Linux; Android 6.0.1; Nexus 5X Build/MMB29P) AppleWebKit/537.36 (KHTML, like Gecko) Chrome/135.0.7049.114 Mobile Safari/537.36 (compatible; Googlebot/2.1; +http://www.google.com/bot.html)"
66.249.75.169 - - [28/Apr/2025:15:22:44 -0400] "GET /?v=351803408503&channel=6ef723&from=shop.php%3Fid%3D34085-2030%26name%3D2WAY%E5%B7%BE%E7%9D%80%E3%83%90%E3%83%83%E3%82%B0+%2F+%E3%82%B7%E3%83%A7%E3%83%AB%E3%83%80%E3%83%BC%E3%83%90%E3%83%83%E3%82%B0 HTTP/1.1" 200 0 "-" "Mozilla/5.0 (Linux; Android 6.0.1; Nexus 5X Build/MMB29P) AppleWebKit/537.36 (KHTML, like Gecko) Chrome/135.0.7049.95 Mobile Safari/537.36 (compatible; GoogleOther)"
66.249.75.169 - - [28/Apr/2025:15:22:51 -0400] "GET /?v=59528118185601&channel=1c6961&from=info.php%3Fid%3D1181856-19131%26name%3D%E8%BB%8A%E3%81%AE%E3%83%9B%E3%82%A4%E3%83%BC%E3%83%AB%E3%82%A2%E3%83%BC%E3%83%81+%E7%94%A8+%E3%83%95%E3%82%A9%E3%83%BC%E3%83%89+%E7%94%A8+%E3%83%88%E3%83%A9%E3%83%B3%E3%82%B8%E3%83%83%E3%83%88+2014-2021+%E8%BB%8A%E7%94%A8%E3%83%95%E3%83%AD%E3%83%B3%E3%83%88%E3%83%9B%E3%82%A4%E3%83%BC%E3%83%AB%E3%83%95%E3%82%A7%E3%83%B3%E3%83%80%E3%83%BC%E3%83%95%E3%83%AC%E3%82%A2++ABS+1933340%EF%BC%88Amazon.co.jp%3A+Eumti+%E3%83%95%E3%83%AD%E3%83%B3%E3%83%88%E3%83%95%E3%82%A7%E3%83%B3%E3%83%80%E3%83%BC%E3%83%A9%E3%82%A4%E3%82%B6%E3%83%BC+20mm+%E3%82%A2%E3%83%80%E3%83%97%E3%82%BF%E3%83%BC+%E3%83%AA%E3%83%AD%E3%82%B1%E3%83%BC%E3%82%BF%E3%83%BC+%E3%82%B9%E3%83%9A%E3%83%BC%E3%82%B5%E3%83%BC%E3%82%AD%E3%83%83%E3%83%88+%E3%83%AA%E3%83%95%E3%83%88%E3%83%95%E3%82%A7%E3%83%B3%E3%83%80%E3%83%BC++%E3%83%96%E3%83%A9%E3%82%B1%E3%83%83%E3%83%88%E3%83%9E%E3%82%A6%E3%83%B3%E3%83%88+21%E3%82%A4%E3%83%B3%E3%83%81+%E3%83%9B%E3%82%A4%E3%83%BC%E3%83%AB+%E3%82%B0%E3%83%AD%E3%82%B9%E3%83%96%E3%83%A9%E3%83%83%E3%82%AF+%E3%83%8F%E3%83%BC%E3%83%AC%E3%83%BC%E3%83%84%E3%83%BC%E3%83%AA%E3%83%B3%E3%82%B0%E3%83%A2%E3%83%87%E3%83%AB1993-2013+FLHT+FLTR+FLHR+FLHX%E3%81%AB%E5%AF%BE%E5%BF%9C+%3A++%E8%BB%8A%EF%BC%86%E3%83%90%E3%82%A4%E3%82%AF%EF%BC%89 HTTP/1.1" 200 54101 "-" "Mozilla/5.0 (Linux; Android 6.0.1; Nexus 5X Build/MMB29P) AppleWebKit/537.36 (KHTML, like Gecko) Chrome/135.0.7049.95 Mobile Safari/537.36 (compatible; Googlebot/2.1; +http://www.google.com/bot.html)"
66.249.75.169 - - [28/Apr/2025:15:23:23 -0400] "GET /?v=12677155652402&channel=301242&from=blog.php%3Fid%3D1556524-2494%26name%3D%E3%83%AB%E3%82%A4%E3%83%B4%E3%82%A3%E3%83%88%E3%83%B3+%E3%82%B3%E3%82%A4%E3%83%B3%E3%82%B1%E3%83%BC%E3%82%B9 HTTP/1.1" 200 53633 "-" "Mozilla/5.0 (Linux; Android 6.0.1; Nexus 5X Build/MMB29P) AppleWebKit/537.36 (KHTML, like Gecko) Chrome/135.0.7049.114 Mobile Safari/537.36 (compatible; Googlebot/2.1; +http://www.google.com/bot.html)"
66.249.75.170 - - [28/Apr/2025:15:24:29 -0400] "GET /?v=81091131269001&channel=55404c&from=pin.php%3Fid%3D1312690-20506%26name%3DVaguelly+6%E5%80%8B+%E3%83%9F%E3%83%8B%E3%83%9E%E3%82%A4%E3%82%AF+%E3%83%9B%E3%83%BC%E3%83%A0%E3%82%A2%E3%82%A4%E3%83%86%E3%83%A0+%E3%83%9E%E3%82%A4%E3%82%AF%E3%83%A2%E3%83%87%E3%83%AB%E3%81%AE%E3%81%8A%E3%82%82%E3%81%A1%E3%82%83+%E3%83%9F%E3%83%8B%E3%83%81%E3%83%A5%E3%82%A2%E3%83%89%E3%83%BC%E3%83%AB%E3%83%8F%E3%82%A6%E3%82%B9%E3%82%A2%E3%82%A4%E3%83%86%E3%83%A0+%E3%82%AD%E3%83%83%E3%83%89%E3%82%AF%E3%83%A9%E3%83%95%E3%83%88%E3%83%97%E3%83%AC%E3%82%A4%E3%82%BB%E3%83%83 HTTP/1.1" 200 0 "-" "Mozilla/5.0 (Linux; Android 6.0.1; Nexus 5X Build/MMB29P) AppleWebKit/537.36 (KHTML, like Gecko) Chrome/135.0.7049.95 Mobile Safari/537.36 (compatible; GoogleOther)"
66.249.75.170 - - [28/Apr/2025:15:24:53 -0400] "GET /?v=39670156872906&channel=6ba526&from=product.php%3Fid%3D1568729-10913%26name%3D%E3%83%86%E3%83%81%E3%83%81+V%E3%83%8D%E3%83%83%E3%82%AF%E3%83%96%E3%83%A9%E3%82%A6%E3%82%B9+%E3%83%8D%E3%82%A4%E3%83%93%E3%83%BC+F+%E9%95%B7%E8%A2%96+%E5%85%89%E6%B2%A2%E6%84%9F++%E7%A7%8B%E5%86%AC+%E8%83%B8%E5%85%83%E3%83%9D%E3%82%A4%E3%83%B3%E3%83%88%E3%82%B4%E3%83%BC%E3%83%AB%E3%83%89%EF%BC%88%E6%A5%BD%E5%A4%A9%E5%B8%82%E5%A0%B4%E3%80%91%EF%BC%B6%E3%83%8D%E3%83%83%E3%82%AF+%E3%83%96%E3%83%A9%E3%82%A6%E3%82%B9+%E3%83%AC%E3%83%87%E3%82%A3%E3%83%BC%E3%82%B9+%E3%82%B7%E3%83%A3%E3%83%84+%E9%95%B7%E8%A2%96+%E3%83%95%E3%82%A9%E3%83%BC%E3%83%9E%E3%83%AB+%E3%83%88%E3%83%83%E3%83%97%E3%82%B9+%E8%83%B8%E5%85%83%E3%82%BF%E3%83%83%E3%82%AF+%E7%BE%8E%E3%83%95%E3%82%A9%E3%83%AB%E3%83%A0%E3%82%86%E3%82%8B%E3%82%B7%E3%83%A3%E3%83%84+%E9%80%9A%E5%8B%A4+%E3%82%AA%E3%83%95%E3%82%A3%E3%82%B9+%E4%B8%8A%E5%93%81+%E3%83%88%E3%83%AC%E3%83%B3%E3%83%89++%E3%82%B7%E3%83%95%E3%82%A9%E3%83%B3%E3%82%B8%E3%83%A7%E3%83%BC%E3%82%BC%E3%83%83%E3%83%88+%E6%98%A5%E5%A4%8F+V%E3%83%8D%E3%83%83%E3%82%AF%E3%82%B7%E3%83%B3%E3%83%97%E3%83%AB+%E7%84%A1%E5%9C%B0+%E3%82%AB%E3%82%B8%E3%83%A5%E3%82%A2%E3%83%AB+%E9%80%9A%E5%8B%A4+OL+%3A+i.dear%EF%BC%89 HTTP/1.1" 200 52628 "-" "Mozilla/5.0 (Linux; Android 6.0.1; Nexus 5X Build/MMB29P) AppleWebKit/537.36 (KHTML, like Gecko) Chrome/135.0.7049.95 Mobile Safari/537.36 (compatible; Googlebot/2.1; +http://www.google.com/bot.html)"
66.249.75.169 - - [28/Apr/2025:15:26:50 -0400] "GET /?v=46769108154400&channel=7bc8a3&from=form.php%3Fid%3D1081544-9279%26name%3DNittaku+%E3%82%BC%E3%83%83%E3%82%B1%E3%83%B3%E3%83%94%E3%83%B3+2%E5%80%8B%E3%82%BB%E3%83%83%E3%83%88%E3%80%80%E6%96%B0%E5%93%81%E6%9C%AA%E4%BD%BF%E7%94%A8+%EF%BC%88%E5%8D%93%E7%90%83%E3%82%BC%E3%83%83%E3%82%B1%E3%83%B3%E3%83%94%E3%83%B32%E5%80%8B%E3%82%BB%E3%83%83%E3%83%88+-+%E3%83%A1%E3%83%AB%E3%82%AB%E3%83%AA%EF%BC%89 HTTP/1.1" 200 0 "-" "Mozilla/5.0 (Linux; Android 6.0.1; Nexus 5X Build/MMB29P) AppleWebKit/537.36 (KHTML, like Gecko) Chrome/135.0.7049.95 Mobile Safari/537.36 (compatible; GoogleOther)"
66.249.75.170 - - [28/Apr/2025:15:27:47 -0400] "GET /?v=93270108275000&channel=2f5195&from=news.php%3Fid%3D1082750-381%26name%3D%E3%83%80%E3%82%A6%E3%83%B3%E3%82%B5%E3%82%B9+%E3%83%88%E3%83%A8%E3%82%BF+%E3%82%B3%E3%83%AD%E3%83%8A+RT132+18R+2WD+2.0L+S53%2F9%E3%80%9CS56%2F10+1%E5%8F%B0%E5%88%86%E3%83%BB%E5%89%8D%E5%BE%8C%E3%82%BB%E3%83%83%E3%83%88%E3%80%90%E9%80%81%E6%96%99%E8%BE%BC%E3%80%91+ZOOM+%E3%82%B5%E3%82%B9%E3%83%9A%E3%83%B3%E3%82%B7%E3%83%A7%E3%83%B3 HTTP/1.1" 200 55233 "-" "Mozilla/5.0 (Linux; Android 6.0.1; Nexus 5X Build/MMB29P) AppleWebKit/537.36 (KHTML, like Gecko) Chrome/135.0.7049.114 Mobile Safari/537.36 (compatible; Googlebot/2.1; +http://www.google.com/bot.html)"
66.249.75.171 - - [28/Apr/2025:15:27:49 -0400] "GET /?v=77025173600900&channel=943d1f&from=shop.php%3Fid%3D1736009-1425%26name%3DMISS+DIOR+%E3%82%AD%E3%83%BC%E3%82%B1%E3%83%BC%E3%82%B9 HTTP/1.1" 200 0 "-" "Mozilla/5.0 (Linux; Android 6.0.1; Nexus 5X Build/MMB29P) AppleWebKit/537.36 (KHTML, like Gecko) Chrome/135.0.7049.95 Mobile Safari/537.36 (compatible; GoogleOther)"
66.249.75.169 - - [28/Apr/2025:15:27:59 -0400] "GET /?v=6927110577801&channel=68a3d3&from=article.php%3Fid%3D105778-1567%26name%3DYAMAHA+FG%E2%80%90200D+1984%E5%B9%B4++%E6%A5%B5%E4%B8%8A%EF%BC%881984%E5%B9%B4+DT200R+-+%E3%82%B3%E3%83%9F%E3%83%A5%E3%83%8B%E3%82%B1%E3%83%BC%E3%82%B7%E3%83%A7%E3%83%B3%E3%83%97%E3%83%A9%E3%82%B6+%7C+%E3%83%A4%E3%83%9E%E3%83%8F%E7%99%BA%E5%8B%95%E6%A9%9F%EF%BC%89 HTTP/1.1" 200 0 "-" "Mozilla/5.0 (Linux; Android 6.0.1; Nexus 5X Build/MMB29P) AppleWebKit/537.36 (KHTML, like Gecko) Chrome/135.0.7049.95 Mobile Safari/537.36 (compatible; GoogleOther)"
66.249.75.170 - - [28/Apr/2025:15:29:10 -0400] "GET /?v=6488143310000&channel=6476d2&from=shared.php%3Fid%3D433100-17037%26name%3D%5B%E3%82%AA%E3%83%BC%E3%82%AF%E3%83%AA%E3%83%BC%5D+%E3%82%BD%E3%83%83%E3%82%AF%E3%82%B9+ESSENTIAL+SOCKS+%283+PCS%29+%E3%83%A1%E3%83%B3%E3%82%BA HTTP/1.1" 200 54578 "-" "Mozilla/5.0 (Linux; Android 6.0.1; Nexus 5X Build/MMB29P) AppleWebKit/537.36 (KHTML, like Gecko) Chrome/135.0.7049.114 Mobile Safari/537.36 (compatible; Googlebot/2.1; +http://www.google.com/bot.html)"
66.249.75.170 - - [28/Apr/2025:15:29:18 -0400] "GET /?v=71710192170802&channel=db109e&from=article.php%3Fid%3D1921708-8441%26name%3D%E3%83%A1%E3%83%B3%E3%82%BA+%E3%82%B7%E3%83%A7%E3%83%BC%E3%83%88%E3%83%91%E3%83%B3%E3%83%84+-+%E3%83%A1%E3%83%B3%E3%82%BA%E3%81%A8%E3%83%AC%E3%83%87%E3%82%A3%E3%83%BC%E3%82%B9%E3%81%AE%E9%9D%A2%E7%99%BD%E3%81%84%E7%8A%AC%E3%83%97%E3%83%AA%E3%83%B3%E3%83%88%E3%81%8B%E3%82%8F%E3%81%84%E3%81%84%E3%82%AB%E3%82%B8%E3%83%A5%E3%82%A2%E3%83%AB%E3%83%93%E3%83%BC%E3%83%81%E3%82%B9%E3%83%9D%E3%83%BC%E3%83%84%E3%82%B7%E3%83%A7%E3%83%BC%E3%83%84+%E9%80%8F%E3%81%91%E3%82%8B%E3%82%B7%E3%83%A7%E3%83%BC%E3%83%84 HTTP/1.1" 200 55593 "-" "Mozilla/5.0 (Linux; Android 6.0.1; Nexus 5X Build/MMB29P) AppleWebKit/537.36 (KHTML, like Gecko) Chrome/135.0.7049.114 Mobile Safari/537.36 (compatible; Googlebot/2.1; +http://www.google.com/bot.html)"
66.249.75.169 - - [28/Apr/2025:15:29:28 -0400] "GET /?v=4302153199906&channel=069b8d&from=news.php%3Fid%3D531999-16560%26name%3DKJOET+%E3%83%97%E3%83%AD%E3%82%B0%E3%83%A9%E3%83%9F%E3%83%B3%E3%82%B0+%E3%83%9E%E3%82%AF%E3%83%AD+%E3%82%AB%E3%82%B9%E3%82%BF%E3%83%9E%E3%82%A4%E3%82%BA+%E3%83%8E%E3%83%96+%E3%82%AD%E3%83%BC%E3%83%9C%E3%83%BC%E3%83%89+6%E3%82%AD%E3%83%BC+%E3%83%9F%E3%83%8B%E3%83%9C%E3%82%BF%E3%83%B3+%E3%82%B2%E3%83%BC%E3%83%A0%E3%82%AD%E3%83%BC%E3%83%91%E3%83%83%E3%83%89+%E3%83%A1%E3%82%AB%E3%83%8B%E3%82%AB%E3%83%AB+%E3%83%9B%E3%83%83%E3%83%88%E3%82%B9%E3%83%AF%E3%83%83%E3%83%97 HTTP/1.1" 200 0 "-" "Mozilla/5.0 (Linux; Android 6.0.1; Nexus 5X Build/MMB29P) AppleWebKit/537.36 (KHTML, like Gecko) Chrome/135.0.7049.95 Mobile Safari/537.36 (compatible; GoogleOther)"
66.249.75.169 - - [28/Apr/2025:15:29:44 -0400] "GET /?v=99139108923901&channel=1515a2&from=form.php%3Fid%3D1089239-15739%26name%3D%E5%AF%92%E4%B8%AD%E8%A6%8B%E8%88%9E%E3%81%84%EF%BC%88%E5%B9%B4%E8%B3%80%E7%8A%B6%E3%81%98%E3%81%BE%E3%81%84%E6%96%87%E7%AB%A0%EF%BC%89%E7%A7%81%E8%A3%BD%E3%83%8F%E3%82%AC%E3%82%AD+10%E6%9E%9A%E5%85%A5%E3%82%8A HTTP/1.1" 200 0 "-" "Mozilla/5.0 (Linux; Android 6.0.1; Nexus 5X Build/MMB29P) AppleWebKit/537.36 (KHTML, like Gecko) Chrome/135.0.7049.95 Mobile Safari/537.36 (compatible; GoogleOther)"
66.249.75.170 - - [28/Apr/2025:15:31:43 -0400] "GET /?v=07340120001602&channel=ce4eb6&from=info.php%3Fid%3D1200016-21218%26name%3DYucss+2%E5%80%8B+%E3%82%AB%E3%83%BC%E3%82%B0%E3%83%AA%E3%83%AB+Bmw+E46+2%E3%83%89%E3%82%A2+318Ci+320Ci+323Ci+325Ci+328Ci+2003-2005 HTTP/1.1" 200 0 "-" "Mozilla/5.0 (Linux; Android 6.0.1; Nexus 5X Build/MMB29P) AppleWebKit/537.36 (KHTML, like Gecko) Chrome/135.0.7049.95 Mobile Safari/537.36 (compatible; GoogleOther)"
66.249.75.169 - - [28/Apr/2025:15:32:00 -0400] "GET /?v=86781140172401&channel=74c73b&from=goods.php%3Fid%3D1401724-2316%26name%3DKASK++ZARA+%E3%82%B9%E3%82%AD%E3%83%BC%E3%83%98%E3%83%AB%E3%83%A1%E3%83%83%E3%83%88+%E3%82%B9%E3%82%AD%E3%83%BC+%E3%83%98%E3%83%AB%E3%83%A1%E3%83%83%E3%83%88+khimera%EF%BC%88Kask+Khimera%EF%BC%89 HTTP/1.1" 200 52347 "-" "Mozilla/5.0 (Linux; Android 6.0.1; Nexus 5X Build/MMB29P) AppleWebKit/537.36 (KHTML, like Gecko) Chrome/135.0.7049.95 Mobile Safari/537.36 (compatible; Googlebot/2.1; +http://www.google.com/bot.html)"
66.249.75.171 - - [28/Apr/2025:15:33:13 -0400] "GET /?v=71028113821105&channel=6caa95&from=info.php%3Fid%3D1138211-12692%26name%3D%E3%82%A8%E3%83%97%E3%83%AD%E3%83%B3+%E3%83%AC%E3%83%87%E3%82%A3%E3%83%BC%E3%82%B9+%E3%83%95%E3%83%AA%E3%83%AB+%E5%B8%83%E7%B4%A0%E6%9D%90+%E3%83%A1%E3%83%BC%E3%83%89+%E3%83%9D%E3%82%B1%E3%83%83%E3%83%88%E4%BB%98%E3%81%8D+%E3%82%B7%E3%83%B3%E3%83%97%E3%83%AB+%E5%8F%AF%E6%84%9B%E3%81%84+%E7%84%A1%E5%9C%B0+%E3%82%A8%E3%83%97%E3%83%AD%E3%83%B3%E3%83%AF%E3%83%B3%E3%83%94%E3%83%BC%E3%82%B9+%E8%8A%B1%E5%B1%8B+%E3%82%B1%E3%83%BC%E3%82%AD%E5%B1%8B+%E3%82%AB%E3%83%95%E3%82%A7 HTTP/1.1" 200 0 "-" "Mozilla/5.0 (Linux; Android 6.0.1; Nexus 5X Build/MMB29P) AppleWebKit/537.36 (KHTML, like Gecko) Chrome/135.0.7049.95 Mobile Safari/537.36 (compatible; GoogleOther)"
66.249.75.171 - - [28/Apr/2025:15:34:23 -0400] "GET /?v=47652166359500&channel=aae3c8&from=article.php%3Fid%3D1663595-22960%26name%3D%E3%83%96%E3%83%AA%E3%82%AD+%E3%83%87%E3%82%B3%E5%9E%8B+9cm+%E5%BA%95%E5%8F%96+WDK05009 HTTP/1.1" 200 0 "-" "Mozilla/5.0 (Linux; Android 6.0.1; Nexus 5X Build/MMB29P) AppleWebKit/537.36 (KHTML, like Gecko) Chrome/135.0.7049.95 Mobile Safari/537.36 (compatible; GoogleOther)"
66.249.75.170 - - [28/Apr/2025:15:34:26 -0400] "GET /?v=3877917397204&channel=d70734&from=blog.php%3Fid%3D173972-10091%26name%3Dys5823231%3B+%E5%B2%B3%E6%9D%B1%E6%B5%B7%E7%AD%86%E3%80%80%E5%80%A4%E9%9B%A8%E4%BA%94%E7%B5%B6%E8%A9%A9%E3%80%80%E8%82%89%E7%AD%86%E7%B4%99%E6%9C%AC%E6%8E%9B%E8%BB%B8%EF%BC%88%E7%AE%B1%E4%BB%98%EF%BC%89%E3%80%90%E9%81%93%E3%80%91 HTTP/1.1" 200 0 "-" "Mozilla/5.0 (Linux; Android 6.0.1; Nexus 5X Build/MMB29P) AppleWebKit/537.36 (KHTML, like Gecko) Chrome/135.0.7049.95 Mobile Safari/537.36 (compatible; GoogleOther)"
66.249.75.170 - - [28/Apr/2025:15:34:58 -0400] "GET /?v=97175160326001&channel=d71755&from=blog.php%3Fid%3D1603260-109%26name%3D%E3%80%90%E6%B1%BA%E5%AE%9A%E3%83%BB%E5%8F%97%E4%BB%98%E7%B5%82%E4%BA%86%E3%80%82%E3%80%91%EF%BC%92%EF%BC%97%E3%82%A4%E3%83%B3%E3%83%81+%E3%82%B7%E3%83%86%E3%82%A3%E3%82%B5%E3%82%A4%E3%82%AF%E3%83%AB+6%E6%AE%B5%E3%82%AE%E3%83%A4%E4%BB%98+%E3%82%AA%E3%83%BC%E3%83%88%E3%83%A9%E3%82%A4%E3%83%88 HTTP/1.1" 200 0 "-" "Mozilla/5.0 (Linux; Android 6.0.1; Nexus 5X Build/MMB29P) AppleWebKit/537.36 (KHTML, like Gecko) Chrome/135.0.7049.95 Mobile Safari/537.36 (compatible; GoogleOther)"
66.249.75.170 - - [28/Apr/2025:15:36:48 -0400] "GET /?v=97131139820106&channel=6ef723&from=shared.php%3Fid%3D1398201-2030%26name%3D%E3%80%905ae5755%E3%80%91%E3%83%AB%E3%82%A4%E3%83%B4%E3%82%A3%E3%83%88%E3%83%B3+%E3%82%B7%E3%83%A7%E3%83%AB%E3%83%80%E3%83%BC%E3%83%90%E3%83%83%E3%82%B0+%E3%83%A2%E3%83%8E%E3%82%B0%E3%83%A9%E3%83%A0%E3%83%BB%E3%83%87%E3%83%8B%E3%83%A0+%E3%83%90%E3%82%AE%E3%83%BCGM+M95048+%E3%83%96%E3%83%AB%E3%83%BC%E3%80%90%E4%B8%AD%E5%8F%A4%E3%80%91%E3%83%AC%E3%83%87%E3%82%A3%E3%83%BC%E3%82%B9 HTTP/1.1" 200 55762 "-" "Mozilla/5.0 (Linux; Android 6.0.1; Nexus 5X Build/MMB29P) AppleWebKit/537.36 (KHTML, like Gecko) Chrome/135.0.7049.95 Mobile Safari/537.36 (compatible; Googlebot/2.1; +http://www.google.com/bot.html)"
66.249.75.170 - - [28/Apr/2025:15:37:36 -0400] "GET /?v=8268236093103&channel=7d74cb&from=shop.php%3Fid%3D360931-10308%26name%3DRoland+%2F+TD-07KV+TAMA%E3%83%84%E3%82%A4%E3%83%B3%E3%83%9A%E3%83%80%E3%83%AB%2B%E7%B4%94%E6%AD%A3DAP-2X%E3%83%95%E3%83%AB%E3%82%BB%E3%83%83%E3%83%88+w%2F+V%E3%83%89%E3%83%A9%E3%83%A0%E7%B4%94%E6%AD%A3%E3%83%9E%E3%83%83%E3%83%88 HTTP/1.1" 200 0 "-" "Mozilla/5.0 (Linux; Android 6.0.1; Nexus 5X Build/MMB29P) AppleWebKit/537.36 (KHTML, like Gecko) Chrome/135.0.7049.95 Mobile Safari/537.36 (compatible; GoogleOther)"
66.249.75.169 - - [28/Apr/2025:15:38:16 -0400] "GET /?v=72916170528402&channel=92b1f5&from=article.php%3Fid%3D1705284-4185%26name%3DArch+Memory+%E4%BA%A4%E6%8F%9B%E7%94%A8+Dell+SNP228G44%2F1TB+AC037409+1TB+M.2+2280+PCIe+%284.0 HTTP/1.1" 200 52685 "-" "Mozilla/5.0 (Linux; Android 6.0.1; Nexus 5X Build/MMB29P) AppleWebKit/537.36 (KHTML, like Gecko) Chrome/135.0.7049.114 Mobile Safari/537.36 (compatible; Googlebot/2.1; +http://www.google.com/bot.html)"
66.249.75.170 - - [28/Apr/2025:15:39:15 -0400] "GET /?v=97695171871600&channel=a49407&from=product.php%3Fid%3D1718716-6777%26name%3D%E3%80%90%E6%8B%85%E3%80%85%E9%BA%BA%E6%A7%98%E5%B0%82%E7%94%A8%E3%80%91%E3%80%90COACH%E3%80%91Blue+Denim+Hawaii+Wallet HTTP/1.1" 200 53863 "-" "Mozilla/5.0 (Linux; Android 6.0.1; Nexus 5X Build/MMB29P) AppleWebKit/537.36 (KHTML, like Gecko) Chrome/135.0.7049.114 Mobile Safari/537.36 (compatible; Googlebot/2.1; +http://www.google.com/bot.html)"
66.249.75.170 - - [28/Apr/2025:15:39:27 -0400] "GET /?v=925819478000&channel=147f45&from=blog.php%3Fid%3D94780-2232%26name%3DCanon+PIXUS+%E3%82%A4%E3%83%B3%E3%82%AF%E3%82%B8%E3%82%A7%E3%83%83%E3%83%88%E3%83%97%E3%83%AA%E3%83%B3%E3%82%BF%E3%83%BC%E3%80%80TS7530+%E6%9C%AC%E4%BD%93%E3%80%80%E5%8D%B3%E6%B1%BA%E3%80%80%E9%80%81%E6%96%99%E8%BE%BC%E3%81%BF%E3%80%80%E9%80%81%E6%96%99%E7%84%A1%E6%96%99%E3%80%80+%E3%82%AD%E3%83%A3%E3%83%8E%E3%83%B3+%E8%A4%87%E5%90%88%E6%A9%9F+%E3%82%A4%E3%83%B3%E3%82%AF%E3%82%B8%E3%82%A7%E3%83%83%E3%83%88%E3%83%97%E3%83%AA%E3%83%B3%E3%82%BF%E3%83%BC%E8%A4%87%E5%90%88%E6%A9%9F HTTP/1.1" 200 56703 "-" "Mozilla/5.0 (Linux; Android 6.0.1; Nexus 5X Build/MMB29P) AppleWebKit/537.36 (KHTML, like Gecko) Chrome/135.0.7049.114 Mobile Safari/537.36 (compatible; Googlebot/2.1; +http://www.google.com/bot.html)"
66.249.75.169 - - [28/Apr/2025:15:40:14 -0400] "GET /?v=09859185641702&channel=e0587a&from=news.php%3Fid%3D1856417-18222%26name%3D%E3%82%A8%E3%83%B3%E3%82%B8%E3%83%B3%E3%82%A6%E3%82%A9%E3%83%BC%E3%82%BF%E3%83%BC%E3%82%AC%E3%83%B3+%E7%A9%BA%E6%B0%97%E5%9C%A7%E6%B4%97%E6%B5%84%E3%83%84%E3%83%BC%E3%83%AB+%E8%BB%8A+%E6%B4%97%E6%BF%AF%E6%A9%9F+%E3%82%AF%E3%83%AA%E3%83%BC%E3%83%8B%E3%83%B3%E3%82%B0+%E5%9C%A7%E5%8A%9B%E3%82%AC%E3%83%B3+%E7%A9%BA%E6%B0%97%E5%9C%A7%E8%BB%8A+%E3%82%A8%E3%83%B3%E3%82%B8%E3%83%B3%E3%82%AA%E3%82%A4%E3%83%AB%E3%82%AF%E3%83%AA%E3%83%BC%E3%83%8A%E3%83%BC HTTP/1.1" 200 0 "-" "Mozilla/5.0 (Linux; Android 6.0.1; Nexus 5X Build/MMB29P) AppleWebKit/537.36 (KHTML, like Gecko) Chrome/135.0.7049.95 Mobile Safari/537.36 (compatible; GoogleOther)"
66.249.75.170 - - [28/Apr/2025:15:41:31 -0400] "GET /?v=5307574857300&channel=0f9c8c&from=category-info.php%3Fid%3D748573-6919%26name%3D2025+tripster+x+dickies+%E3%82%B0%E3%83%AC%E3%83%BC+L HTTP/1.1" 200 0 "-" "Mozilla/5.0 (Linux; Android 6.0.1; Nexus 5X Build/MMB29P) AppleWebKit/537.36 (KHTML, like Gecko) Chrome/135.0.7049.95 Mobile Safari/537.36 (compatible; GoogleOther)"
66.249.75.169 - - [28/Apr/2025:15:41:54 -0400] "GET /?v=0779137975502&channel=a23a59&from=info.php%3Fid%3D379755-1565%26name%3DYAMAHA%E3%80%80TW%E3%80%80%E9%83%A8%E5%93%81%E3%81%AE%E3%81%BF%E3%80%80%E5%80%8B%E4%BA%BA%E5%87%BA%E5%93%81+%EF%BC%88%E9%83%A8%E5%93%81%E6%83%85%E5%A0%B1%E6%A4%9C%E7%B4%A2+%7C+%E3%83%A4%E3%83%9E%E3%83%8F%E7%99%BA%E5%8B%95%E6%A9%9F%EF%BC%89 HTTP/1.1" 200 55145 "-" "Mozilla/5.0 (Linux; Android 6.0.1; Nexus 5X Build/MMB29P) AppleWebKit/537.36 (KHTML, like Gecko) Chrome/135.0.7049.95 Mobile Safari/537.36 (compatible; Googlebot/2.1; +http://www.google.com/bot.html)"
66.249.75.170 - - [28/Apr/2025:15:43:43 -0400] "GET /?v=2536060351702&channel=2718e9&from=category-info.php%3Fid%3D603517-20734%26name%3D%E3%83%9C%E3%82%A6%E3%83%AB%E5%92%8C%E9%A2%A86%E3%83%97%E3%83%AC%E3%83%BC%E3%83%88%E9%A3%9F%E5%99%A8%E5%AE%B6%E5%BA%AD%E7%94%A8%E3%82%BB%E3%83%A9%E3%83%9F%E3%83%83%E3%82%AF%E6%B7%B1%E7%9A%BF%E3%82%BB%E3%83%83%E3%83%88%E3%82%B7%E3%83%B3%E3%83%97%E3%83%AB%E3%81%AA%E3%83%A9%E3%82%A6%E3%83%B3%E3%83%89%E3%82%B9%E3%82%AF%E3%82%A8%E3%82%A2%E9%A3%9F%E5%99%A8-B8%E3%82%A4%E3%83%B3%E3%83%81%E3%83%87%E3%82%A3%E3%82%B9%E3%82%AF10 HTTP/1.1" 200 0 "-" "Mozilla/5.0 (Linux; Android 6.0.1; Nexus 5X Build/MMB29P) AppleWebKit/537.36 (KHTML, like Gecko) Chrome/135.0.7049.95 Mobile Safari/537.36 (compatible; GoogleOther)"
66.249.75.169 - - [28/Apr/2025:15:43:55 -0400] "GET /?v=2796828209900&channel=0bad6b&from=product.php%3Fid%3D282099-3150%26name%3DMarmot%28%E3%83%9E%E3%83%BC%E3%83%A2%E3%83%83%E3%83%88%29+TOMTJK05+%E3%83%A1%E3%83%B3%E3%82%BA+%E3%82%A2%E3%82%A6%E3%83%88%E3%83%89%E3%82%A2%E3%82%B8%E3%83%A3%E3%82%B1%E3%83%83%E3%83%88+CLEVER+JACKET+%E3%82%AF%E3%83%AC%E3%83%90%E3%83%BC%E3%82%B8%E3%83%A3%E3%82%B1%E3%83%83%E3%83%88+%E3%82%B4%E3%82%A2%E3%83%86%E3%83%83%E3%82%AF%E3%82%B9 HTTP/1.1" 200 56360 "-" "Mozilla/5.0 (Linux; Android 6.0.1; Nexus 5X Build/MMB29P) AppleWebKit/537.36 (KHTML, like Gecko) Chrome/135.0.7049.95 Mobile Safari/537.36 (compatible; Googlebot/2.1; +http://www.google.com/bot.html)"
66.249.75.169 - - [28/Apr/2025:15:44:35 -0400] "GET /?v=89077197360602&channel=31dacf&from=goods.php%3Fid%3D1973606-33263%26name%3D%E3%82%A8%E3%83%95%E3%83%BB%E3%83%94%E3%83%BC%E3%83%BB%E3%83%84%E3%83%BC%E3%83%AB+F.P.TOOL%28%E3%82%A8%E3%83%95%E3%83%BB%E3%83%94%E3%83%BC%E3%83%BB%E3%83%84%E3%83%BC%E3%83%AB%29+%E8%B6%85%E7%A1%AC%E3%83%AA%E3%83%BC%E3%83%9E+H%E3%82%B7%E3%83%AA%E3%83%BC%E3%82%BA+%E9%AB%98%E9%80%9F%E3%83%BB%E6%B7%B1%E7%A9%B4%E5%8A%A0%E5%B7%A5%E7%94%A8+CH+4.52mm+CH4.5 HTTP/1.1" 200 0 "-" "Mozilla/5.0 (Linux; Android 6.0.1; Nexus 5X Build/MMB29P) AppleWebKit/537.36 (KHTML, like Gecko) Chrome/135.0.7049.95 Mobile Safari/537.36 (compatible; GoogleOther)"
66.249.75.170 - - [28/Apr/2025:15:45:29 -0400] "GET /?v=975965065300&channel=25e3b8&from=shared.php%3Fid%3D50653-4990%26name%3D%E3%83%80%E3%82%A4%E3%83%AF+%E3%82%B9%E3%83%AA%E3%83%A0%E3%82%A6%E3%82%A7%E3%83%BC%E3%83%80%E3%83%BC+DSW-4201VR+%E5%85%88%E4%B8%B8%E4%B8%AD%E5%89%B2+%E3%83%96%E3%83%A9%E3%83%83%E3%82%AF+SA-S+%2F+%E9%AE%8E%E3%82%BF%E3%82%A4%E3%83%84+%E3%82%A6%E3%82%A7%E3%82%A2+%2F+daiwa+%2F+%E9%87%A3%E5%85%B7 HTTP/1.1" 200 0 "-" "Mozilla/5.0 (Linux; Android 6.0.1; Nexus 5X Build/MMB29P) AppleWebKit/537.36 (KHTML, like Gecko) Chrome/135.0.7049.95 Mobile Safari/537.36 (compatible; GoogleOther)"
66.249.75.170 - - [28/Apr/2025:15:45:32 -0400] "GET /?v=0081892476202&channel=b80f72&from=form.php%3Fid%3D924762-148%26name%3D%E3%80%90%E3%82%A2%E3%82%A6%E3%83%88%E3%83%AC%E3%83%83%E3%83%88%E3%83%BB50%EF%BC%85OFF%E3%80%91thinkTANKphoto+%E3%82%B7%E3%83%B3%E3%82%AF%E3%82%BF%E3%83%B3%E3%82%AF%E3%83%95%E3%82%A9%E3%83%88+%E3%83%AC%E3%83%88%E3%83%AD%E3%82%B9%E3%83%9A%E3%82%AF%E3%83%86%E3%82%A3%E3%83%96+%E3%83%80%E3%83%83%E3%83%95%E3%83%AB+75+%E3%83%91%E3%82%A4%E3%83%B3%E3%82%B9%E3%83%88%E3%83%BC%E3%83%B3+0874530007842 HTTP/1.1" 200 0 "-" "Mozilla/5.0 (Linux; Android 6.0.1; Nexus 5X Build/MMB29P) AppleWebKit/537.36 (KHTML, like Gecko) Chrome/135.0.7049.95 Mobile Safari/537.36 (compatible; GoogleOther)"
66.249.75.170 - - [28/Apr/2025:15:45:56 -0400] "GET /?v=9931239795609&channel=2571e1&from=form.php%3Fid%3D397956-5203%26name%3D%E3%80%90%E5%B8%8C%E5%B0%91%E3%80%91%E3%83%89%E3%83%AB%E3%83%81%E3%82%A7%26%E3%82%AC%E3%83%83%E3%83%90%E3%83%BC%E3%83%8A+DOLCE%26GABBANA%E3%83%87%E3%83%8B%E3%83%A0+%E3%83%9C%E3%82%B9%E3%83%88%E3%83%B3%E3%83%90%E3%83%83%E3%82%B0 HTTP/1.1" 200 52833 "-" "Mozilla/5.0 (Linux; Android 6.0.1; Nexus 5X Build/MMB29P) AppleWebKit/537.36 (KHTML, like Gecko) Chrome/135.0.7049.95 Mobile Safari/537.36 (compatible; Googlebot/2.1; +http://www.google.com/bot.html)"
66.249.75.171 - - [28/Apr/2025:15:47:47 -0400] "GET /?v=0905857867602&channel=d1fc7a&from=form.php%3Fid%3D578676-5759%26name%3DMaison++Margiela+%E8%B6%B3%E8%A2%8B%E3%83%96%E3%83%BC%E3%83%84%E3%80%80%E3%82%BF%E3%83%93%E3%83%96%E3%83%BC%E3%83%84%2F%E7%BE%8E%E5%93%81%2F37%2F%E8%B2%B4%E9%87%8D%EF%BC%88%E6%96%B0%E5%93%81%2F37+%E3%83%A1%E3%82%BE%E3%83%B3+%E3%83%9E%E3%83%AB%E3%82%B8%E3%82%A7%E3%83%A9+%E3%82%BF%E3%83%93+%E8%B6%B3%E8%A2%8B%E3%83%96%E3%83%BC%E3%83%84+%E3%83%96%E3%83%A9%E3%83%83%E3%82%AF+%E3%82%B9%E3%83%A0%E3%83%BC%E3%82%B9%E3%83%AC%E3%82%B6%E3%83%BC%EF%BC%88%E6%9C%80%E7%B5%82%E5%80%A4%E4%B8%8B%E3%81%92+%E3%83%9E%E3%83%AB%E3%82%B8%E3%82%A7%E3%83%A9+%E3%82%BF%E3%83%93%E3%83%96%E3%83%BC%E3%83%84+37+%E3%83%96%E3%83%A9%E3%83%83%E3%82%AF+%EF%BC%96%E3%82%BB%E3%83%B3%E3%83%81+%E4%BB%A3%E5%BC%95%E4%B8%8D%E5%8F%AF+-++%E9%9D%B4%EF%BC%89%EF%BC%89 HTTP/1.1" 200 0 "-" "Mozilla/5.0 (Linux; Android 6.0.1; Nexus 5X Build/MMB29P) AppleWebKit/537.36 (KHTML, like Gecko) Chrome/135.0.7049.95 Mobile Safari/537.36 (compatible; GoogleOther)"
66.249.75.170 - - [28/Apr/2025:15:47:56 -0400] "GET /?v=04097165082500&channel=85f320&from=category-info.php%3Fid%3D1650825-4056%26name%3D%E3%83%97%E3%83%A9%E3%83%86%E3%83%83%E3%82%AF+%E6%B0%B4%E3%82%BF%E3%83%B3%E3%82%AF+%E6%B0%B4%E7%BC%B6+20L+%E3%83%8E%E3%82%BA%E3%83%AB%E4%BB%98+P-20 HTTP/1.1" 200 55295 "-" "Mozilla/5.0 (Linux; Android 6.0.1; Nexus 5X Build/MMB29P) AppleWebKit/537.36 (KHTML, like Gecko) Chrome/135.0.7049.95 Mobile Safari/537.36 (compatible; Googlebot/2.1; +http://www.google.com/bot.html)"
66.249.75.169 - - [28/Apr/2025:15:49:15 -0400] "GET /?v=3029936543604&channel=48c8c3&from=blog.php%3Fid%3D365436-11491%26name%3D%E3%82%AB%E3%83%AF%E3%82%A4%E8%A3%BD%E4%BD%9C%E6%89%80+%E3%82%AB%E3%83%AD%E3%83%BC%E3%83%A9+AE100+AE110%E7%B3%BB4WD%E7%94%A8+%E3%82%B7%E3%83%BC%E3%83%88%E3%83%AC%E3%83%BC%E3%83%AB+%E9%81%8B%E8%BB%A2%E5%B8%AD+RECARO+SR-S+SR-C+%E5%B0%82%E7%94%A8 HTTP/1.1" 200 52865 "-" "Mozilla/5.0 (Linux; Android 6.0.1; Nexus 5X Build/MMB29P) AppleWebKit/537.36 (KHTML, like Gecko) Chrome/135.0.7049.114 Mobile Safari/537.36 (compatible; Googlebot/2.1; +http://www.google.com/bot.html)"
66.249.75.169 - - [28/Apr/2025:15:49:43 -0400] "GET /?v=074774800206&channel=5e896c&from=product.php%3Fid%3D48002-1215%26name%3DGOODGRIEF%21%E3%82%B0%E3%83%83%E3%83%89%E3%82%B0%E3%83%AA%E3%83%BC%E3%83%95Belt+with+It+Bag+%E3%82%A2%E3%83%91%E3%83%AB%E3%83%88%E3%83%A2%E3%83%B3 HTTP/1.1" 200 0 "-" "Mozilla/5.0 (Linux; Android 6.0.1; Nexus 5X Build/MMB29P) AppleWebKit/537.36 (KHTML, like Gecko) Chrome/135.0.7049.95 Mobile Safari/537.36 (compatible; GoogleOther)"
66.249.75.169 - - [28/Apr/2025:15:49:45 -0400] "GET /?v=60876165458702&channel=229ec9&from=info.php%3Fid%3D1654587-23430%26name%3D95cm+T%E3%82%B7%E3%83%A3%E3%83%84+%E3%81%BE%E3%81%A8%E3%82%81%E5%A3%B2%E3%82%8A HTTP/1.1" 200 0 "-" "Mozilla/5.0 (Linux; Android 6.0.1; Nexus 5X Build/MMB29P) AppleWebKit/537.36 (KHTML, like Gecko) Chrome/135.0.7049.95 Mobile Safari/537.36 (compatible; GoogleOther)"
66.249.75.169 - - [28/Apr/2025:15:49:57 -0400] "GET /?v=9898043110405&channel=40ad91&from=pin.php%3Fid%3D431104-9488%26name%3D%E5%94%90%E7%89%A9+%E7%A3%81%E5%99%A8+%E5%94%90%E4%BB%A3+%E5%94%90%E4%B8%89%E5%BD%A9%E9%B4%9B%E9%B4%A6%E5%A3%BA+%E5%94%90%E7%A3%81+%E5%8F%A4%E9%99%B6%E7%A3%81%E5%99%A8+%E6%99%82%E4%BB%A3%E7%89%A9+%E6%A5%B5%E7%B4%B0%E5%B7%A5+%E5%8F%A4%E8%B3%9E%E7%89%A9+%E7%BD%AE%E7%89%A9+%E4%B8%AD%E5%9B%BD%E5%8F%A4%E7%BE%8E%E8%A1%93+CY47 HTTP/1.1" 200 54128 "-" "Mozilla/5.0 (Linux; Android 6.0.1; Nexus 5X Build/MMB29P) AppleWebKit/537.36 (KHTML, like Gecko) Chrome/135.0.7049.95 Mobile Safari/537.36 (compatible; Googlebot/2.1; +http://www.google.com/bot.html)"
66.249.75.170 - - [28/Apr/2025:15:51:14 -0400] "GET /?v=08488127592204&channel=171130&from=shop.php%3Fid%3D1275922-9765%26name%3D%E3%83%AB%E3%82%A4%E3%83%B4%E3%82%A3%E3%83%88%E3%83%B3++M41422+%E3%83%A2%E3%83%8E%E3%82%B0%E3%83%A9%E3%83%A0%E3%80%80%E3%82%AD%E3%83%BC%E3%83%9D%E3%83%AB60+%E3%83%9C%E3%82%B9%E3%83%88%E3%83%B3%E3%83%90%E3%83%83%E3%82%B0%EF%BC%88%E3%83%AB%E3%82%A4+%E3%83%B4%E3%82%A3%E3%83%88%E3%83%B3+M41422+%E3%83%A2%E3%83%8E%E3%82%B0%E3%83%A9%E3%83%A0+%E3%82%AD%E3%83%BC%E3%83%9D%E3%83%AB+60+%E3%83%9C%E3%82%B9%E3%83%88%E3%83%B3%E3%83%90%E3%83%83%E3%82%B0%EF%BD%9C%E3%83%95%E3%82%A1%E3%83%83%E3%82%B7%E3%83%A7%E3%83%B3%EF%BC%89 HTTP/1.1" 200 0 "-" "Mozilla/5.0 (Linux; Android 6.0.1; Nexus 5X Build/MMB29P) AppleWebKit/537.36 (KHTML, like Gecko) Chrome/135.0.7049.95 Mobile Safari/537.36 (compatible; GoogleOther)"
66.249.75.169 - - [28/Apr/2025:15:51:58 -0400] "GET /?v=88799179168000&channel=1158d7&from=category-info.php%3Fid%3D1791680-13432%26name%3D%E3%80%90%E7%89%B9%E4%BE%A1%E3%82%BB%E3%83%BC%E3%83%AB%E3%80%91%E3%82%B9%E3%83%86%E3%83%BC%E3%82%B8%E3%83%AF%E3%83%BC%E3%82%AF%E3%82%B9+%E8%B3%87%E7%94%9F%E5%A0%82+%E3%83%90%E3%82%A6%E3%83%B3%E3%82%B7%E3%83%B3%E3%82%B0%E3%83%97%E3%83%A9%E3%82%A4%E3%83%9E%E3%83%BC+%E3%80%90x2%E5%80%8B%E3%82%BB%E3%83%83%E3%83%88%E3%80%91+150ml%E3%80%90%E3%82%84%E3%82%8F%E3%82%89%E3%81%8B%E3%81%84%E9%AB%AA%E7%94%A8%E3%80%91 HTTP/1.1" 200 54809 "-" "Mozilla/5.0 (Linux; Android 6.0.1; Nexus 5X Build/MMB29P) AppleWebKit/537.36 (KHTML, like Gecko) Chrome/135.0.7049.95 Mobile Safari/537.36 (compatible; Googlebot/2.1; +http://www.google.com/bot.html)"
