OwlCyberSecurity - MANAGER
Edit File: mohanna.me.juragankeripik.online-ssl_log
47.79.5.237 - - [26/Apr/2025:10:42:35 -0400] "GET /portfolio/the-yi-ching-flash-website/?share=facebook HTTP/1.1" 301 795 "-" "Mozilla/5.0 (iPhone; CPU iPhone OS 17_0_3 like Mac OS X) AppleWebKit/605.1.15 (KHTML, like Gecko) Version/17.0.3 Mobile/15E148 Safari/604.1 RDDocuments/8.7.2.978"
47.82.27.76 - - [26/Apr/2025:10:52:41 -0400] "GET /2020/06/12/%D8%AA%D8%B9%D9%84%D9%85-%D8%A7%D9%84%D8%AD%D9%88%D8%B3%D8%A8%D8%A9-%D8%A7%D9%84%D9%85%D8%A7%D8%AF%D9%8A%D8%A9-%D9%88%D8%A7%D9%84%D8%AA%D8%B9%D9%84%D9%8A%D9%85-%D8%A7%D9%84%D8%B1%D9%82%D9%85%D9%8A/ HTTP/1.1" 301 795 "-" "Mozilla/5.0 (iPhone; CPU iPhone OS 17_0 like Mac OS X) AppleWebKit/605.1.15 (KHTML, like Gecko) Version/17.0 Mobile/15E148 Safari/604.1 OPX/2.1.0"
114.119.130.26 - - [26/Apr/2025:12:05:49 -0400] "GET /tag/%D8%B9%D9%84%D9%85/ HTTP/1.1" 301 795 "https://mohanna.me/2020/10/24/%d9%83%d9%84%d8%a7%d9%85-%d8%a7%d9%84%d9%84%d9%87/" "Mozilla/5.0 (Linux; Android 7.0;) AppleWebKit/537.36 (KHTML, like Gecko) Mobile Safari/537.36 (compatible; PetalBot;+https://webmaster.petalsearch.com/site/petalbot)"
47.82.18.182 - - [26/Apr/2025:12:24:10 -0400] "GET /2015/01/17/yanbu-saudi-arabia-historical-area/?like_comment=8&_wpnonce=c9fb7bc557 HTTP/1.1" 301 795 "-" "Mozilla/5.0 (Windows NT 10.0; Win64; x64) AppleWebKit/537.36 (KHTML, like Gecko) Chrome/121.0.0.0 Safari/537.36 Edg/121.0.0.0"
4.227.36.62 - - [26/Apr/2025:12:57:21 -0400] "GET /robots.txt HTTP/1.1" 301 795 "-" "Mozilla/5.0 AppleWebKit/537.36 (KHTML, like Gecko; compatible; GPTBot/1.2; +https://openai.com/gptbot)"
47.82.20.1 - - [26/Apr/2025:13:09:02 -0400] "GET /tag/effects/ HTTP/1.1" 301 795 "-" "Mozilla/5.0 (iPhone; CPU iPhone OS 17_0 like Mac OS X) AppleWebKit/605.1.15 (KHTML, like Gecko) Version/17.0 Mobile/15E148 Safari/604.1 OPX/2.0.1"
107.150.0.65 - - [26/Apr/2025:13:39:28 -0400] "GET /.env HTTP/1.1" 403 1242 "-" "Mozilla/5.0 (Windows NT 10.0; Win64; x64) AppleWebKit/537.36 (KHTML, like Gecko) Chrome/119.0.0.0 Safari/537.36"
107.150.0.65 - - [26/Apr/2025:13:39:28 -0400] "POST / HTTP/1.1" 200 860 "-" "Mozilla/5.0 (Windows NT 10.0; Win64; x64) AppleWebKit/537.36 (KHTML, like Gecko) Chrome/119.0.0.0 Safari/537.36"
141.94.194.132 - - [26/Apr/2025:13:51:13 -0400] "GET /feed/ HTTP/1.1" 301 795 "-" "Mozilla/5.0 (X11; Linux i686) AppleWebKit/537.36 (KHTML, like Gecko) Chrome/30.0.1599.66 Safari/537.36"
47.79.3.141 - - [26/Apr/2025:13:52:06 -0400] "GET /2015/01/17/yanbu-saudi-arabia-historical-area/?like_comment=8&_wpnonce=349fe331c2 HTTP/1.1" 301 795 "-" "Mozilla/5.0 (iPhone; CPU iPhone OS 17_3 like Mac OS X) AppleWebKit/605.1.15 (KHTML, like Gecko) AvastSecureBrowser/5.3.1 Mobile/15E148 Version/17.0 Safari/605.1.15"
69.171.231.1 - - [26/Apr/2025:13:59:57 -0400] "GET /robots.txt HTTP/1.1" 301 795 "-" "facebookexternalhit/1.1 (+http://www.facebook.com/externalhit_uatext.php)"
47.79.119.246 - - [26/Apr/2025:14:03:50 -0400] "GET /2015/01/17/yanbu-saudi-arabia-historical-area/?like_comment=8&_wpnonce=349fe331c2 HTTP/1.1" 301 795 "-" "Mozilla/5.0 (Linux; Android 10; K) AppleWebKit/537.36 (KHTML, like Gecko) Chrome/122.0.0.0 Mobile Safari/537.36"
192.104.34.34 - - [26/Apr/2025:14:18:28 -0400] "GET / HTTP/1.1" 301 795 "-" "Mozilla/5.0 (Windows NT 10.0; Win64; x64) AppleWebKit/537.36 (KHTML, like Gecko) Chrome/134.0.0.0 Safari/537.36"
173.252.83.10 - - [26/Apr/2025:14:31:07 -0400] "GET /robots.txt HTTP/1.1" 301 795 "-" "facebookexternalhit/1.1 (+http://www.facebook.com/externalhit_uatext.php)"
47.79.116.192 - - [26/Apr/2025:15:29:07 -0400] "GET /2019/04/16/1633/?share=twitter HTTP/1.1" 301 795 "-" "Mozilla/5.0 (iPhone; CPU iPhone OS 17_2 like Mac OS X) AppleWebKit/605.1.15 (KHTML, like Gecko) EdgiOS/120.0.2210.86 Version/17.0 Mobile/15E148 Safari/604.1"
5.161.48.222 - - [26/Apr/2025:16:22:03 -0400] "GET /2018/11/22/%D8%A7%D9%84%D9%86%D8%AC%D9%85-%D8%A7%D9%84%D8%AB%D8%A7%D9%82%D8%A8 HTTP/1.1" 301 795 "-" "Mozilla/5.0 (Windows NT 10.0; Win64; x64) AppleWebKit/537.36 (KHTML, like Gecko) Chrome/84.0.4147.105 Safari/537.36"
103.212.145.193 - - [26/Apr/2025:17:06:46 -0400] "POST /xmlrpc.php HTTP/1.1" 301 795 "-" "Mozilla/5.0 (Windows NT 10.0; Win64; x64) AppleWebKit/537.36 (KHTML, like Gecko) Chrome/91.0.4472.124 Safari/537.36"
119.67.50.18 - - [26/Apr/2025:17:07:54 -0400] "POST /xmlrpc.php HTTP/1.1" 301 795 "-" "Mozilla/5.0 (Windows NT 10.0; Win64; x64) AppleWebKit/537.36 (KHTML, like Gecko) Chrome/91.0.4472.124 Safari/537.36"
114.119.143.213 - - [26/Apr/2025:17:26:12 -0400] "GET /2019/02/25/%D8%A7%D9%84%D8%A3%D8%B1%D8%B6-%D8%A7%D9%84%D9%85%D8%B3%D8%B7%D8%AD%D8%A9-%D9%88%D8%B9%D9%84%D9%85%D8%A7%D8%A1-%D8%A7%D9%84%D8%A5%D8%B3%D9%84%D8%A7%D9%85/ HTTP/1.1" 301 795 "https://ar.wikipedia.org/wiki/?title=%D8%A7%D9%84%D8%A3%D8%B1%D8%B6_%D8%A7%D9%84%D9%85%D8%B3%D8%B7%D8%AD%D8%A9&oldid=59033000" "Mozilla/5.0 (Linux; Android 7.0;) AppleWebKit/537.36 (KHTML, like Gecko) Mobile Safari/537.36 (compatible; PetalBot;+https://webmaster.petalsearch.com/site/petalbot)"
4.227.36.62 - - [26/Apr/2025:17:33:18 -0400] "GET /robots.txt HTTP/1.1" 301 795 "-" "Mozilla/5.0 AppleWebKit/537.36 (KHTML, like Gecko; compatible; GPTBot/1.2; +https://openai.com/gptbot)"
114.119.143.213 - - [26/Apr/2025:18:42:10 -0400] "GET /2019/03/03/%D9%88%D8%AC%D9%88%D8%AF-%D8%A7%D9%84%D8%AC%D9%86-%D9%8A%D8%A8%D8%B7%D9%84-%D9%82%D8%A7%D9%86%D9%88%D9%86-%D8%A7%D9%84%D8%AC%D8%A7%D8%B0%D8%A8%D9%8A%D8%A9/amp HTTP/1.1" 301 795 "-" "Mozilla/5.0 (Linux; Android 7.0;) AppleWebKit/537.36 (KHTML, like Gecko) Mobile Safari/537.36 (compatible; PetalBot;+https://webmaster.petalsearch.com/site/petalbot)"
17.241.219.232 - - [26/Apr/2025:19:07:04 -0400] "GET /robots.txt HTTP/1.1" 301 795 "-" "Mozilla/5.0 (Macintosh; Intel Mac OS X 10_15_7) AppleWebKit/605.1.15 (KHTML, like Gecko) Version/17.4 Safari/605.1.15 (Applebot/0.1; +http://www.apple.com/go/applebot)"
17.241.219.232 - - [26/Apr/2025:19:07:04 -0400] "GET /2015/08/ HTTP/1.1" 301 795 "-" "Mozilla/5.0 (Macintosh; Intel Mac OS X 10_15_7) AppleWebKit/605.1.15 (KHTML, like Gecko) Version/17.4 Safari/605.1.15 (Applebot/0.1; +http://www.apple.com/go/applebot)"
47.82.18.184 - - [26/Apr/2025:20:01:01 -0400] "GET /2015/01/17/yanbu-saudi-arabia-historical-area/?like_comment=7&_wpnonce=2d2697b42d HTTP/1.1" 301 795 "-" "Mozilla/5.0 (iPhone; CPU iPhone OS 17_0_3 like Mac OS X) AppleWebKit/605.1.15 (KHTML, like Gecko) Version/17.0 Mobile/15E148 Safari/604.1 OPT/4.3.1"
17.241.219.154 - - [26/Apr/2025:20:14:55 -0400] "GET /2018/05/22/%D8%A7%D9%86%D8%B8%D8%B1-%D9%85%D9%86-%D8%B2%D8%A7%D9%88%D9%8A%D8%A9-%D8%A7%D8%AE%D8%B1%D9%89/?share=google-plus-1 HTTP/1.1" 301 795 "-" "Mozilla/5.0 (Macintosh; Intel Mac OS X 10_15_7) AppleWebKit/605.1.15 (KHTML, like Gecko) Version/17.4 Safari/605.1.15 (Applebot/0.1; +http://www.apple.com/go/applebot)"
47.82.18.203 - - [26/Apr/2025:21:27:41 -0400] "GET /2015/01/17/yanbu-saudi-arabia-historical-area/?like_comment=7&_wpnonce=c2fe7a23fa HTTP/1.1" 301 795 "-" "Mozilla/5.0 (iPhone; CPU iPhone OS 17_0_3 like Mac OS X) AppleWebKit/605.1.15 (KHTML, like Gecko) Version/17.0.3 Mobile/15E148 Safari/604.1 RDDocuments/8.7.2.978"
47.82.23.229 - - [26/Apr/2025:21:51:41 -0400] "GET /2015/01/17/yanbu-saudi-arabia-historical-area/?like_comment=7&_wpnonce=c2fe7a23fa HTTP/1.1" 301 795 "-" "Mozilla/5.0 (Macintosh; Intel Mac OS X 10_15_7) AppleWebKit/537.36 (KHTML, like Gecko) Chrome/122.0.0.0 Safari/537.36"
114.119.158.216 - - [26/Apr/2025:22:01:19 -0400] "GET /tag/sun/ HTTP/1.1" 301 795 "-" "Mozilla/5.0 (Linux; Android 7.0;) AppleWebKit/537.36 (KHTML, like Gecko) Mobile Safari/537.36 (compatible; PetalBot;+https://webmaster.petalsearch.com/site/petalbot)"
47.82.12.119 - - [26/Apr/2025:22:11:39 -0400] "GET /2015/01/17/yanbu-saudi-arabia-historical-area/?like_comment=7&_wpnonce=c2fe7a23fa HTTP/1.1" 301 795 "-" "Mozilla/5.0 (Linux; Android 10; K) AppleWebKit/537.36 (KHTML, like Gecko) Chrome/122.0.0.0 Mobile Safari/537.36"
47.82.24.151 - - [26/Apr/2025:22:11:46 -0400] "GET /2019/08/27/who-is-jesus/?share=twitter HTTP/1.1" 301 795 "-" "Mozilla/5.0 (Linux; Android 10; K) AppleWebKit/537.36 (KHTML, like Gecko) Chrome/122.0.0.0 Mobile Safari/537.36"
17.241.219.93 - - [26/Apr/2025:22:15:28 -0400] "GET /2018/05/22/%D8%A7%D9%86%D8%B8%D8%B1-%D9%85%D9%86-%D8%B2%D8%A7%D9%88%D9%8A%D8%A9-%D8%A7%D8%AE%D8%B1%D9%89/ HTTP/1.1" 301 795 "-" "Mozilla/5.0 (Macintosh; Intel Mac OS X 10_15_7) AppleWebKit/605.1.15 (KHTML, like Gecko) Version/17.4 Safari/605.1.15 (Applebot/0.1; +http://www.apple.com/go/applebot)"
14.153.247.178 - - [26/Apr/2025:22:18:40 -0400] "GET /robots.txt HTTP/1.1" 301 795 "-" "Mozilla/5.0 (Windows NT 10.0; Win64; x64) AppleWebKit/537.36 (KHTML, like Gecko) Chrome/54.0.3335.109 Safari/537.36 OPR/63.0.3368.43"
17.241.219.147 - - [26/Apr/2025:22:21:42 -0400] "GET /tag/%D8%A7%D9%84%D8%B1%D9%88%D8%AD/ HTTP/1.1" 301 795 "-" "Mozilla/5.0 (Macintosh; Intel Mac OS X 10_15_7) AppleWebKit/605.1.15 (KHTML, like Gecko) Version/17.4 Safari/605.1.15 (Applebot/0.1; +http://www.apple.com/go/applebot)"
51.222.253.17 - - [26/Apr/2025:22:26:10 -0400] "GET /robots.txt HTTP/1.1" 301 795 "-" "Mozilla/5.0 (compatible; AhrefsBot/7.0; +http://ahrefs.com/robot/)"
47.82.15.146 - - [26/Apr/2025:22:33:40 -0400] "GET /2015/01/17/yanbu-saudi-arabia-historical-area/?like_comment=7&_wpnonce=f0833236f0 HTTP/1.1" 301 795 "-" "Mozilla/5.0 (iPhone; CPU iPhone OS 17_3 like Mac OS X) AppleWebKit/605.1.15 (KHTML, like Gecko) EdgiOS/120.0.2210.150 Version/17.0 Mobile/15E148 Safari/604.1"
47.128.16.182 - - [26/Apr/2025:22:47:53 -0400] "GET /robots.txt HTTP/1.1" 301 795 "-" "Go-http-client/2.0"
47.128.111.142 - - [26/Apr/2025:22:48:18 -0400] "GET /2019/10/20/arts-and-religion-15/ HTTP/1.1" 301 795 "-" "Mozilla/5.0 (Linux; Android 5.0) AppleWebKit/537.36 (KHTML, like Gecko) Mobile Safari/537.36 (compatible; TikTokSpider; ttspider-feedback@tiktok.com)"
47.79.116.176 - - [26/Apr/2025:22:51:36 -0400] "GET /portfolio/the-yi-ching-flash-website/?share=google-plus-1 HTTP/1.1" 301 795 "-" "Mozilla/5.0 (Windows NT 10.0; Win64; x64) AppleWebKit/537.36 (KHTML, like Gecko) Chrome/121.0.0.0 Safari/537.36 Edg/121.0.0.0"
17.241.219.209 - - [26/Apr/2025:22:53:46 -0400] "GET /tag/%D8%A3%D9%8A%D8%A7%D9%85-%D8%A7%D9%84%D9%84%D9%87/ HTTP/1.1" 301 795 "-" "Mozilla/5.0 (Macintosh; Intel Mac OS X 10_15_7) AppleWebKit/605.1.15 (KHTML, like Gecko) Version/17.4 Safari/605.1.15 (Applebot/0.1; +http://www.apple.com/go/applebot)"
4.227.36.114 - - [26/Apr/2025:22:56:29 -0400] "GET /robots.txt HTTP/1.1" 301 795 "-" "Mozilla/5.0 AppleWebKit/537.36 (KHTML, like Gecko; compatible; GPTBot/1.2; +https://openai.com/gptbot)"
47.82.15.165 - - [26/Apr/2025:23:22:19 -0400] "GET /portfolio/the-yi-ching-flash-website/?share=google-plus-1 HTTP/1.1" 301 795 "-" "Mozilla/5.0 (Windows NT 10.0; Win64; x64) AppleWebKit/537.36 (KHTML, like Gecko) Chrome/122.0.0.0 Safari/537.36 Agency/98.8.8175.80"
47.79.116.12 - - [26/Apr/2025:23:34:39 -0400] "GET /portfolio/the-yi-ching-flash-website/?share=google-plus-1 HTTP/1.1" 301 795 "-" "Mozilla/5.0 (Linux; Android 10; K) AppleWebKit/537.36 (KHTML, like Gecko) Chrome/122.0.0.0 Mobile Safari/537.36"
17.241.219.195 - - [26/Apr/2025:23:38:39 -0400] "GET /tag/%D8%A7%D9%84%D9%82%D8%B1%D8%A2%D9%86/ HTTP/1.1" 301 795 "-" "Mozilla/5.0 (Macintosh; Intel Mac OS X 10_15_7) AppleWebKit/605.1.15 (KHTML, like Gecko) Version/17.4 Safari/605.1.15 (Applebot/0.1; +http://www.apple.com/go/applebot)"
40.77.167.85 - - [26/Apr/2025:23:59:50 -0400] "GET /robots.txt HTTP/1.1" 301 795 "-" "Mozilla/5.0 AppleWebKit/537.36 (KHTML, like Gecko; compatible; bingbot/2.0; +http://www.bing.com/bingbot.htm) Chrome/116.0.1938.76 Safari/537.36"
40.77.167.85 - - [26/Apr/2025:23:59:50 -0400] "GET /robots.txt HTTP/1.1" 301 795 "-" "Mozilla/5.0 AppleWebKit/537.36 (KHTML, like Gecko; compatible; bingbot/2.0; +http://www.bing.com/bingbot.htm) Chrome/116.0.1938.76 Safari/537.36"
207.46.13.153 - - [27/Apr/2025:00:06:37 -0400] "GET /2018/10/04/%D9%88%D8%A3%D8%B9%D8%AF%D9%88-%D9%84%D9%87%D9%85/?like_comment=179 HTTP/1.1" 301 795 "-" "Mozilla/5.0 AppleWebKit/537.36 (KHTML, like Gecko; compatible; bingbot/2.0; +http://www.bing.com/bingbot.htm) Chrome/116.0.1938.76 Safari/537.36"
114.119.158.216 - - [27/Apr/2025:00:08:36 -0400] "GET /2018/12/20/%D8%A7%D9%84%D9%86%D8%AC%D9%85-%D8%A7%D9%84%D8%AB%D8%A7%D9%82%D8%A8-%D9%A2/ HTTP/1.1" 301 795 "-" "Mozilla/5.0 (Linux; Android 7.0;) AppleWebKit/537.36 (KHTML, like Gecko) Mobile Safari/537.36 (compatible; PetalBot;+https://webmaster.petalsearch.com/site/petalbot)"
114.119.132.68 - - [27/Apr/2025:00:50:38 -0400] "GET /2019/07/11/receptors-unblocking-2/ HTTP/1.1" 301 795 "https://mohanna.me/2019/07/13/receptors-unblocking-3/" "Mozilla/5.0 (Linux; Android 7.0;) AppleWebKit/537.36 (KHTML, like Gecko) Mobile Safari/537.36 (compatible; PetalBot;+https://webmaster.petalsearch.com/site/petalbot)"
114.119.135.65 - - [27/Apr/2025:01:48:11 -0400] "GET /tag/%D9%85%D8%A7%D8%A1/ HTTP/1.1" 301 795 "https://mohanna.me/2019/05/21/%d9%87%d9%84-%d8%a7%d9%84%d8%b4%d9%85%d8%b3-%d9%83%d8%a8%d9%8a%d8%b1%d8%a9%d8%9f/" "Mozilla/5.0 (Linux; Android 7.0;) AppleWebKit/537.36 (KHTML, like Gecko) Mobile Safari/537.36 (compatible; PetalBot;+https://webmaster.petalsearch.com/site/petalbot)"
195.191.219.131 - - [27/Apr/2025:02:11:41 -0400] "GET /robots.txt HTTP/1.1" 301 795 "-" "Mozilla/5.0 (compatible; MJ12bot/v2.0.0; http://mj12bot.com/)"
195.191.219.131 - - [27/Apr/2025:02:11:42 -0400] "GET / HTTP/1.1" 301 795 "-" "Mozilla/5.0 (compatible; MJ12bot/v2.0.0; http://mj12bot.com/)"
47.82.24.244 - - [27/Apr/2025:02:17:53 -0400] "GET /2015/01/17/yanbu-saudi-arabia-historical-area/?like_comment=7&_wpnonce=6207548e4f HTTP/1.1" 301 795 "-" "Mozilla/5.0 (Windows NT 10.0; Win64; x64) AppleWebKit/537.36 (KHTML, like Gecko) Chrome/121.0.0.0 Safari/537.36 Edg/121.0.0.0"
217.182.194.45 - - [27/Apr/2025:02:21:03 -0400] "GET /robots.txt HTTP/1.1" 301 795 "-" "Mozilla/5.0 (compatible; MJ12bot/v1.4.8; http://mj12bot.com/)"
217.182.194.45 - - [27/Apr/2025:02:21:07 -0400] "GET /2015/03/18/think-big-but-understand-that-you-are-small-no-matter-what-you-do/?share=twitter/ HTTP/1.1" 301 795 "-" "Mozilla/5.0 (compatible; MJ12bot/v1.4.8; http://mj12bot.com/)"
217.182.194.45 - - [27/Apr/2025:02:21:11 -0400] "GET /2018/05/19/%D9%85%D9%86-%D9%85%D8%B3%D8%AA%D9%87%D9%84%D9%83-%D8%A7%D9%84%D9%89-%D9%85%D9%86%D8%AA%D8%AC-%D9%88%D9%83%D8%B0%D9%84%D9%83-%D8%A7%D9%86%D8%AA/ HTTP/1.1" 301 795 "-" "Mozilla/5.0 (compatible; MJ12bot/v1.4.8; http://mj12bot.com/)"
217.182.194.45 - - [27/Apr/2025:02:21:16 -0400] "GET /2018/05/19/%D9%85%D9%86-%D9%85%D8%B3%D8%AA%D9%87%D9%84%D9%83-%D8%A7%D9%84%D9%89-%D9%85%D9%86%D8%AA%D8%AC-%D9%88%D9%83%D8%B0%D9%84%D9%83-%D8%A7%D9%86%D8%AA/?like_comment=225&_wpnonce=4b4422f14b/ HTTP/1.1" 301 795 "-" "Mozilla/5.0 (compatible; MJ12bot/v1.4.8; http://mj12bot.com/)"
217.182.194.45 - - [27/Apr/2025:02:21:21 -0400] "GET /2018/05/19/%D9%85%D9%86-%D9%85%D8%B3%D8%AA%D9%87%D9%84%D9%83-%D8%A7%D9%84%D9%89-%D9%85%D9%86%D8%AA%D8%AC-%D9%88%D9%83%D8%B0%D9%84%D9%83-%D8%A7%D9%86%D8%AA/?like_comment=274&_wpnonce=c73242a61f/ HTTP/1.1" 301 795 "-" "Mozilla/5.0 (compatible; MJ12bot/v1.4.8; http://mj12bot.com/)"
217.182.194.45 - - [27/Apr/2025:02:21:26 -0400] "GET /2018/05/19/%D9%85%D9%86-%D9%85%D8%B3%D8%AA%D9%87%D9%84%D9%83-%D8%A7%D9%84%D9%89-%D9%85%D9%86%D8%AA%D8%AC-%D9%88%D9%83%D8%B0%D9%84%D9%83-%D8%A7%D9%86%D8%AA/?share=facebook/ HTTP/1.1" 301 795 "-" "Mozilla/5.0 (compatible; MJ12bot/v1.4.8; http://mj12bot.com/)"
217.182.194.45 - - [27/Apr/2025:02:21:31 -0400] "GET /2018/05/19/%D9%85%D9%86-%D9%85%D8%B3%D8%AA%D9%87%D9%84%D9%83-%D8%A7%D9%84%D9%89-%D9%85%D9%86%D8%AA%D8%AC-%D9%88%D9%83%D8%B0%D9%84%D9%83-%D8%A7%D9%86%D8%AA/?share=twitter/ HTTP/1.1" 301 795 "-" "Mozilla/5.0 (compatible; MJ12bot/v1.4.8; http://mj12bot.com/)"
217.182.194.45 - - [27/Apr/2025:02:21:36 -0400] "GET /2018/05/19/%D9%85%D9%86-%D9%85%D8%B3%D8%AA%D9%87%D9%84%D9%83-%D8%A7%D9%84%D9%89-%D9%85%D9%86%D8%AA%D8%AC-%D9%88%D9%83%D8%B0%D9%84%D9%83-%D8%A7%D9%86%D8%AA/feed/ HTTP/1.1" 301 795 "-" "Mozilla/5.0 (compatible; MJ12bot/v1.4.8; http://mj12bot.com/)"
217.182.194.45 - - [27/Apr/2025:02:21:41 -0400] "GET /2018/05/19/%D9%85%D9%86-%D9%85%D8%B3%D8%AA%D9%87%D9%84%D9%83-%D8%A7%D9%84%D9%89-%D9%85%D9%86%D8%AA%D8%AC-%D9%88%D9%83%D8%B0%D9%84%D9%83-%D8%A7%D9%86%D8%AA/?like_comment=225&_wpnonce=f944bb3bf6/ HTTP/1.1" 301 795 "-" "Mozilla/5.0 (compatible; MJ12bot/v1.4.8; http://mj12bot.com/)"
217.182.194.45 - - [27/Apr/2025:02:21:46 -0400] "GET /2018/05/19/%D9%85%D9%86-%D9%85%D8%B3%D8%AA%D9%87%D9%84%D9%83-%D8%A7%D9%84%D9%89-%D9%85%D9%86%D8%AA%D8%AC-%D9%88%D9%83%D8%B0%D9%84%D9%83-%D8%A7%D9%86%D8%AA/?like_comment=274&_wpnonce=1ba10c6c92/ HTTP/1.1" 301 795 "-" "Mozilla/5.0 (compatible; MJ12bot/v1.4.8; http://mj12bot.com/)"
217.182.194.45 - - [27/Apr/2025:02:21:50 -0400] "GET /2018/05/19/%D9%85%D9%86-%D9%85%D8%B3%D8%AA%D9%87%D9%84%D9%83-%D8%A7%D9%84%D9%89-%D9%85%D9%86%D8%AA%D8%AC-%D9%88%D9%83%D8%B0%D9%84%D9%83-%D8%A7%D9%86%D8%AA/?replytocom=225/ HTTP/1.1" 301 795 "-" "Mozilla/5.0 (compatible; MJ12bot/v1.4.8; http://mj12bot.com/)"
217.182.194.45 - - [27/Apr/2025:02:21:55 -0400] "GET /2018/05/19/%D9%85%D9%86-%D9%85%D8%B3%D8%AA%D9%87%D9%84%D9%83-%D8%A7%D9%84%D9%89-%D9%85%D9%86%D8%AA%D8%AC-%D9%88%D9%83%D8%B0%D9%84%D9%83-%D8%A7%D9%86%D8%AA/?replytocom=274/ HTTP/1.1" 301 795 "-" "Mozilla/5.0 (compatible; MJ12bot/v1.4.8; http://mj12bot.com/)"
145.239.65.236 - - [27/Apr/2025:02:22:00 -0400] "GET /robots.txt HTTP/1.1" 301 795 "-" "Mozilla/5.0 (compatible; MJ12bot/v1.4.8; http://mj12bot.com/)"
217.182.194.45 - - [27/Apr/2025:02:22:00 -0400] "GET /2018/05/20/%D8%A7%D9%84%D8%B7%D8%A7%D9%82%D8%A9-%D8%A7%D9%84%D8%A8%D8%AF%D9%8A%D9%84%D8%A9-%D8%B7%D8%A7%D9%82%D8%A9-%D9%85%D8%AC%D8%A7%D9%86%D9%8A%D8%A9/ HTTP/1.1" 301 795 "-" "Mozilla/5.0 (compatible; MJ12bot/v1.4.8; http://mj12bot.com/)"
217.182.194.45 - - [27/Apr/2025:02:22:05 -0400] "GET /2018/05/20/amnesia/?share=facebook/ HTTP/1.1" 301 795 "-" "Mozilla/5.0 (compatible; MJ12bot/v1.4.8; http://mj12bot.com/)"
145.239.65.236 - - [27/Apr/2025:02:22:07 -0400] "GET /tag/%D8%AB%D8%A8%D8%A7%D8%AA/feed/ HTTP/1.1" 301 795 "-" "Mozilla/5.0 (compatible; MJ12bot/v1.4.8; http://mj12bot.com/)"
38.242.228.115 - - [27/Apr/2025:02:22:09 -0400] "GET /robots.txt HTTP/1.1" 301 795 "-" "Mozilla/5.0 (compatible; MJ12bot/v1.4.8; http://mj12bot.com/)"
217.182.194.45 - - [27/Apr/2025:02:22:09 -0400] "GET /2018/05/20/amnesia/?share=twitter/ HTTP/1.1" 301 795 "-" "Mozilla/5.0 (compatible; MJ12bot/v1.4.8; http://mj12bot.com/)"
145.239.65.236 - - [27/Apr/2025:02:22:12 -0400] "GET /tag/%D8%AB%D9%82%D8%A8-%D8%A7%D8%B3%D9%88%D8%AF/ HTTP/1.1" 301 795 "-" "Mozilla/5.0 (compatible; MJ12bot/v1.4.8; http://mj12bot.com/)"
147.135.213.32 - - [27/Apr/2025:02:22:13 -0400] "GET /robots.txt HTTP/1.1" 301 795 "-" "Mozilla/5.0 (compatible; MJ12bot/v1.4.8; http://mj12bot.com/)"
38.242.228.115 - - [27/Apr/2025:02:22:13 -0400] "GET /2019/06/24/%D9%87%D9%84-%D8%B5%D8%AF%D9%91%D9%82%D8%AA-%D9%83%D9%84%D8%A7%D9%85-%D8%A7%D9%84%D9%84%D9%87-%D8%9F/ HTTP/1.1" 301 795 "-" "Mozilla/5.0 (compatible; MJ12bot/v1.4.8; http://mj12bot.com/)"
217.182.194.45 - - [27/Apr/2025:02:22:15 -0400] "GET /2018/05/24/the-greys-the-lie/?like_comment=294&_wpnonce=f43bb3567f/ HTTP/1.1" 301 795 "-" "Mozilla/5.0 (compatible; MJ12bot/v1.4.8; http://mj12bot.com/)"
147.135.213.32 - - [27/Apr/2025:02:22:17 -0400] "GET /tag/%D8%AB%D8%A8%D8%A7%D8%AA/feed/ HTTP/1.1" 301 795 "-" "Mozilla/5.0 (compatible; MJ12bot/v1.4.8; http://mj12bot.com/)"
145.239.65.236 - - [27/Apr/2025:02:22:18 -0400] "GET /tag/%D8%AB%D9%82%D8%A8-%D8%A7%D8%B3%D9%88%D8%AF/feed/ HTTP/1.1" 301 795 "-" "Mozilla/5.0 (compatible; MJ12bot/v1.4.8; http://mj12bot.com/)"
38.242.228.115 - - [27/Apr/2025:02:22:18 -0400] "GET /2019/06/24/%D9%87%D9%84-%D8%B5%D8%AF%D9%91%D9%82%D8%AA-%D9%83%D9%84%D8%A7%D9%85-%D8%A7%D9%84%D9%84%D9%87-%D8%9F/?like_comment=1358&_wpnonce=80bbb776bf/ HTTP/1.1" 301 795 "-" "Mozilla/5.0 (compatible; MJ12bot/v1.4.8; http://mj12bot.com/)"
217.182.194.45 - - [27/Apr/2025:02:22:20 -0400] "GET /2018/05/27/%D8%A7%D9%84%D8%AD%D8%A7%D8%B6%D8%B1-%D9%84%D9%8A%D8%B3-%D8%A8%D8%AD%D8%A7%D8%B6%D8%B1/ HTTP/1.1" 301 795 "-" "Mozilla/5.0 (compatible; MJ12bot/v1.4.8; http://mj12bot.com/)"
147.135.213.32 - - [27/Apr/2025:02:22:22 -0400] "GET /tag/%D8%AB%D9%82%D8%A8-%D8%A7%D8%B3%D9%88%D8%AF/ HTTP/1.1" 301 795 "-" "Mozilla/5.0 (compatible; MJ12bot/v1.4.8; http://mj12bot.com/)"
145.239.65.236 - - [27/Apr/2025:02:22:22 -0400] "GET /tag/%D8%AC%D8%A7%D8%B1%D9%8A%D8%A7%D8%AA/ HTTP/1.1" 301 795 "-" "Mozilla/5.0 (compatible; MJ12bot/v1.4.8; http://mj12bot.com/)"
38.242.228.115 - - [27/Apr/2025:02:22:23 -0400] "GET /2019/06/24/%D9%87%D9%84-%D8%B5%D8%AF%D9%91%D9%82%D8%AA-%D9%83%D9%84%D8%A7%D9%85-%D8%A7%D9%84%D9%84%D9%87-%D8%9F/?like_comment=1506&_wpnonce=34454b8db3/ HTTP/1.1" 301 795 "-" "Mozilla/5.0 (compatible; MJ12bot/v1.4.8; http://mj12bot.com/)"
217.182.194.45 - - [27/Apr/2025:02:22:25 -0400] "GET /2018/05/29/the-world-is-sound/?share=facebook/ HTTP/1.1" 301 795 "-" "Mozilla/5.0 (compatible; MJ12bot/v1.4.8; http://mj12bot.com/)"
145.239.65.236 - - [27/Apr/2025:02:22:28 -0400] "GET /tag/%D8%AC%D8%A7%D8%B1%D9%8A%D8%A7%D8%AA/feed/ HTTP/1.1" 301 795 "-" "Mozilla/5.0 (compatible; MJ12bot/v1.4.8; http://mj12bot.com/)"
147.135.213.32 - - [27/Apr/2025:02:22:28 -0400] "GET /tag/%D8%AB%D9%82%D8%A8-%D8%A7%D8%B3%D9%88%D8%AF/feed/ HTTP/1.1" 301 795 "-" "Mozilla/5.0 (compatible; MJ12bot/v1.4.8; http://mj12bot.com/)"
38.242.228.115 - - [27/Apr/2025:02:22:28 -0400] "GET /2019/06/24/%D9%87%D9%84-%D8%B5%D8%AF%D9%91%D9%82%D8%AA-%D9%83%D9%84%D8%A7%D9%85-%D8%A7%D9%84%D9%84%D9%87-%D8%9F/?like_comment=1506&_wpnonce=e51b1d7e50/ HTTP/1.1" 301 795 "-" "Mozilla/5.0 (compatible; MJ12bot/v1.4.8; http://mj12bot.com/)"
217.182.194.45 - - [27/Apr/2025:02:22:30 -0400] "GET /2018/05/29/the-world-is-sound/?share=twitter/ HTTP/1.1" 301 795 "-" "Mozilla/5.0 (compatible; MJ12bot/v1.4.8; http://mj12bot.com/)"
145.239.65.236 - - [27/Apr/2025:02:22:33 -0400] "GET /tag/%D8%AC%D8%A7%D9%84%D9%88%D8%AA/ HTTP/1.1" 301 795 "-" "Mozilla/5.0 (compatible; MJ12bot/v1.4.8; http://mj12bot.com/)"
38.242.228.115 - - [27/Apr/2025:02:22:34 -0400] "GET /2019/06/24/%D9%87%D9%84-%D8%B5%D8%AF%D9%91%D9%82%D8%AA-%D9%83%D9%84%D8%A7%D9%85-%D8%A7%D9%84%D9%84%D9%87-%D8%9F/?like_comment=792&_wpnonce=47351b9675/ HTTP/1.1" 301 795 "-" "Mozilla/5.0 (compatible; MJ12bot/v1.4.8; http://mj12bot.com/)"
147.135.213.32 - - [27/Apr/2025:02:22:34 -0400] "GET /tag/%D8%AC%D8%A7%D8%B1%D9%8A%D8%A7%D8%AA/ HTTP/1.1" 301 795 "-" "Mozilla/5.0 (compatible; MJ12bot/v1.4.8; http://mj12bot.com/)"
217.182.194.45 - - [27/Apr/2025:02:22:35 -0400] "GET /2018/05/30/%D9%86%D8%B8%D8%B1%D9%8A%D8%A9-%D8%A7%D9%84%D8%AA%D8%B5%D9%86%D9%8A%D8%B9/?share=twitter/ HTTP/1.1" 301 795 "-" "Mozilla/5.0 (compatible; MJ12bot/v1.4.8; http://mj12bot.com/)"
145.239.65.236 - - [27/Apr/2025:02:22:38 -0400] "GET /tag/%D8%AC%D8%A8%D8%A7%D9%84/ HTTP/1.1" 301 795 "-" "Mozilla/5.0 (compatible; MJ12bot/v1.4.8; http://mj12bot.com/)"
38.242.228.115 - - [27/Apr/2025:02:22:39 -0400] "GET /2019/06/24/%D9%87%D9%84-%D8%B5%D8%AF%D9%91%D9%82%D8%AA-%D9%83%D9%84%D8%A7%D9%85-%D8%A7%D9%84%D9%84%D9%87-%D8%9F/?like_comment=792&_wpnonce=4868b930af/ HTTP/1.1" 301 795 "-" "Mozilla/5.0 (compatible; MJ12bot/v1.4.8; http://mj12bot.com/)"
147.135.213.32 - - [27/Apr/2025:02:22:39 -0400] "GET /tag/%D8%AC%D8%A7%D8%B1%D9%8A%D8%A7%D8%AA/feed/ HTTP/1.1" 301 795 "-" "Mozilla/5.0 (compatible; MJ12bot/v1.4.8; http://mj12bot.com/)"
217.182.194.45 - - [27/Apr/2025:02:22:40 -0400] "GET /2018/09/03/wake-up-america/?share=twitter/ HTTP/1.1" 301 795 "-" "Mozilla/5.0 (compatible; MJ12bot/v1.4.8; http://mj12bot.com/)"
145.239.65.236 - - [27/Apr/2025:02:22:43 -0400] "GET /tag/%D8%AC%D8%A8/feed/ HTTP/1.1" 301 795 "-" "Mozilla/5.0 (compatible; MJ12bot/v1.4.8; http://mj12bot.com/)"
217.182.194.45 - - [27/Apr/2025:02:22:44 -0400] "GET /2018/11/26/%D9%88%D9%82%D8%B1%D9%86-%D9%81%D9%8A-%D8%A8%D9%8A%D9%88%D8%AA%D9%83%D9%86/?share=twitter/ HTTP/1.1" 301 795 "-" "Mozilla/5.0 (compatible; MJ12bot/v1.4.8; http://mj12bot.com/)"
38.242.228.115 - - [27/Apr/2025:02:22:44 -0400] "GET /2019/06/24/%D9%87%D9%84-%D8%B5%D8%AF%D9%91%D9%82%D8%AA-%D9%83%D9%84%D8%A7%D9%85-%D8%A7%D9%84%D9%84%D9%87-%D8%9F/?share=facebook/ HTTP/1.1" 301 795 "-" "Mozilla/5.0 (compatible; MJ12bot/v1.4.8; http://mj12bot.com/)"
147.135.213.32 - - [27/Apr/2025:02:22:45 -0400] "GET /tag/%D8%AC%D8%A7%D9%84%D9%88%D8%AA/ HTTP/1.1" 301 795 "-" "Mozilla/5.0 (compatible; MJ12bot/v1.4.8; http://mj12bot.com/)"
145.239.65.236 - - [27/Apr/2025:02:22:48 -0400] "GET /tag/%D8%AC%D8%B1%D8%AD-%D9%88%D8%AA%D8%B9%D8%AF%D9%8A%D9%84/ HTTP/1.1" 301 795 "-" "Mozilla/5.0 (compatible; MJ12bot/v1.4.8; http://mj12bot.com/)"
217.182.194.45 - - [27/Apr/2025:02:22:50 -0400] "GET /2018/11/26/%D9%88%D9%82%D8%B1%D9%86-%D9%81%D9%8A-%D8%A8%D9%8A%D9%88%D8%AA%D9%83%D9%86/feed/ HTTP/1.1" 301 795 "-" "Mozilla/5.0 (compatible; MJ12bot/v1.4.8; http://mj12bot.com/)"
38.242.228.115 - - [27/Apr/2025:02:22:50 -0400] "GET /2019/06/24/%D9%87%D9%84-%D8%B5%D8%AF%D9%91%D9%82%D8%AA-%D9%83%D9%84%D8%A7%D9%85-%D8%A7%D9%84%D9%84%D9%87-%D8%9F/?share=twitter/ HTTP/1.1" 301 795 "-" "Mozilla/5.0 (compatible; MJ12bot/v1.4.8; http://mj12bot.com/)"
147.135.213.32 - - [27/Apr/2025:02:22:50 -0400] "GET /tag/%D8%AC%D8%A8%D8%A7%D9%84/ HTTP/1.1" 301 795 "-" "Mozilla/5.0 (compatible; MJ12bot/v1.4.8; http://mj12bot.com/)"
145.239.65.236 - - [27/Apr/2025:02:22:53 -0400] "GET /tag/%D8%AC%D8%B1%D8%AD-%D9%88%D8%AA%D8%B9%D8%AF%D9%8A%D9%84/feed/ HTTP/1.1" 301 795 "-" "Mozilla/5.0 (compatible; MJ12bot/v1.4.8; http://mj12bot.com/)"
217.182.194.45 - - [27/Apr/2025:02:22:54 -0400] "GET /2018/11/26/%D8%A7%D9%84%D8%BA%D8%A7%D8%B2%D8%A7%D8%AA-%D8%A7%D9%84%D9%86%D8%A8%D9%8A%D9%84%D8%A9/ HTTP/1.1" 301 795 "-" "Mozilla/5.0 (compatible; MJ12bot/v1.4.8; http://mj12bot.com/)"
38.242.228.115 - - [27/Apr/2025:02:22:55 -0400] "GET /2019/06/24/%D9%87%D9%84-%D8%B5%D8%AF%D9%91%D9%82%D8%AA-%D9%83%D9%84%D8%A7%D9%85-%D8%A7%D9%84%D9%84%D9%87-%D8%9F/feed/ HTTP/1.1" 301 795 "-" "Mozilla/5.0 (compatible; MJ12bot/v1.4.8; http://mj12bot.com/)"
147.135.213.32 - - [27/Apr/2025:02:22:56 -0400] "GET /tag/%D8%AC%D8%A8/feed/ HTTP/1.1" 301 795 "-" "Mozilla/5.0 (compatible; MJ12bot/v1.4.8; http://mj12bot.com/)"
145.239.65.236 - - [27/Apr/2025:02:22:59 -0400] "GET /tag/%D8%AC%D8%B1%D8%B2%D8%A7/ HTTP/1.1" 301 795 "-" "Mozilla/5.0 (compatible; MJ12bot/v1.4.8; http://mj12bot.com/)"
217.182.194.45 - - [27/Apr/2025:02:23:00 -0400] "GET /2018/11/26/%D8%A7%D9%84%D8%BA%D8%A7%D8%B2%D8%A7%D8%AA-%D8%A7%D9%84%D9%86%D8%A8%D9%8A%D9%84%D8%A9/?replytocom=186/ HTTP/1.1" 301 795 "-" "Mozilla/5.0 (compatible; MJ12bot/v1.4.8; http://mj12bot.com/)"
38.242.228.115 - - [27/Apr/2025:02:23:01 -0400] "GET /2019/06/24/%D9%87%D9%84-%D8%B5%D8%AF%D9%91%D9%82%D8%AA-%D9%83%D9%84%D8%A7%D9%85-%D8%A7%D9%84%D9%84%D9%87-%D8%9F/?like_comment=1358&_wpnonce=e469709b57/ HTTP/1.1" 301 795 "-" "Mozilla/5.0 (compatible; MJ12bot/v1.4.8; http://mj12bot.com/)"
147.135.213.32 - - [27/Apr/2025:02:23:02 -0400] "GET /tag/%D8%AC%D8%B1%D8%AD-%D9%88%D8%AA%D8%B9%D8%AF%D9%8A%D9%84/ HTTP/1.1" 301 795 "-" "Mozilla/5.0 (compatible; MJ12bot/v1.4.8; http://mj12bot.com/)"
145.239.65.236 - - [27/Apr/2025:02:23:04 -0400] "GET /tag/%D8%AC%D9%84%D8%AF/ HTTP/1.1" 301 795 "-" "Mozilla/5.0 (compatible; MJ12bot/v1.4.8; http://mj12bot.com/)"
217.182.194.45 - - [27/Apr/2025:02:23:05 -0400] "GET /2018/11/26/%D8%A7%D9%84%D8%BA%D8%A7%D8%B2%D8%A7%D8%AA-%D8%A7%D9%84%D9%86%D8%A8%D9%8A%D9%84%D8%A9/?replytocom=216/ HTTP/1.1" 301 795 "-" "Mozilla/5.0 (compatible; MJ12bot/v1.4.8; http://mj12bot.com/)"
38.242.228.115 - - [27/Apr/2025:02:23:07 -0400] "GET /2019/06/24/%D9%87%D9%84-%D8%B5%D8%AF%D9%91%D9%82%D8%AA-%D9%83%D9%84%D8%A7%D9%85-%D8%A7%D9%84%D9%84%D9%87-%D8%9F/?like_comment=792&_wpnonce=0eb4a2037a/ HTTP/1.1" 301 795 "-" "Mozilla/5.0 (compatible; MJ12bot/v1.4.8; http://mj12bot.com/)"
147.135.213.32 - - [27/Apr/2025:02:23:10 -0400] "GET /tag/%D8%AC%D8%B1%D8%AD-%D9%88%D8%AA%D8%B9%D8%AF%D9%8A%D9%84/feed/ HTTP/1.1" 301 795 "-" "Mozilla/5.0 (compatible; MJ12bot/v1.4.8; http://mj12bot.com/)"
217.182.194.45 - - [27/Apr/2025:02:23:10 -0400] "GET /2018/11/26/%D9%88%D9%82%D8%B1%D9%86-%D9%81%D9%8A-%D8%A8%D9%8A%D9%88%D8%AA%D9%83%D9%86/?replytocom=863/ HTTP/1.1" 301 795 "-" "Mozilla/5.0 (compatible; MJ12bot/v1.4.8; http://mj12bot.com/)"
145.239.65.236 - - [27/Apr/2025:02:23:11 -0400] "GET /tag/%D8%AC%D9%84%D8%AF/feed/ HTTP/1.1" 301 795 "-" "Mozilla/5.0 (compatible; MJ12bot/v1.4.8; http://mj12bot.com/)"
38.242.228.115 - - [27/Apr/2025:02:23:15 -0400] "GET /2019/06/24/%D9%87%D9%84-%D8%B5%D8%AF%D9%91%D9%82%D8%AA-%D9%83%D9%84%D8%A7%D9%85-%D8%A7%D9%84%D9%84%D9%87-%D8%9F/?replytocom=1358/ HTTP/1.1" 301 795 "-" "Mozilla/5.0 (compatible; MJ12bot/v1.4.8; http://mj12bot.com/)"
217.182.194.45 - - [27/Apr/2025:02:23:15 -0400] "GET /2018/11/26/%D9%88%D9%82%D8%B1%D9%86-%D9%81%D9%8A-%D8%A8%D9%8A%D9%88%D8%AA%D9%83%D9%86/?replytocom=886/ HTTP/1.1" 301 795 "-" "Mozilla/5.0 (compatible; MJ12bot/v1.4.8; http://mj12bot.com/)"
147.135.213.32 - - [27/Apr/2025:02:23:16 -0400] "GET /tag/%D8%AC%D8%B1%D8%B2%D8%A7/ HTTP/1.1" 301 795 "-" "Mozilla/5.0 (compatible; MJ12bot/v1.4.8; http://mj12bot.com/)"
145.239.65.236 - - [27/Apr/2025:02:23:17 -0400] "GET /tag/%D8%AC%D9%85%D8%B9/ HTTP/1.1" 301 795 "-" "Mozilla/5.0 (compatible; MJ12bot/v1.4.8; http://mj12bot.com/)"
38.242.228.115 - - [27/Apr/2025:02:23:20 -0400] "GET /2019/06/24/%D9%87%D9%84-%D8%B5%D8%AF%D9%91%D9%82%D8%AA-%D9%83%D9%84%D8%A7%D9%85-%D8%A7%D9%84%D9%84%D9%87-%D8%9F/?replytocom=1506/ HTTP/1.1" 301 795 "-" "Mozilla/5.0 (compatible; MJ12bot/v1.4.8; http://mj12bot.com/)"
217.182.194.45 - - [27/Apr/2025:02:23:21 -0400] "GET /2018/11/26/%D9%88%D9%82%D8%B1%D9%86-%D9%81%D9%8A-%D8%A8%D9%8A%D9%88%D8%AA%D9%83%D9%86/?share=google-plus-1/ HTTP/1.1" 301 795 "-" "Mozilla/5.0 (compatible; MJ12bot/v1.4.8; http://mj12bot.com/)"
147.135.213.32 - - [27/Apr/2025:02:23:23 -0400] "GET /tag/%D8%AC%D9%84%D8%AF/ HTTP/1.1" 301 795 "-" "Mozilla/5.0 (compatible; MJ12bot/v1.4.8; http://mj12bot.com/)"
145.239.65.236 - - [27/Apr/2025:02:23:23 -0400] "GET /tag/%D8%AC%D9%86%D8%A7%D8%A8%D8%A9/ HTTP/1.1" 301 795 "-" "Mozilla/5.0 (compatible; MJ12bot/v1.4.8; http://mj12bot.com/)"
38.242.228.115 - - [27/Apr/2025:02:23:26 -0400] "GET /2019/06/24/%D9%87%D9%84-%D8%B5%D8%AF%D9%91%D9%82%D8%AA-%D9%83%D9%84%D8%A7%D9%85-%D8%A7%D9%84%D9%84%D9%87-%D8%9F/?replytocom=792/ HTTP/1.1" 301 795 "-" "Mozilla/5.0 (compatible; MJ12bot/v1.4.8; http://mj12bot.com/)"
217.182.194.45 - - [27/Apr/2025:02:23:26 -0400] "GET /2018/12/05/%D8%A7%D9%84%D9%84%D9%87-%D9%86%D9%88%D8%B1-%D8%A7%D9%84%D8%B3%D9%85%D9%88%D8%A7%D8%AA-%D9%88%D8%A7%D9%84%D8%A7%D8%B1%D8%B6/ HTTP/1.1" 301 795 "-" "Mozilla/5.0 (compatible; MJ12bot/v1.4.8; http://mj12bot.com/)"
147.135.213.32 - - [27/Apr/2025:02:23:29 -0400] "GET /tag/%D8%AC%D9%84%D8%AF/feed/ HTTP/1.1" 301 795 "-" "Mozilla/5.0 (compatible; MJ12bot/v1.4.8; http://mj12bot.com/)"
145.239.65.236 - - [27/Apr/2025:02:23:29 -0400] "GET /tag/%D8%AC%D9%86%D8%A9/ HTTP/1.1" 301 795 "-" "Mozilla/5.0 (compatible; MJ12bot/v1.4.8; http://mj12bot.com/)"
38.242.228.115 - - [27/Apr/2025:02:23:32 -0400] "GET /2019/06/29/%D9%82%D8%B5%D8%A9-%D8%A3%D8%B5%D8%AD%D8%A7%D8%A8-%D8%A7%D9%84%D9%83%D9%87%D9%81-%D9%88%D8%A7%D9%84%D8%AF%D8%AC%D8%A7%D9%84/ HTTP/1.1" 301 795 "-" "Mozilla/5.0 (compatible; MJ12bot/v1.4.8; http://mj12bot.com/)"
217.182.194.45 - - [27/Apr/2025:02:23:32 -0400] "GET /2018/12/05/%D8%A7%D9%84%D9%84%D9%87-%D9%86%D9%88%D8%B1-%D8%A7%D9%84%D8%B3%D9%85%D9%88%D8%A7%D8%AA-%D9%88%D8%A7%D9%84%D8%A7%D8%B1%D8%B6/?like_comment=201&_wpnonce=5455312bb9/ HTTP/1.1" 301 795 "-" "Mozilla/5.0 (compatible; MJ12bot/v1.4.8; http://mj12bot.com/)"
145.239.65.236 - - [27/Apr/2025:02:23:35 -0400] "GET /tag/%D8%AC%D9%86%D8%A9/feed/ HTTP/1.1" 301 795 "-" "Mozilla/5.0 (compatible; MJ12bot/v1.4.8; http://mj12bot.com/)"
147.135.213.32 - - [27/Apr/2025:02:23:35 -0400] "GET /tag/%D8%AC%D9%85%D8%B9/ HTTP/1.1" 301 795 "-" "Mozilla/5.0 (compatible; MJ12bot/v1.4.8; http://mj12bot.com/)"
217.182.194.45 - - [27/Apr/2025:02:23:37 -0400] "GET /2018/12/05/%D8%A7%D9%84%D9%84%D9%87-%D9%86%D9%88%D8%B1-%D8%A7%D9%84%D8%B3%D9%85%D9%88%D8%A7%D8%AA-%D9%88%D8%A7%D9%84%D8%A7%D8%B1%D8%B6/?like_comment=201&_wpnonce=f6ecb9f69a/ HTTP/1.1" 301 795 "-" "Mozilla/5.0 (compatible; MJ12bot/v1.4.8; http://mj12bot.com/)"
38.242.228.115 - - [27/Apr/2025:02:23:38 -0400] "GET /2019/06/30/%D8%A3%D9%84%D9%85-%D9%86%D8%AC%D8%B9%D9%84-%D8%A7%D9%84%D8%A3%D8%B1%D8%B6-%D9%83%D9%81%D8%A7%D8%AA%D8%A7/ HTTP/1.1" 301 795 "-" "Mozilla/5.0 (compatible; MJ12bot/v1.4.8; http://mj12bot.com/)"
145.239.65.236 - - [27/Apr/2025:02:23:40 -0400] "GET /tag/%D8%AC%D9%87%D8%A7%D8%AF/ HTTP/1.1" 301 795 "-" "Mozilla/5.0 (compatible; MJ12bot/v1.4.8; http://mj12bot.com/)"
147.135.213.32 - - [27/Apr/2025:02:23:41 -0400] "GET /tag/%D8%AC%D9%86%D8%A7%D8%A8%D8%A9/ HTTP/1.1" 301 795 "-" "Mozilla/5.0 (compatible; MJ12bot/v1.4.8; http://mj12bot.com/)"
217.182.194.45 - - [27/Apr/2025:02:23:43 -0400] "GET /2018/12/05/%D8%A7%D9%84%D9%84%D9%87-%D9%86%D9%88%D8%B1-%D8%A7%D9%84%D8%B3%D9%85%D9%88%D8%A7%D8%AA-%D9%88%D8%A7%D9%84%D8%A7%D8%B1%D8%B6/?like_comment=223&_wpnonce=e7182c64ef/ HTTP/1.1" 301 795 "-" "Mozilla/5.0 (compatible; MJ12bot/v1.4.8; http://mj12bot.com/)"
38.242.228.115 - - [27/Apr/2025:02:23:44 -0400] "GET /2019/06/30/%D8%A3%D9%84%D9%85-%D9%86%D8%AC%D8%B9%D9%84-%D8%A7%D9%84%D8%A3%D8%B1%D8%B6-%D9%83%D9%81%D8%A7%D8%AA%D8%A7/?share=facebook/ HTTP/1.1" 301 795 "-" "Mozilla/5.0 (compatible; MJ12bot/v1.4.8; http://mj12bot.com/)"
145.239.65.236 - - [27/Apr/2025:02:23:47 -0400] "GET /tag/%D8%AC%D9%87%D8%B1/ HTTP/1.1" 301 795 "-" "Mozilla/5.0 (compatible; MJ12bot/v1.4.8; http://mj12bot.com/)"
147.135.213.32 - - [27/Apr/2025:02:23:48 -0400] "GET /tag/%D8%AC%D9%86%D8%A9/ HTTP/1.1" 301 795 "-" "Mozilla/5.0 (compatible; MJ12bot/v1.4.8; http://mj12bot.com/)"
217.182.194.45 - - [27/Apr/2025:02:23:49 -0400] "GET /2018/12/05/%D8%A7%D9%84%D9%84%D9%87-%D9%86%D9%88%D8%B1-%D8%A7%D9%84%D8%B3%D9%85%D9%88%D8%A7%D8%AA-%D9%88%D8%A7%D9%84%D8%A7%D8%B1%D8%B6/?like_comment=383&_wpnonce=05bfbf1679/ HTTP/1.1" 301 795 "-" "Mozilla/5.0 (compatible; MJ12bot/v1.4.8; http://mj12bot.com/)"
38.242.228.115 - - [27/Apr/2025:02:23:52 -0400] "GET /2019/06/30/%D8%A3%D9%84%D9%85-%D9%86%D8%AC%D8%B9%D9%84-%D8%A7%D9%84%D8%A3%D8%B1%D8%B6-%D9%83%D9%81%D8%A7%D8%AA%D8%A7/?share=twitter/ HTTP/1.1" 301 795 "-" "Mozilla/5.0 (compatible; MJ12bot/v1.4.8; http://mj12bot.com/)"
145.239.65.236 - - [27/Apr/2025:02:23:53 -0400] "GET /tag/%D8%AC%D9%87%D9%86%D9%85/ HTTP/1.1" 301 795 "-" "Mozilla/5.0 (compatible; MJ12bot/v1.4.8; http://mj12bot.com/)"
147.135.213.32 - - [27/Apr/2025:02:23:55 -0400] "GET /tag/%D8%AC%D9%86%D8%A9/feed/ HTTP/1.1" 301 795 "-" "Mozilla/5.0 (compatible; MJ12bot/v1.4.8; http://mj12bot.com/)"
217.182.194.45 - - [27/Apr/2025:02:23:55 -0400] "GET /2018/12/05/%D8%A7%D9%84%D9%84%D9%87-%D9%86%D9%88%D8%B1-%D8%A7%D9%84%D8%B3%D9%85%D9%88%D8%A7%D8%AA-%D9%88%D8%A7%D9%84%D8%A7%D8%B1%D8%B6/?like_comment=383&_wpnonce=c3aec66614/ HTTP/1.1" 301 795 "-" "Mozilla/5.0 (compatible; MJ12bot/v1.4.8; http://mj12bot.com/)"
38.242.228.115 - - [27/Apr/2025:02:23:58 -0400] "GET /2019/06/30/%D8%A3%D9%84%D9%85-%D9%86%D8%AC%D8%B9%D9%84-%D8%A7%D9%84%D8%A3%D8%B1%D8%B6-%D9%83%D9%81%D8%A7%D8%AA%D8%A7/feed/ HTTP/1.1" 301 795 "-" "Mozilla/5.0 (compatible; MJ12bot/v1.4.8; http://mj12bot.com/)"
145.239.65.236 - - [27/Apr/2025:02:24:00 -0400] "GET /tag/%D8%AC%D9%88%D8%A7%D8%B1/ HTTP/1.1" 301 795 "-" "Mozilla/5.0 (compatible; MJ12bot/v1.4.8; http://mj12bot.com/)"
217.182.194.45 - - [27/Apr/2025:02:24:01 -0400] "GET /2018/12/05/%D8%A7%D9%84%D9%84%D9%87-%D9%86%D9%88%D8%B1-%D8%A7%D9%84%D8%B3%D9%85%D9%88%D8%A7%D8%AA-%D9%88%D8%A7%D9%84%D8%A7%D8%B1%D8%B6/?like_comment=656&_wpnonce=05ee1ffa90/ HTTP/1.1" 301 795 "-" "Mozilla/5.0 (compatible; MJ12bot/v1.4.8; http://mj12bot.com/)"
147.135.213.32 - - [27/Apr/2025:02:24:01 -0400] "GET /tag/%D8%AC%D9%87%D8%A7%D8%AF/ HTTP/1.1" 301 795 "-" "Mozilla/5.0 (compatible; MJ12bot/v1.4.8; http://mj12bot.com/)"
38.242.228.115 - - [27/Apr/2025:02:24:05 -0400] "GET /2019/07/02/%D8%A7%D9%84%D8%A3%D8%B1%D8%B6-%D8%AB%D8%A7%D8%A8%D8%AA%D9%87/ HTTP/1.1" 301 795 "-" "Mozilla/5.0 (compatible; MJ12bot/v1.4.8; http://mj12bot.com/)"
145.239.65.236 - - [27/Apr/2025:02:24:06 -0400] "GET /tag/%D8%AC%D9%88%D8%A7%D9%84/ HTTP/1.1" 301 795 "-" "Mozilla/5.0 (compatible; MJ12bot/v1.4.8; http://mj12bot.com/)"
217.182.194.45 - - [27/Apr/2025:02:24:07 -0400] "GET /2018/12/05/%D8%A7%D9%84%D9%84%D9%87-%D9%86%D9%88%D8%B1-%D8%A7%D9%84%D8%B3%D9%85%D9%88%D8%A7%D8%AA-%D9%88%D8%A7%D9%84%D8%A7%D8%B1%D8%B6/?like_comment=656&_wpnonce=12e297c04c/ HTTP/1.1" 301 795 "-" "Mozilla/5.0 (compatible; MJ12bot/v1.4.8; http://mj12bot.com/)"
147.135.213.32 - - [27/Apr/2025:02:24:09 -0400] "GET /tag/%D8%AC%D9%87%D8%B1/ HTTP/1.1" 301 795 "-" "Mozilla/5.0 (compatible; MJ12bot/v1.4.8; http://mj12bot.com/)"
145.239.65.236 - - [27/Apr/2025:02:24:12 -0400] "GET /tag/%D8%AD%D8%A7%D8%B3%D8%A8/ HTTP/1.1" 301 795 "-" "Mozilla/5.0 (compatible; MJ12bot/v1.4.8; http://mj12bot.com/)"
217.182.194.45 - - [27/Apr/2025:02:24:13 -0400] "GET /2018/12/05/%D8%A7%D9%84%D9%84%D9%87-%D9%86%D9%88%D8%B1-%D8%A7%D9%84%D8%B3%D9%85%D9%88%D8%A7%D8%AA-%D9%88%D8%A7%D9%84%D8%A7%D8%B1%D8%B6/?like_comment=672&_wpnonce=652907b1de/ HTTP/1.1" 301 795 "-" "Mozilla/5.0 (compatible; MJ12bot/v1.4.8; http://mj12bot.com/)"
38.242.228.115 - - [27/Apr/2025:02:24:13 -0400] "GET /2019/07/02/%D8%A7%D9%84%D8%A3%D8%B1%D8%B6-%D8%AB%D8%A7%D8%A8%D8%AA%D9%87/?share=facebook/ HTTP/1.1" 301 795 "-" "Mozilla/5.0 (compatible; MJ12bot/v1.4.8; http://mj12bot.com/)"
147.135.213.32 - - [27/Apr/2025:02:24:17 -0400] "GET /tag/%D8%AC%D9%87%D9%86%D9%85/ HTTP/1.1" 301 795 "-" "Mozilla/5.0 (compatible; MJ12bot/v1.4.8; http://mj12bot.com/)"
217.182.194.45 - - [27/Apr/2025:02:24:19 -0400] "GET /2018/12/05/%D8%A7%D9%84%D9%84%D9%87-%D9%86%D9%88%D8%B1-%D8%A7%D9%84%D8%B3%D9%85%D9%88%D8%A7%D8%AA-%D9%88%D8%A7%D9%84%D8%A7%D8%B1%D8%B6/?like_comment=672&_wpnonce=699a736c01/ HTTP/1.1" 301 795 "-" "Mozilla/5.0 (compatible; MJ12bot/v1.4.8; http://mj12bot.com/)"
145.239.65.236 - - [27/Apr/2025:02:24:19 -0400] "GET /tag/%D8%AD%D8%A8/feed/ HTTP/1.1" 301 795 "-" "Mozilla/5.0 (compatible; MJ12bot/v1.4.8; http://mj12bot.com/)"
38.242.228.115 - - [27/Apr/2025:02:24:20 -0400] "GET /2019/07/02/%D8%A7%D9%84%D8%A3%D8%B1%D8%B6-%D8%AB%D8%A7%D8%A8%D8%AA%D9%87/?share=twitter/ HTTP/1.1" 301 795 "-" "Mozilla/5.0 (compatible; MJ12bot/v1.4.8; http://mj12bot.com/)"
147.135.213.32 - - [27/Apr/2025:02:24:25 -0400] "GET /tag/%D8%AC%D9%88%D8%A7%D8%B1/ HTTP/1.1" 301 795 "-" "Mozilla/5.0 (compatible; MJ12bot/v1.4.8; http://mj12bot.com/)"
217.182.194.45 - - [27/Apr/2025:02:24:25 -0400] "GET /2018/12/05/%D8%A7%D9%84%D9%84%D9%87-%D9%86%D9%88%D8%B1-%D8%A7%D9%84%D8%B3%D9%85%D9%88%D8%A7%D8%AA-%D9%88%D8%A7%D9%84%D8%A7%D8%B1%D8%B6/?like_comment=687&_wpnonce=7a4a12c446/ HTTP/1.1" 301 795 "-" "Mozilla/5.0 (compatible; MJ12bot/v1.4.8; http://mj12bot.com/)"
145.239.65.236 - - [27/Apr/2025:02:24:26 -0400] "GET /tag/%D8%AD%D8%AC%D8%A7%D8%A8/feed/ HTTP/1.1" 301 795 "-" "Mozilla/5.0 (compatible; MJ12bot/v1.4.8; http://mj12bot.com/)"
38.242.228.115 - - [27/Apr/2025:02:24:27 -0400] "GET /2019/07/02/%D8%A7%D9%84%D8%A3%D8%B1%D8%B6-%D8%AB%D8%A7%D8%A8%D8%AA%D9%87/feed/ HTTP/1.1" 301 795 "-" "Mozilla/5.0 (compatible; MJ12bot/v1.4.8; http://mj12bot.com/)"
217.182.194.45 - - [27/Apr/2025:02:24:30 -0400] "GET /2018/12/05/%D8%A7%D9%84%D9%84%D9%87-%D9%86%D9%88%D8%B1-%D8%A7%D9%84%D8%B3%D9%85%D9%88%D8%A7%D8%AA-%D9%88%D8%A7%D9%84%D8%A7%D8%B1%D8%B6/?like_comment=687&_wpnonce=a75dac4b32/ HTTP/1.1" 301 795 "-" "Mozilla/5.0 (compatible; MJ12bot/v1.4.8; http://mj12bot.com/)"
147.135.213.32 - - [27/Apr/2025:02:24:31 -0400] "GET /tag/%D8%AC%D9%88%D8%A7%D9%84/ HTTP/1.1" 301 795 "-" "Mozilla/5.0 (compatible; MJ12bot/v1.4.8; http://mj12bot.com/)"
145.239.65.236 - - [27/Apr/2025:02:24:32 -0400] "GET /tag/%D8%AD%D8%AC%D8%A9-%D8%A7%D9%84%D9%88%D8%AF%D8%A7%D8%B9/ HTTP/1.1" 301 795 "-" "Mozilla/5.0 (compatible; MJ12bot/v1.4.8; http://mj12bot.com/)"
38.242.228.115 - - [27/Apr/2025:02:24:35 -0400] "GET /2019/07/02/%D9%82%D9%85-%D9%81%D8%A3%D9%86%D8%B0%D8%B1/ HTTP/1.1" 301 795 "-" "Mozilla/5.0 (compatible; MJ12bot/v1.4.8; http://mj12bot.com/)"
217.182.194.45 - - [27/Apr/2025:02:24:37 -0400] "GET /2018/12/05/%D8%A7%D9%84%D9%84%D9%87-%D9%86%D9%88%D8%B1-%D8%A7%D9%84%D8%B3%D9%85%D9%88%D8%A7%D8%AA-%D9%88%D8%A7%D9%84%D8%A7%D8%B1%D8%B6/?share=facebook/ HTTP/1.1" 301 795 "-" "Mozilla/5.0 (compatible; MJ12bot/v1.4.8; http://mj12bot.com/)"
145.239.65.236 - - [27/Apr/2025:02:24:38 -0400] "GET /tag/%D8%AD%D9%82%D8%A7%D8%A6%D9%82/ HTTP/1.1" 301 795 "-" "Mozilla/5.0 (compatible; MJ12bot/v1.4.8; http://mj12bot.com/)"
147.135.213.32 - - [27/Apr/2025:02:24:40 -0400] "GET /tag/%D8%AD%D8%A7%D8%B3%D8%A8/ HTTP/1.1" 301 795 "-" "Mozilla/5.0 (compatible; MJ12bot/v1.4.8; http://mj12bot.com/)"
217.182.194.45 - - [27/Apr/2025:02:24:43 -0400] "GET /2018/12/05/%D8%A7%D9%84%D9%84%D9%87-%D9%86%D9%88%D8%B1-%D8%A7%D9%84%D8%B3%D9%85%D9%88%D8%A7%D8%AA-%D9%88%D8%A7%D9%84%D8%A7%D8%B1%D8%B6/?share=twitter/ HTTP/1.1" 301 795 "-" "Mozilla/5.0 (compatible; MJ12bot/v1.4.8; http://mj12bot.com/)"
38.242.228.115 - - [27/Apr/2025:02:24:43 -0400] "GET /2019/07/02/%D9%82%D9%85-%D9%81%D8%A3%D9%86%D8%B0%D8%B1/?share=facebook/ HTTP/1.1" 301 795 "-" "Mozilla/5.0 (compatible; MJ12bot/v1.4.8; http://mj12bot.com/)"
145.239.65.236 - - [27/Apr/2025:02:24:45 -0400] "GET /tag/%D8%AD%D9%82%D9%8A%D9%82%D8%A9/feed/ HTTP/1.1" 301 795 "-" "Mozilla/5.0 (compatible; MJ12bot/v1.4.8; http://mj12bot.com/)"
147.135.213.32 - - [27/Apr/2025:02:24:46 -0400] "GET /tag/%D8%AD%D8%A8/feed/ HTTP/1.1" 301 795 "-" "Mozilla/5.0 (compatible; MJ12bot/v1.4.8; http://mj12bot.com/)"
217.182.194.45 - - [27/Apr/2025:02:24:48 -0400] "GET /2018/12/05/%D8%A7%D9%84%D9%84%D9%87-%D9%86%D9%88%D8%B1-%D8%A7%D9%84%D8%B3%D9%85%D9%88%D8%A7%D8%AA-%D9%88%D8%A7%D9%84%D8%A7%D8%B1%D8%B6/feed/ HTTP/1.1" 301 795 "-" "Mozilla/5.0 (compatible; MJ12bot/v1.4.8; http://mj12bot.com/)"
38.242.228.115 - - [27/Apr/2025:02:24:50 -0400] "GET /2019/07/02/%D9%82%D9%85-%D9%81%D8%A3%D9%86%D8%B0%D8%B1/?share=twitter/ HTTP/1.1" 301 795 "-" "Mozilla/5.0 (compatible; MJ12bot/v1.4.8; http://mj12bot.com/)"
145.239.65.236 - - [27/Apr/2025:02:24:53 -0400] "GET /tag/%D8%AD%D9%83%D9%85/ HTTP/1.1" 301 795 "-" "Mozilla/5.0 (compatible; MJ12bot/v1.4.8; http://mj12bot.com/)"
147.135.213.32 - - [27/Apr/2025:02:24:53 -0400] "GET /tag/%D8%AD%D8%AC%D8%A7%D8%A8/feed/ HTTP/1.1" 301 795 "-" "Mozilla/5.0 (compatible; MJ12bot/v1.4.8; http://mj12bot.com/)"
217.182.194.45 - - [27/Apr/2025:02:24:55 -0400] "GET /2018/12/05/%D8%A7%D9%84%D9%84%D9%87-%D9%86%D9%88%D8%B1-%D8%A7%D9%84%D8%B3%D9%85%D9%88%D8%A7%D8%AA-%D9%88%D8%A7%D9%84%D8%A7%D8%B1%D8%B6/?replytocom=187/ HTTP/1.1" 301 795 "-" "Mozilla/5.0 (compatible; MJ12bot/v1.4.8; http://mj12bot.com/)"
38.242.228.115 - - [27/Apr/2025:02:24:57 -0400] "GET /2019/07/02/%D9%82%D9%85-%D9%81%D8%A3%D9%86%D8%B0%D8%B1/feed/ HTTP/1.1" 301 795 "-" "Mozilla/5.0 (compatible; MJ12bot/v1.4.8; http://mj12bot.com/)"
145.239.65.236 - - [27/Apr/2025:02:25:00 -0400] "GET /tag/%D8%AD%D9%83%D9%85%D8%A9/ HTTP/1.1" 301 795 "-" "Mozilla/5.0 (compatible; MJ12bot/v1.4.8; http://mj12bot.com/)"
147.135.213.32 - - [27/Apr/2025:02:25:00 -0400] "GET /tag/%D8%AD%D8%AC%D8%A9-%D8%A7%D9%84%D9%88%D8%AF%D8%A7%D8%B9/ HTTP/1.1" 301 795 "-" "Mozilla/5.0 (compatible; MJ12bot/v1.4.8; http://mj12bot.com/)"
38.242.228.115 - - [27/Apr/2025:02:25:05 -0400] "GET /2019/07/04/%D8%A7%D9%84%D9%86%D8%B3%D8%A7%D8%A1-%D9%88%D8%A7%D9%84%D9%82%D8%AA%D8%A7%D9%84/ HTTP/1.1" 301 795 "-" "Mozilla/5.0 (compatible; MJ12bot/v1.4.8; http://mj12bot.com/)"
217.182.194.45 - - [27/Apr/2025:02:25:05 -0400] "GET /2018/12/05/%D8%A7%D9%84%D9%84%D9%87-%D9%86%D9%88%D8%B1-%D8%A7%D9%84%D8%B3%D9%85%D9%88%D8%A7%D8%AA-%D9%88%D8%A7%D9%84%D8%A7%D8%B1%D8%B6/?replytocom=201/ HTTP/1.1" 301 795 "-" "Mozilla/5.0 (compatible; MJ12bot/v1.4.8; http://mj12bot.com/)"
145.239.65.236 - - [27/Apr/2025:02:25:06 -0400] "GET /tag/%D8%AD%D9%83%D9%85/feed/ HTTP/1.1" 301 795 "-" "Mozilla/5.0 (compatible; MJ12bot/v1.4.8; http://mj12bot.com/)"
147.135.213.32 - - [27/Apr/2025:02:25:08 -0400] "GET /tag/%D8%AD%D9%82%D8%A7%D8%A6%D9%82/ HTTP/1.1" 301 795 "-" "Mozilla/5.0 (compatible; MJ12bot/v1.4.8; http://mj12bot.com/)"
217.182.194.45 - - [27/Apr/2025:02:25:11 -0400] "GET /2018/12/05/%D8%A7%D9%84%D9%84%D9%87-%D9%86%D9%88%D8%B1-%D8%A7%D9%84%D8%B3%D9%85%D9%88%D8%A7%D8%AA-%D9%88%D8%A7%D9%84%D8%A7%D8%B1%D8%B6/?replytocom=223/ HTTP/1.1" 301 795 "-" "Mozilla/5.0 (compatible; MJ12bot/v1.4.8; http://mj12bot.com/)"
38.242.228.115 - - [27/Apr/2025:02:25:12 -0400] "GET /2019/07/04/%D8%A7%D9%84%D9%86%D8%B3%D8%A7%D8%A1-%D9%88%D8%A7%D9%84%D9%82%D8%AA%D8%A7%D9%84/?share=facebook/ HTTP/1.1" 301 795 "-" "Mozilla/5.0 (compatible; MJ12bot/v1.4.8; http://mj12bot.com/)"
145.239.65.236 - - [27/Apr/2025:02:25:13 -0400] "GET /tag/%D8%AD%D9%83%D9%88%D9%85%D8%A9/feed/ HTTP/1.1" 301 795 "-" "Mozilla/5.0 (compatible; MJ12bot/v1.4.8; http://mj12bot.com/)"
147.135.213.32 - - [27/Apr/2025:02:25:15 -0400] "GET /tag/%D8%AD%D9%82%D9%8A%D9%82%D8%A9/feed/ HTTP/1.1" 301 795 "-" "Mozilla/5.0 (compatible; MJ12bot/v1.4.8; http://mj12bot.com/)"
217.182.194.45 - - [27/Apr/2025:02:25:18 -0400] "GET /2018/12/05/%D8%A7%D9%84%D9%84%D9%87-%D9%86%D9%88%D8%B1-%D8%A7%D9%84%D8%B3%D9%85%D9%88%D8%A7%D8%AA-%D9%88%D8%A7%D9%84%D8%A7%D8%B1%D8%B6/?replytocom=383/ HTTP/1.1" 301 795 "-" "Mozilla/5.0 (compatible; MJ12bot/v1.4.8; http://mj12bot.com/)"
38.242.228.115 - - [27/Apr/2025:02:25:19 -0400] "GET /2019/11/24/%D9%87%D9%84-%D8%A7%D9%84%D8%A3%D8%B1%D8%B6-%D8%B5%D8%BA%D9%8A%D8%B1%D8%A9%D8%9F/ HTTP/1.1" 301 795 "-" "Mozilla/5.0 (compatible; MJ12bot/v1.4.8; http://mj12bot.com/)"
145.239.65.236 - - [27/Apr/2025:02:25:20 -0400] "GET /tag/%D8%AD%D9%84%D8%A7%D9%84/ HTTP/1.1" 301 795 "-" "Mozilla/5.0 (compatible; MJ12bot/v1.4.8; http://mj12bot.com/)"
147.135.213.32 - - [27/Apr/2025:02:25:22 -0400] "GET /tag/%D8%AD%D9%83%D9%85/ HTTP/1.1" 301 795 "-" "Mozilla/5.0 (compatible; MJ12bot/v1.4.8; http://mj12bot.com/)"
217.182.194.45 - - [27/Apr/2025:02:25:24 -0400] "GET /2018/12/05/%D8%A7%D9%84%D9%84%D9%87-%D9%86%D9%88%D8%B1-%D8%A7%D9%84%D8%B3%D9%85%D9%88%D8%A7%D8%AA-%D9%88%D8%A7%D9%84%D8%A7%D8%B1%D8%B6/?replytocom=656/ HTTP/1.1" 301 795 "-" "Mozilla/5.0 (compatible; MJ12bot/v1.4.8; http://mj12bot.com/)"
145.239.65.236 - - [27/Apr/2025:02:25:27 -0400] "GET /tag/%D8%AD%D9%84%D9%85/ HTTP/1.1" 301 795 "-" "Mozilla/5.0 (compatible; MJ12bot/v1.4.8; http://mj12bot.com/)"
38.242.228.115 - - [27/Apr/2025:02:25:28 -0400] "GET /2019/11/24/%D9%87%D9%84-%D8%A7%D9%84%D8%A3%D8%B1%D8%B6-%D8%B5%D8%BA%D9%8A%D8%B1%D8%A9%D8%9F/?like_comment=1361&_wpnonce=746c0bdd6b/ HTTP/1.1" 301 795 "-" "Mozilla/5.0 (compatible; MJ12bot/v1.4.8; http://mj12bot.com/)"
147.135.213.32 - - [27/Apr/2025:02:25:29 -0400] "GET /tag/%D8%AD%D9%83%D9%85%D8%A9/ HTTP/1.1" 301 795 "-" "Mozilla/5.0 (compatible; MJ12bot/v1.4.8; http://mj12bot.com/)"
217.182.194.45 - - [27/Apr/2025:02:25:30 -0400] "GET /2018/12/05/%D8%A7%D9%84%D9%84%D9%87-%D9%86%D9%88%D8%B1-%D8%A7%D9%84%D8%B3%D9%85%D9%88%D8%A7%D8%AA-%D9%88%D8%A7%D9%84%D8%A7%D8%B1%D8%B6/?replytocom=672/ HTTP/1.1" 301 795 "-" "Mozilla/5.0 (compatible; MJ12bot/v1.4.8; http://mj12bot.com/)"
145.239.65.236 - - [27/Apr/2025:02:25:34 -0400] "GET /tag/%D8%AD%D9%85%D8%A7%D8%B1/ HTTP/1.1" 301 795 "-" "Mozilla/5.0 (compatible; MJ12bot/v1.4.8; http://mj12bot.com/)"
147.135.213.32 - - [27/Apr/2025:02:25:36 -0400] "GET /tag/%D8%AD%D9%83%D9%85/feed/ HTTP/1.1" 301 795 "-" "Mozilla/5.0 (compatible; MJ12bot/v1.4.8; http://mj12bot.com/)"
38.242.228.115 - - [27/Apr/2025:02:25:36 -0400] "GET /2019/11/24/%D9%87%D9%84-%D8%A7%D9%84%D8%A3%D8%B1%D8%B6-%D8%B5%D8%BA%D9%8A%D8%B1%D8%A9%D8%9F/?like_comment=1361&_wpnonce=f9930b3257/ HTTP/1.1" 301 795 "-" "Mozilla/5.0 (compatible; MJ12bot/v1.4.8; http://mj12bot.com/)"
217.182.194.45 - - [27/Apr/2025:02:25:36 -0400] "GET /2018/12/05/%D8%A7%D9%84%D9%84%D9%87-%D9%86%D9%88%D8%B1-%D8%A7%D9%84%D8%B3%D9%85%D9%88%D8%A7%D8%AA-%D9%88%D8%A7%D9%84%D8%A7%D8%B1%D8%B6/?replytocom=687/ HTTP/1.1" 301 795 "-" "Mozilla/5.0 (compatible; MJ12bot/v1.4.8; http://mj12bot.com/)"
145.239.65.236 - - [27/Apr/2025:02:25:40 -0400] "GET /tag/%D8%AD%D9%85%D9%84%D8%A7/ HTTP/1.1" 301 795 "-" "Mozilla/5.0 (compatible; MJ12bot/v1.4.8; http://mj12bot.com/)"
217.182.194.45 - - [27/Apr/2025:02:25:42 -0400] "GET /2018/12/05/%D8%A7%D9%84%D9%84%D9%87-%D9%86%D9%88%D8%B1-%D8%A7%D9%84%D8%B3%D9%85%D9%88%D8%A7%D8%AA-%D9%88%D8%A7%D9%84%D8%A7%D8%B1%D8%B6/?share=google-plus-1/ HTTP/1.1" 301 795 "-" "Mozilla/5.0 (compatible; MJ12bot/v1.4.8; http://mj12bot.com/)"
38.242.228.115 - - [27/Apr/2025:02:25:43 -0400] "GET /2019/11/24/%D9%87%D9%84-%D8%A7%D9%84%D8%A3%D8%B1%D8%B6-%D8%B5%D8%BA%D9%8A%D8%B1%D8%A9%D8%9F/?like_comment=1362&_wpnonce=4e0a9bf965/ HTTP/1.1" 301 795 "-" "Mozilla/5.0 (compatible; MJ12bot/v1.4.8; http://mj12bot.com/)"
147.135.213.32 - - [27/Apr/2025:02:25:44 -0400] "GET /tag/%D8%AD%D9%83%D9%88%D9%85%D8%A9/feed/ HTTP/1.1" 301 795 "-" "Mozilla/5.0 (compatible; MJ12bot/v1.4.8; http://mj12bot.com/)"
145.239.65.236 - - [27/Apr/2025:02:25:47 -0400] "GET /tag/%D8%AD%D9%85%D9%84%D8%A7/feed/ HTTP/1.1" 301 795 "-" "Mozilla/5.0 (compatible; MJ12bot/v1.4.8; http://mj12bot.com/)"
147.135.213.32 - - [27/Apr/2025:02:25:50 -0400] "GET /tag/%D8%AD%D9%84%D8%A7%D9%84/ HTTP/1.1" 301 795 "-" "Mozilla/5.0 (compatible; MJ12bot/v1.4.8; http://mj12bot.com/)"
38.242.228.115 - - [27/Apr/2025:02:25:51 -0400] "GET /2019/11/24/%D9%87%D9%84-%D8%A7%D9%84%D8%A3%D8%B1%D8%B6-%D8%B5%D8%BA%D9%8A%D8%B1%D8%A9%D8%9F/?like_comment=1362&_wpnonce=d4ab5534d3/ HTTP/1.1" 301 795 "-" "Mozilla/5.0 (compatible; MJ12bot/v1.4.8; http://mj12bot.com/)"
217.182.194.45 - - [27/Apr/2025:02:25:51 -0400] "GET /2018/12/05/%D8%A7%D9%84%D9%84%D9%87-%D9%86%D9%88%D8%B1-%D8%A7%D9%84%D8%B3%D9%85%D9%88%D8%A7%D8%AA-%D9%88%D8%A7%D9%84%D8%A7%D8%B1%D8%B6/?share=google-plus-1&replytocom=187/ HTTP/1.1" 301 795 "-" "Mozilla/5.0 (compatible; MJ12bot/v1.4.8; http://mj12bot.com/)"
