217.182.194.45 - - [27/Apr/2025:02:36:01 -0400] "GET /2019/02/14/%D8%A7%D9%84%D8%A3%D8%B1%D8%B6-%D8%A7%D9%84%D9%85%D8%B3%D8%B7%D8%AD%D8%A9-%D9%A3/?share=twitter/ HTTP/1.1" 301 795 "-" "Mozilla/5.0 (compatible; MJ12bot/v1.4.8; http://mj12bot.com/)"
38.242.228.115 - - [27/Apr/2025:02:36:02 -0400] "GET /2021/02/07/%D8%A7%D9%84%D9%81%D9%82%D8%A7%D8%B9%D8%A9-%D8%A7%D9%84%D8%AC%D8%B2%D8%A1-%D8%A7%D9%84%D8%AB%D8%A7%D9%86%D9%8A/ HTTP/1.1" 301 795 "-" "Mozilla/5.0 (compatible; MJ12bot/v1.4.8; http://mj12bot.com/)"
217.182.194.45 - - [27/Apr/2025:02:36:06 -0400] "GET /2019/02/14/%D8%B9%D9%85-%D9%8A%D8%AA%D8%B3%D8%A7%D8%A1%D9%84%D9%88%D9%86/ HTTP/1.1" 301 795 "-" "Mozilla/5.0 (compatible; MJ12bot/v1.4.8; http://mj12bot.com/)"
38.242.228.115 - - [27/Apr/2025:02:36:07 -0400] "GET /2021/02/07/%D8%A7%D9%84%D9%81%D9%82%D8%A7%D8%B9%D8%A9-%D8%A7%D9%84%D8%AC%D8%B2%D8%A1-%D8%A7%D9%84%D8%AB%D8%A7%D9%86%D9%8A/feed/ HTTP/1.1" 301 795 "-" "Mozilla/5.0 (compatible; MJ12bot/v1.4.8; http://mj12bot.com/)"
217.182.194.45 - - [27/Apr/2025:02:36:12 -0400] "GET /2019/02/14/%D8%B9%D9%85-%D9%8A%D8%AA%D8%B3%D8%A7%D8%A1%D9%84%D9%88%D9%86/?like_comment=316&_wpnonce=33fa288006/ HTTP/1.1" 301 795 "-" "Mozilla/5.0 (compatible; MJ12bot/v1.4.8; http://mj12bot.com/)"
38.242.228.115 - - [27/Apr/2025:02:36:13 -0400] "GET /category/%D8%AD%D9%82%D8%A7%D8%A6%D9%82-%D9%88%D9%85%D8%B9%D8%AA%D9%82%D8%AF%D8%A7%D8%AA/feed/ HTTP/1.1" 301 795 "-" "Mozilla/5.0 (compatible; MJ12bot/v1.4.8; http://mj12bot.com/)"
217.182.194.45 - - [27/Apr/2025:02:36:17 -0400] "GET /2019/02/14/%D8%B9%D9%85-%D9%8A%D8%AA%D8%B3%D8%A7%D8%A1%D9%84%D9%88%D9%86/?like_comment=397&_wpnonce=fbf9903a2a/ HTTP/1.1" 301 795 "-" "Mozilla/5.0 (compatible; MJ12bot/v1.4.8; http://mj12bot.com/)"
38.242.228.115 - - [27/Apr/2025:02:36:18 -0400] "GET /category/%D8%AE%D9%88%D8%A7%D8%B7%D8%B1-%D9%88%D8%A7%D9%81%D9%83%D8%A7%D8%B1/ HTTP/1.1" 301 795 "-" "Mozilla/5.0 (compatible; MJ12bot/v1.4.8; http://mj12bot.com/)"
217.182.194.45 - - [27/Apr/2025:02:36:22 -0400] "GET /2019/02/14/%D8%B9%D9%85-%D9%8A%D8%AA%D8%B3%D8%A7%D8%A1%D9%84%D9%88%D9%86/?like_comment=653&_wpnonce=4df5d0b24f/ HTTP/1.1" 301 795 "-" "Mozilla/5.0 (compatible; MJ12bot/v1.4.8; http://mj12bot.com/)"
38.242.228.115 - - [27/Apr/2025:02:36:24 -0400] "GET /category/%D8%AE%D9%88%D8%A7%D8%B7%D8%B1-%D9%88%D8%A7%D9%81%D9%83%D8%A7%D8%B1/feed/ HTTP/1.1" 301 795 "-" "Mozilla/5.0 (compatible; MJ12bot/v1.4.8; http://mj12bot.com/)"
217.182.194.45 - - [27/Apr/2025:02:36:28 -0400] "GET /2019/02/14/%D8%B9%D9%85-%D9%8A%D8%AA%D8%B3%D8%A7%D8%A1%D9%84%D9%88%D9%86/?like_comment=702&_wpnonce=7f48f9a118/ HTTP/1.1" 301 795 "-" "Mozilla/5.0 (compatible; MJ12bot/v1.4.8; http://mj12bot.com/)"
38.242.228.115 - - [27/Apr/2025:02:36:29 -0400] "GET /category/%D8%AF%D9%8A%D9%86-%D9%88%D8%B9%D9%84%D9%85/ HTTP/1.1" 301 795 "-" "Mozilla/5.0 (compatible; MJ12bot/v1.4.8; http://mj12bot.com/)"
38.242.228.115 - - [27/Apr/2025:02:36:33 -0400] "GET /category/%D8%AF%D9%8A%D9%86-%D9%88%D8%B9%D9%84%D9%85/feed/ HTTP/1.1" 301 795 "-" "Mozilla/5.0 (compatible; MJ12bot/v1.4.8; http://mj12bot.com/)"
217.182.194.45 - - [27/Apr/2025:02:36:35 -0400] "GET /2019/02/14/%D8%B9%D9%85-%D9%8A%D8%AA%D8%B3%D8%A7%D8%A1%D9%84%D9%88%D9%86/?like_comment=708&_wpnonce=cdb0d409ff/ HTTP/1.1" 301 795 "-" "Mozilla/5.0 (compatible; MJ12bot/v1.4.8; http://mj12bot.com/)"
38.242.228.115 - - [27/Apr/2025:02:36:38 -0400] "GET /category/%D9%85%D9%82%D8%A7%D8%B7%D8%B9-%D8%AA%D8%B9%D9%84%D9%8A%D9%85%D9%8A%D8%A9/ HTTP/1.1" 301 795 "-" "Mozilla/5.0 (compatible; MJ12bot/v1.4.8; http://mj12bot.com/)"
217.182.194.45 - - [27/Apr/2025:02:36:41 -0400] "GET /2019/02/14/%D8%B9%D9%85-%D9%8A%D8%AA%D8%B3%D8%A7%D8%A1%D9%84%D9%88%D9%86/?share=facebook/ HTTP/1.1" 301 795 "-" "Mozilla/5.0 (compatible; MJ12bot/v1.4.8; http://mj12bot.com/)"
38.242.228.115 - - [27/Apr/2025:02:36:43 -0400] "GET /category/%D9%85%D9%82%D8%A7%D8%B7%D8%B9-%D8%AA%D8%B9%D9%84%D9%8A%D9%85%D9%8A%D8%A9/feed/ HTTP/1.1" 301 795 "-" "Mozilla/5.0 (compatible; MJ12bot/v1.4.8; http://mj12bot.com/)"
217.182.194.45 - - [27/Apr/2025:02:36:46 -0400] "GET /2019/02/14/%D8%B9%D9%85-%D9%8A%D8%AA%D8%B3%D8%A7%D8%A1%D9%84%D9%88%D9%86/?share=twitter/ HTTP/1.1" 301 795 "-" "Mozilla/5.0 (compatible; MJ12bot/v1.4.8; http://mj12bot.com/)"
38.242.228.115 - - [27/Apr/2025:02:36:48 -0400] "GET /category/%D8%AA%D9%82%D9%86%D9%8A%D8%A7%D8%AA/ HTTP/1.1" 301 795 "-" "Mozilla/5.0 (compatible; MJ12bot/v1.4.8; http://mj12bot.com/)"
217.182.194.45 - - [27/Apr/2025:02:36:51 -0400] "GET /2019/02/14/%D8%B9%D9%85-%D9%8A%D8%AA%D8%B3%D8%A7%D8%A1%D9%84%D9%88%D9%86/feed/ HTTP/1.1" 301 795 "-" "Mozilla/5.0 (compatible; MJ12bot/v1.4.8; http://mj12bot.com/)"
38.242.228.115 - - [27/Apr/2025:02:36:53 -0400] "GET /category/%D8%AF%D9%8A%D9%86-%D9%88%D8%B9%D9%84%D9%85/page/2/ HTTP/1.1" 301 795 "-" "Mozilla/5.0 (compatible; MJ12bot/v1.4.8; http://mj12bot.com/)"
217.182.194.45 - - [27/Apr/2025:02:36:57 -0400] "GET /2019/02/14/%D8%A7%D9%84%D8%A3%D8%B1%D8%B6-%D8%A7%D9%84%D9%85%D8%B3%D8%B7%D8%AD%D8%A9-%D9%A3/ HTTP/1.1" 301 795 "-" "Mozilla/5.0 (compatible; MJ12bot/v1.4.8; http://mj12bot.com/)"
38.242.228.115 - - [27/Apr/2025:02:36:58 -0400] "GET /category/%D8%AF%D9%8A%D9%86-%D9%88%D8%B9%D9%84%D9%85/page/20/ HTTP/1.1" 301 795 "-" "Mozilla/5.0 (compatible; MJ12bot/v1.4.8; http://mj12bot.com/)"
217.182.194.45 - - [27/Apr/2025:02:37:02 -0400] "GET /2019/02/14/%D8%A7%D9%84%D8%A3%D8%B1%D8%B6-%D8%A7%D9%84%D9%85%D8%B3%D8%B7%D8%AD%D8%A9-%D9%A3/?replytocom=311/ HTTP/1.1" 301 795 "-" "Mozilla/5.0 (compatible; MJ12bot/v1.4.8; http://mj12bot.com/)"
38.242.228.115 - - [27/Apr/2025:02:37:03 -0400] "GET /category/%D8%AF%D9%8A%D9%86-%D9%88%D8%B9%D9%84%D9%85/page/22/ HTTP/1.1" 301 795 "-" "Mozilla/5.0 (compatible; MJ12bot/v1.4.8; http://mj12bot.com/)"
217.182.194.45 - - [27/Apr/2025:02:37:07 -0400] "GET /2019/02/14/%D8%A7%D9%84%D8%A3%D8%B1%D8%B6-%D8%A7%D9%84%D9%85%D8%B3%D8%B7%D8%AD%D8%A9-%D9%A3/?replytocom=322/ HTTP/1.1" 301 795 "-" "Mozilla/5.0 (compatible; MJ12bot/v1.4.8; http://mj12bot.com/)"
38.242.228.115 - - [27/Apr/2025:02:37:08 -0400] "GET /feed/?attachment_id=284/ HTTP/1.1" 301 795 "-" "Mozilla/5.0 (compatible; MJ12bot/v1.4.8; http://mj12bot.com/)"
217.182.194.45 - - [27/Apr/2025:02:37:13 -0400] "GET /2019/02/14/%D8%A7%D9%84%D8%A3%D8%B1%D8%B6-%D8%A7%D9%84%D9%85%D8%B3%D8%B7%D8%AD%D8%A9-%D9%A3/?replytocom=368/ HTTP/1.1" 301 795 "-" "Mozilla/5.0 (compatible; MJ12bot/v1.4.8; http://mj12bot.com/)"
38.242.228.115 - - [27/Apr/2025:02:37:13 -0400] "GET /feed/?attachment_id=298/ HTTP/1.1" 301 795 "-" "Mozilla/5.0 (compatible; MJ12bot/v1.4.8; http://mj12bot.com/)"
38.242.228.115 - - [27/Apr/2025:02:37:18 -0400] "GET /feed/?attachment_id=305/ HTTP/1.1" 301 795 "-" "Mozilla/5.0 (compatible; MJ12bot/v1.4.8; http://mj12bot.com/)"
217.182.194.45 - - [27/Apr/2025:02:37:19 -0400] "GET /2019/02/14/%D8%A7%D9%84%D8%A3%D8%B1%D8%B6-%D8%A7%D9%84%D9%85%D8%B3%D8%B7%D8%AD%D8%A9-%D9%A3/?replytocom=546/ HTTP/1.1" 301 795 "-" "Mozilla/5.0 (compatible; MJ12bot/v1.4.8; http://mj12bot.com/)"
38.242.228.115 - - [27/Apr/2025:02:37:23 -0400] "GET /tag/%D8%A2%D8%AE%D8%B1-%D8%A7%D9%84%D8%B2%D9%85%D8%A7%D9%86/ HTTP/1.1" 301 795 "-" "Mozilla/5.0 (compatible; MJ12bot/v1.4.8; http://mj12bot.com/)"
217.182.194.45 - - [27/Apr/2025:02:37:24 -0400] "GET /2019/02/14/%D8%B9%D9%85-%D9%8A%D8%AA%D8%B3%D8%A7%D8%A1%D9%84%D9%88%D9%86/?replytocom=278/ HTTP/1.1" 301 795 "-" "Mozilla/5.0 (compatible; MJ12bot/v1.4.8; http://mj12bot.com/)"
38.242.228.115 - - [27/Apr/2025:02:37:29 -0400] "GET /tag/%D8%A2%D9%8A%D8%A7%D8%AA/ HTTP/1.1" 301 795 "-" "Mozilla/5.0 (compatible; MJ12bot/v1.4.8; http://mj12bot.com/)"
217.182.194.45 - - [27/Apr/2025:02:37:29 -0400] "GET /2019/02/14/%D8%B9%D9%85-%D9%8A%D8%AA%D8%B3%D8%A7%D8%A1%D9%84%D9%88%D9%86/?replytocom=316/ HTTP/1.1" 301 795 "-" "Mozilla/5.0 (compatible; MJ12bot/v1.4.8; http://mj12bot.com/)"
38.242.228.115 - - [27/Apr/2025:02:37:34 -0400] "GET /tag/%D8%A3%D8%A8%D9%82%D8%A7%D8%B1/ HTTP/1.1" 301 795 "-" "Mozilla/5.0 (compatible; MJ12bot/v1.4.8; http://mj12bot.com/)"
217.182.194.45 - - [27/Apr/2025:02:37:34 -0400] "GET /2019/02/14/%D8%B9%D9%85-%D9%8A%D8%AA%D8%B3%D8%A7%D8%A1%D9%84%D9%88%D9%86/?replytocom=397/ HTTP/1.1" 301 795 "-" "Mozilla/5.0 (compatible; MJ12bot/v1.4.8; http://mj12bot.com/)"
38.242.228.115 - - [27/Apr/2025:02:37:39 -0400] "GET /tag/%D8%A3%D8%A8%D9%82%D8%A7%D8%B1/feed/ HTTP/1.1" 301 795 "-" "Mozilla/5.0 (compatible; MJ12bot/v1.4.8; http://mj12bot.com/)"
217.182.194.45 - - [27/Apr/2025:02:37:40 -0400] "GET /2019/02/14/%D8%B9%D9%85-%D9%8A%D8%AA%D8%B3%D8%A7%D8%A1%D9%84%D9%88%D9%86/?replytocom=653/ HTTP/1.1" 301 795 "-" "Mozilla/5.0 (compatible; MJ12bot/v1.4.8; http://mj12bot.com/)"
38.242.228.115 - - [27/Apr/2025:02:37:44 -0400] "GET /tag/%D8%A3%D8%AD%D8%B3%D9%86-%D8%A7%D9%84%D9%82%D8%B5%D8%B5/ HTTP/1.1" 301 795 "-" "Mozilla/5.0 (compatible; MJ12bot/v1.4.8; http://mj12bot.com/)"
217.182.194.45 - - [27/Apr/2025:02:37:45 -0400] "GET /2019/02/14/%D8%B9%D9%85-%D9%8A%D8%AA%D8%B3%D8%A7%D8%A1%D9%84%D9%88%D9%86/?replytocom=702/ HTTP/1.1" 301 795 "-" "Mozilla/5.0 (compatible; MJ12bot/v1.4.8; http://mj12bot.com/)"
38.242.228.115 - - [27/Apr/2025:02:37:49 -0400] "GET /tag/%D8%A3%D8%AD%D8%B3%D9%86-%D8%A7%D9%84%D9%82%D8%B5%D8%B5/feed/ HTTP/1.1" 301 795 "-" "Mozilla/5.0 (compatible; MJ12bot/v1.4.8; http://mj12bot.com/)"
217.182.194.45 - - [27/Apr/2025:02:37:50 -0400] "GET /2019/02/14/%D8%B9%D9%85-%D9%8A%D8%AA%D8%B3%D8%A7%D8%A1%D9%84%D9%88%D9%86/?replytocom=708/ HTTP/1.1" 301 795 "-" "Mozilla/5.0 (compatible; MJ12bot/v1.4.8; http://mj12bot.com/)"
38.242.228.115 - - [27/Apr/2025:02:37:54 -0400] "GET /tag/%D8%A3%D8%AD%D9%83%D8%A7%D9%85/ HTTP/1.1" 301 795 "-" "Mozilla/5.0 (compatible; MJ12bot/v1.4.8; http://mj12bot.com/)"
217.182.194.45 - - [27/Apr/2025:02:37:56 -0400] "GET /2019/02/16/a-solar-deity-2/?like_comment=323&_wpnonce=fb433285c2/ HTTP/1.1" 301 795 "-" "Mozilla/5.0 (compatible; MJ12bot/v1.4.8; http://mj12bot.com/)"
38.242.228.115 - - [27/Apr/2025:02:37:59 -0400] "GET /tag/%D8%A3%D8%B3%D9%81%D8%A7%D8%B1/ HTTP/1.1" 301 795 "-" "Mozilla/5.0 (compatible; MJ12bot/v1.4.8; http://mj12bot.com/)"
38.242.228.115 - - [27/Apr/2025:02:38:04 -0400] "GET /tag/%D8%A3%D8%B3%D9%81%D9%84/feed/ HTTP/1.1" 301 795 "-" "Mozilla/5.0 (compatible; MJ12bot/v1.4.8; http://mj12bot.com/)"
217.182.194.45 - - [27/Apr/2025:02:38:05 -0400] "GET /2019/02/16/a-solar-deity-2/?like_comment=377&_wpnonce=d839b4f2ff/ HTTP/1.1" 301 795 "-" "Mozilla/5.0 (compatible; MJ12bot/v1.4.8; http://mj12bot.com/)"
38.242.228.115 - - [27/Apr/2025:02:38:09 -0400] "GET /tag/%D8%A3%D8%B4%D8%B1%D8%A7%D8%B7-%D8%A7%D9%84%D8%B3%D8%A7%D8%B9%D8%A9/ HTTP/1.1" 301 795 "-" "Mozilla/5.0 (compatible; MJ12bot/v1.4.8; http://mj12bot.com/)"
217.182.194.45 - - [27/Apr/2025:02:38:11 -0400] "GET /2019/02/16/a-solar-deity-2/?like_comment=451&_wpnonce=c23529a793/ HTTP/1.1" 301 795 "-" "Mozilla/5.0 (compatible; MJ12bot/v1.4.8; http://mj12bot.com/)"
38.242.228.115 - - [27/Apr/2025:02:38:14 -0400] "GET /tag/%D8%A3%D8%B4%D8%B1%D8%A7%D8%B7-%D8%A7%D9%84%D8%B3%D8%A7%D8%B9%D8%A9/feed/ HTTP/1.1" 301 795 "-" "Mozilla/5.0 (compatible; MJ12bot/v1.4.8; http://mj12bot.com/)"
38.242.228.115 - - [27/Apr/2025:02:38:19 -0400] "GET /tag/%D8%A3%D8%B5%D8%AD%D8%A7%D8%A8-%D8%A7%D9%84%D8%A3%D8%AE%D8%AF%D9%88%D8%AF/ HTTP/1.1" 301 795 "-" "Mozilla/5.0 (compatible; MJ12bot/v1.4.8; http://mj12bot.com/)"
217.182.194.45 - - [27/Apr/2025:02:38:21 -0400] "GET /2019/02/16/a-solar-deity-2/?like_comment=548&_wpnonce=175f7dd955/ HTTP/1.1" 301 795 "-" "Mozilla/5.0 (compatible; MJ12bot/v1.4.8; http://mj12bot.com/)"
38.242.228.115 - - [27/Apr/2025:02:38:24 -0400] "GET /tag/%D8%A3%D8%B5%D8%AF%D9%82-%D8%A7%D9%84%D8%AD%D8%AF%D9%8A%D8%AB/ HTTP/1.1" 301 795 "-" "Mozilla/5.0 (compatible; MJ12bot/v1.4.8; http://mj12bot.com/)"
38.242.228.115 - - [27/Apr/2025:02:38:29 -0400] "GET /tag/%D8%A3%D8%B6%D8%AD%D9%8A%D8%A9/ HTTP/1.1" 301 795 "-" "Mozilla/5.0 (compatible; MJ12bot/v1.4.8; http://mj12bot.com/)"
217.182.194.45 - - [27/Apr/2025:02:38:29 -0400] "GET /2019/02/16/a-solar-deity-2/?like_comment=753&_wpnonce=612f52aa24/ HTTP/1.1" 301 795 "-" "Mozilla/5.0 (compatible; MJ12bot/v1.4.8; http://mj12bot.com/)"
38.242.228.115 - - [27/Apr/2025:02:38:34 -0400] "GET /tag/%D8%A3%D8%B6%D8%AD%D9%8A%D8%A9/feed/ HTTP/1.1" 301 795 "-" "Mozilla/5.0 (compatible; MJ12bot/v1.4.8; http://mj12bot.com/)"
217.182.194.45 - - [27/Apr/2025:02:38:34 -0400] "GET /2019/02/16/a-solar-deity-2/?replytocom=323/ HTTP/1.1" 301 795 "-" "Mozilla/5.0 (compatible; MJ12bot/v1.4.8; http://mj12bot.com/)"
38.242.228.115 - - [27/Apr/2025:02:38:39 -0400] "GET /tag/%D8%A3%D8%B7%D8%B1%D8%A7%D9%81-%D8%A7%D9%84%D8%A3%D8%B1%D8%B6/ HTTP/1.1" 301 795 "-" "Mozilla/5.0 (compatible; MJ12bot/v1.4.8; http://mj12bot.com/)"
217.182.194.45 - - [27/Apr/2025:02:38:40 -0400] "GET /2019/02/16/a-solar-deity-2/?replytocom=377/ HTTP/1.1" 301 795 "-" "Mozilla/5.0 (compatible; MJ12bot/v1.4.8; http://mj12bot.com/)"
38.242.228.115 - - [27/Apr/2025:02:38:44 -0400] "GET /tag/%D8%A3%D8%B9%D8%A7%D8%AF%D8%A9-%D8%AA%D8%AF%D9%88%D9%8A%D8%B1-%D8%A7%D9%84%D8%B1%D8%AC%D8%A7%D9%84/ HTTP/1.1" 301 795 "-" "Mozilla/5.0 (compatible; MJ12bot/v1.4.8; http://mj12bot.com/)"
217.182.194.45 - - [27/Apr/2025:02:38:45 -0400] "GET /2019/02/16/a-solar-deity-2/?replytocom=451/ HTTP/1.1" 301 795 "-" "Mozilla/5.0 (compatible; MJ12bot/v1.4.8; http://mj12bot.com/)"
38.242.228.115 - - [27/Apr/2025:02:38:48 -0400] "GET /tag/%D8%A3%D8%B9%D8%A7%D8%AF%D8%A9-%D8%AA%D8%AF%D9%88%D9%8A%D8%B1-%D8%A7%D9%84%D8%B1%D8%AC%D8%A7%D9%84/feed/ HTTP/1.1" 301 795 "-" "Mozilla/5.0 (compatible; MJ12bot/v1.4.8; http://mj12bot.com/)"
217.182.194.45 - - [27/Apr/2025:02:38:50 -0400] "GET /2019/02/16/a-solar-deity-2/?replytocom=548/ HTTP/1.1" 301 795 "-" "Mozilla/5.0 (compatible; MJ12bot/v1.4.8; http://mj12bot.com/)"
38.242.228.115 - - [27/Apr/2025:02:38:53 -0400] "GET /tag/%D8%A3%D8%B9%D9%84%D9%89/ HTTP/1.1" 301 795 "-" "Mozilla/5.0 (compatible; MJ12bot/v1.4.8; http://mj12bot.com/)"
217.182.194.45 - - [27/Apr/2025:02:38:55 -0400] "GET /2019/02/16/a-solar-deity-2/?replytocom=753/ HTTP/1.1" 301 795 "-" "Mozilla/5.0 (compatible; MJ12bot/v1.4.8; http://mj12bot.com/)"
38.242.228.115 - - [27/Apr/2025:02:38:58 -0400] "GET /tag/%D8%A3%D8%B9%D9%84%D9%89/feed/ HTTP/1.1" 301 795 "-" "Mozilla/5.0 (compatible; MJ12bot/v1.4.8; http://mj12bot.com/)"
147.135.213.175 - - [27/Apr/2025:02:38:59 -0400] "GET /robots.txt HTTP/1.1" 301 795 "-" "Mozilla/5.0 (compatible; MJ12bot/v1.4.8; http://mj12bot.com/)"
217.182.194.45 - - [27/Apr/2025:02:39:01 -0400] "GET /2019/02/16/a-solar-deity-2/?share=facebook/ HTTP/1.1" 301 795 "-" "Mozilla/5.0 (compatible; MJ12bot/v1.4.8; http://mj12bot.com/)"
38.242.228.115 - - [27/Apr/2025:02:39:03 -0400] "GET /tag/%D8%A3%D8%B9%D9%85%D8%AF%D9%87/ HTTP/1.1" 301 795 "-" "Mozilla/5.0 (compatible; MJ12bot/v1.4.8; http://mj12bot.com/)"
147.135.213.175 - - [27/Apr/2025:02:39:04 -0400] "GET /2018/05/20/%D8%A7%D9%84%D8%B7%D8%A7%D9%82%D8%A9-%D8%A7%D9%84%D8%A8%D8%AF%D9%8A%D9%84%D8%A9-%D8%B7%D8%A7%D9%82%D8%A9-%D9%85%D8%AC%D8%A7%D9%86%D9%8A%D8%A9/?share=facebook HTTP/1.1" 301 795 "-" "Mozilla/5.0 (compatible; MJ12bot/v1.4.8; http://mj12bot.com/)"
217.182.194.45 - - [27/Apr/2025:02:39:06 -0400] "GET /2019/02/16/a-solar-deity-2/?share=twitter/ HTTP/1.1" 301 795 "-" "Mozilla/5.0 (compatible; MJ12bot/v1.4.8; http://mj12bot.com/)"
38.242.228.115 - - [27/Apr/2025:02:39:09 -0400] "GET /tag/%D8%A3%D8%B9%D9%85%D8%AF%D9%87/feed/ HTTP/1.1" 301 795 "-" "Mozilla/5.0 (compatible; MJ12bot/v1.4.8; http://mj12bot.com/)"
147.135.213.175 - - [27/Apr/2025:02:39:10 -0400] "GET /2018/05/20/%D8%A7%D9%84%D8%B7%D8%A7%D9%82%D8%A9-%D8%A7%D9%84%D8%A8%D8%AF%D9%8A%D9%84%D8%A9-%D8%B7%D8%A7%D9%82%D8%A9-%D9%85%D8%AC%D8%A7%D9%86%D9%8A%D8%A9/?share=twitter HTTP/1.1" 301 795 "-" "Mozilla/5.0 (compatible; MJ12bot/v1.4.8; http://mj12bot.com/)"
217.182.194.45 - - [27/Apr/2025:02:39:11 -0400] "GET /2019/02/16/a-solar-deity/?like_comment=1042&_wpnonce=03f5fb8dc2/ HTTP/1.1" 301 795 "-" "Mozilla/5.0 (compatible; MJ12bot/v1.4.8; http://mj12bot.com/)"
38.242.228.115 - - [27/Apr/2025:02:39:13 -0400] "GET /tag/%D8%A3%D9%82%D8%B7%D8%A7%D8%B1/ HTTP/1.1" 301 795 "-" "Mozilla/5.0 (compatible; MJ12bot/v1.4.8; http://mj12bot.com/)"
217.182.194.45 - - [27/Apr/2025:02:39:16 -0400] "GET /2019/02/16/a-solar-deity/?share=facebook/ HTTP/1.1" 301 795 "-" "Mozilla/5.0 (compatible; MJ12bot/v1.4.8; http://mj12bot.com/)"
147.135.213.175 - - [27/Apr/2025:02:39:17 -0400] "GET /2018/09/29/%D8%A3%D8%AE%D9%84%D8%A7%D9%82%D9%83-%D9%81%D9%8A-%D8%A2%D9%8A%D9%87/?share=facebook HTTP/1.1" 301 795 "-" "Mozilla/5.0 (compatible; MJ12bot/v1.4.8; http://mj12bot.com/)"
38.242.228.115 - - [27/Apr/2025:02:39:18 -0400] "GET /tag/%D8%A3%D9%85%D8%AB%D8%A7%D9%84/ HTTP/1.1" 301 795 "-" "Mozilla/5.0 (compatible; MJ12bot/v1.4.8; http://mj12bot.com/)"
217.182.194.45 - - [27/Apr/2025:02:39:21 -0400] "GET /2019/02/16/a-solar-deity/?share=twitter/ HTTP/1.1" 301 795 "-" "Mozilla/5.0 (compatible; MJ12bot/v1.4.8; http://mj12bot.com/)"
38.242.228.115 - - [27/Apr/2025:02:39:23 -0400] "GET /tag/%D8%A3%D9%85%D8%B1-%D8%A7%D9%84%D9%84%D9%87/ HTTP/1.1" 301 795 "-" "Mozilla/5.0 (compatible; MJ12bot/v1.4.8; http://mj12bot.com/)"
147.135.213.175 - - [27/Apr/2025:02:39:25 -0400] "GET /2018/09/29/%D8%A3%D8%AE%D9%84%D8%A7%D9%82%D9%83-%D9%81%D9%8A-%D8%A2%D9%8A%D9%87/?share=twitter HTTP/1.1" 301 795 "-" "Mozilla/5.0 (compatible; MJ12bot/v1.4.8; http://mj12bot.com/)"
38.242.228.115 - - [27/Apr/2025:02:39:29 -0400] "GET /tag/%D8%A3%D9%85%D9%8A%D8%B1/ HTTP/1.1" 301 795 "-" "Mozilla/5.0 (compatible; MJ12bot/v1.4.8; http://mj12bot.com/)"
217.182.194.45 - - [27/Apr/2025:02:39:30 -0400] "GET /2019/03/06/%D9%85%D9%86-%D8%A7%D9%84%D9%82%D9%84%D8%A8/?replytocom=652/ HTTP/1.1" 301 795 "-" "Mozilla/5.0 (compatible; MJ12bot/v1.4.8; http://mj12bot.com/)"
147.135.213.175 - - [27/Apr/2025:02:39:33 -0400] "GET /2018/10/04/%D9%88%D8%A3%D8%B9%D8%AF%D9%88-%D9%84%D9%87%D9%85/?like_comment=1002&_wpnonce=0e712c5931 HTTP/1.1" 301 795 "-" "Mozilla/5.0 (compatible; MJ12bot/v1.4.8; http://mj12bot.com/)"
38.242.228.115 - - [27/Apr/2025:02:39:34 -0400] "GET /tag/%D8%A3%D9%86%D8%B9%D8%A7%D9%85/ HTTP/1.1" 301 795 "-" "Mozilla/5.0 (compatible; MJ12bot/v1.4.8; http://mj12bot.com/)"
217.182.194.45 - - [27/Apr/2025:02:39:35 -0400] "GET /2019/03/06/%D9%85%D9%86-%D8%A7%D9%84%D9%82%D9%84%D8%A8/?replytocom=711/ HTTP/1.1" 301 795 "-" "Mozilla/5.0 (compatible; MJ12bot/v1.4.8; http://mj12bot.com/)"
147.135.213.175 - - [27/Apr/2025:02:39:38 -0400] "GET /2018/10/04/%D9%88%D8%A3%D8%B9%D8%AF%D9%88-%D9%84%D9%87%D9%85/?like_comment=179&_wpnonce=967e04cb84 HTTP/1.1" 301 795 "-" "Mozilla/5.0 (compatible; MJ12bot/v1.4.8; http://mj12bot.com/)"
38.242.228.115 - - [27/Apr/2025:02:39:39 -0400] "GET /tag/%D8%A3%D9%86%D8%B9%D8%A7%D9%85/feed/ HTTP/1.1" 301 795 "-" "Mozilla/5.0 (compatible; MJ12bot/v1.4.8; http://mj12bot.com/)"
217.182.194.45 - - [27/Apr/2025:02:39:41 -0400] "GET /2019/03/06/%D9%85%D9%86-%D8%A7%D9%84%D9%82%D9%84%D8%A8/?replytocom=769/ HTTP/1.1" 301 795 "-" "Mozilla/5.0 (compatible; MJ12bot/v1.4.8; http://mj12bot.com/)"
38.242.228.115 - - [27/Apr/2025:02:39:43 -0400] "GET /tag/%D8%A3%D9%87%D9%88%D8%A7%D9%84/ HTTP/1.1" 301 795 "-" "Mozilla/5.0 (compatible; MJ12bot/v1.4.8; http://mj12bot.com/)"
147.135.213.175 - - [27/Apr/2025:02:39:45 -0400] "GET /2018/10/04/%D9%88%D8%A3%D8%B9%D8%AF%D9%88-%D9%84%D9%87%D9%85/?like_comment=220&_wpnonce=b94559133b HTTP/1.1" 301 795 "-" "Mozilla/5.0 (compatible; MJ12bot/v1.4.8; http://mj12bot.com/)"
217.182.194.45 - - [27/Apr/2025:02:39:46 -0400] "GET /2019/03/08/%D8%A7%D9%84%D9%85%D9%88%D8%AA/ HTTP/1.1" 301 795 "-" "Mozilla/5.0 (compatible; MJ12bot/v1.4.8; http://mj12bot.com/)"
38.242.228.115 - - [27/Apr/2025:02:39:48 -0400] "GET /tag/%D8%A3%D9%87%D9%88%D8%A7%D9%84/feed/ HTTP/1.1" 301 795 "-" "Mozilla/5.0 (compatible; MJ12bot/v1.4.8; http://mj12bot.com/)"
217.182.194.45 - - [27/Apr/2025:02:39:51 -0400] "GET /2019/03/08/%D8%A7%D9%84%D9%85%D9%88%D8%AA/?like_comment=538&_wpnonce=04d4a85c57/ HTTP/1.1" 301 795 "-" "Mozilla/5.0 (compatible; MJ12bot/v1.4.8; http://mj12bot.com/)"
38.242.228.115 - - [27/Apr/2025:02:39:53 -0400] "GET /tag/%D8%A3%D9%88%D9%84%D9%8A%D8%A7%D8%A1-%D9%85%D9%86-%D8%AF%D9%88%D9%86-%D8%A7%D9%84%D9%84%D9%87/ HTTP/1.1" 301 795 "-" "Mozilla/5.0 (compatible; MJ12bot/v1.4.8; http://mj12bot.com/)"
147.135.213.175 - - [27/Apr/2025:02:39:54 -0400] "GET /2018/10/04/%D9%88%D8%A3%D8%B9%D8%AF%D9%88-%D9%84%D9%87%D9%85/?like_comment=253&_wpnonce=dfd519fbec HTTP/1.1" 301 795 "-" "Mozilla/5.0 (compatible; MJ12bot/v1.4.8; http://mj12bot.com/)"
217.182.194.45 - - [27/Apr/2025:02:39:56 -0400] "GET /2019/03/08/%D8%A7%D9%84%D9%85%D9%88%D8%AA/?like_comment=543&_wpnonce=90d9263ebd/ HTTP/1.1" 301 795 "-" "Mozilla/5.0 (compatible; MJ12bot/v1.4.8; http://mj12bot.com/)"
38.242.228.115 - - [27/Apr/2025:02:39:58 -0400] "GET /tag/%D8%A3%D9%88%D9%84%D9%8A%D8%A7%D8%A1-%D9%85%D9%86-%D8%AF%D9%88%D9%86-%D8%A7%D9%84%D9%84%D9%87/feed/ HTTP/1.1" 301 795 "-" "Mozilla/5.0 (compatible; MJ12bot/v1.4.8; http://mj12bot.com/)"
38.242.228.115 - - [27/Apr/2025:02:40:03 -0400] "GET /tag/%D8%A3%D9%8A%D8%A7%D9%85-%D8%A7%D9%84%D9%84%D9%87/ HTTP/1.1" 301 795 "-" "Mozilla/5.0 (compatible; MJ12bot/v1.4.8; http://mj12bot.com/)"
147.135.213.175 - - [27/Apr/2025:02:40:04 -0400] "GET /2018/10/04/%D9%88%D8%A3%D8%B9%D8%AF%D9%88-%D9%84%D9%87%D9%85/?like_comment=399&_wpnonce=611ccd6bd2 HTTP/1.1" 301 795 "-" "Mozilla/5.0 (compatible; MJ12bot/v1.4.8; http://mj12bot.com/)"
38.242.228.115 - - [27/Apr/2025:02:40:07 -0400] "GET /tag/%D8%A5%D8%A8%D9%84%D9%8A%D8%B3/ HTTP/1.1" 301 795 "-" "Mozilla/5.0 (compatible; MJ12bot/v1.4.8; http://mj12bot.com/)"
217.182.194.45 - - [27/Apr/2025:02:40:07 -0400] "GET /2019/03/08/%D8%A7%D9%84%D9%85%D9%88%D8%AA/?like_comment=655&_wpnonce=3b1b3def77/ HTTP/1.1" 301 795 "-" "Mozilla/5.0 (compatible; MJ12bot/v1.4.8; http://mj12bot.com/)"
147.135.213.175 - - [27/Apr/2025:02:40:12 -0400] "GET /2018/10/04/%D9%88%D8%A3%D8%B9%D8%AF%D9%88-%D9%84%D9%87%D9%85/?replytocom=1002 HTTP/1.1" 301 795 "-" "Mozilla/5.0 (compatible; MJ12bot/v1.4.8; http://mj12bot.com/)"
38.242.228.115 - - [27/Apr/2025:02:40:12 -0400] "GET /tag/%D8%A5%D8%A8%D9%86-%D8%A7%D9%84%D9%82%D9%8A%D9%85/feed/ HTTP/1.1" 301 795 "-" "Mozilla/5.0 (compatible; MJ12bot/v1.4.8; http://mj12bot.com/)"
217.182.194.45 - - [27/Apr/2025:02:40:12 -0400] "GET /2019/03/08/%D8%A7%D9%84%D9%85%D9%88%D8%AA/?like_comment=699&_wpnonce=f1de1fd92e/ HTTP/1.1" 301 795 "-" "Mozilla/5.0 (compatible; MJ12bot/v1.4.8; http://mj12bot.com/)"
38.242.228.115 - - [27/Apr/2025:02:40:18 -0400] "GET /tag/%D8%A5%D8%A8%D9%86-%D8%B9%D8%A8%D8%A7%D8%B3/ HTTP/1.1" 301 795 "-" "Mozilla/5.0 (compatible; MJ12bot/v1.4.8; http://mj12bot.com/)"
217.182.194.45 - - [27/Apr/2025:02:40:18 -0400] "GET /2019/03/08/%D8%A7%D9%84%D9%85%D9%88%D8%AA/?like_comment=705&_wpnonce=493254eba1/ HTTP/1.1" 301 795 "-" "Mozilla/5.0 (compatible; MJ12bot/v1.4.8; http://mj12bot.com/)"
147.135.213.175 - - [27/Apr/2025:02:40:19 -0400] "GET /2018/11/08/%D8%A7%D9%84%D8%A7%D8%B1%D8%B6-%D8%A7%D9%84%D9%85%D8%B3%D8%B7%D8%AD%D8%A9/?share=facebook HTTP/1.1" 301 795 "-" "Mozilla/5.0 (compatible; MJ12bot/v1.4.8; http://mj12bot.com/)"
38.242.228.115 - - [27/Apr/2025:02:40:22 -0400] "GET /tag/%D8%A5%D8%A8%D9%86-%D8%B9%D8%A8%D8%A7%D8%B3/feed/ HTTP/1.1" 301 795 "-" "Mozilla/5.0 (compatible; MJ12bot/v1.4.8; http://mj12bot.com/)"
217.182.194.45 - - [27/Apr/2025:02:40:23 -0400] "GET /2019/03/08/%D8%A7%D9%84%D9%85%D9%88%D8%AA/?like_comment=727&_wpnonce=78d09b845c/ HTTP/1.1" 301 795 "-" "Mozilla/5.0 (compatible; MJ12bot/v1.4.8; http://mj12bot.com/)"
38.242.228.115 - - [27/Apr/2025:02:40:27 -0400] "GET /tag/%D8%A5%D8%AD%D8%B3%D8%A7%D9%86/ HTTP/1.1" 301 795 "-" "Mozilla/5.0 (compatible; MJ12bot/v1.4.8; http://mj12bot.com/)"
217.182.194.45 - - [27/Apr/2025:02:40:28 -0400] "GET /2019/03/08/%D8%A7%D9%84%D9%85%D9%88%D8%AA/?share=facebook/ HTTP/1.1" 301 795 "-" "Mozilla/5.0 (compatible; MJ12bot/v1.4.8; http://mj12bot.com/)"
147.135.213.175 - - [27/Apr/2025:02:40:29 -0400] "GET /2018/11/08/%D8%A7%D9%84%D8%A7%D8%B1%D8%B6-%D8%A7%D9%84%D9%85%D8%B3%D8%B7%D8%AD%D8%A9/?share=twitter HTTP/1.1" 301 795 "-" "Mozilla/5.0 (compatible; MJ12bot/v1.4.8; http://mj12bot.com/)"
38.242.228.115 - - [27/Apr/2025:02:40:32 -0400] "GET /tag/%D8%A5%D8%AD%D8%B3%D8%A7%D9%86/feed/ HTTP/1.1" 301 795 "-" "Mozilla/5.0 (compatible; MJ12bot/v1.4.8; http://mj12bot.com/)"
217.182.194.45 - - [27/Apr/2025:02:40:34 -0400] "GET /2019/03/08/%D8%A7%D9%84%D9%85%D9%88%D8%AA/?share=twitter/ HTTP/1.1" 301 795 "-" "Mozilla/5.0 (compatible; MJ12bot/v1.4.8; http://mj12bot.com/)"
38.242.228.115 - - [27/Apr/2025:02:40:36 -0400] "GET /tag/%D8%A5%D8%AE%D9%88%D8%A9/ HTTP/1.1" 301 795 "-" "Mozilla/5.0 (compatible; MJ12bot/v1.4.8; http://mj12bot.com/)"
147.135.213.175 - - [27/Apr/2025:02:40:37 -0400] "GET /2018/11/26/%D9%88%D9%82%D8%B1%D9%86-%D9%81%D9%8A-%D8%A8%D9%8A%D9%88%D8%AA%D9%83%D9%86/?like_comment=1951&_wpnonce=5e3b0a4c79 HTTP/1.1" 301 795 "-" "Mozilla/5.0 (compatible; MJ12bot/v1.4.8; http://mj12bot.com/)"
217.182.194.45 - - [27/Apr/2025:02:40:39 -0400] "GET /2019/03/08/%D8%A7%D9%84%D9%85%D9%88%D8%AA/feed/ HTTP/1.1" 301 795 "-" "Mozilla/5.0 (compatible; MJ12bot/v1.4.8; http://mj12bot.com/)"
38.242.228.115 - - [27/Apr/2025:02:40:41 -0400] "GET /tag/%D8%A5%D8%AE%D9%88%D8%A9/feed/ HTTP/1.1" 301 795 "-" "Mozilla/5.0 (compatible; MJ12bot/v1.4.8; http://mj12bot.com/)"
147.135.213.175 - - [27/Apr/2025:02:40:44 -0400] "GET /2018/11/26/%D9%88%D9%82%D8%B1%D9%86-%D9%81%D9%8A-%D8%A8%D9%8A%D9%88%D8%AA%D9%83%D9%86/?like_comment=1951&_wpnonce=77460c1416 HTTP/1.1" 301 795 "-" "Mozilla/5.0 (compatible; MJ12bot/v1.4.8; http://mj12bot.com/)"
217.182.194.45 - - [27/Apr/2025:02:40:44 -0400] "GET /2019/03/08/%D8%A7%D9%84%D9%85%D9%88%D8%AA/?replytocom=538/ HTTP/1.1" 301 795 "-" "Mozilla/5.0 (compatible; MJ12bot/v1.4.8; http://mj12bot.com/)"
38.242.228.115 - - [27/Apr/2025:02:40:46 -0400] "GET /tag/%D8%A5%D8%B3%D8%AD%D8%A7%D9%82/ HTTP/1.1" 301 795 "-" "Mozilla/5.0 (compatible; MJ12bot/v1.4.8; http://mj12bot.com/)"
217.182.194.45 - - [27/Apr/2025:02:40:49 -0400] "GET /2019/03/08/%D8%A7%D9%84%D9%85%D9%88%D8%AA/?replytocom=543/ HTTP/1.1" 301 795 "-" "Mozilla/5.0 (compatible; MJ12bot/v1.4.8; http://mj12bot.com/)"
147.135.213.175 - - [27/Apr/2025:02:40:51 -0400] "GET /2018/11/26/%D9%88%D9%82%D8%B1%D9%86-%D9%81%D9%8A-%D8%A8%D9%8A%D9%88%D8%AA%D9%83%D9%86/?like_comment=1952&_wpnonce=b93d7857c2 HTTP/1.1" 301 795 "-" "Mozilla/5.0 (compatible; MJ12bot/v1.4.8; http://mj12bot.com/)"
38.242.228.115 - - [27/Apr/2025:02:40:52 -0400] "GET /tag/%D8%A5%D8%B3%D8%B1%D8%A7%D8%A6%D9%8A%D9%84/ HTTP/1.1" 301 795 "-" "Mozilla/5.0 (compatible; MJ12bot/v1.4.8; http://mj12bot.com/)"
217.182.194.45 - - [27/Apr/2025:02:40:55 -0400] "GET /2019/03/08/%D8%A7%D9%84%D9%85%D9%88%D8%AA/?replytocom=655/ HTTP/1.1" 301 795 "-" "Mozilla/5.0 (compatible; MJ12bot/v1.4.8; http://mj12bot.com/)"
38.242.228.115 - - [27/Apr/2025:02:40:57 -0400] "GET /tag/%D8%A5%D8%B3%D9%82%D8%A7%D8%B7-%D8%A7%D9%84%D8%AC%D9%85%D8%A7%D8%B9%D8%A9/feed/ HTTP/1.1" 301 795 "-" "Mozilla/5.0 (compatible; MJ12bot/v1.4.8; http://mj12bot.com/)"
147.135.213.175 - - [27/Apr/2025:02:40:57 -0400] "GET /2018/11/26/%D9%88%D9%82%D8%B1%D9%86-%D9%81%D9%8A-%D8%A8%D9%8A%D9%88%D8%AA%D9%83%D9%86/?like_comment=1952&_wpnonce=d292763b1e HTTP/1.1" 301 795 "-" "Mozilla/5.0 (compatible; MJ12bot/v1.4.8; http://mj12bot.com/)"
217.182.194.45 - - [27/Apr/2025:02:41:00 -0400] "GET /2019/03/08/%D8%A7%D9%84%D9%85%D9%88%D8%AA/?replytocom=699/ HTTP/1.1" 301 795 "-" "Mozilla/5.0 (compatible; MJ12bot/v1.4.8; http://mj12bot.com/)"
38.242.228.115 - - [27/Apr/2025:02:41:02 -0400] "GET /tag/%D8%A5%D8%B3%D9%84%D8%A7%D9%85/ HTTP/1.1" 301 795 "-" "Mozilla/5.0 (compatible; MJ12bot/v1.4.8; http://mj12bot.com/)"
217.182.194.45 - - [27/Apr/2025:02:41:05 -0400] "GET /2019/04/28/%D9%81%D8%B1%D8%B9%D9%88%D9%86-%D8%A7%D9%84%D8%B9%D8%B5%D8%B1-%D9%88%D8%A7%D9%84%D9%81%D8%B6%D8%A7%D8%A1-%D9%88%D8%A5%D9%86%D9%87%D9%8A%D8%A7%D8%B1-%D8%A7%D9%84%D8%AD%D8%B6%D8%A7%D8%B1%D8%A7%D8%AA/ HTTP/1.1" 301 795 "-" "Mozilla/5.0 (compatible; MJ12bot/v1.4.8; http://mj12bot.com/)"
147.135.213.175 - - [27/Apr/2025:02:41:05 -0400] "GET /2018/11/26/%D9%88%D9%82%D8%B1%D9%86-%D9%81%D9%8A-%D8%A8%D9%8A%D9%88%D8%AA%D9%83%D9%86/?replytocom=1951 HTTP/1.1" 301 795 "-" "Mozilla/5.0 (compatible; MJ12bot/v1.4.8; http://mj12bot.com/)"
38.242.228.115 - - [27/Apr/2025:02:41:07 -0400] "GET /tag/%D8%A5%D8%B3%D9%84%D8%A7%D9%85/feed/ HTTP/1.1" 301 795 "-" "Mozilla/5.0 (compatible; MJ12bot/v1.4.8; http://mj12bot.com/)"
217.182.194.45 - - [27/Apr/2025:02:41:10 -0400] "GET /2019/04/28/%D9%81%D8%B1%D8%B9%D9%88%D9%86-%D8%A7%D9%84%D8%B9%D8%B5%D8%B1-%D9%88%D8%A7%D9%84%D9%81%D8%B6%D8%A7%D8%A1-%D9%88%D8%A5%D9%86%D9%87%D9%8A%D8%A7%D8%B1-%D8%A7%D9%84%D8%AD%D8%B6%D8%A7%D8%B1%D8%A7%D8%AA/?share=twitter/ HTTP/1.1" 301 795 "-" "Mozilla/5.0 (compatible; MJ12bot/v1.4.8; http://mj12bot.com/)"
38.242.228.115 - - [27/Apr/2025:02:41:12 -0400] "GET /tag/%D8%A5%D8%B3%D9%85%D8%A7%D8%B9%D9%8A%D9%84/ HTTP/1.1" 301 795 "-" "Mozilla/5.0 (compatible; MJ12bot/v1.4.8; http://mj12bot.com/)"
147.135.213.175 - - [27/Apr/2025:02:41:12 -0400] "GET /2018/11/26/%D9%88%D9%82%D8%B1%D9%86-%D9%81%D9%8A-%D8%A8%D9%8A%D9%88%D8%AA%D9%83%D9%86/?replytocom=1952 HTTP/1.1" 301 795 "-" "Mozilla/5.0 (compatible; MJ12bot/v1.4.8; http://mj12bot.com/)"
217.182.194.45 - - [27/Apr/2025:02:41:15 -0400] "GET /2019/04/28/%D9%81%D8%B1%D8%B9%D9%88%D9%86-%D8%A7%D9%84%D8%B9%D8%B5%D8%B1-%D9%88%D8%A7%D9%84%D9%81%D8%B6%D8%A7%D8%A1-%D9%88%D8%A5%D9%86%D9%87%D9%8A%D8%A7%D8%B1-%D8%A7%D9%84%D8%AD%D8%B6%D8%A7%D8%B1%D8%A7%D8%AA/feed/ HTTP/1.1" 301 795 "-" "Mozilla/5.0 (compatible; MJ12bot/v1.4.8; http://mj12bot.com/)"
38.242.228.115 - - [27/Apr/2025:02:41:16 -0400] "GET /tag/%D8%A5%D8%BA%D9%84%D8%A7%D9%82-%D8%A7%D9%84%D9%85%D8%B3%D8%A7%D8%AC%D8%AF/feed/ HTTP/1.1" 301 795 "-" "Mozilla/5.0 (compatible; MJ12bot/v1.4.8; http://mj12bot.com/)"
147.135.213.175 - - [27/Apr/2025:02:41:19 -0400] "GET /2019/01/06/%D9%87%D9%84-%D8%B3%D9%8A%D8%AF%D9%86%D8%A7-%D8%B9%D9%8A%D8%B3%D9%89-%D8%A5%D8%A8%D9%86-%D8%A7%D9%84%D9%84%D9%87%D8%9F/?like_comment=254&_wpnonce=6cb193921a HTTP/1.1" 301 795 "-" "Mozilla/5.0 (compatible; MJ12bot/v1.4.8; http://mj12bot.com/)"
217.182.194.45 - - [27/Apr/2025:02:41:21 -0400] "GET /2019/05/01/%D8%A7%D9%84%D8%AC%D9%88%D8%A7%D8%B1-%D8%A7%D9%84%D9%83%D9%86%D8%B3/ HTTP/1.1" 301 795 "-" "Mozilla/5.0 (compatible; MJ12bot/v1.4.8; http://mj12bot.com/)"
38.242.228.115 - - [27/Apr/2025:02:41:22 -0400] "GET /tag/%D8%A5%D9%82%D8%B1%D8%A3/ HTTP/1.1" 301 795 "-" "Mozilla/5.0 (compatible; MJ12bot/v1.4.8; http://mj12bot.com/)"
217.182.194.45 - - [27/Apr/2025:02:41:26 -0400] "GET /2019/05/01/%D8%A7%D9%84%D8%AC%D9%88%D8%A7%D8%B1-%D8%A7%D9%84%D9%83%D9%86%D8%B3/?like_comment=688&_wpnonce=795db15f9b/ HTTP/1.1" 301 795 "-" "Mozilla/5.0 (compatible; MJ12bot/v1.4.8; http://mj12bot.com/)"
38.242.228.115 - - [27/Apr/2025:02:41:27 -0400] "GET /tag/%D8%A7%D8%A8%D8%B1%D8%A7%D9%87%D9%8A%D9%85/ HTTP/1.1" 301 795 "-" "Mozilla/5.0 (compatible; MJ12bot/v1.4.8; http://mj12bot.com/)"
147.135.213.175 - - [27/Apr/2025:02:41:28 -0400] "GET /2019/01/06/%D9%87%D9%84-%D8%B3%D9%8A%D8%AF%D9%86%D8%A7-%D8%B9%D9%8A%D8%B3%D9%89-%D8%A5%D8%A8%D9%86-%D8%A7%D9%84%D9%84%D9%87%D8%9F/?like_comment=254&_wpnonce=3d48c4a392 HTTP/1.1" 301 795 "-" "Mozilla/5.0 (compatible; MJ12bot/v1.4.8; http://mj12bot.com/)"
217.182.194.45 - - [27/Apr/2025:02:41:31 -0400] "GET /2019/05/01/%D8%A7%D9%84%D8%AC%D9%88%D8%A7%D8%B1-%D8%A7%D9%84%D9%83%D9%86%D8%B3/?share=facebook/ HTTP/1.1" 301 795 "-" "Mozilla/5.0 (compatible; MJ12bot/v1.4.8; http://mj12bot.com/)"
38.242.228.115 - - [27/Apr/2025:02:41:32 -0400] "GET /tag/%D8%A7%D8%A8%D9%84%D9%8A%D8%B3/ HTTP/1.1" 301 795 "-" "Mozilla/5.0 (compatible; MJ12bot/v1.4.8; http://mj12bot.com/)"
147.135.213.175 - - [27/Apr/2025:02:41:33 -0400] "GET /2019/02/03/%D8%A3%D9%81%D9%84%D8%A7-%D9%8A%D8%AA%D8%AF%D8%A8%D8%B1%D9%88%D9%86-%D8%A7%D9%84%D9%82%D8%B1%D8%A2%D9%86/?like_comment=364&_wpnonce=42780da6a8 HTTP/1.1" 301 795 "-" "Mozilla/5.0 (compatible; MJ12bot/v1.4.8; http://mj12bot.com/)"
38.242.228.115 - - [27/Apr/2025:02:41:36 -0400] "GET /tag/%D8%A7%D8%A8%D9%86-%D8%AA%D9%8A%D9%85%D9%8A%D8%A9/ HTTP/1.1" 301 795 "-" "Mozilla/5.0 (compatible; MJ12bot/v1.4.8; http://mj12bot.com/)"
217.182.194.45 - - [27/Apr/2025:02:41:37 -0400] "GET /2019/05/01/%D8%A7%D9%84%D8%AC%D9%88%D8%A7%D8%B1-%D8%A7%D9%84%D9%83%D9%86%D8%B3/?share=twitter/ HTTP/1.1" 301 795 "-" "Mozilla/5.0 (compatible; MJ12bot/v1.4.8; http://mj12bot.com/)"
147.135.213.175 - - [27/Apr/2025:02:41:41 -0400] "GET /2019/02/03/%D8%A3%D9%81%D9%84%D8%A7-%D9%8A%D8%AA%D8%AF%D8%A8%D8%B1%D9%88%D9%86-%D8%A7%D9%84%D9%82%D8%B1%D8%A2%D9%86/?like_comment=673&_wpnonce=68bfe40b9e HTTP/1.1" 301 795 "-" "Mozilla/5.0 (compatible; MJ12bot/v1.4.8; http://mj12bot.com/)"
38.242.228.115 - - [27/Apr/2025:02:41:42 -0400] "GET /tag/%D8%A7%D8%A8%D9%88%D8%A7%D8%A8/ HTTP/1.1" 301 795 "-" "Mozilla/5.0 (compatible; MJ12bot/v1.4.8; http://mj12bot.com/)"
217.182.194.45 - - [27/Apr/2025:02:41:42 -0400] "GET /2019/05/01/%D8%A7%D9%84%D8%AC%D9%88%D8%A7%D8%B1-%D8%A7%D9%84%D9%83%D9%86%D8%B3/feed/ HTTP/1.1" 301 795 "-" "Mozilla/5.0 (compatible; MJ12bot/v1.4.8; http://mj12bot.com/)"
38.242.228.115 - - [27/Apr/2025:02:41:46 -0400] "GET /tag/%D8%A7%D8%A8%D9%88%D8%A7%D8%A8-%D8%A7%D9%84%D8%AC%D9%86%D8%A9/ HTTP/1.1" 301 795 "-" "Mozilla/5.0 (compatible; MJ12bot/v1.4.8; http://mj12bot.com/)"
217.182.194.45 - - [27/Apr/2025:02:41:47 -0400] "GET /2019/05/01/%D8%A7%D9%84%D8%AC%D9%88%D8%A7%D8%B1-%D8%A7%D9%84%D9%83%D9%86%D8%B3/?replytocom=688/ HTTP/1.1" 301 795 "-" "Mozilla/5.0 (compatible; MJ12bot/v1.4.8; http://mj12bot.com/)"
147.135.213.175 - - [27/Apr/2025:02:41:47 -0400] "GET /2019/02/03/%D8%A3%D9%81%D9%84%D8%A7-%D9%8A%D8%AA%D8%AF%D8%A8%D8%B1%D9%88%D9%86-%D8%A7%D9%84%D9%82%D8%B1%D8%A2%D9%86/?share=google-plus-1 HTTP/1.1" 301 795 "-" "Mozilla/5.0 (compatible; MJ12bot/v1.4.8; http://mj12bot.com/)"
38.242.228.115 - - [27/Apr/2025:02:41:52 -0400] "GET /tag/%D8%A7%D8%A8%D9%88%D8%A7%D8%A8-%D8%A7%D9%84%D8%AC%D9%86%D8%A9/feed/ HTTP/1.1" 301 795 "-" "Mozilla/5.0 (compatible; MJ12bot/v1.4.8; http://mj12bot.com/)"
217.182.194.45 - - [27/Apr/2025:02:41:52 -0400] "GET /2019/05/02/%D8%A7%D9%84%D8%AC%D9%88%D8%A7%D8%B1-%D8%A7%D9%84%D9%83%D9%86%D8%B3-%D9%85%D8%AE%D8%AA%D8%B5%D8%B1/ HTTP/1.1" 301 795 "-" "Mozilla/5.0 (compatible; MJ12bot/v1.4.8; http://mj12bot.com/)"
147.135.213.175 - - [27/Apr/2025:02:41:54 -0400] "GET /2019/02/03/%D8%A3%D9%81%D9%84%D8%A7-%D9%8A%D8%AA%D8%AF%D8%A8%D8%B1%D9%88%D9%86-%D8%A7%D9%84%D9%82%D8%B1%D8%A2%D9%86/?share=google-plus-1&replytocom=317 HTTP/1.1" 301 795 "-" "Mozilla/5.0 (compatible; MJ12bot/v1.4.8; http://mj12bot.com/)"
217.182.194.45 - - [27/Apr/2025:02:41:57 -0400] "GET /2019/05/02/%D8%A7%D9%84%D8%AC%D9%88%D8%A7%D8%B1-%D8%A7%D9%84%D9%83%D9%86%D8%B3-%D9%85%D8%AE%D8%AA%D8%B5%D8%B1/?share=facebook/ HTTP/1.1" 301 795 "-" "Mozilla/5.0 (compatible; MJ12bot/v1.4.8; http://mj12bot.com/)"
38.242.228.115 - - [27/Apr/2025:02:41:57 -0400] "GET /tag/%D8%A7%D8%A8%D9%88%D8%A7%D8%A8-%D8%A7%D9%84%D8%B3%D9%85%D8%A7%D8%A1/ HTTP/1.1" 301 795 "-" "Mozilla/5.0 (compatible; MJ12bot/v1.4.8; http://mj12bot.com/)"
147.135.213.175 - - [27/Apr/2025:02:42:01 -0400] "GET /2019/02/03/%D8%A3%D9%81%D9%84%D8%A7-%D9%8A%D8%AA%D8%AF%D8%A8%D8%B1%D9%88%D9%86-%D8%A7%D9%84%D9%82%D8%B1%D8%A2%D9%86/?share=google-plus-1&replytocom=364 HTTP/1.1" 301 795 "-" "Mozilla/5.0 (compatible; MJ12bot/v1.4.8; http://mj12bot.com/)"
38.242.228.115 - - [27/Apr/2025:02:42:02 -0400] "GET /tag/%D8%A7%D8%A8%D9%88-%D8%A8%D9%83%D8%B1-%D8%A7%D9%84%D8%B5%D8%AF%D9%8A%D9%82/ HTTP/1.1" 301 795 "-" "Mozilla/5.0 (compatible; MJ12bot/v1.4.8; http://mj12bot.com/)"
217.182.194.45 - - [27/Apr/2025:02:42:02 -0400] "GET /2019/05/02/%D8%A7%D9%84%D8%AC%D9%88%D8%A7%D8%B1-%D8%A7%D9%84%D9%83%D9%86%D8%B3-%D9%85%D8%AE%D8%AA%D8%B5%D8%B1/?share=twitter/ HTTP/1.1" 301 795 "-" "Mozilla/5.0 (compatible; MJ12bot/v1.4.8; http://mj12bot.com/)"
147.135.213.175 - - [27/Apr/2025:02:42:07 -0400] "GET /2019/02/03/%D8%A3%D9%81%D9%84%D8%A7-%D9%8A%D8%AA%D8%AF%D8%A8%D8%B1%D9%88%D9%86-%D8%A7%D9%84%D9%82%D8%B1%D8%A2%D9%86/?share=google-plus-1&replytocom=673 HTTP/1.1" 301 795 "-" "Mozilla/5.0 (compatible; MJ12bot/v1.4.8; http://mj12bot.com/)"
38.242.228.115 - - [27/Apr/2025:02:42:07 -0400] "GET /tag/%D8%A7%D8%AA%D8%AC%D8%A7%D9%87%D8%A7%D8%AA/ HTTP/1.1" 301 795 "-" "Mozilla/5.0 (compatible; MJ12bot/v1.4.8; http://mj12bot.com/)"
217.182.194.45 - - [27/Apr/2025:02:42:08 -0400] "GET /2019/05/02/%D8%A7%D9%84%D8%AC%D9%88%D8%A7%D8%B1-%D8%A7%D9%84%D9%83%D9%86%D8%B3-%D9%85%D8%AE%D8%AA%D8%B5%D8%B1/feed/ HTTP/1.1" 301 795 "-" "Mozilla/5.0 (compatible; MJ12bot/v1.4.8; http://mj12bot.com/)"
38.242.228.115 - - [27/Apr/2025:02:42:13 -0400] "GET /tag/%D8%A7%D8%AD%D8%A7%D8%AF%D9%8A%D8%AB/ HTTP/1.1" 301 795 "-" "Mozilla/5.0 (compatible; MJ12bot/v1.4.8; http://mj12bot.com/)"
217.182.194.45 - - [27/Apr/2025:02:42:14 -0400] "GET /2019/05/03/%D8%A7%D9%84%D8%AF%D9%8A%D9%86%D8%A7%D8%B5%D9%88%D8%B1%D8%A7%D8%AA-%D9%88%D8%A7%D9%84%D9%86%D8%AC%D9%88%D9%85-%D8%A7%D9%84%D8%B9%D8%A7%D8%A8%D8%B1%D8%A9/ HTTP/1.1" 301 795 "-" "Mozilla/5.0 (compatible; MJ12bot/v1.4.8; http://mj12bot.com/)"
147.135.213.175 - - [27/Apr/2025:02:42:15 -0400] "GET /2019/02/25/%D8%A7%D9%84%D8%A3%D8%B1%D8%B6-%D8%A7%D9%84%D9%85%D8%B3%D8%B7%D8%AD%D8%A9-%D9%88%D8%B9%D9%84%D9%85%D8%A7%D8%A1-%D8%A7%D9%84%D8%A5%D8%B3%D9%84%D8%A7%D9%85/?share=facebook HTTP/1.1" 301 795 "-" "Mozilla/5.0 (compatible; MJ12bot/v1.4.8; http://mj12bot.com/)"
38.242.228.115 - - [27/Apr/2025:02:42:17 -0400] "GET /tag/%D8%A7%D8%AD%D8%B3%D8%A7%D9%86/ HTTP/1.1" 301 795 "-" "Mozilla/5.0 (compatible; MJ12bot/v1.4.8; http://mj12bot.com/)"
217.182.194.45 - - [27/Apr/2025:02:42:19 -0400] "GET /2019/05/03/%D8%A7%D9%84%D8%AF%D9%8A%D9%86%D8%A7%D8%B5%D9%88%D8%B1%D8%A7%D8%AA-%D9%88%D8%A7%D9%84%D9%86%D8%AC%D9%88%D9%85-%D8%A7%D9%84%D8%B9%D8%A7%D8%A8%D8%B1%D8%A9/?share=facebook/ HTTP/1.1" 301 795 "-" "Mozilla/5.0 (compatible; MJ12bot/v1.4.8; http://mj12bot.com/)"
147.135.213.175 - - [27/Apr/2025:02:42:22 -0400] "GET /2019/02/25/%D8%A7%D9%84%D8%A3%D8%B1%D8%B6-%D8%A7%D9%84%D9%85%D8%B3%D8%B7%D8%AD%D8%A9-%D9%88%D8%B9%D9%84%D9%85%D8%A7%D8%A1-%D8%A7%D9%84%D8%A5%D8%B3%D9%84%D8%A7%D9%85/?share=twitter HTTP/1.1" 301 795 "-" "Mozilla/5.0 (compatible; MJ12bot/v1.4.8; http://mj12bot.com/)"
38.242.228.115 - - [27/Apr/2025:02:42:22 -0400] "GET /tag/%D8%A7%D8%AD%D8%B3%D8%A7%D9%86/feed/ HTTP/1.1" 301 795 "-" "Mozilla/5.0 (compatible; MJ12bot/v1.4.8; http://mj12bot.com/)"
217.182.194.45 - - [27/Apr/2025:02:42:25 -0400] "GET /2019/05/03/%D8%A7%D9%84%D8%AF%D9%8A%D9%86%D8%A7%D8%B5%D9%88%D8%B1%D8%A7%D8%AA-%D9%88%D8%A7%D9%84%D9%86%D8%AC%D9%88%D9%85-%D8%A7%D9%84%D8%B9%D8%A7%D8%A8%D8%B1%D8%A9/?share=twitter/ HTTP/1.1" 301 795 "-" "Mozilla/5.0 (compatible; MJ12bot/v1.4.8; http://mj12bot.com/)"
38.242.228.115 - - [27/Apr/2025:02:42:27 -0400] "GET /tag/%D8%A7%D8%AD%D9%8A%D8%A7%D8%A1/ HTTP/1.1" 301 795 "-" "Mozilla/5.0 (compatible; MJ12bot/v1.4.8; http://mj12bot.com/)"
147.135.213.175 - - [27/Apr/2025:02:42:28 -0400] "GET /2019/02/26/%D9%8A%D8%AA%D9%81%D9%83%D8%B1%D9%88%D9%86%D8%8C-%D9%8A%D8%B9%D9%82%D9%84%D9%88%D9%86%D8%8C-%D9%8A%D8%B0%D9%83%D8%B1%D9%88%D9%86-%D9%88%D8%A8%D8%B9%D8%AF-%D9%87%D8%B0%D8%A7-%D9%8A%D8%B4%D9%83%D8%B1/?share=facebook HTTP/1.1" 301 795 "-" "Mozilla/5.0 (compatible; MJ12bot/v1.4.8; http://mj12bot.com/)"
217.182.194.45 - - [27/Apr/2025:02:42:30 -0400] "GET /2019/05/03/%D8%A7%D9%84%D8%AF%D9%8A%D9%86%D8%A7%D8%B5%D9%88%D8%B1%D8%A7%D8%AA-%D9%88%D8%A7%D9%84%D9%86%D8%AC%D9%88%D9%85-%D8%A7%D9%84%D8%B9%D8%A7%D8%A8%D8%B1%D8%A9/feed/ HTTP/1.1" 301 795 "-" "Mozilla/5.0 (compatible; MJ12bot/v1.4.8; http://mj12bot.com/)"
38.242.228.115 - - [27/Apr/2025:02:42:33 -0400] "GET /tag/%D8%A7%D8%AE%D8%AA%D9%84%D8%A7%D9%81/ HTTP/1.1" 301 795 "-" "Mozilla/5.0 (compatible; MJ12bot/v1.4.8; http://mj12bot.com/)"
147.135.213.175 - - [27/Apr/2025:02:42:35 -0400] "GET /2019/02/26/%D9%8A%D8%AA%D9%81%D9%83%D8%B1%D9%88%D9%86%D8%8C-%D9%8A%D8%B9%D9%82%D9%84%D9%88%D9%86%D8%8C-%D9%8A%D8%B0%D9%83%D8%B1%D9%88%D9%86-%D9%88%D8%A8%D8%B9%D8%AF-%D9%87%D8%B0%D8%A7-%D9%8A%D8%B4%D9%83%D8%B1/?share=twitter HTTP/1.1" 301 795 "-" "Mozilla/5.0 (compatible; MJ12bot/v1.4.8; http://mj12bot.com/)"
217.182.194.45 - - [27/Apr/2025:02:42:36 -0400] "GET /2019/05/05/%D8%A7%D9%84%D8%B4%D9%85%D8%B3-%D9%88%D8%A7%D9%84%D9%82%D9%85%D8%B1/ HTTP/1.1" 301 795 "-" "Mozilla/5.0 (compatible; MJ12bot/v1.4.8; http://mj12bot.com/)"
38.242.228.115 - - [27/Apr/2025:02:42:38 -0400] "GET /tag/%D8%A7%D8%AE%D8%AA%D9%84%D8%A7%D9%81/feed/ HTTP/1.1" 301 795 "-" "Mozilla/5.0 (compatible; MJ12bot/v1.4.8; http://mj12bot.com/)"
217.182.194.45 - - [27/Apr/2025:02:42:41 -0400] "GET /2019/05/05/%D8%A7%D9%84%D8%B4%D9%85%D8%B3-%D9%88%D8%A7%D9%84%D9%82%D9%85%D8%B1/?like_comment=764&_wpnonce=e9dfdebe14/ HTTP/1.1" 301 795 "-" "Mozilla/5.0 (compatible; MJ12bot/v1.4.8; http://mj12bot.com/)"
147.135.213.175 - - [27/Apr/2025:02:42:42 -0400] "GET /2019/02/28/%D8%A7%D9%84%D8%B3%D9%83%D9%88%D8%AA-%D8%A3%D8%AD%D9%8A%D8%A7%D9%86%D8%A7%D9%8B-%D9%8A%D9%83%D9%88%D9%86-%D8%A5%D8%B3%D8%A7%D8%A1%D8%A9/?share=facebook HTTP/1.1" 301 795 "-" "Mozilla/5.0 (compatible; MJ12bot/v1.4.8; http://mj12bot.com/)"
38.242.228.115 - - [27/Apr/2025:02:42:43 -0400] "GET /tag/%D8%A7%D8%AE%D9%84%D8%A7%D8%B5/ HTTP/1.1" 301 795 "-" "Mozilla/5.0 (compatible; MJ12bot/v1.4.8; http://mj12bot.com/)"
217.182.194.45 - - [27/Apr/2025:02:42:46 -0400] "GET /2019/05/09/%D9%82%D8%B1%D8%A2%D9%86%D9%8A%D9%88%D9%86-%D8%A3%D9%85-%D8%B4%D9%8A%D8%B7%D8%A7%D9%86%D9%8A%D9%88%D9%86%D8%9F/?replytocom=817/ HTTP/1.1" 301 795 "-" "Mozilla/5.0 (compatible; MJ12bot/v1.4.8; http://mj12bot.com/)"
38.242.228.115 - - [27/Apr/2025:02:42:48 -0400] "GET /tag/%D8%A7%D8%B3%D9%84%D8%A7%D9%85/ HTTP/1.1" 301 795 "-" "Mozilla/5.0 (compatible; MJ12bot/v1.4.8; http://mj12bot.com/)"
147.135.213.175 - - [27/Apr/2025:02:42:49 -0400] "GET /2019/02/28/%D8%A7%D9%84%D8%B3%D9%83%D9%88%D8%AA-%D8%A3%D8%AD%D9%8A%D8%A7%D9%86%D8%A7%D9%8B-%D9%8A%D9%83%D9%88%D9%86-%D8%A5%D8%B3%D8%A7%D8%A1%D8%A9/?share=twitter HTTP/1.1" 301 795 "-" "Mozilla/5.0 (compatible; MJ12bot/v1.4.8; http://mj12bot.com/)"
217.182.194.45 - - [27/Apr/2025:02:42:52 -0400] "GET /2019/05/10/%D8%B5%D9%86%D8%A7%D8%B9%D8%A9-%D8%A7%D9%84%D9%81%D9%84%D9%83-%D9%88%D8%AA%D8%B7%D9%88%D8%B1-%D8%A7%D9%84%D8%AD%D8%B6%D8%A7%D8%B1%D8%A7%D8%AA/?like_comment=666&_wpnonce=0e9c40cfb7/ HTTP/1.1" 301 795 "-" "Mozilla/5.0 (compatible; MJ12bot/v1.4.8; http://mj12bot.com/)"
38.242.228.115 - - [27/Apr/2025:02:42:53 -0400] "GET /tag/%D8%A7%D8%B3%D9%84%D8%A7%D9%85/feed/ HTTP/1.1" 301 795 "-" "Mozilla/5.0 (compatible; MJ12bot/v1.4.8; http://mj12bot.com/)"
147.135.213.175 - - [27/Apr/2025:02:42:55 -0400] "GET /2019/04/04/%D8%AF%D9%8E%D8%AD%D9%8E%D8%A7%D9%87%D9%8E%D8%A7/?share=facebook HTTP/1.1" 301 795 "-" "Mozilla/5.0 (compatible; MJ12bot/v1.4.8; http://mj12bot.com/)"
217.182.194.45 - - [27/Apr/2025:02:42:57 -0400] "GET /2019/05/10/%D8%B5%D9%86%D8%A7%D8%B9%D8%A9-%D8%A7%D9%84%D9%81%D9%84%D9%83-%D9%88%D8%AA%D8%B7%D9%88%D8%B1-%D8%A7%D9%84%D8%AD%D8%B6%D8%A7%D8%B1%D8%A7%D8%AA/?share=facebook/ HTTP/1.1" 301 795 "-" "Mozilla/5.0 (compatible; MJ12bot/v1.4.8; http://mj12bot.com/)"
38.242.228.115 - - [27/Apr/2025:02:42:58 -0400] "GET /tag/%D8%A7%D8%B5%D8%AD%D8%A7%D8%A8-%D8%A7%D9%84%D9%83%D9%87%D9%81/ HTTP/1.1" 301 795 "-" "Mozilla/5.0 (compatible; MJ12bot/v1.4.8; http://mj12bot.com/)"
147.135.213.175 - - [27/Apr/2025:02:43:02 -0400] "GET /2019/04/04/%D8%AF%D9%8E%D8%AD%D9%8E%D8%A7%D9%87%D9%8E%D8%A7/?share=twitter HTTP/1.1" 301 795 "-" "Mozilla/5.0 (compatible; MJ12bot/v1.4.8; http://mj12bot.com/)"
38.242.228.115 - - [27/Apr/2025:02:43:02 -0400] "GET /tag/%D8%A7%D8%B5%D8%AD%D8%A7%D8%A8-%D8%A7%D9%84%D9%83%D9%87%D9%81/feed/ HTTP/1.1" 301 795 "-" "Mozilla/5.0 (compatible; MJ12bot/v1.4.8; http://mj12bot.com/)"
217.182.194.45 - - [27/Apr/2025:02:43:02 -0400] "GET /2019/05/10/%D8%B5%D9%86%D8%A7%D8%B9%D8%A9-%D8%A7%D9%84%D9%81%D9%84%D9%83-%D9%88%D8%AA%D8%B7%D9%88%D8%B1-%D8%A7%D9%84%D8%AD%D8%B6%D8%A7%D8%B1%D8%A7%D8%AA/?share=twitter/ HTTP/1.1" 301 795 "-" "Mozilla/5.0 (compatible; MJ12bot/v1.4.8; http://mj12bot.com/)"
38.242.228.115 - - [27/Apr/2025:02:43:07 -0400] "GET /tag/%D8%A7%D9%84%D8%A2%D8%AE%D8%B1%D8%A9/ HTTP/1.1" 301 795 "-" "Mozilla/5.0 (compatible; MJ12bot/v1.4.8; http://mj12bot.com/)"
217.182.194.45 - - [27/Apr/2025:02:43:08 -0400] "GET /2019/05/10/%D8%B5%D9%86%D8%A7%D8%B9%D8%A9-%D8%A7%D9%84%D9%81%D9%84%D9%83-%D9%88%D8%AA%D8%B7%D9%88%D8%B1-%D8%A7%D9%84%D8%AD%D8%B6%D8%A7%D8%B1%D8%A7%D8%AA/feed/ HTTP/1.1" 301 795 "-" "Mozilla/5.0 (compatible; MJ12bot/v1.4.8; http://mj12bot.com/)"
147.135.213.175 - - [27/Apr/2025:02:43:09 -0400] "GET /2019/04/17/%D8%A8%D9%8A%D8%AA-%D8%A7%D9%84%D8%B9%D9%86%D9%83%D8%A8%D9%88%D8%AA/?share=facebook HTTP/1.1" 301 795 "-" "Mozilla/5.0 (compatible; MJ12bot/v1.4.8; http://mj12bot.com/)"
38.242.228.115 - - [27/Apr/2025:02:43:12 -0400] "GET /tag/%D8%A7%D9%84%D8%A2%D8%AE%D8%B1%D8%A9/feed/ HTTP/1.1" 301 795 "-" "Mozilla/5.0 (compatible; MJ12bot/v1.4.8; http://mj12bot.com/)"
217.182.194.45 - - [27/Apr/2025:02:43:13 -0400] "GET /2019/05/10/america-is-dying-slowly/?share=facebook/ HTTP/1.1" 301 795 "-" "Mozilla/5.0 (compatible; MJ12bot/v1.4.8; http://mj12bot.com/)"
147.135.213.175 - - [27/Apr/2025:02:43:15 -0400] "GET /2019/04/17/%D8%A8%D9%8A%D8%AA-%D8%A7%D9%84%D8%B9%D9%86%D9%83%D8%A8%D9%88%D8%AA/?share=twitter HTTP/1.1" 301 795 "-" "Mozilla/5.0 (compatible; MJ12bot/v1.4.8; http://mj12bot.com/)"
38.242.228.115 - - [27/Apr/2025:02:43:17 -0400] "GET /tag/%D8%A7%D9%84%D8%A3%D8%B1%D8%A7%D8%B6%D9%8A%D9%86/ HTTP/1.1" 301 795 "-" "Mozilla/5.0 (compatible; MJ12bot/v1.4.8; http://mj12bot.com/)"
217.182.194.45 - - [27/Apr/2025:02:43:18 -0400] "GET /2019/05/10/america-is-dying-slowly/?share=twitter/ HTTP/1.1" 301 795 "-" "Mozilla/5.0 (compatible; MJ12bot/v1.4.8; http://mj12bot.com/)"
38.242.228.115 - - [27/Apr/2025:02:43:22 -0400] "GET /tag/%D8%A7%D9%84%D8%A3%D8%B1%D8%A7%D8%B6%D9%8A%D9%86-%D8%A7%D9%84%D8%B3%D8%A8%D8%B9/ HTTP/1.1" 301 795 "-" "Mozilla/5.0 (compatible; MJ12bot/v1.4.8; http://mj12bot.com/)"
147.135.213.175 - - [27/Apr/2025:02:43:23 -0400] "GET /2019/04/23/%D8%AA%D8%B1%D8%AC%D9%85%D8%A7%D9%86-%D8%A7%D9%84%D9%82%D8%B1%D8%A2%D9%86-%D9%8A%D9%82%D9%88%D9%84-%D8%A7%D9%84%D8%A3%D8%B1%D8%B6-%D9%85%D8%B3%D8%B7%D8%AD%D8%A9/?like_comment=2762&_wpnonce=69f4262051 HTTP/1.1" 301 795 "-" "Mozilla/5.0 (compatible; MJ12bot/v1.4.8; http://mj12bot.com/)"
217.182.194.45 - - [27/Apr/2025:02:43:23 -0400] "GET /2019/05/10/relativity-is-not/?share=facebook/ HTTP/1.1" 301 795 "-" "Mozilla/5.0 (compatible; MJ12bot/v1.4.8; http://mj12bot.com/)"
38.242.228.115 - - [27/Apr/2025:02:43:27 -0400] "GET /tag/%D8%A7%D9%84%D8%A3%D8%B1%D8%B6/ HTTP/1.1" 301 795 "-" "Mozilla/5.0 (compatible; MJ12bot/v1.4.8; http://mj12bot.com/)"
217.182.194.45 - - [27/Apr/2025:02:43:28 -0400] "GET /2019/05/10/relativity-is-not/?share=twitter/ HTTP/1.1" 301 795 "-" "Mozilla/5.0 (compatible; MJ12bot/v1.4.8; http://mj12bot.com/)"
147.135.213.175 - - [27/Apr/2025:02:43:30 -0400] "GET /2019/04/23/%D8%AA%D8%B1%D8%AC%D9%85%D8%A7%D9%86-%D8%A7%D9%84%D9%82%D8%B1%D8%A2%D9%86-%D9%8A%D9%82%D9%88%D9%84-%D8%A7%D9%84%D8%A3%D8%B1%D8%B6-%D9%85%D8%B3%D8%B7%D8%AD%D8%A9/?like_comment=2763&_wpnonce=9f042c9985 HTTP/1.1" 301 795 "-" "Mozilla/5.0 (compatible; MJ12bot/v1.4.8; http://mj12bot.com/)"
38.242.228.115 - - [27/Apr/2025:02:43:32 -0400] "GET /tag/%D8%A7%D9%84%D8%A3%D8%B1%D8%B6-%D8%A7%D9%84%D9%85%D8%B3%D8%B7%D8%AD%D8%A9/ HTTP/1.1" 301 795 "-" "Mozilla/5.0 (compatible; MJ12bot/v1.4.8; http://mj12bot.com/)"
217.182.194.45 - - [27/Apr/2025:02:43:33 -0400] "GET /2019/05/10/%D8%B5%D9%86%D8%A7%D8%B9%D8%A9-%D8%A7%D9%84%D9%81%D9%84%D9%83-%D9%88%D8%AA%D8%B7%D9%88%D8%B1-%D8%A7%D9%84%D8%AD%D8%B6%D8%A7%D8%B1%D8%A7%D8%AA/ HTTP/1.1" 301 795 "-" "Mozilla/5.0 (compatible; MJ12bot/v1.4.8; http://mj12bot.com/)"
147.135.213.175 - - [27/Apr/2025:02:43:37 -0400] "GET /2019/04/23/%D8%AA%D8%B1%D8%AC%D9%85%D8%A7%D9%86-%D8%A7%D9%84%D9%82%D8%B1%D8%A2%D9%86-%D9%8A%D9%82%D9%88%D9%84-%D8%A7%D9%84%D8%A3%D8%B1%D8%B6-%D9%85%D8%B3%D8%B7%D8%AD%D8%A9/?like_comment=2762&_wpnonce=7ac7dd90ee HTTP/1.1" 301 795 "-" "Mozilla/5.0 (compatible; MJ12bot/v1.4.8; http://mj12bot.com/)"
38.242.228.115 - - [27/Apr/2025:02:43:37 -0400] "GET /tag/%D8%A7%D9%84%D8%A3%D8%B1%D8%B6-%D8%A7%D9%84%D9%85%D8%B3%D8%B7%D8%AD%D8%A9/feed/ HTTP/1.1" 301 795 "-" "Mozilla/5.0 (compatible; MJ12bot/v1.4.8; http://mj12bot.com/)"
217.182.194.45 - - [27/Apr/2025:02:43:38 -0400] "GET /2019/05/10/%D8%B5%D9%86%D8%A7%D8%B9%D8%A9-%D8%A7%D9%84%D9%81%D9%84%D9%83-%D9%88%D8%AA%D8%B7%D9%88%D8%B1-%D8%A7%D9%84%D8%AD%D8%B6%D8%A7%D8%B1%D8%A7%D8%AA/?replytocom=666/ HTTP/1.1" 301 795 "-" "Mozilla/5.0 (compatible; MJ12bot/v1.4.8; http://mj12bot.com/)"
38.242.228.115 - - [27/Apr/2025:02:43:42 -0400] "GET /tag/%D8%A7%D9%84%D8%A3%D8%B1%D8%B6-%D9%82%D8%B1%D8%A7%D8%B1/ HTTP/1.1" 301 795 "-" "Mozilla/5.0 (compatible; MJ12bot/v1.4.8; http://mj12bot.com/)"
147.135.213.175 - - [27/Apr/2025:02:43:43 -0400] "GET /2019/04/23/%D8%AA%D8%B1%D8%AC%D9%85%D8%A7%D9%86-%D8%A7%D9%84%D9%82%D8%B1%D8%A2%D9%86-%D9%8A%D9%82%D9%88%D9%84-%D8%A7%D9%84%D8%A3%D8%B1%D8%B6-%D9%85%D8%B3%D8%B7%D8%AD%D8%A9/?like_comment=2763&_wpnonce=bdec47b5c1 HTTP/1.1" 301 795 "-" "Mozilla/5.0 (compatible; MJ12bot/v1.4.8; http://mj12bot.com/)"
217.182.194.45 - - [27/Apr/2025:02:43:44 -0400] "GET /2019/05/11/%D9%82%D9%88%D9%84-%D8%A7%D9%84%D8%B1%D8%B3%D9%88%D9%84-%D9%81%D9%8A-%D8%B5%D9%84%D8%A7%D8%A9-%D8%A7%D9%84%D9%84%D9%8A%D9%84-%D8%A7%D9%84%D8%AA%D8%B1%D8%A7%D9%88%D9%8A%D8%AD/ HTTP/1.1" 301 795 "-" "Mozilla/5.0 (compatible; MJ12bot/v1.4.8; http://mj12bot.com/)"
38.242.228.115 - - [27/Apr/2025:02:43:47 -0400] "GET /tag/%D8%A7%D9%84%D8%AD%D8%B3%D8%A7%D8%A8/ HTTP/1.1" 301 795 "-" "Mozilla/5.0 (compatible; MJ12bot/v1.4.8; http://mj12bot.com/)"
217.182.194.45 - - [27/Apr/2025:02:43:49 -0400] "GET /2019/05/11/%D9%82%D9%88%D9%84-%D8%A7%D9%84%D8%B1%D8%B3%D9%88%D9%84-%D9%81%D9%8A-%D8%B5%D9%84%D8%A7%D8%A9-%D8%A7%D9%84%D9%84%D9%8A%D9%84-%D8%A7%D9%84%D8%AA%D8%B1%D8%A7%D9%88%D9%8A%D8%AD/?share=facebook/ HTTP/1.1" 301 795 "-" "Mozilla/5.0 (compatible; MJ12bot/v1.4.8; http://mj12bot.com/)"
