147.135.213.175 - - [27/Apr/2025:02:43:50 -0400] "GET /2019/04/23/%D8%AA%D8%B1%D8%AC%D9%85%D8%A7%D9%86-%D8%A7%D9%84%D9%82%D8%B1%D8%A2%D9%86-%D9%8A%D9%82%D9%88%D9%84-%D8%A7%D9%84%D8%A3%D8%B1%D8%B6-%D9%85%D8%B3%D8%B7%D8%AD%D8%A9/?replytocom=2762 HTTP/1.1" 301 795 "-" "Mozilla/5.0 (compatible; MJ12bot/v1.4.8; http://mj12bot.com/)"
38.242.228.115 - - [27/Apr/2025:02:43:52 -0400] "GET /tag/%D8%A7%D9%84%D8%AD%D9%83%D9%85%D8%A9/ HTTP/1.1" 301 795 "-" "Mozilla/5.0 (compatible; MJ12bot/v1.4.8; http://mj12bot.com/)"
217.182.194.45 - - [27/Apr/2025:02:43:54 -0400] "GET /2019/05/11/%D9%82%D9%88%D9%84-%D8%A7%D9%84%D8%B1%D8%B3%D9%88%D9%84-%D9%81%D9%8A-%D8%B5%D9%84%D8%A7%D8%A9-%D8%A7%D9%84%D9%84%D9%8A%D9%84-%D8%A7%D9%84%D8%AA%D8%B1%D8%A7%D9%88%D9%8A%D8%AD/?share=twitter/ HTTP/1.1" 301 795 "-" "Mozilla/5.0 (compatible; MJ12bot/v1.4.8; http://mj12bot.com/)"
147.135.213.175 - - [27/Apr/2025:02:43:56 -0400] "GET /2019/04/23/%D8%AA%D8%B1%D8%AC%D9%85%D8%A7%D9%86-%D8%A7%D9%84%D9%82%D8%B1%D8%A2%D9%86-%D9%8A%D9%82%D9%88%D9%84-%D8%A7%D9%84%D8%A3%D8%B1%D8%B6-%D9%85%D8%B3%D8%B7%D8%AD%D8%A9/?replytocom=2763 HTTP/1.1" 301 795 "-" "Mozilla/5.0 (compatible; MJ12bot/v1.4.8; http://mj12bot.com/)"
38.242.228.115 - - [27/Apr/2025:02:43:56 -0400] "GET /tag/%D8%A7%D9%84%D8%AD%D9%84%D8%A7%D9%84/ HTTP/1.1" 301 795 "-" "Mozilla/5.0 (compatible; MJ12bot/v1.4.8; http://mj12bot.com/)"
217.182.194.45 - - [27/Apr/2025:02:43:59 -0400] "GET /2019/05/11/%D9%82%D9%88%D9%84-%D8%A7%D9%84%D8%B1%D8%B3%D9%88%D9%84-%D9%81%D9%8A-%D8%B5%D9%84%D8%A7%D8%A9-%D8%A7%D9%84%D9%84%D9%8A%D9%84-%D8%A7%D9%84%D8%AA%D8%B1%D8%A7%D9%88%D9%8A%D8%AD/feed/ HTTP/1.1" 301 795 "-" "Mozilla/5.0 (compatible; MJ12bot/v1.4.8; http://mj12bot.com/)"
38.242.228.115 - - [27/Apr/2025:02:44:02 -0400] "GET /tag/%D8%A7%D9%84%D8%AD%D9%85%D8%AF-%D9%84%D9%84%D9%87/ HTTP/1.1" 301 795 "-" "Mozilla/5.0 (compatible; MJ12bot/v1.4.8; http://mj12bot.com/)"
147.135.213.175 - - [27/Apr/2025:02:44:02 -0400] "GET /2019/05/09/%D9%82%D8%B1%D8%A2%D9%86%D9%8A%D9%88%D9%86-%D8%A3%D9%85-%D8%B4%D9%8A%D8%B7%D8%A7%D9%86%D9%8A%D9%88%D9%86%D8%9F/?like_comment=1496&_wpnonce=01ee7846d2 HTTP/1.1" 301 795 "-" "Mozilla/5.0 (compatible; MJ12bot/v1.4.8; http://mj12bot.com/)"
217.182.194.45 - - [27/Apr/2025:02:44:05 -0400] "GET /2019/05/15/%D8%A7%D9%84%D8%A8%D8%AF%D8%A7%D9%8A%D8%A9-%D9%88%D8%A7%D9%84%D9%86%D9%87%D8%A7%D9%8A%D8%A9/ HTTP/1.1" 301 795 "-" "Mozilla/5.0 (compatible; MJ12bot/v1.4.8; http://mj12bot.com/)"
38.242.228.115 - - [27/Apr/2025:02:44:07 -0400] "GET /tag/%D8%A7%D9%84%D8%AE%D8%B6%D8%B1/ HTTP/1.1" 301 795 "-" "Mozilla/5.0 (compatible; MJ12bot/v1.4.8; http://mj12bot.com/)"
147.135.213.175 - - [27/Apr/2025:02:44:08 -0400] "GET /2019/05/09/%D9%82%D8%B1%D8%A2%D9%86%D9%8A%D9%88%D9%86-%D8%A3%D9%85-%D8%B4%D9%8A%D8%B7%D8%A7%D9%86%D9%8A%D9%88%D9%86%D8%9F/?like_comment=1496&_wpnonce=6bd638c450 HTTP/1.1" 301 795 "-" "Mozilla/5.0 (compatible; MJ12bot/v1.4.8; http://mj12bot.com/)"
217.182.194.45 - - [27/Apr/2025:02:44:11 -0400] "GET /2019/05/15/%D8%A7%D9%84%D8%A8%D8%AF%D8%A7%D9%8A%D8%A9-%D9%88%D8%A7%D9%84%D9%86%D9%87%D8%A7%D9%8A%D8%A9/?like_comment=662&_wpnonce=322ac649ee/ HTTP/1.1" 301 795 "-" "Mozilla/5.0 (compatible; MJ12bot/v1.4.8; http://mj12bot.com/)"
38.242.228.115 - - [27/Apr/2025:02:44:11 -0400] "GET /tag/%D8%A7%D9%84%D8%AF%D9%86%D9%8A%D8%A7/ HTTP/1.1" 301 795 "-" "Mozilla/5.0 (compatible; MJ12bot/v1.4.8; http://mj12bot.com/)"
147.135.213.175 - - [27/Apr/2025:02:44:15 -0400] "GET /2019/05/09/%D9%82%D8%B1%D8%A2%D9%86%D9%8A%D9%88%D9%86-%D8%A3%D9%85-%D8%B4%D9%8A%D8%B7%D8%A7%D9%86%D9%8A%D9%88%D9%86%D8%9F/?like_comment=1496&_wpnonce=d39d2e7b74 HTTP/1.1" 301 795 "-" "Mozilla/5.0 (compatible; MJ12bot/v1.4.8; http://mj12bot.com/)"
217.182.194.45 - - [27/Apr/2025:02:44:16 -0400] "GET /2019/05/15/%D8%A7%D9%84%D8%A8%D8%AF%D8%A7%D9%8A%D8%A9-%D9%88%D8%A7%D9%84%D9%86%D9%87%D8%A7%D9%8A%D8%A9/?like_comment=662&_wpnonce=3b78a831db/ HTTP/1.1" 301 795 "-" "Mozilla/5.0 (compatible; MJ12bot/v1.4.8; http://mj12bot.com/)"
38.242.228.115 - - [27/Apr/2025:02:44:16 -0400] "GET /tag/%D8%A7%D9%84%D8%AF%D9%86%D9%8A%D8%A7/feed/ HTTP/1.1" 301 795 "-" "Mozilla/5.0 (compatible; MJ12bot/v1.4.8; http://mj12bot.com/)"
38.242.228.115 - - [27/Apr/2025:02:44:21 -0400] "GET /tag/%D8%A7%D9%84%D8%B3%D9%85%D8%A7%D8%A1/feed/ HTTP/1.1" 301 795 "-" "Mozilla/5.0 (compatible; MJ12bot/v1.4.8; http://mj12bot.com/)"
217.182.194.45 - - [27/Apr/2025:02:44:22 -0400] "GET /2019/05/15/%D8%A7%D9%84%D8%A8%D8%AF%D8%A7%D9%8A%D8%A9-%D9%88%D8%A7%D9%84%D9%86%D9%87%D8%A7%D9%8A%D8%A9/?like_comment=662&_wpnonce=d34298e590/ HTTP/1.1" 301 795 "-" "Mozilla/5.0 (compatible; MJ12bot/v1.4.8; http://mj12bot.com/)"
147.135.213.175 - - [27/Apr/2025:02:44:22 -0400] "GET /2019/05/19/%D8%A7%D8%B0%D8%A7-%D8%A7%D9%84%D8%A3%D8%B1%D8%B6-%D9%83%D8%B1%D9%87-%D9%81%D9%86%D8%B1%D9%8A%D8%AF-%D8%A7%D8%AC%D8%A7%D8%A8%D8%A7%D8%AA/?share=facebook HTTP/1.1" 301 795 "-" "Mozilla/5.0 (compatible; MJ12bot/v1.4.8; http://mj12bot.com/)"
38.242.228.115 - - [27/Apr/2025:02:44:26 -0400] "GET /tag/%D8%A7%D9%84%D8%B3%D9%85%D9%88%D8%A7%D8%AA-%D8%A7%D9%84%D8%B3%D8%A8%D8%B9/ HTTP/1.1" 301 795 "-" "Mozilla/5.0 (compatible; MJ12bot/v1.4.8; http://mj12bot.com/)"
217.182.194.45 - - [27/Apr/2025:02:44:27 -0400] "GET /2019/05/15/%D8%A7%D9%84%D8%A8%D8%AF%D8%A7%D9%8A%D8%A9-%D9%88%D8%A7%D9%84%D9%86%D9%87%D8%A7%D9%8A%D8%A9/?like_comment=694&_wpnonce=4858e9019a/ HTTP/1.1" 301 795 "-" "Mozilla/5.0 (compatible; MJ12bot/v1.4.8; http://mj12bot.com/)"
147.135.213.175 - - [27/Apr/2025:02:44:29 -0400] "GET /2019/05/19/%D8%A7%D8%B0%D8%A7-%D8%A7%D9%84%D8%A3%D8%B1%D8%B6-%D9%83%D8%B1%D9%87-%D9%81%D9%86%D8%B1%D9%8A%D8%AF-%D8%A7%D8%AC%D8%A7%D8%A8%D8%A7%D8%AA/?share=twitter HTTP/1.1" 301 795 "-" "Mozilla/5.0 (compatible; MJ12bot/v1.4.8; http://mj12bot.com/)"
38.242.228.115 - - [27/Apr/2025:02:44:31 -0400] "GET /tag/%D8%A7%D9%84%D8%B3%D9%85%D9%88%D8%A7%D8%AA-%D8%A7%D9%84%D8%B3%D8%A8%D8%B9/feed/ HTTP/1.1" 301 795 "-" "Mozilla/5.0 (compatible; MJ12bot/v1.4.8; http://mj12bot.com/)"
217.182.194.45 - - [27/Apr/2025:02:44:32 -0400] "GET /2019/05/15/%D8%A7%D9%84%D8%A8%D8%AF%D8%A7%D9%8A%D8%A9-%D9%88%D8%A7%D9%84%D9%86%D9%87%D8%A7%D9%8A%D8%A9/?like_comment=694&_wpnonce=d31dcea11f/ HTTP/1.1" 301 795 "-" "Mozilla/5.0 (compatible; MJ12bot/v1.4.8; http://mj12bot.com/)"
147.135.213.175 - - [27/Apr/2025:02:44:36 -0400] "GET /2019/05/21/%D8%A7%D9%84%D8%A3%D8%AE%D9%84%D8%A7%D9%82-%D8%A3%D9%88%D9%84%D8%A7%D9%8B/?like_comment=1953&_wpnonce=3386ea1615 HTTP/1.1" 301 795 "-" "Mozilla/5.0 (compatible; MJ12bot/v1.4.8; http://mj12bot.com/)"
38.242.228.115 - - [27/Apr/2025:02:44:36 -0400] "GET /tag/%D8%A7%D9%84%D8%B3%D9%85%D9%88%D8%A7%D8%AA-%D9%88%D8%A7%D9%84%D8%A3%D8%B1%D8%B6/ HTTP/1.1" 301 795 "-" "Mozilla/5.0 (compatible; MJ12bot/v1.4.8; http://mj12bot.com/)"
217.182.194.45 - - [27/Apr/2025:02:44:37 -0400] "GET /2019/05/21/%D9%87%D9%84-%D8%A7%D9%84%D8%B4%D9%85%D8%B3-%D9%83%D8%A8%D9%8A%D8%B1%D8%A9%D8%9F/feed/ HTTP/1.1" 301 795 "-" "Mozilla/5.0 (compatible; MJ12bot/v1.4.8; http://mj12bot.com/)"
38.242.228.115 - - [27/Apr/2025:02:44:41 -0400] "GET /tag/%D8%A7%D9%84%D8%B3%D9%85%D9%88%D8%A7%D8%AA-%D9%88%D8%A7%D9%84%D8%A3%D8%B1%D8%B6/feed/ HTTP/1.1" 301 795 "-" "Mozilla/5.0 (compatible; MJ12bot/v1.4.8; http://mj12bot.com/)"
217.182.194.45 - - [27/Apr/2025:02:44:42 -0400] "GET /2019/05/21/%D8%A7%D9%84%D8%A3%D8%AE%D9%84%D8%A7%D9%82-%D8%A3%D9%88%D9%84%D8%A7%D9%8B/ HTTP/1.1" 301 795 "-" "Mozilla/5.0 (compatible; MJ12bot/v1.4.8; http://mj12bot.com/)"
147.135.213.175 - - [27/Apr/2025:02:44:42 -0400] "GET /2019/05/21/%D8%A7%D9%84%D8%A3%D8%AE%D9%84%D8%A7%D9%82-%D8%A3%D9%88%D9%84%D8%A7%D9%8B/?like_comment=1953&_wpnonce=80c8922740 HTTP/1.1" 301 795 "-" "Mozilla/5.0 (compatible; MJ12bot/v1.4.8; http://mj12bot.com/)"
38.242.228.115 - - [27/Apr/2025:02:44:46 -0400] "GET /tag/%D8%A7%D9%84%D8%B4%D9%85%D8%B3/feed/ HTTP/1.1" 301 795 "-" "Mozilla/5.0 (compatible; MJ12bot/v1.4.8; http://mj12bot.com/)"
217.182.194.45 - - [27/Apr/2025:02:44:47 -0400] "GET /2019/05/21/%D9%87%D9%84-%D8%A7%D9%84%D8%B4%D9%85%D8%B3-%D9%83%D8%A8%D9%8A%D8%B1%D8%A9%D8%9F/ HTTP/1.1" 301 795 "-" "Mozilla/5.0 (compatible; MJ12bot/v1.4.8; http://mj12bot.com/)"
147.135.213.175 - - [27/Apr/2025:02:44:48 -0400] "GET /2019/05/21/%D8%A7%D9%84%D8%A3%D8%AE%D9%84%D8%A7%D9%82-%D8%A3%D9%88%D9%84%D8%A7%D9%8B/?like_comment=1953&_wpnonce=aa2befeb47 HTTP/1.1" 301 795 "-" "Mozilla/5.0 (compatible; MJ12bot/v1.4.8; http://mj12bot.com/)"
38.242.228.115 - - [27/Apr/2025:02:44:51 -0400] "GET /tag/%D8%A7%D9%85%D9%88%D8%A7%D8%AA/ HTTP/1.1" 301 795 "-" "Mozilla/5.0 (compatible; MJ12bot/v1.4.8; http://mj12bot.com/)"
217.182.194.45 - - [27/Apr/2025:02:44:52 -0400] "GET /2019/05/21/%D9%87%D9%84-%D8%A7%D9%84%D8%B4%D9%85%D8%B3-%D9%83%D8%A8%D9%8A%D8%B1%D8%A9%D8%9F/?replytocom=693/ HTTP/1.1" 301 795 "-" "Mozilla/5.0 (compatible; MJ12bot/v1.4.8; http://mj12bot.com/)"
147.135.213.175 - - [27/Apr/2025:02:44:54 -0400] "GET /2019/05/21/%D8%A7%D9%84%D8%A3%D8%AE%D9%84%D8%A7%D9%82-%D8%A3%D9%88%D9%84%D8%A7%D9%8B/?like_comment=1953&_wpnonce=f69f509bf0 HTTP/1.1" 301 795 "-" "Mozilla/5.0 (compatible; MJ12bot/v1.4.8; http://mj12bot.com/)"
38.242.228.115 - - [27/Apr/2025:02:44:56 -0400] "GET /tag/%D8%A7%D9%85%D9%88%D8%A7%D8%AC/ HTTP/1.1" 301 795 "-" "Mozilla/5.0 (compatible; MJ12bot/v1.4.8; http://mj12bot.com/)"
217.182.194.45 - - [27/Apr/2025:02:44:57 -0400] "GET /2019/05/21/%D9%87%D9%84-%D8%A7%D9%84%D8%B4%D9%85%D8%B3-%D9%83%D8%A8%D9%8A%D8%B1%D8%A9%D8%9F/?replytocom=765/ HTTP/1.1" 301 795 "-" "Mozilla/5.0 (compatible; MJ12bot/v1.4.8; http://mj12bot.com/)"
147.135.213.175 - - [27/Apr/2025:02:45:00 -0400] "GET /2019/05/21/%D8%A7%D9%84%D8%A3%D8%AE%D9%84%D8%A7%D9%82-%D8%A3%D9%88%D9%84%D8%A7%D9%8B/?like_comment=1956&_wpnonce=23f3ed1db8 HTTP/1.1" 301 795 "-" "Mozilla/5.0 (compatible; MJ12bot/v1.4.8; http://mj12bot.com/)"
38.242.228.115 - - [27/Apr/2025:02:45:01 -0400] "GET /tag/%D8%A7%D9%85%D9%88%D8%A7%D8%AC/feed/ HTTP/1.1" 301 795 "-" "Mozilla/5.0 (compatible; MJ12bot/v1.4.8; http://mj12bot.com/)"
217.182.194.45 - - [27/Apr/2025:02:45:02 -0400] "GET /2019/06/01/%D8%A7%D9%84%D8%B7%D8%A8%D8%A7%D9%82-%D9%88%D9%82%D8%B5%D8%A9-%D8%B0%D9%8A-%D8%A7%D9%84%D9%82%D8%B1%D9%86%D9%8A%D9%86/ HTTP/1.1" 301 795 "-" "Mozilla/5.0 (compatible; MJ12bot/v1.4.8; http://mj12bot.com/)"
38.242.228.115 - - [27/Apr/2025:02:45:06 -0400] "GET /tag/%D8%A7%D9%85-%D8%A7%D9%84%D9%83%D8%AA%D8%A7%D8%A8/ HTTP/1.1" 301 795 "-" "Mozilla/5.0 (compatible; MJ12bot/v1.4.8; http://mj12bot.com/)"
147.135.213.175 - - [27/Apr/2025:02:45:06 -0400] "GET /2019/05/21/%D8%A7%D9%84%D8%A3%D8%AE%D9%84%D8%A7%D9%82-%D8%A3%D9%88%D9%84%D8%A7%D9%8B/?like_comment=1956&_wpnonce=5599a87652 HTTP/1.1" 301 795 "-" "Mozilla/5.0 (compatible; MJ12bot/v1.4.8; http://mj12bot.com/)"
217.182.194.45 - - [27/Apr/2025:02:45:07 -0400] "GET /2019/06/03/%D8%A7%D9%84%D8%A3%D8%AC%D8%AF%D8%A7%D8%AB/ HTTP/1.1" 301 795 "-" "Mozilla/5.0 (compatible; MJ12bot/v1.4.8; http://mj12bot.com/)"
38.242.228.115 - - [27/Apr/2025:02:45:11 -0400] "GET /tag/%D8%A7%D9%86%D9%81%D8%AC%D8%A7%D8%B1/ HTTP/1.1" 301 795 "-" "Mozilla/5.0 (compatible; MJ12bot/v1.4.8; http://mj12bot.com/)"
217.182.194.45 - - [27/Apr/2025:02:45:11 -0400] "GET /2019/06/03/%D8%A7%D9%84%D9%86%D8%B4%D9%88%D8%B1/ HTTP/1.1" 301 795 "-" "Mozilla/5.0 (compatible; MJ12bot/v1.4.8; http://mj12bot.com/)"
147.135.213.175 - - [27/Apr/2025:02:45:13 -0400] "GET /2019/05/21/%D8%A7%D9%84%D8%A3%D8%AE%D9%84%D8%A7%D9%82-%D8%A3%D9%88%D9%84%D8%A7%D9%8B/?like_comment=1956&_wpnonce=70da42dc5d HTTP/1.1" 301 795 "-" "Mozilla/5.0 (compatible; MJ12bot/v1.4.8; http://mj12bot.com/)"
38.242.228.115 - - [27/Apr/2025:02:45:15 -0400] "GET /tag/%D8%A7%D9%86%D9%81%D8%AC%D8%A7%D8%B1/feed/ HTTP/1.1" 301 795 "-" "Mozilla/5.0 (compatible; MJ12bot/v1.4.8; http://mj12bot.com/)"
217.182.194.45 - - [27/Apr/2025:02:45:16 -0400] "GET /2019/06/04/%D8%A7%D9%84%D9%85%D8%A7%D9%84-%D9%88%D8%A7%D9%84%D8%A8%D9%86%D9%88%D9%86-%D8%B2%D9%8A%D9%86%D8%A9-%D8%A7%D9%84%D8%AD%D9%8A%D8%A7%D8%A9-%D8%A7%D9%84%D8%AF%D9%86%D9%8A%D8%A7/ HTTP/1.1" 301 795 "-" "Mozilla/5.0 (compatible; MJ12bot/v1.4.8; http://mj12bot.com/)"
147.135.213.175 - - [27/Apr/2025:02:45:19 -0400] "GET /2019/05/21/%D8%A7%D9%84%D8%A3%D8%AE%D9%84%D8%A7%D9%82-%D8%A3%D9%88%D9%84%D8%A7%D9%8B/?like_comment=1956&_wpnonce=ac04ffae3a HTTP/1.1" 301 795 "-" "Mozilla/5.0 (compatible; MJ12bot/v1.4.8; http://mj12bot.com/)"
38.242.228.115 - - [27/Apr/2025:02:45:20 -0400] "GET /tag/%D8%A7%D9%87%D9%84/ HTTP/1.1" 301 795 "-" "Mozilla/5.0 (compatible; MJ12bot/v1.4.8; http://mj12bot.com/)"
217.182.194.45 - - [27/Apr/2025:02:45:21 -0400] "GET /2019/06/04/%D8%A7%D9%84%D9%85%D8%A7%D9%84-%D9%88%D8%A7%D9%84%D8%A8%D9%86%D9%88%D9%86-%D8%B2%D9%8A%D9%86%D8%A9-%D8%A7%D9%84%D8%AD%D9%8A%D8%A7%D8%A9-%D8%A7%D9%84%D8%AF%D9%86%D9%8A%D8%A7/?share=facebook/ HTTP/1.1" 301 795 "-" "Mozilla/5.0 (compatible; MJ12bot/v1.4.8; http://mj12bot.com/)"
38.242.228.115 - - [27/Apr/2025:02:45:25 -0400] "GET /tag/%D8%A7%D9%87%D9%84-%D8%A7%D9%84%D9%83%D8%AA%D8%A7%D8%A8/ HTTP/1.1" 301 795 "-" "Mozilla/5.0 (compatible; MJ12bot/v1.4.8; http://mj12bot.com/)"
147.135.213.175 - - [27/Apr/2025:02:45:26 -0400] "GET /2019/05/21/%D8%A7%D9%84%D8%A3%D8%AE%D9%84%D8%A7%D9%82-%D8%A3%D9%88%D9%84%D8%A7%D9%8B/?share=facebook HTTP/1.1" 301 795 "-" "Mozilla/5.0 (compatible; MJ12bot/v1.4.8; http://mj12bot.com/)"
217.182.194.45 - - [27/Apr/2025:02:45:26 -0400] "GET /2019/06/04/%D8%A7%D9%84%D9%85%D8%A7%D9%84-%D9%88%D8%A7%D9%84%D8%A8%D9%86%D9%88%D9%86-%D8%B2%D9%8A%D9%86%D8%A9-%D8%A7%D9%84%D8%AD%D9%8A%D8%A7%D8%A9-%D8%A7%D9%84%D8%AF%D9%86%D9%8A%D8%A7/?share=twitter/ HTTP/1.1" 301 795 "-" "Mozilla/5.0 (compatible; MJ12bot/v1.4.8; http://mj12bot.com/)"
38.242.228.115 - - [27/Apr/2025:02:45:30 -0400] "GET /tag/%D8%A7%D9%87%D9%84-%D8%A7%D9%84%D9%83%D8%AA%D8%A7%D8%A8/feed/ HTTP/1.1" 301 795 "-" "Mozilla/5.0 (compatible; MJ12bot/v1.4.8; http://mj12bot.com/)"
217.182.194.45 - - [27/Apr/2025:02:45:32 -0400] "GET /2019/06/04/%D8%A7%D9%84%D9%85%D8%A7%D9%84-%D9%88%D8%A7%D9%84%D8%A8%D9%86%D9%88%D9%86-%D8%B2%D9%8A%D9%86%D8%A9-%D8%A7%D9%84%D8%AD%D9%8A%D8%A7%D8%A9-%D8%A7%D9%84%D8%AF%D9%86%D9%8A%D8%A7/feed/ HTTP/1.1" 301 795 "-" "Mozilla/5.0 (compatible; MJ12bot/v1.4.8; http://mj12bot.com/)"
147.135.213.175 - - [27/Apr/2025:02:45:33 -0400] "GET /2019/05/21/%D8%A7%D9%84%D8%A3%D8%AE%D9%84%D8%A7%D9%82-%D8%A3%D9%88%D9%84%D8%A7%D9%8B/?share=twitter HTTP/1.1" 301 795 "-" "Mozilla/5.0 (compatible; MJ12bot/v1.4.8; http://mj12bot.com/)"
38.242.228.115 - - [27/Apr/2025:02:45:35 -0400] "GET /tag/%D8%A7%D9%8A%D9%85%D8%A7%D9%86/ HTTP/1.1" 301 795 "-" "Mozilla/5.0 (compatible; MJ12bot/v1.4.8; http://mj12bot.com/)"
217.182.194.45 - - [27/Apr/2025:02:45:37 -0400] "GET /2019/06/10/%D8%A3%D9%87%D9%84-%D8%A7%D9%84%D8%AD%D9%82-%D9%88%D8%A3%D9%87%D9%84-%D8%A7%D9%84%D8%B8%D9%86%D9%88%D9%86/feed/ HTTP/1.1" 301 795 "-" "Mozilla/5.0 (compatible; MJ12bot/v1.4.8; http://mj12bot.com/)"
147.135.213.175 - - [27/Apr/2025:02:45:39 -0400] "GET /2019/05/21/%D8%A7%D9%84%D8%A3%D8%AE%D9%84%D8%A7%D9%82-%D8%A3%D9%88%D9%84%D8%A7%D9%8B/?replytocom=1953 HTTP/1.1" 301 795 "-" "Mozilla/5.0 (compatible; MJ12bot/v1.4.8; http://mj12bot.com/)"
38.242.228.115 - - [27/Apr/2025:02:45:40 -0400] "GET /tag/%D8%A8%D8%A6%D8%B1/ HTTP/1.1" 301 795 "-" "Mozilla/5.0 (compatible; MJ12bot/v1.4.8; http://mj12bot.com/)"
217.182.194.45 - - [27/Apr/2025:02:45:42 -0400] "GET /2019/06/10/between-the-lines/?share=facebook/ HTTP/1.1" 301 795 "-" "Mozilla/5.0 (compatible; MJ12bot/v1.4.8; http://mj12bot.com/)"
38.242.228.115 - - [27/Apr/2025:02:45:44 -0400] "GET /tag/%D8%A8%D8%A6%D8%B1/feed/ HTTP/1.1" 301 795 "-" "Mozilla/5.0 (compatible; MJ12bot/v1.4.8; http://mj12bot.com/)"
147.135.213.175 - - [27/Apr/2025:02:45:46 -0400] "GET /2019/05/21/%D8%A7%D9%84%D8%A3%D8%AE%D9%84%D8%A7%D9%82-%D8%A3%D9%88%D9%84%D8%A7%D9%8B/?replytocom=1956 HTTP/1.1" 301 795 "-" "Mozilla/5.0 (compatible; MJ12bot/v1.4.8; http://mj12bot.com/)"
217.182.194.45 - - [27/Apr/2025:02:45:47 -0400] "GET /2019/06/10/between-the-lines/?share=twitter/ HTTP/1.1" 301 795 "-" "Mozilla/5.0 (compatible; MJ12bot/v1.4.8; http://mj12bot.com/)"
38.242.228.115 - - [27/Apr/2025:02:45:49 -0400] "GET /tag/%D8%A8%D8%A7%D8%A8-%D8%A7%D9%84%D8%AC%D9%86%D8%A9-%D8%A7%D9%84%D8%A3%D8%B9%D8%B8%D9%85/ HTTP/1.1" 301 795 "-" "Mozilla/5.0 (compatible; MJ12bot/v1.4.8; http://mj12bot.com/)"
217.182.194.45 - - [27/Apr/2025:02:45:52 -0400] "GET /2019/06/10/%D8%A3%D9%87%D9%84-%D8%A7%D9%84%D8%AD%D9%82-%D9%88%D8%A3%D9%87%D9%84-%D8%A7%D9%84%D8%B8%D9%86%D9%88%D9%86/ HTTP/1.1" 301 795 "-" "Mozilla/5.0 (compatible; MJ12bot/v1.4.8; http://mj12bot.com/)"
147.135.213.175 - - [27/Apr/2025:02:45:52 -0400] "GET /2019/05/24/%D8%A7%D9%84%D8%B1%D8%AD%D9%85%D9%86-%D8%B9%D9%84%D9%85-%D8%A7%D9%84%D9%82%D8%B1%D8%A2%D9%86/?share=facebook HTTP/1.1" 301 795 "-" "Mozilla/5.0 (compatible; MJ12bot/v1.4.8; http://mj12bot.com/)"
38.242.228.115 - - [27/Apr/2025:02:45:54 -0400] "GET /tag/%D8%A8%D8%A7%D8%A8-%D8%A7%D9%84%D8%AC%D9%86%D8%A9-%D8%A7%D9%84%D8%A3%D8%B9%D8%B8%D9%85/feed/ HTTP/1.1" 301 795 "-" "Mozilla/5.0 (compatible; MJ12bot/v1.4.8; http://mj12bot.com/)"
217.182.194.45 - - [27/Apr/2025:02:45:57 -0400] "GET /2019/06/12/%D9%88%D9%81%D9%88%D9%82-%D9%83%D9%84-%D8%B0%D9%8A-%D8%B9%D9%84%D9%85-%D8%B9%D9%84%D9%8A%D9%85/ HTTP/1.1" 301 795 "-" "Mozilla/5.0 (compatible; MJ12bot/v1.4.8; http://mj12bot.com/)"
147.135.213.175 - - [27/Apr/2025:02:45:57 -0400] "GET /2019/05/24/%D8%A7%D9%84%D8%B1%D8%AD%D9%85%D9%86-%D8%B9%D9%84%D9%85-%D8%A7%D9%84%D9%82%D8%B1%D8%A2%D9%86/?share=twitter HTTP/1.1" 301 795 "-" "Mozilla/5.0 (compatible; MJ12bot/v1.4.8; http://mj12bot.com/)"
38.242.228.115 - - [27/Apr/2025:02:45:59 -0400] "GET /tag/%D8%A8%D8%A7%D8%AE%D8%B1%D8%A9/ HTTP/1.1" 301 795 "-" "Mozilla/5.0 (compatible; MJ12bot/v1.4.8; http://mj12bot.com/)"
217.182.194.45 - - [27/Apr/2025:02:46:02 -0400] "GET /2019/06/12/%D9%88%D9%81%D9%88%D9%82-%D9%83%D9%84-%D8%B0%D9%8A-%D8%B9%D9%84%D9%85-%D8%B9%D9%84%D9%8A%D9%85/?share=facebook/ HTTP/1.1" 301 795 "-" "Mozilla/5.0 (compatible; MJ12bot/v1.4.8; http://mj12bot.com/)"
147.135.213.175 - - [27/Apr/2025:02:46:03 -0400] "GET /2019/05/26/%D8%A7%D9%84%D9%85%D8%B7%D9%84%D9%88%D8%A8-%D9%85%D9%86-%D8%A7%D9%84%D9%85%D8%A4%D9%85%D9%86/?share=facebook HTTP/1.1" 301 795 "-" "Mozilla/5.0 (compatible; MJ12bot/v1.4.8; http://mj12bot.com/)"
38.242.228.115 - - [27/Apr/2025:02:46:04 -0400] "GET /tag/%D8%A8%D8%A7%D8%AE%D8%B1%D8%A9/feed/ HTTP/1.1" 301 795 "-" "Mozilla/5.0 (compatible; MJ12bot/v1.4.8; http://mj12bot.com/)"
217.182.194.45 - - [27/Apr/2025:02:46:07 -0400] "GET /2019/06/12/%D9%88%D9%81%D9%88%D9%82-%D9%83%D9%84-%D8%B0%D9%8A-%D8%B9%D9%84%D9%85-%D8%B9%D9%84%D9%8A%D9%85/?share=twitter/ HTTP/1.1" 301 795 "-" "Mozilla/5.0 (compatible; MJ12bot/v1.4.8; http://mj12bot.com/)"
38.242.228.115 - - [27/Apr/2025:02:46:09 -0400] "GET /tag/%D8%A8%D8%AD%D8%B1/ HTTP/1.1" 301 795 "-" "Mozilla/5.0 (compatible; MJ12bot/v1.4.8; http://mj12bot.com/)"
147.135.213.175 - - [27/Apr/2025:02:46:10 -0400] "GET /2019/05/26/%D8%A7%D9%84%D9%85%D8%B7%D9%84%D9%88%D8%A8-%D9%85%D9%86-%D8%A7%D9%84%D9%85%D8%A4%D9%85%D9%86/?share=twitter HTTP/1.1" 301 795 "-" "Mozilla/5.0 (compatible; MJ12bot/v1.4.8; http://mj12bot.com/)"
217.182.194.45 - - [27/Apr/2025:02:46:12 -0400] "GET /2019/06/12/%D9%88%D9%81%D9%88%D9%82-%D9%83%D9%84-%D8%B0%D9%8A-%D8%B9%D9%84%D9%85-%D8%B9%D9%84%D9%8A%D9%85/feed/ HTTP/1.1" 301 795 "-" "Mozilla/5.0 (compatible; MJ12bot/v1.4.8; http://mj12bot.com/)"
38.242.228.115 - - [27/Apr/2025:02:46:13 -0400] "GET /tag/%D8%A8%D8%AD%D8%B1-%D8%A7%D9%84%D8%B3%D9%85%D8%A7%D8%A1/ HTTP/1.1" 301 795 "-" "Mozilla/5.0 (compatible; MJ12bot/v1.4.8; http://mj12bot.com/)"
147.135.213.175 - - [27/Apr/2025:02:46:15 -0400] "GET /2019/06/01/%D8%A7%D9%84%D8%B7%D8%A8%D8%A7%D9%82-%D9%88%D9%82%D8%B5%D8%A9-%D8%B0%D9%8A-%D8%A7%D9%84%D9%82%D8%B1%D9%86%D9%8A%D9%86/?share=facebook HTTP/1.1" 301 795 "-" "Mozilla/5.0 (compatible; MJ12bot/v1.4.8; http://mj12bot.com/)"
217.182.194.45 - - [27/Apr/2025:02:46:18 -0400] "GET /2019/06/15/%D8%A7%D9%84%D8%A5%D8%B3%D9%84%D8%A7%D9%85-%D9%82%D9%88%D8%A9/ HTTP/1.1" 301 795 "-" "Mozilla/5.0 (compatible; MJ12bot/v1.4.8; http://mj12bot.com/)"
38.242.228.115 - - [27/Apr/2025:02:46:18 -0400] "GET /tag/%D8%A8%D8%AE%D8%AA%D9%86%D8%B5%D8%B1/ HTTP/1.1" 301 795 "-" "Mozilla/5.0 (compatible; MJ12bot/v1.4.8; http://mj12bot.com/)"
147.135.213.175 - - [27/Apr/2025:02:46:22 -0400] "GET /2019/06/01/%D8%A7%D9%84%D8%B7%D8%A8%D8%A7%D9%82-%D9%88%D9%82%D8%B5%D8%A9-%D8%B0%D9%8A-%D8%A7%D9%84%D9%82%D8%B1%D9%86%D9%8A%D9%86/?share=twitter HTTP/1.1" 301 795 "-" "Mozilla/5.0 (compatible; MJ12bot/v1.4.8; http://mj12bot.com/)"
217.182.194.45 - - [27/Apr/2025:02:46:23 -0400] "GET /2019/06/15/%D8%A7%D9%84%D8%A5%D8%B3%D9%84%D8%A7%D9%85-%D9%82%D9%88%D8%A9/?share=facebook/ HTTP/1.1" 301 795 "-" "Mozilla/5.0 (compatible; MJ12bot/v1.4.8; http://mj12bot.com/)"
38.242.228.115 - - [27/Apr/2025:02:46:23 -0400] "GET /tag/%D8%A8%D8%AF%D8%B9%D8%A9/ HTTP/1.1" 301 795 "-" "Mozilla/5.0 (compatible; MJ12bot/v1.4.8; http://mj12bot.com/)"
217.182.194.45 - - [27/Apr/2025:02:46:27 -0400] "GET /2019/06/15/%D8%A7%D9%84%D8%A5%D8%B3%D9%84%D8%A7%D9%85-%D9%82%D9%88%D8%A9/?share=twitter/ HTTP/1.1" 301 795 "-" "Mozilla/5.0 (compatible; MJ12bot/v1.4.8; http://mj12bot.com/)"
147.135.213.175 - - [27/Apr/2025:02:46:28 -0400] "GET /2019/06/03/%D8%A7%D9%84%D8%A3%D8%AC%D8%AF%D8%A7%D8%AB/?share=facebook HTTP/1.1" 301 795 "-" "Mozilla/5.0 (compatible; MJ12bot/v1.4.8; http://mj12bot.com/)"
38.242.228.115 - - [27/Apr/2025:02:46:28 -0400] "GET /tag/%D8%A8%D8%AF%D8%B9%D8%A9-%D8%AD%D8%B3%D9%86%D8%A9/ HTTP/1.1" 301 795 "-" "Mozilla/5.0 (compatible; MJ12bot/v1.4.8; http://mj12bot.com/)"
217.182.194.45 - - [27/Apr/2025:02:46:32 -0400] "GET /2019/06/15/%D8%A7%D9%84%D8%A5%D8%B3%D9%84%D8%A7%D9%85-%D9%82%D9%88%D8%A9/feed/ HTTP/1.1" 301 795 "-" "Mozilla/5.0 (compatible; MJ12bot/v1.4.8; http://mj12bot.com/)"
38.242.228.115 - - [27/Apr/2025:02:46:33 -0400] "GET /tag/%D8%A8%D8%AF%D8%B9%D8%A9-%D8%AD%D8%B3%D9%86%D8%A9/feed/ HTTP/1.1" 301 795 "-" "Mozilla/5.0 (compatible; MJ12bot/v1.4.8; http://mj12bot.com/)"
147.135.213.175 - - [27/Apr/2025:02:46:34 -0400] "GET /2019/06/03/%D8%A7%D9%84%D8%A3%D8%AC%D8%AF%D8%A7%D8%AB/?share=twitter HTTP/1.1" 301 795 "-" "Mozilla/5.0 (compatible; MJ12bot/v1.4.8; http://mj12bot.com/)"
217.182.194.45 - - [27/Apr/2025:02:46:37 -0400] "GET /2019/06/15/%D8%A7%D9%84%D8%BA%D9%8A%D8%A8%D9%88%D8%A8%D8%A9/ HTTP/1.1" 301 795 "-" "Mozilla/5.0 (compatible; MJ12bot/v1.4.8; http://mj12bot.com/)"
38.242.228.115 - - [27/Apr/2025:02:46:38 -0400] "GET /tag/%D8%A8%D8%AF%D8%B9%D8%A9/feed/ HTTP/1.1" 301 795 "-" "Mozilla/5.0 (compatible; MJ12bot/v1.4.8; http://mj12bot.com/)"
147.135.213.175 - - [27/Apr/2025:02:46:39 -0400] "GET /2019/06/07/%D8%B8%D9%87%D8%B1-%D8%A7%D9%84%D9%81%D8%B3%D8%A7%D8%AF/?share=facebook HTTP/1.1" 301 795 "-" "Mozilla/5.0 (compatible; MJ12bot/v1.4.8; http://mj12bot.com/)"
217.182.194.45 - - [27/Apr/2025:02:46:43 -0400] "GET /2019/06/15/%D8%A7%D9%84%D8%BA%D9%8A%D8%A8%D9%88%D8%A8%D8%A9/?share=facebook/ HTTP/1.1" 301 795 "-" "Mozilla/5.0 (compatible; MJ12bot/v1.4.8; http://mj12bot.com/)"
38.242.228.115 - - [27/Apr/2025:02:46:43 -0400] "GET /tag/%D8%A8%D8%B1%D9%83%D8%A9/ HTTP/1.1" 301 795 "-" "Mozilla/5.0 (compatible; MJ12bot/v1.4.8; http://mj12bot.com/)"
147.135.213.175 - - [27/Apr/2025:02:46:45 -0400] "GET /2019/06/07/%D8%B8%D9%87%D8%B1-%D8%A7%D9%84%D9%81%D8%B3%D8%A7%D8%AF/?share=twitter HTTP/1.1" 301 795 "-" "Mozilla/5.0 (compatible; MJ12bot/v1.4.8; http://mj12bot.com/)"
217.182.194.45 - - [27/Apr/2025:02:46:47 -0400] "GET /2019/06/15/%D8%A7%D9%84%D8%BA%D9%8A%D8%A8%D9%88%D8%A8%D8%A9/?share=twitter/ HTTP/1.1" 301 795 "-" "Mozilla/5.0 (compatible; MJ12bot/v1.4.8; http://mj12bot.com/)"
38.242.228.115 - - [27/Apr/2025:02:46:48 -0400] "GET /tag/%D8%A8%D8%B1%D9%83%D8%A9/feed/ HTTP/1.1" 301 795 "-" "Mozilla/5.0 (compatible; MJ12bot/v1.4.8; http://mj12bot.com/)"
147.135.213.175 - - [27/Apr/2025:02:46:51 -0400] "GET /2019/06/24/%D9%87%D9%84-%D8%B5%D8%AF%D9%91%D9%82%D8%AA-%D9%83%D9%84%D8%A7%D9%85-%D8%A7%D9%84%D9%84%D9%87-%D8%9F/?like_comment=1506&_wpnonce=3be934796f HTTP/1.1" 301 795 "-" "Mozilla/5.0 (compatible; MJ12bot/v1.4.8; http://mj12bot.com/)"
217.182.194.45 - - [27/Apr/2025:02:46:52 -0400] "GET /2019/06/15/%D8%A7%D9%84%D8%BA%D9%8A%D8%A8%D9%88%D8%A8%D8%A9/feed/ HTTP/1.1" 301 795 "-" "Mozilla/5.0 (compatible; MJ12bot/v1.4.8; http://mj12bot.com/)"
38.242.228.115 - - [27/Apr/2025:02:46:53 -0400] "GET /tag/%D8%A8%D8%B1%D9%85%D8%AC%D8%A9/ HTTP/1.1" 301 795 "-" "Mozilla/5.0 (compatible; MJ12bot/v1.4.8; http://mj12bot.com/)"
147.135.213.175 - - [27/Apr/2025:02:46:57 -0400] "GET /2019/06/24/%D9%87%D9%84-%D8%B5%D8%AF%D9%91%D9%82%D8%AA-%D9%83%D9%84%D8%A7%D9%85-%D8%A7%D9%84%D9%84%D9%87-%D8%9F/?like_comment=1506&_wpnonce=bf57b1e7d0 HTTP/1.1" 301 795 "-" "Mozilla/5.0 (compatible; MJ12bot/v1.4.8; http://mj12bot.com/)"
38.242.228.115 - - [27/Apr/2025:02:46:57 -0400] "GET /tag/%D8%A8%D8%B1%D9%88%D8%AC/ HTTP/1.1" 301 795 "-" "Mozilla/5.0 (compatible; MJ12bot/v1.4.8; http://mj12bot.com/)"
217.182.194.45 - - [27/Apr/2025:02:46:57 -0400] "GET /2019/06/21/%D8%A3%D8%B5%D8%AD%D8%A7%D8%A8-%D8%A7%D9%84%D8%A3%D8%AE%D8%AF%D9%88%D8%AF/ HTTP/1.1" 301 795 "-" "Mozilla/5.0 (compatible; MJ12bot/v1.4.8; http://mj12bot.com/)"
38.242.228.115 - - [27/Apr/2025:02:47:02 -0400] "GET /tag/%D8%A8%D8%B1-%D8%A7%D9%84%D9%88%D8%A7%D9%84%D8%AF%D9%8A%D9%86/ HTTP/1.1" 301 795 "-" "Mozilla/5.0 (compatible; MJ12bot/v1.4.8; http://mj12bot.com/)"
147.135.213.175 - - [27/Apr/2025:02:47:02 -0400] "GET /2019/06/24/%D9%87%D9%84-%D8%B5%D8%AF%D9%91%D9%82%D8%AA-%D9%83%D9%84%D8%A7%D9%85-%D8%A7%D9%84%D9%84%D9%87-%D8%9F/?like_comment=1506&_wpnonce=10362f5d45 HTTP/1.1" 301 795 "-" "Mozilla/5.0 (compatible; MJ12bot/v1.4.8; http://mj12bot.com/)"
217.182.194.45 - - [27/Apr/2025:02:47:03 -0400] "GET /2019/06/21/%D8%A3%D8%B5%D8%AD%D8%A7%D8%A8-%D8%A7%D9%84%D8%A3%D8%AE%D8%AF%D9%88%D8%AF/?share=facebook/ HTTP/1.1" 301 795 "-" "Mozilla/5.0 (compatible; MJ12bot/v1.4.8; http://mj12bot.com/)"
38.242.228.115 - - [27/Apr/2025:02:47:07 -0400] "GET /tag/%D8%A8%D9%86%D9%83/ HTTP/1.1" 301 795 "-" "Mozilla/5.0 (compatible; MJ12bot/v1.4.8; http://mj12bot.com/)"
217.182.194.45 - - [27/Apr/2025:02:47:08 -0400] "GET /2019/06/21/%D8%A3%D8%B5%D8%AD%D8%A7%D8%A8-%D8%A7%D9%84%D8%A3%D8%AE%D8%AF%D9%88%D8%AF/?share=twitter/ HTTP/1.1" 301 795 "-" "Mozilla/5.0 (compatible; MJ12bot/v1.4.8; http://mj12bot.com/)"
147.135.213.175 - - [27/Apr/2025:02:47:08 -0400] "GET /2019/07/19/%D8%AA%D8%A3%D9%88%D9%8A%D9%84-%D8%A7%D9%84%D8%B1%D8%A4%D9%8A%D8%A7/?like_comment=848&_wpnonce=434a009d06 HTTP/1.1" 301 795 "-" "Mozilla/5.0 (compatible; MJ12bot/v1.4.8; http://mj12bot.com/)"
38.242.228.115 - - [27/Apr/2025:02:47:12 -0400] "GET /tag/%D8%AA%D8%A3%D9%88%D9%8A%D9%84/ HTTP/1.1" 301 795 "-" "Mozilla/5.0 (compatible; MJ12bot/v1.4.8; http://mj12bot.com/)"
217.182.194.45 - - [27/Apr/2025:02:47:13 -0400] "GET /2019/06/21/%D8%A3%D8%B5%D8%AD%D8%A7%D8%A8-%D8%A7%D9%84%D8%A3%D8%AE%D8%AF%D9%88%D8%AF/feed/ HTTP/1.1" 301 795 "-" "Mozilla/5.0 (compatible; MJ12bot/v1.4.8; http://mj12bot.com/)"
147.135.213.175 - - [27/Apr/2025:02:47:14 -0400] "GET /2019/07/19/%D8%AA%D8%A3%D9%88%D9%8A%D9%84-%D8%A7%D9%84%D8%B1%D8%A4%D9%8A%D8%A7/?like_comment=848&_wpnonce=6cd9d1cd7e HTTP/1.1" 301 795 "-" "Mozilla/5.0 (compatible; MJ12bot/v1.4.8; http://mj12bot.com/)"
38.242.228.115 - - [27/Apr/2025:02:47:17 -0400] "GET /tag/%D8%AA%D8%A3%D9%88%D9%8A%D9%84/feed/ HTTP/1.1" 301 795 "-" "Mozilla/5.0 (compatible; MJ12bot/v1.4.8; http://mj12bot.com/)"
217.182.194.45 - - [27/Apr/2025:02:47:18 -0400] "GET /2019/06/21/%D8%A7%D9%84%D8%B1%D8%AC%D8%A7%D9%84-%D9%82%D9%88%D8%A7%D9%85%D9%88%D9%86-%D8%B9%D9%84%D9%89-%D8%A7%D9%84%D9%86%D8%B3%D8%A7%D8%A1/ HTTP/1.1" 301 795 "-" "Mozilla/5.0 (compatible; MJ12bot/v1.4.8; http://mj12bot.com/)"
147.135.213.175 - - [27/Apr/2025:02:47:19 -0400] "GET /2019/07/26/%D8%A7%D9%84%D9%83%D9%88%D9%83%D8%A8-%D8%A7%D9%84%D8%AF%D8%B1%D9%8A/?share=facebook HTTP/1.1" 301 795 "-" "Mozilla/5.0 (compatible; MJ12bot/v1.4.8; http://mj12bot.com/)"
38.242.228.115 - - [27/Apr/2025:02:47:22 -0400] "GET /tag/%D8%AA%D8%A7%D8%B1%D9%8A%D8%AE/ HTTP/1.1" 301 795 "-" "Mozilla/5.0 (compatible; MJ12bot/v1.4.8; http://mj12bot.com/)"
217.182.194.45 - - [27/Apr/2025:02:47:23 -0400] "GET /2019/06/21/%D8%A7%D9%84%D8%B1%D8%AC%D8%A7%D9%84-%D9%82%D9%88%D8%A7%D9%85%D9%88%D9%86-%D8%B9%D9%84%D9%89-%D8%A7%D9%84%D9%86%D8%B3%D8%A7%D8%A1/?like_comment=818&_wpnonce=d6fd7da823/ HTTP/1.1" 301 795 "-" "Mozilla/5.0 (compatible; MJ12bot/v1.4.8; http://mj12bot.com/)"
147.135.213.175 - - [27/Apr/2025:02:47:25 -0400] "GET /2019/07/31/%D9%84%D8%A7%D9%8A%D9%85%D8%B3%D9%87-%D8%A7%D9%84%D8%A7-%D8%A7%D9%84%D9%85%D8%B7%D9%87%D8%B1%D9%88%D9%86/?share=facebook HTTP/1.1" 301 795 "-" "Mozilla/5.0 (compatible; MJ12bot/v1.4.8; http://mj12bot.com/)"
38.242.228.115 - - [27/Apr/2025:02:47:27 -0400] "GET /tag/%D8%AA%D8%A7%D9%88%D9%8A%D9%84/ HTTP/1.1" 301 795 "-" "Mozilla/5.0 (compatible; MJ12bot/v1.4.8; http://mj12bot.com/)"
217.182.194.45 - - [27/Apr/2025:02:47:28 -0400] "GET /2019/06/21/%D8%A7%D9%84%D9%84%D9%87%D9%85-%D8%A3%D8%B1%D8%AD%D9%85-%D9%85%D9%88%D8%AA%D8%A7%D9%86%D8%A7/ HTTP/1.1" 301 795 "-" "Mozilla/5.0 (compatible; MJ12bot/v1.4.8; http://mj12bot.com/)"
147.135.213.175 - - [27/Apr/2025:02:47:32 -0400] "GET /2019/07/31/%D9%84%D8%A7%D9%8A%D9%85%D8%B3%D9%87-%D8%A7%D9%84%D8%A7-%D8%A7%D9%84%D9%85%D8%B7%D9%87%D8%B1%D9%88%D9%86/?share=twitter HTTP/1.1" 301 795 "-" "Mozilla/5.0 (compatible; MJ12bot/v1.4.8; http://mj12bot.com/)"
38.242.228.115 - - [27/Apr/2025:02:47:32 -0400] "GET /tag/%D8%AA%D8%A7%D9%88%D9%8A%D9%84/feed/ HTTP/1.1" 301 795 "-" "Mozilla/5.0 (compatible; MJ12bot/v1.4.8; http://mj12bot.com/)"
217.182.194.45 - - [27/Apr/2025:02:47:33 -0400] "GET /2019/06/21/%D8%A7%D9%84%D9%84%D9%87%D9%85-%D8%A3%D8%B1%D8%AD%D9%85-%D9%85%D9%88%D8%AA%D8%A7%D9%86%D8%A7/?share=facebook/ HTTP/1.1" 301 795 "-" "Mozilla/5.0 (compatible; MJ12bot/v1.4.8; http://mj12bot.com/)"
38.242.228.115 - - [27/Apr/2025:02:47:37 -0400] "GET /tag/%D8%AA%D8%A8%D8%AF%D9%8A%D9%84/ HTTP/1.1" 301 795 "-" "Mozilla/5.0 (compatible; MJ12bot/v1.4.8; http://mj12bot.com/)"
147.135.213.175 - - [27/Apr/2025:02:47:38 -0400] "GET /2019/08/02/%D8%A7%D9%84%D9%85%D8%B1%D8%A3%D8%A9-%D9%88%D8%A7%D9%84%D8%B1%D8%AC%D9%84/?share=facebook HTTP/1.1" 301 795 "-" "Mozilla/5.0 (compatible; MJ12bot/v1.4.8; http://mj12bot.com/)"
217.182.194.45 - - [27/Apr/2025:02:47:38 -0400] "GET /2019/06/21/%D8%A7%D9%84%D9%84%D9%87%D9%85-%D8%A3%D8%B1%D8%AD%D9%85-%D9%85%D9%88%D8%AA%D8%A7%D9%86%D8%A7/?share=twitter/ HTTP/1.1" 301 795 "-" "Mozilla/5.0 (compatible; MJ12bot/v1.4.8; http://mj12bot.com/)"
38.242.228.115 - - [27/Apr/2025:02:47:42 -0400] "GET /tag/%D8%AA%D8%A8%D8%B3%D9%8A%D8%B7/ HTTP/1.1" 301 795 "-" "Mozilla/5.0 (compatible; MJ12bot/v1.4.8; http://mj12bot.com/)"
147.135.213.175 - - [27/Apr/2025:02:47:43 -0400] "GET /2019/08/02/%D8%A7%D9%84%D9%85%D8%B1%D8%A3%D8%A9-%D9%88%D8%A7%D9%84%D8%B1%D8%AC%D9%84/?share=twitter HTTP/1.1" 301 795 "-" "Mozilla/5.0 (compatible; MJ12bot/v1.4.8; http://mj12bot.com/)"
38.242.228.115 - - [27/Apr/2025:02:47:47 -0400] "GET /tag/%D8%AA%D8%AE%D8%B1%D9%8A%D8%B5/feed/ HTTP/1.1" 301 795 "-" "Mozilla/5.0 (compatible; MJ12bot/v1.4.8; http://mj12bot.com/)"
217.182.194.45 - - [27/Apr/2025:02:47:48 -0400] "GET /2019/06/21/%D8%A7%D9%84%D9%84%D9%87%D9%85-%D8%A3%D8%B1%D8%AD%D9%85-%D9%85%D9%88%D8%AA%D8%A7%D9%86%D8%A7/feed/ HTTP/1.1" 301 795 "-" "Mozilla/5.0 (compatible; MJ12bot/v1.4.8; http://mj12bot.com/)"
147.135.213.175 - - [27/Apr/2025:02:47:49 -0400] "GET /2019/08/03/%D8%AD%D8%AC%D8%A9-%D8%A7%D9%84%D9%88%D8%AF%D8%A7%D8%B9/?share=facebook HTTP/1.1" 301 795 "-" "Mozilla/5.0 (compatible; MJ12bot/v1.4.8; http://mj12bot.com/)"
38.242.228.115 - - [27/Apr/2025:02:47:52 -0400] "GET /tag/%D8%AA%D8%AF%D8%A8%D8%B1/ HTTP/1.1" 301 795 "-" "Mozilla/5.0 (compatible; MJ12bot/v1.4.8; http://mj12bot.com/)"
217.182.194.45 - - [27/Apr/2025:02:47:53 -0400] "GET /2019/06/21/%D8%A7%D9%84%D9%85%D8%A7%D9%84%D8%8C-%D8%A7%D9%84%D8%B9%D9%85%D9%84%D8%A9%D8%8C-%D8%A7%D9%84%D8%A8%D9%86%D9%88%D9%83-%D9%88%D8%A7%D9%84%D9%8A%D9%87%D9%88%D8%AF/ HTTP/1.1" 301 795 "-" "Mozilla/5.0 (compatible; MJ12bot/v1.4.8; http://mj12bot.com/)"
147.135.213.175 - - [27/Apr/2025:02:47:55 -0400] "GET /2019/08/03/%D8%AD%D8%AC%D8%A9-%D8%A7%D9%84%D9%88%D8%AF%D8%A7%D8%B9/?share=twitter HTTP/1.1" 301 795 "-" "Mozilla/5.0 (compatible; MJ12bot/v1.4.8; http://mj12bot.com/)"
38.242.228.115 - - [27/Apr/2025:02:47:57 -0400] "GET /tag/%D8%AA%D8%AF%D8%A8%D8%B1/feed/ HTTP/1.1" 301 795 "-" "Mozilla/5.0 (compatible; MJ12bot/v1.4.8; http://mj12bot.com/)"
217.182.194.45 - - [27/Apr/2025:02:47:58 -0400] "GET /2019/06/21/%D8%A7%D9%84%D9%85%D8%A7%D9%84%D8%8C-%D8%A7%D9%84%D8%B9%D9%85%D9%84%D8%A9%D8%8C-%D8%A7%D9%84%D8%A8%D9%86%D9%88%D9%83-%D9%88%D8%A7%D9%84%D9%8A%D9%87%D9%88%D8%AF/?share=facebook/ HTTP/1.1" 301 795 "-" "Mozilla/5.0 (compatible; MJ12bot/v1.4.8; http://mj12bot.com/)"
147.135.213.175 - - [27/Apr/2025:02:48:01 -0400] "GET /2019/08/04/%D9%84%D8%A7%D8%AA%D8%AD%D8%B2%D9%86-%D8%A5%D9%86-%D8%A7%D9%84%D9%84%D9%87-%D9%85%D8%B9%D9%86%D8%A7/?share=facebook HTTP/1.1" 301 795 "-" "Mozilla/5.0 (compatible; MJ12bot/v1.4.8; http://mj12bot.com/)"
38.242.228.115 - - [27/Apr/2025:02:48:01 -0400] "GET /tag/%D8%AA%D8%B0%D9%83%D8%B1/ HTTP/1.1" 301 795 "-" "Mozilla/5.0 (compatible; MJ12bot/v1.4.8; http://mj12bot.com/)"
217.182.194.45 - - [27/Apr/2025:02:48:03 -0400] "GET /2019/06/21/%D8%A7%D9%84%D9%85%D8%A7%D9%84%D8%8C-%D8%A7%D9%84%D8%B9%D9%85%D9%84%D8%A9%D8%8C-%D8%A7%D9%84%D8%A8%D9%86%D9%88%D9%83-%D9%88%D8%A7%D9%84%D9%8A%D9%87%D9%88%D8%AF/?share=twitter/ HTTP/1.1" 301 795 "-" "Mozilla/5.0 (compatible; MJ12bot/v1.4.8; http://mj12bot.com/)"
147.135.213.175 - - [27/Apr/2025:02:48:06 -0400] "GET /2019/08/04/%D9%84%D8%A7%D8%AA%D8%AD%D8%B2%D9%86-%D8%A5%D9%86-%D8%A7%D9%84%D9%84%D9%87-%D9%85%D8%B9%D9%86%D8%A7/?share=twitter HTTP/1.1" 301 795 "-" "Mozilla/5.0 (compatible; MJ12bot/v1.4.8; http://mj12bot.com/)"
38.242.228.115 - - [27/Apr/2025:02:48:06 -0400] "GET /tag/%D8%AA%D9%81%D9%83%D9%8A%D8%B1/feed/ HTTP/1.1" 301 795 "-" "Mozilla/5.0 (compatible; MJ12bot/v1.4.8; http://mj12bot.com/)"
217.182.194.45 - - [27/Apr/2025:02:48:08 -0400] "GET /2019/06/21/%D8%A7%D9%84%D9%85%D8%A7%D9%84%D8%8C-%D8%A7%D9%84%D8%B9%D9%85%D9%84%D8%A9%D8%8C-%D8%A7%D9%84%D8%A8%D9%86%D9%88%D9%83-%D9%88%D8%A7%D9%84%D9%8A%D9%87%D9%88%D8%AF/feed/ HTTP/1.1" 301 795 "-" "Mozilla/5.0 (compatible; MJ12bot/v1.4.8; http://mj12bot.com/)"
38.242.228.115 - - [27/Apr/2025:02:48:11 -0400] "GET /tag/%D8%AA%D9%88%D9%81%D9%8A%D9%82-%D8%A7%D9%84%D9%84%D9%87/feed/ HTTP/1.1" 301 795 "-" "Mozilla/5.0 (compatible; MJ12bot/v1.4.8; http://mj12bot.com/)"
147.135.213.175 - - [27/Apr/2025:02:48:12 -0400] "GET /2019/08/11/%D8%A8%D9%86%D9%8A-%D8%A5%D8%B3%D8%B1%D8%A7%D8%A6%D9%8A%D9%84-%D8%A7%D9%84%D8%AC%D8%B2%D8%A1-%D8%A7%D9%84%D8%AB%D8%A7%D9%86%D9%8A/?share=facebook HTTP/1.1" 301 795 "-" "Mozilla/5.0 (compatible; MJ12bot/v1.4.8; http://mj12bot.com/)"
217.182.194.45 - - [27/Apr/2025:02:48:13 -0400] "GET /2019/06/21/%D8%A7%D9%84%D9%85%D8%B3%D9%84%D9%85-%D8%A3%D8%AE%D9%88-%D8%A7%D9%84%D9%85%D8%B3%D9%84%D9%85/ HTTP/1.1" 301 795 "-" "Mozilla/5.0 (compatible; MJ12bot/v1.4.8; http://mj12bot.com/)"
38.242.228.115 - - [27/Apr/2025:02:48:16 -0400] "GET /tag/%D8%AB%D8%A7%D8%A8%D8%AA/ HTTP/1.1" 301 795 "-" "Mozilla/5.0 (compatible; MJ12bot/v1.4.8; http://mj12bot.com/)"
147.135.213.175 - - [27/Apr/2025:02:48:18 -0400] "GET /2019/08/11/%D8%A8%D9%86%D9%8A-%D8%A5%D8%B3%D8%B1%D8%A7%D8%A6%D9%8A%D9%84-%D8%A7%D9%84%D8%AC%D8%B2%D8%A1-%D8%A7%D9%84%D8%AB%D8%A7%D9%86%D9%8A/?share=twitter HTTP/1.1" 301 795 "-" "Mozilla/5.0 (compatible; MJ12bot/v1.4.8; http://mj12bot.com/)"
217.182.194.45 - - [27/Apr/2025:02:48:18 -0400] "GET /2019/06/21/%D8%A7%D9%84%D9%85%D8%B3%D9%84%D9%85-%D8%A3%D8%AE%D9%88-%D8%A7%D9%84%D9%85%D8%B3%D9%84%D9%85/?share=facebook/ HTTP/1.1" 301 795 "-" "Mozilla/5.0 (compatible; MJ12bot/v1.4.8; http://mj12bot.com/)"
38.242.228.115 - - [27/Apr/2025:02:48:21 -0400] "GET /tag/%D8%AB%D8%A8%D8%A7%D8%AA/ HTTP/1.1" 301 795 "-" "Mozilla/5.0 (compatible; MJ12bot/v1.4.8; http://mj12bot.com/)"
217.182.194.45 - - [27/Apr/2025:02:48:23 -0400] "GET /2019/06/21/%D8%A7%D9%84%D9%85%D8%B3%D9%84%D9%85-%D8%A3%D8%AE%D9%88-%D8%A7%D9%84%D9%85%D8%B3%D9%84%D9%85/?share=twitter/ HTTP/1.1" 301 795 "-" "Mozilla/5.0 (compatible; MJ12bot/v1.4.8; http://mj12bot.com/)"
147.135.213.175 - - [27/Apr/2025:02:48:23 -0400] "GET /2019/08/12/%D8%A8%D9%86%D9%8A-%D8%A5%D8%B3%D8%B1%D8%A7%D8%A6%D9%8A%D9%84-%D8%A7%D9%84%D8%AC%D8%B2%D8%A1-%D8%A7%D9%84%D8%AB%D8%A7%D9%84%D8%AB/?share=facebook HTTP/1.1" 301 795 "-" "Mozilla/5.0 (compatible; MJ12bot/v1.4.8; http://mj12bot.com/)"
217.182.194.45 - - [27/Apr/2025:02:48:28 -0400] "GET /2019/06/21/%D8%A7%D9%84%D9%85%D8%B3%D9%84%D9%85-%D8%A3%D8%AE%D9%88-%D8%A7%D9%84%D9%85%D8%B3%D9%84%D9%85/feed/ HTTP/1.1" 301 795 "-" "Mozilla/5.0 (compatible; MJ12bot/v1.4.8; http://mj12bot.com/)"
147.135.213.175 - - [27/Apr/2025:02:48:29 -0400] "GET /2019/08/12/%D8%A8%D9%86%D9%8A-%D8%A5%D8%B3%D8%B1%D8%A7%D8%A6%D9%8A%D9%84-%D8%A7%D9%84%D8%AC%D8%B2%D8%A1-%D8%A7%D9%84%D8%AB%D8%A7%D9%84%D8%AB/?share=twitter HTTP/1.1" 301 795 "-" "Mozilla/5.0 (compatible; MJ12bot/v1.4.8; http://mj12bot.com/)"
217.182.194.45 - - [27/Apr/2025:02:48:33 -0400] "GET /2019/06/22/banning-flat-earth-content/?share=facebook/ HTTP/1.1" 301 795 "-" "Mozilla/5.0 (compatible; MJ12bot/v1.4.8; http://mj12bot.com/)"