145.239.65.236 - - [27/Apr/2025:02:25:53 -0400] "GET /tag/%D8%AD%D9%8A%D8%A7%D8%A9/ HTTP/1.1" 301 795 "-" "Mozilla/5.0 (compatible; MJ12bot/v1.4.8; http://mj12bot.com/)"
147.135.213.32 - - [27/Apr/2025:02:25:57 -0400] "GET /tag/%D8%AD%D9%84%D9%85/ HTTP/1.1" 301 795 "-" "Mozilla/5.0 (compatible; MJ12bot/v1.4.8; http://mj12bot.com/)"
217.182.194.45 - - [27/Apr/2025:02:25:57 -0400] "GET /2018/12/05/%D8%A7%D9%84%D9%84%D9%87-%D9%86%D9%88%D8%B1-%D8%A7%D9%84%D8%B3%D9%85%D9%88%D8%A7%D8%AA-%D9%88%D8%A7%D9%84%D8%A7%D8%B1%D8%B6/?share=google-plus-1&replytocom=201/ HTTP/1.1" 301 795 "-" "Mozilla/5.0 (compatible; MJ12bot/v1.4.8; http://mj12bot.com/)"
38.242.228.115 - - [27/Apr/2025:02:25:59 -0400] "GET /2019/11/24/%D9%87%D9%84-%D8%A7%D9%84%D8%A3%D8%B1%D8%B6-%D8%B5%D8%BA%D9%8A%D8%B1%D8%A9%D8%9F/?like_comment=1363&_wpnonce=30b4773859/ HTTP/1.1" 301 795 "-" "Mozilla/5.0 (compatible; MJ12bot/v1.4.8; http://mj12bot.com/)"
217.182.194.45 - - [27/Apr/2025:02:26:03 -0400] "GET /2018/12/05/%D8%A7%D9%84%D9%84%D9%87-%D9%86%D9%88%D8%B1-%D8%A7%D9%84%D8%B3%D9%85%D9%88%D8%A7%D8%AA-%D9%88%D8%A7%D9%84%D8%A7%D8%B1%D8%B6/?share=google-plus-1&replytocom=223/ HTTP/1.1" 301 795 "-" "Mozilla/5.0 (compatible; MJ12bot/v1.4.8; http://mj12bot.com/)"
147.135.213.32 - - [27/Apr/2025:02:26:03 -0400] "GET /tag/%D8%AD%D9%85%D8%A7%D8%B1/ HTTP/1.1" 301 795 "-" "Mozilla/5.0 (compatible; MJ12bot/v1.4.8; http://mj12bot.com/)"
145.239.65.236 - - [27/Apr/2025:02:26:04 -0400] "GET /tag/%D8%AD%D9%8A%D8%A7%D9%83/ HTTP/1.1" 301 795 "-" "Mozilla/5.0 (compatible; MJ12bot/v1.4.8; http://mj12bot.com/)"
38.242.228.115 - - [27/Apr/2025:02:26:09 -0400] "GET /2019/11/24/%D9%87%D9%84-%D8%A7%D9%84%D8%A3%D8%B1%D8%B6-%D8%B5%D8%BA%D9%8A%D8%B1%D8%A9%D8%9F/?like_comment=1363&_wpnonce=63379864e9/ HTTP/1.1" 301 795 "-" "Mozilla/5.0 (compatible; MJ12bot/v1.4.8; http://mj12bot.com/)"
217.182.194.45 - - [27/Apr/2025:02:26:10 -0400] "GET /2018/12/05/%D8%A7%D9%84%D9%84%D9%87-%D9%86%D9%88%D8%B1-%D8%A7%D9%84%D8%B3%D9%85%D9%88%D8%A7%D8%AA-%D9%88%D8%A7%D9%84%D8%A7%D8%B1%D8%B6/?share=google-plus-1&replytocom=383/ HTTP/1.1" 301 795 "-" "Mozilla/5.0 (compatible; MJ12bot/v1.4.8; http://mj12bot.com/)"
147.135.213.32 - - [27/Apr/2025:02:26:10 -0400] "GET /tag/%D8%AD%D9%85%D9%84%D8%A7/ HTTP/1.1" 301 795 "-" "Mozilla/5.0 (compatible; MJ12bot/v1.4.8; http://mj12bot.com/)"
145.239.65.236 - - [27/Apr/2025:02:26:11 -0400] "GET /tag/%D8%AD%D9%8A%D8%B6/ HTTP/1.1" 301 795 "-" "Mozilla/5.0 (compatible; MJ12bot/v1.4.8; http://mj12bot.com/)"
147.135.213.32 - - [27/Apr/2025:02:26:17 -0400] "GET /tag/%D8%AD%D9%85%D9%84%D8%A7/feed/ HTTP/1.1" 301 795 "-" "Mozilla/5.0 (compatible; MJ12bot/v1.4.8; http://mj12bot.com/)"
145.239.65.236 - - [27/Apr/2025:02:26:19 -0400] "GET /tag/%D8%AD%D9%8A%D9%88%D8%A7%D9%86/ HTTP/1.1" 301 795 "-" "Mozilla/5.0 (compatible; MJ12bot/v1.4.8; http://mj12bot.com/)"
38.242.228.115 - - [27/Apr/2025:02:26:19 -0400] "GET /2019/11/24/%D9%87%D9%84-%D8%A7%D9%84%D8%A3%D8%B1%D8%B6-%D8%B5%D8%BA%D9%8A%D8%B1%D8%A9%D8%9F/?like_comment=1364&_wpnonce=846a925b6d/ HTTP/1.1" 301 795 "-" "Mozilla/5.0 (compatible; MJ12bot/v1.4.8; http://mj12bot.com/)"
217.182.194.45 - - [27/Apr/2025:02:26:20 -0400] "GET /2018/12/05/%D8%A7%D9%84%D9%84%D9%87-%D9%86%D9%88%D8%B1-%D8%A7%D9%84%D8%B3%D9%85%D9%88%D8%A7%D8%AA-%D9%88%D8%A7%D9%84%D8%A7%D8%B1%D8%B6/?share=google-plus-1&replytocom=656/ HTTP/1.1" 301 795 "-" "Mozilla/5.0 (compatible; MJ12bot/v1.4.8; http://mj12bot.com/)"
147.135.213.32 - - [27/Apr/2025:02:26:23 -0400] "GET /tag/%D8%AD%D9%8A%D8%A7%D8%A9/ HTTP/1.1" 301 795 "-" "Mozilla/5.0 (compatible; MJ12bot/v1.4.8; http://mj12bot.com/)"
145.239.65.236 - - [27/Apr/2025:02:26:27 -0400] "GET /tag/%D8%AD%D9%8E%D8%B1%D9%8E%D8%A7%D9%85-%D8%AD%D9%84%D8%A7%D9%84/ HTTP/1.1" 301 795 "-" "Mozilla/5.0 (compatible; MJ12bot/v1.4.8; http://mj12bot.com/)"
38.242.228.115 - - [27/Apr/2025:02:26:27 -0400] "GET /2019/11/24/%D9%87%D9%84-%D8%A7%D9%84%D8%A3%D8%B1%D8%B6-%D8%B5%D8%BA%D9%8A%D8%B1%D8%A9%D8%9F/?like_comment=1365&_wpnonce=074f6a69a2/ HTTP/1.1" 301 795 "-" "Mozilla/5.0 (compatible; MJ12bot/v1.4.8; http://mj12bot.com/)"
147.135.213.32 - - [27/Apr/2025:02:26:30 -0400] "GET /tag/%D8%AD%D9%8A%D8%A7%D9%83/ HTTP/1.1" 301 795 "-" "Mozilla/5.0 (compatible; MJ12bot/v1.4.8; http://mj12bot.com/)"
217.182.194.45 - - [27/Apr/2025:02:26:31 -0400] "GET /2018/12/05/%D8%A7%D9%84%D9%84%D9%87-%D9%86%D9%88%D8%B1-%D8%A7%D9%84%D8%B3%D9%85%D9%88%D8%A7%D8%AA-%D9%88%D8%A7%D9%84%D8%A7%D8%B1%D8%B6/?share=google-plus-1&replytocom=672/ HTTP/1.1" 301 795 "-" "Mozilla/5.0 (compatible; MJ12bot/v1.4.8; http://mj12bot.com/)"
145.239.65.236 - - [27/Apr/2025:02:26:34 -0400] "GET /tag/%D8%AD%D9%8E%D8%B1%D9%8E%D8%A7%D9%85-%D8%AD%D9%84%D8%A7%D9%84/feed/ HTTP/1.1" 301 795 "-" "Mozilla/5.0 (compatible; MJ12bot/v1.4.8; http://mj12bot.com/)"
38.242.228.115 - - [27/Apr/2025:02:26:35 -0400] "GET /2019/11/24/%D9%87%D9%84-%D8%A7%D9%84%D8%A3%D8%B1%D8%B6-%D8%B5%D8%BA%D9%8A%D8%B1%D8%A9%D8%9F/?like_comment=1365&_wpnonce=9dda73c7af/ HTTP/1.1" 301 795 "-" "Mozilla/5.0 (compatible; MJ12bot/v1.4.8; http://mj12bot.com/)"
147.135.213.32 - - [27/Apr/2025:02:26:38 -0400] "GET /tag/%D8%AD%D9%8A%D8%B6/ HTTP/1.1" 301 795 "-" "Mozilla/5.0 (compatible; MJ12bot/v1.4.8; http://mj12bot.com/)"
145.239.65.236 - - [27/Apr/2025:02:26:42 -0400] "GET /tag/%D8%AE%D8%A8%D9%8A%D8%AB/ HTTP/1.1" 301 795 "-" "Mozilla/5.0 (compatible; MJ12bot/v1.4.8; http://mj12bot.com/)"
217.182.194.45 - - [27/Apr/2025:02:26:43 -0400] "GET /2018/12/05/%D8%A7%D9%84%D9%84%D9%87-%D9%86%D9%88%D8%B1-%D8%A7%D9%84%D8%B3%D9%85%D9%88%D8%A7%D8%AA-%D9%88%D8%A7%D9%84%D8%A7%D8%B1%D8%B6/?share=google-plus-1&replytocom=687/ HTTP/1.1" 301 795 "-" "Mozilla/5.0 (compatible; MJ12bot/v1.4.8; http://mj12bot.com/)"
38.242.228.115 - - [27/Apr/2025:02:26:43 -0400] "GET /2019/11/24/%D9%87%D9%84-%D8%A7%D9%84%D8%A3%D8%B1%D8%B6-%D8%B5%D8%BA%D9%8A%D8%B1%D8%A9%D8%9F/?like_comment=1621&_wpnonce=05dc454312/ HTTP/1.1" 301 795 "-" "Mozilla/5.0 (compatible; MJ12bot/v1.4.8; http://mj12bot.com/)"
147.135.213.32 - - [27/Apr/2025:02:26:45 -0400] "GET /tag/%D8%AD%D9%8A%D9%88%D8%A7%D9%86/ HTTP/1.1" 301 795 "-" "Mozilla/5.0 (compatible; MJ12bot/v1.4.8; http://mj12bot.com/)"
145.239.65.236 - - [27/Apr/2025:02:26:50 -0400] "GET /tag/%D8%AE%D9%84%D8%B9/ HTTP/1.1" 301 795 "-" "Mozilla/5.0 (compatible; MJ12bot/v1.4.8; http://mj12bot.com/)"
147.135.213.32 - - [27/Apr/2025:02:26:52 -0400] "GET /tag/%D8%AD%D9%8E%D8%B1%D9%8E%D8%A7%D9%85-%D8%AD%D9%84%D8%A7%D9%84/ HTTP/1.1" 301 795 "-" "Mozilla/5.0 (compatible; MJ12bot/v1.4.8; http://mj12bot.com/)"
217.182.194.45 - - [27/Apr/2025:02:26:53 -0400] "GET /2018/12/08/%D8%A7%D9%84%D8%A7%D8%B1%D8%B6-%D8%A7%D9%84%D9%85%D8%B3%D8%B7%D8%AD%D8%A9%D9%A2/ HTTP/1.1" 301 795 "-" "Mozilla/5.0 (compatible; MJ12bot/v1.4.8; http://mj12bot.com/)"
38.242.228.115 - - [27/Apr/2025:02:26:53 -0400] "GET /2019/11/24/%D9%87%D9%84-%D8%A7%D9%84%D8%A3%D8%B1%D8%B6-%D8%B5%D8%BA%D9%8A%D8%B1%D8%A9%D8%9F/?like_comment=1734&_wpnonce=3d7323a42e/ HTTP/1.1" 301 795 "-" "Mozilla/5.0 (compatible; MJ12bot/v1.4.8; http://mj12bot.com/)"
145.239.65.236 - - [27/Apr/2025:02:26:58 -0400] "GET /tag/%D8%AE%D9%84%D8%B9/feed/ HTTP/1.1" 301 795 "-" "Mozilla/5.0 (compatible; MJ12bot/v1.4.8; http://mj12bot.com/)"
147.135.213.32 - - [27/Apr/2025:02:26:58 -0400] "GET /tag/%D8%AD%D9%8E%D8%B1%D9%8E%D8%A7%D9%85-%D8%AD%D9%84%D8%A7%D9%84/feed/ HTTP/1.1" 301 795 "-" "Mozilla/5.0 (compatible; MJ12bot/v1.4.8; http://mj12bot.com/)"
38.242.228.115 - - [27/Apr/2025:02:27:02 -0400] "GET /2019/11/24/%D9%87%D9%84-%D8%A7%D9%84%D8%A3%D8%B1%D8%B6-%D8%B5%D8%BA%D9%8A%D8%B1%D8%A9%D8%9F/?share=facebook/ HTTP/1.1" 301 795 "-" "Mozilla/5.0 (compatible; MJ12bot/v1.4.8; http://mj12bot.com/)"
217.182.194.45 - - [27/Apr/2025:02:27:02 -0400] "GET /2018/12/08/%D8%A7%D9%84%D8%A7%D8%B1%D8%B6-%D8%A7%D9%84%D9%85%D8%B3%D8%B7%D8%AD%D8%A9%D9%A2/?share=facebook/ HTTP/1.1" 301 795 "-" "Mozilla/5.0 (compatible; MJ12bot/v1.4.8; http://mj12bot.com/)"
147.135.213.32 - - [27/Apr/2025:02:27:04 -0400] "GET /tag/%D8%AE%D8%A8%D9%8A%D8%AB/ HTTP/1.1" 301 795 "-" "Mozilla/5.0 (compatible; MJ12bot/v1.4.8; http://mj12bot.com/)"
145.239.65.236 - - [27/Apr/2025:02:27:06 -0400] "GET /tag/%D8%AE%D9%86%D8%B2%D9%8A%D8%B1/ HTTP/1.1" 301 795 "-" "Mozilla/5.0 (compatible; MJ12bot/v1.4.8; http://mj12bot.com/)"
38.242.228.115 - - [27/Apr/2025:02:27:09 -0400] "GET /2019/11/24/%D9%87%D9%84-%D8%A7%D9%84%D8%A3%D8%B1%D8%B6-%D8%B5%D8%BA%D9%8A%D8%B1%D8%A9%D8%9F/?share=twitter/ HTTP/1.1" 301 795 "-" "Mozilla/5.0 (compatible; MJ12bot/v1.4.8; http://mj12bot.com/)"
147.135.213.32 - - [27/Apr/2025:02:27:12 -0400] "GET /tag/%D8%AE%D9%84%D8%B9/ HTTP/1.1" 301 795 "-" "Mozilla/5.0 (compatible; MJ12bot/v1.4.8; http://mj12bot.com/)"
217.182.194.45 - - [27/Apr/2025:02:27:13 -0400] "GET /2018/12/08/%D8%A7%D9%84%D8%A7%D8%B1%D8%B6-%D8%A7%D9%84%D9%85%D8%B3%D8%B7%D8%AD%D8%A9%D9%A2/?share=twitter/ HTTP/1.1" 301 795 "-" "Mozilla/5.0 (compatible; MJ12bot/v1.4.8; http://mj12bot.com/)"
145.239.65.236 - - [27/Apr/2025:02:27:15 -0400] "GET /tag/%D9%8A%D9%88%D8%B3%D9%81/ HTTP/1.1" 301 795 "-" "Mozilla/5.0 (compatible; MJ12bot/v1.4.8; http://mj12bot.com/)"
38.242.228.115 - - [27/Apr/2025:02:27:16 -0400] "GET /2019/11/24/%D9%87%D9%84-%D8%A7%D9%84%D8%A3%D8%B1%D8%B6-%D8%B5%D8%BA%D9%8A%D8%B1%D8%A9%D8%9F/feed/ HTTP/1.1" 301 795 "-" "Mozilla/5.0 (compatible; MJ12bot/v1.4.8; http://mj12bot.com/)"
147.135.213.32 - - [27/Apr/2025:02:27:18 -0400] "GET /tag/%D8%AE%D9%84%D8%B9/feed/ HTTP/1.1" 301 795 "-" "Mozilla/5.0 (compatible; MJ12bot/v1.4.8; http://mj12bot.com/)"
145.239.65.236 - - [27/Apr/2025:02:27:22 -0400] "GET /the-subtle-body-multimedia-art-installation/?share=facebook/ HTTP/1.1" 301 795 "-" "Mozilla/5.0 (compatible; MJ12bot/v1.4.8; http://mj12bot.com/)"
217.182.194.45 - - [27/Apr/2025:02:27:23 -0400] "GET /2018/12/08/%D8%A7%D9%84%D8%A7%D8%B1%D8%B6-%D8%A7%D9%84%D9%85%D8%B3%D8%B7%D8%AD%D8%A9%D9%A2/feed/ HTTP/1.1" 301 795 "-" "Mozilla/5.0 (compatible; MJ12bot/v1.4.8; http://mj12bot.com/)"
38.242.228.115 - - [27/Apr/2025:02:27:26 -0400] "GET /2019/11/24/%D9%87%D9%84-%D8%A7%D9%84%D8%A3%D8%B1%D8%B6-%D8%B5%D8%BA%D9%8A%D8%B1%D8%A9%D8%9F/?like_comment=1362&_wpnonce=e743f7660d/ HTTP/1.1" 301 795 "-" "Mozilla/5.0 (compatible; MJ12bot/v1.4.8; http://mj12bot.com/)"
147.135.213.32 - - [27/Apr/2025:02:27:26 -0400] "GET /tag/%D8%AE%D9%86%D8%B2%D9%8A%D8%B1/ HTTP/1.1" 301 795 "-" "Mozilla/5.0 (compatible; MJ12bot/v1.4.8; http://mj12bot.com/)"
217.182.194.45 - - [27/Apr/2025:02:27:31 -0400] "GET /2018/12/08/-%E2%81%A7%D9%84%D9%86%D8%A7_%D8%A7%D9%84%D8%A7%D8%B1%D8%B6_%D9%88%D8%A7%D9%84%D9%81%D8%B6%D8%A7%D8%A1%E2%81%A9/ HTTP/1.1" 301 795 "-" "Mozilla/5.0 (compatible; MJ12bot/v1.4.8; http://mj12bot.com/)"
147.135.213.32 - - [27/Apr/2025:02:27:32 -0400] "GET /tag/%D9%8A%D9%88%D8%B3%D9%81/ HTTP/1.1" 301 795 "-" "Mozilla/5.0 (compatible; MJ12bot/v1.4.8; http://mj12bot.com/)"
38.242.228.115 - - [27/Apr/2025:02:27:35 -0400] "GET /2019/11/24/%D9%87%D9%84-%D8%A7%D9%84%D8%A3%D8%B1%D8%B6-%D8%B5%D8%BA%D9%8A%D8%B1%D8%A9%D8%9F/?like_comment=1363&_wpnonce=a537d0ece1/ HTTP/1.1" 301 795 "-" "Mozilla/5.0 (compatible; MJ12bot/v1.4.8; http://mj12bot.com/)"
147.135.213.32 - - [27/Apr/2025:02:27:38 -0400] "GET /the-subtle-body-multimedia-art-installation/?share=facebook/ HTTP/1.1" 301 795 "-" "Mozilla/5.0 (compatible; MJ12bot/v1.4.8; http://mj12bot.com/)"
217.182.194.45 - - [27/Apr/2025:02:27:42 -0400] "GET /2018/12/10/%D8%A7%D9%86%D8%A7-%D9%85%D8%B3%D9%84%D9%85-%D9%88%D9%87%D8%B0%D8%A7-%D9%85%D8%B0%D9%87%D8%A8%D9%8A/ HTTP/1.1" 301 795 "-" "Mozilla/5.0 (compatible; MJ12bot/v1.4.8; http://mj12bot.com/)"
38.242.228.115 - - [27/Apr/2025:02:27:44 -0400] "GET /2019/11/24/%D9%87%D9%84-%D8%A7%D9%84%D8%A3%D8%B1%D8%B6-%D8%B5%D8%BA%D9%8A%D8%B1%D8%A9%D8%9F/?like_comment=1621&_wpnonce=f3a7cfa2ba/ HTTP/1.1" 301 795 "-" "Mozilla/5.0 (compatible; MJ12bot/v1.4.8; http://mj12bot.com/)"
217.182.194.45 - - [27/Apr/2025:02:27:52 -0400] "GET /2018/12/12/%D9%84%D8%A7-%D9%8A%D9%88%D8%AC%D8%AF-%D9%81%D8%B6%D8%A7%D8%A1-%D9%88%D9%84%D9%85-%D9%86%D8%B5%D8%B9%D8%AF-%D9%84%D9%84%D9%82%D9%85%D8%B1-%D9%88%D9%84%D8%A7-%D9%8A%D9%88%25d/ HTTP/1.1" 301 795 "-" "Mozilla/5.0 (compatible; MJ12bot/v1.4.8; http://mj12bot.com/)"
38.242.228.115 - - [27/Apr/2025:02:27:52 -0400] "GET /2019/11/24/%D9%87%D9%84-%D8%A7%D9%84%D8%A3%D8%B1%D8%B6-%D8%B5%D8%BA%D9%8A%D8%B1%D8%A9%D8%9F/?replytocom=1361/ HTTP/1.1" 301 795 "-" "Mozilla/5.0 (compatible; MJ12bot/v1.4.8; http://mj12bot.com/)"
38.242.228.115 - - [27/Apr/2025:02:27:59 -0400] "GET /2019/11/24/%D9%87%D9%84-%D8%A7%D9%84%D8%A3%D8%B1%D8%B6-%D8%B5%D8%BA%D9%8A%D8%B1%D8%A9%D8%9F/?replytocom=1362/ HTTP/1.1" 301 795 "-" "Mozilla/5.0 (compatible; MJ12bot/v1.4.8; http://mj12bot.com/)"
217.182.194.45 - - [27/Apr/2025:02:28:02 -0400] "GET /2018/12/12/%D9%84%D8%A7-%D9%8A%D9%88%D8%AC%D8%AF-%D9%81%D8%B6%D8%A7%D8%A1-%D9%88%D9%84%D9%85-%D9%86%D8%B5%D8%B9%D8%AF-%D9%84%D9%84%D9%82%D9%85%D8%B1-%D9%88%D9%84%D8%A7-%D9%8A%D9%88%D8%AC%D8%AF-%D8%A7%D9%82%D9%85/ HTTP/1.1" 301 795 "-" "Mozilla/5.0 (compatible; MJ12bot/v1.4.8; http://mj12bot.com/)"
38.242.228.115 - - [27/Apr/2025:02:28:05 -0400] "GET /2019/11/24/%D9%87%D9%84-%D8%A7%D9%84%D8%A3%D8%B1%D8%B6-%D8%B5%D8%BA%D9%8A%D8%B1%D8%A9%D8%9F/?replytocom=1363/ HTTP/1.1" 301 795 "-" "Mozilla/5.0 (compatible; MJ12bot/v1.4.8; http://mj12bot.com/)"
217.182.194.45 - - [27/Apr/2025:02:28:13 -0400] "GET /2018/12/12/%D9%84%D8%A7-%D9%8A%D9%88%D8%AC%D8%AF-%D9%81%D8%B6%D8%A7%D8%A1-%D9%88%D9%84%D9%85-%D9%86%D8%B5%D8%B9%D8%AF-%D9%84%D9%84%D9%82%D9%85%D8%B1-%D9%88%D9%84%D8%A7-%D9%8A%D9%88%D8%AC%D8%AF-%D8%A7%D9%82%D9%85/?share=facebook/ HTTP/1.1" 301 795 "-" "Mozilla/5.0 (compatible; MJ12bot/v1.4.8; http://mj12bot.com/)"
38.242.228.115 - - [27/Apr/2025:02:28:14 -0400] "GET /2019/11/24/%D9%87%D9%84-%D8%A7%D9%84%D8%A3%D8%B1%D8%B6-%D8%B5%D8%BA%D9%8A%D8%B1%D8%A9%D8%9F/?replytocom=1621/ HTTP/1.1" 301 795 "-" "Mozilla/5.0 (compatible; MJ12bot/v1.4.8; http://mj12bot.com/)"
38.242.228.115 - - [27/Apr/2025:02:28:21 -0400] "GET /2019/11/28/%D8%A7%D9%84%D8%AD%D9%84%D8%A7%D9%84-%D9%88%D8%A7%D9%84%D8%AD%D8%B1%D8%A7%D9%85-%D8%A7%D9%84%D8%A3%D8%B3%D8%AF-%D9%88%D8%A7%D9%84%D8%AE%D9%86%D8%B2%D9%8A%D8%B1/?share=twitter/ HTTP/1.1" 301 795 "-" "Mozilla/5.0 (compatible; MJ12bot/v1.4.8; http://mj12bot.com/)"
217.182.194.45 - - [27/Apr/2025:02:28:24 -0400] "GET /2018/12/12/%D9%84%D8%A7-%D9%8A%D9%88%D8%AC%D8%AF-%D9%81%D8%B6%D8%A7%D8%A1-%D9%88%D9%84%D9%85-%D9%86%D8%B5%D8%B9%D8%AF-%D9%84%D9%84%D9%82%D9%85%D8%B1-%D9%88%D9%84%D8%A7-%D9%8A%D9%88%D8%AC%D8%AF-%D8%A7%D9%82%D9%85/?share=twitter/ HTTP/1.1" 301 795 "-" "Mozilla/5.0 (compatible; MJ12bot/v1.4.8; http://mj12bot.com/)"
38.242.228.115 - - [27/Apr/2025:02:28:29 -0400] "GET /2019/11/28/%D8%A7%D9%84%D8%AD%D9%84%D8%A7%D9%84-%D9%88%D8%A7%D9%84%D8%AD%D8%B1%D8%A7%D9%85-%D8%A7%D9%84%D8%A3%D8%B3%D8%AF-%D9%88%D8%A7%D9%84%D8%AE%D9%86%D8%B2%D9%8A%D8%B1/feed/ HTTP/1.1" 301 795 "-" "Mozilla/5.0 (compatible; MJ12bot/v1.4.8; http://mj12bot.com/)"
217.182.194.45 - - [27/Apr/2025:02:28:35 -0400] "GET /2018/12/12/%D9%84%D8%A7-%D9%8A%D9%88%D8%AC%D8%AF-%D9%81%D8%B6%D8%A7%D8%A1-%D9%88%D9%84%D9%85-%D9%86%D8%B5%D8%B9%D8%AF-%D9%84%D9%84%D9%82%D9%85%D8%B1-%D9%88%D9%84%D8%A7-%D9%8A%D9%88%D8%AC%D8%AF-%D8%A7%D9%82%D9%85/feed/ HTTP/1.1" 301 795 "-" "Mozilla/5.0 (compatible; MJ12bot/v1.4.8; http://mj12bot.com/)"
38.242.228.115 - - [27/Apr/2025:02:28:36 -0400] "GET /2019/11/29/%D8%A7%D9%84%D8%AD%D9%84%D8%A7%D9%84-%D9%88%D8%A7%D9%84%D8%AD%D8%B1%D8%A7%D9%85-%D8%A7%D9%84%D8%B2%D9%86%D8%A7/?share=facebook/ HTTP/1.1" 301 795 "-" "Mozilla/5.0 (compatible; MJ12bot/v1.4.8; http://mj12bot.com/)"
38.242.228.115 - - [27/Apr/2025:02:28:44 -0400] "GET /2019/11/29/%D8%A7%D9%84%D8%AD%D9%84%D8%A7%D9%84-%D9%88%D8%A7%D9%84%D8%AD%D8%B1%D8%A7%D9%85-%D8%A7%D9%84%D8%B2%D9%86%D8%A7/?share=twitter/ HTTP/1.1" 301 795 "-" "Mozilla/5.0 (compatible; MJ12bot/v1.4.8; http://mj12bot.com/)"
217.182.194.45 - - [27/Apr/2025:02:28:46 -0400] "GET /2018/12/12/%D9%84%D8%A7-%D9%8A%D9%88%D8%AC%D8%AF-%D9%81%D8%B6%D8%A7%D8%A1-%D9%88%D9%84%D9%85-%D9%86%D8%B5%D8%B9%D8%AF-%D9%84%D9%84%D9%82%D9%85%D8%B1-%D9%88%D9%84%D8%A7-%D9%8A%D9%88%D8%AC%D8%AF-%D8%A7%D9%82%D9%85/?replytocom=228/ HTTP/1.1" 301 795 "-" "Mozilla/5.0 (compatible; MJ12bot/v1.4.8; http://mj12bot.com/)"
38.242.228.115 - - [27/Apr/2025:02:28:52 -0400] "GET /2019/11/29/%D8%A7%D9%84%D8%AD%D9%84%D8%A7%D9%84-%D9%88%D8%A7%D9%84%D8%AD%D8%B1%D8%A7%D9%85-%D8%A7%D9%84%D8%B2%D9%86%D8%A7/feed/ HTTP/1.1" 301 795 "-" "Mozilla/5.0 (compatible; MJ12bot/v1.4.8; http://mj12bot.com/)"
217.182.194.45 - - [27/Apr/2025:02:28:57 -0400] "GET /2018/12/12/%D9%84%D8%A7-%D9%8A%D9%88%D8%AC%D8%AF-%D9%81%D8%B6%D8%A7%D8%A1-%D9%88%D9%84%D9%85-%D9%86%D8%B5%D8%B9%D8%AF-%D9%84%D9%84%D9%82%D9%85%D8%B1-%D9%88%D9%84%D8%A7-%D9%8A%D9%88%D8%AC%D8%AF-%D8%A7%D9%82%D9%85/?replytocom=252/ HTTP/1.1" 301 795 "-" "Mozilla/5.0 (compatible; MJ12bot/v1.4.8; http://mj12bot.com/)"
38.242.228.115 - - [27/Apr/2025:02:28:59 -0400] "GET /2019/11/29/%D8%A7%D9%84%D8%AD%D9%84%D8%A7%D9%84-%D9%88%D8%A7%D9%84%D8%AD%D8%B1%D8%A7%D9%85-%D8%A7%D9%84%D8%B2%D9%86%D8%A7/ HTTP/1.1" 301 795 "-" "Mozilla/5.0 (compatible; MJ12bot/v1.4.8; http://mj12bot.com/)"
38.242.228.115 - - [27/Apr/2025:02:29:06 -0400] "GET /2019/11/30/%D8%A7%D9%84%D8%AD%D9%84%D8%A7%D9%84-%D9%88%D8%A7%D9%84%D8%AD%D8%B1%D8%A7%D9%85-%D8%A7%D9%84%D8%A8%D9%8A%D8%AA-%D8%A7%D9%84%D8%AD%D8%B1%D8%A7%D9%85/ HTTP/1.1" 301 795 "-" "Mozilla/5.0 (compatible; MJ12bot/v1.4.8; http://mj12bot.com/)"
217.182.194.45 - - [27/Apr/2025:02:29:12 -0400] "GET /2018/12/12/%D9%84%D8%A7-%D9%8A%D9%88%D8%AC%D8%AF-%D9%81%D8%B6%D8%A7%D8%A1-%D9%88%D9%84%D9%85-%D9%86%D8%B5%D8%B9%D8%AF-%D9%84%D9%84%D9%82%D9%85%D8%B1-%D9%88%D9%84%D8%A7-%D9%8A%D9%88%D8%AC%D8%AF-%D8%A7%D9%82%D9%85/?replytocom=283/ HTTP/1.1" 301 795 "-" "Mozilla/5.0 (compatible; MJ12bot/v1.4.8; http://mj12bot.com/)"
38.242.228.115 - - [27/Apr/2025:02:29:13 -0400] "GET /2019/11/30/%D8%A7%D9%84%D8%AD%D9%84%D8%A7%D9%84-%D9%88%D8%A7%D9%84%D8%AD%D8%B1%D8%A7%D9%85-%D8%A7%D9%84%D8%A8%D9%8A%D8%AA-%D8%A7%D9%84%D8%AD%D8%B1%D8%A7%D9%85/?like_comment=1997&_wpnonce=b63b583087/ HTTP/1.1" 301 795 "-" "Mozilla/5.0 (compatible; MJ12bot/v1.4.8; http://mj12bot.com/)"
38.242.228.115 - - [27/Apr/2025:02:29:21 -0400] "GET /2019/11/30/%D8%A7%D9%84%D8%AD%D9%84%D8%A7%D9%84-%D9%88%D8%A7%D9%84%D8%AD%D8%B1%D8%A7%D9%85-%D8%A7%D9%84%D8%A8%D9%8A%D8%AA-%D8%A7%D9%84%D8%AD%D8%B1%D8%A7%D9%85/?like_comment=2000&_wpnonce=e5ee7922a4/ HTTP/1.1" 301 795 "-" "Mozilla/5.0 (compatible; MJ12bot/v1.4.8; http://mj12bot.com/)"
217.182.194.45 - - [27/Apr/2025:02:29:24 -0400] "GET /2018/12/12/%D9%84%D8%A7-%D9%8A%D9%88%D8%AC%D8%AF-%D9%81%D8%B6%D8%A7%D8%A1-%D9%88%D9%84%D9%85-%D9%86%D8%B5%D8%B9%D8%AF-%D9%84%D9%84%D9%82%D9%85%D8%B1-%D9%88%D9%84%D8%A7-%D9%8A%D9%88%D8%AC%D8%AF-%D8%A7%D9%82%D9%85/?replytocom=347/ HTTP/1.1" 301 795 "-" "Mozilla/5.0 (compatible; MJ12bot/v1.4.8; http://mj12bot.com/)"
38.242.228.115 - - [27/Apr/2025:02:29:31 -0400] "GET /2019/11/30/%D8%A7%D9%84%D8%AD%D9%84%D8%A7%D9%84-%D9%88%D8%A7%D9%84%D8%AD%D8%B1%D8%A7%D9%85-%D8%A7%D9%84%D8%A8%D9%8A%D8%AA-%D8%A7%D9%84%D8%AD%D8%B1%D8%A7%D9%85/?share=facebook/ HTTP/1.1" 301 795 "-" "Mozilla/5.0 (compatible; MJ12bot/v1.4.8; http://mj12bot.com/)"
217.182.194.45 - - [27/Apr/2025:02:29:35 -0400] "GET /2018/12/12/%D9%84%D8%A7-%D9%8A%D9%88%D8%AC%D8%AF-%D9%81%D8%B6%D8%A7%D8%A1-%D9%88%D9%84%D9%85-%D9%86%D8%B5%D8%B9%D8%AF-%D9%84%D9%84%D9%82%D9%85%D8%B1-%D9%88%D9%84%D8%A7-%D9%8A%D9%88%D8%AC%D8%AF-%D8%A7%D9%82%D9%85/?replytocom=380/ HTTP/1.1" 301 795 "-" "Mozilla/5.0 (compatible; MJ12bot/v1.4.8; http://mj12bot.com/)"
38.242.228.115 - - [27/Apr/2025:02:29:38 -0400] "GET /2019/11/30/%D8%A7%D9%84%D8%AD%D9%84%D8%A7%D9%84-%D9%88%D8%A7%D9%84%D8%AD%D8%B1%D8%A7%D9%85-%D8%A7%D9%84%D8%A8%D9%8A%D8%AA-%D8%A7%D9%84%D8%AD%D8%B1%D8%A7%D9%85/?share=twitter/ HTTP/1.1" 301 795 "-" "Mozilla/5.0 (compatible; MJ12bot/v1.4.8; http://mj12bot.com/)"
217.182.194.45 - - [27/Apr/2025:02:29:43 -0400] "GET /2018/12/12/%D9%84%D8%A7-%D9%8A%D9%88%D8%AC%D8%AF-%D9%81%D8%B6%D8%A7%D8%A1-%D9%88%D9%84%D9%85-%D9%86%D8%B5%D8%B9%D8%AF-%D9%84%D9%84%D9%82%D9%85%D8%B1-%D9%88%D9%84%D8%A7-%D9%8A%D9%88%D8%AC%D8%AF-%D8%A7%D9%82%D9%85/?replytocom=441/ HTTP/1.1" 301 795 "-" "Mozilla/5.0 (compatible; MJ12bot/v1.4.8; http://mj12bot.com/)"
38.242.228.115 - - [27/Apr/2025:02:29:45 -0400] "GET /2019/11/30/%D8%A7%D9%84%D8%AD%D9%84%D8%A7%D9%84-%D9%88%D8%A7%D9%84%D8%AD%D8%B1%D8%A7%D9%85-%D8%A7%D9%84%D8%A8%D9%8A%D8%AA-%D8%A7%D9%84%D8%AD%D8%B1%D8%A7%D9%85/feed/ HTTP/1.1" 301 795 "-" "Mozilla/5.0 (compatible; MJ12bot/v1.4.8; http://mj12bot.com/)"
38.242.228.115 - - [27/Apr/2025:02:29:51 -0400] "GET /2019/11/30/%D8%A7%D9%84%D8%AD%D9%84%D8%A7%D9%84-%D9%88%D8%A7%D9%84%D8%AD%D8%B1%D8%A7%D9%85-%D8%A7%D9%84%D8%AE%D9%85%D8%B1-%D9%88%D8%A7%D9%84%D9%85%D9%8A%D8%B3%D8%B1/ HTTP/1.1" 301 795 "-" "Mozilla/5.0 (compatible; MJ12bot/v1.4.8; http://mj12bot.com/)"
217.182.194.45 - - [27/Apr/2025:02:29:52 -0400] "GET /2018/12/12/%D9%84%D8%A7-%D9%8A%D9%88%D8%AC%D8%AF-%D9%81%D8%B6%D8%A7%D8%A1-%D9%88%D9%84%D9%85-%D9%86%D8%B5%D8%B9%D8%AF-%D9%84%D9%84%D9%82%D9%85%D8%B1-%D9%88%D9%84%D8%A7-%D9%8A%D9%88%D8%AC%D8%AF-%D8%A7%D9%82%D9%85/?replytocom=540/ HTTP/1.1" 301 795 "-" "Mozilla/5.0 (compatible; MJ12bot/v1.4.8; http://mj12bot.com/)"
38.242.228.115 - - [27/Apr/2025:02:29:58 -0400] "GET /2019/11/30/%D8%A7%D9%84%D8%AD%D9%84%D8%A7%D9%84-%D9%88%D8%A7%D9%84%D8%AD%D8%B1%D8%A7%D9%85-%D8%A7%D9%84%D8%A8%D9%8A%D8%AA-%D8%A7%D9%84%D8%AD%D8%B1%D8%A7%D9%85/?replytocom=1997/ HTTP/1.1" 301 795 "-" "Mozilla/5.0 (compatible; MJ12bot/v1.4.8; http://mj12bot.com/)"
217.182.194.45 - - [27/Apr/2025:02:30:01 -0400] "GET /2018/12/14/%D8%A7%D9%84%D8%AA%D8%B9%D9%84%D9%8A%D9%85-%D8%A8%D8%A7%D9%84%D8%AA%D9%84%D9%82%D9%8A%D9%86-%D8%A3%D8%B7%D9%81%D8%A7%D9%84%D9%83-%D8%A3%D9%87%D9%85-%D9%85%D9%86-%D8%A3%D8%B9%D9%85%D8%A7%D9%84%D9%83/%22%20/t%20%22_blank/ HTTP/1.1" 301 795 "-" "Mozilla/5.0 (compatible; MJ12bot/v1.4.8; http://mj12bot.com/)"
38.242.228.115 - - [27/Apr/2025:02:30:08 -0400] "GET /2019/11/30/%D8%A7%D9%84%D8%AD%D9%84%D8%A7%D9%84-%D9%88%D8%A7%D9%84%D8%AD%D8%B1%D8%A7%D9%85-%D8%A7%D9%84%D8%A8%D9%8A%D8%AA-%D8%A7%D9%84%D8%AD%D8%B1%D8%A7%D9%85/?replytocom=2000/ HTTP/1.1" 301 795 "-" "Mozilla/5.0 (compatible; MJ12bot/v1.4.8; http://mj12bot.com/)"
217.182.194.45 - - [27/Apr/2025:02:30:09 -0400] "GET /2018/12/14/%D8%A7%D9%84%D8%AA%D8%B9%D9%84%D9%8A%D9%85-%D8%A8%D8%A7%D9%84%D8%AA%D9%84%D9%82%D9%8A%D9%86-%D8%A3%D8%B7%D9%81%D8%A7%D9%84%D9%83-%D8%A3%D9%87%D9%85-%D9%85%D9%86-%D8%A3%D8%B9%D9%85%D8%A7%D9%84%D9%83/ HTTP/1.1" 301 795 "-" "Mozilla/5.0 (compatible; MJ12bot/v1.4.8; http://mj12bot.com/)"
217.182.194.45 - - [27/Apr/2025:02:30:15 -0400] "GET /2018/12/14/%D8%A7%D9%84%D8%AA%D8%B9%D9%84%D9%8A%D9%85-%D8%A8%D8%A7%D9%84%D8%AA%D9%84%D9%82%D9%8A%D9%86-%D8%A3%D8%B7%D9%81%D8%A7%D9%84%D9%83-%D8%A3%D9%87%D9%85-%D9%85%D9%86-%D8%A3%D8%B9%D9%85%D8%A7%D9%84%D9%83/?share=facebook/ HTTP/1.1" 301 795 "-" "Mozilla/5.0 (compatible; MJ12bot/v1.4.8; http://mj12bot.com/)"
38.242.228.115 - - [27/Apr/2025:02:30:16 -0400] "GET /2019/12/02/%D8%A7%D9%84%D8%AD%D9%84%D8%A7%D9%84-%D9%88%D8%A7%D9%84%D8%AD%D8%B1%D8%A7%D9%85-%D8%A7%D9%84%D9%85%D8%AE%D8%AF%D8%B1%D8%A7%D8%AA/ HTTP/1.1" 301 795 "-" "Mozilla/5.0 (compatible; MJ12bot/v1.4.8; http://mj12bot.com/)"
38.242.228.115 - - [27/Apr/2025:02:30:23 -0400] "GET /2019/12/02/%D8%A7%D9%84%D8%AD%D9%84%D8%A7%D9%84-%D9%88%D8%A7%D9%84%D8%AD%D8%B1%D8%A7%D9%85-%D8%A7%D9%84%D9%85%D8%AE%D8%AF%D8%B1%D8%A7%D8%AA/?share=facebook/ HTTP/1.1" 301 795 "-" "Mozilla/5.0 (compatible; MJ12bot/v1.4.8; http://mj12bot.com/)"
217.182.194.45 - - [27/Apr/2025:02:30:25 -0400] "GET /2018/12/14/%D8%A7%D9%84%D8%AA%D8%B9%D9%84%D9%8A%D9%85-%D8%A8%D8%A7%D9%84%D8%AA%D9%84%D9%82%D9%8A%D9%86-%D8%A3%D8%B7%D9%81%D8%A7%D9%84%D9%83-%D8%A3%D9%87%D9%85-%D9%85%D9%86-%D8%A3%D8%B9%D9%85%D8%A7%D9%84%D9%83/?share=twitter/ HTTP/1.1" 301 795 "-" "Mozilla/5.0 (compatible; MJ12bot/v1.4.8; http://mj12bot.com/)"
38.242.228.115 - - [27/Apr/2025:02:30:30 -0400] "GET /2019/12/02/%D8%A7%D9%84%D8%AD%D9%84%D8%A7%D9%84-%D9%88%D8%A7%D9%84%D8%AD%D8%B1%D8%A7%D9%85-%D8%A7%D9%84%D9%85%D8%AE%D8%AF%D8%B1%D8%A7%D8%AA/?share=twitter/ HTTP/1.1" 301 795 "-" "Mozilla/5.0 (compatible; MJ12bot/v1.4.8; http://mj12bot.com/)"
217.182.194.45 - - [27/Apr/2025:02:30:32 -0400] "GET /2018/12/14/%D8%A7%D9%84%D8%AA%D8%B9%D9%84%D9%8A%D9%85-%D8%A8%D8%A7%D9%84%D8%AA%D9%84%D9%82%D9%8A%D9%86-%D8%A3%D8%B7%D9%81%D8%A7%D9%84%D9%83-%D8%A3%D9%87%D9%85-%D9%85%D9%86-%D8%A3%D8%B9%D9%85%D8%A7%D9%84%D9%83/feed/ HTTP/1.1" 301 795 "-" "Mozilla/5.0 (compatible; MJ12bot/v1.4.8; http://mj12bot.com/)"
38.242.228.115 - - [27/Apr/2025:02:30:37 -0400] "GET /2019/12/02/%D8%A7%D9%84%D8%AD%D9%84%D8%A7%D9%84-%D9%88%D8%A7%D9%84%D8%AD%D8%B1%D8%A7%D9%85-%D8%A7%D9%84%D9%85%D8%AE%D8%AF%D8%B1%D8%A7%D8%AA/feed/ HTTP/1.1" 301 795 "-" "Mozilla/5.0 (compatible; MJ12bot/v1.4.8; http://mj12bot.com/)"
217.182.194.45 - - [27/Apr/2025:02:30:38 -0400] "GET /2018/12/18/%D8%A3%D9%87%D9%84-%D8%A7%D9%84%D8%A8%D9%82%D8%B1%D8%A9/%22%20/t%20%22_blank/ HTTP/1.1" 301 795 "-" "Mozilla/5.0 (compatible; MJ12bot/v1.4.8; http://mj12bot.com/)"
38.242.228.115 - - [27/Apr/2025:02:30:44 -0400] "GET /2019/12/11/%D9%85%D8%B1%D8%AC-%D8%A7%D9%84%D8%A8%D8%AD%D8%B1%D9%8A%D9%86/ HTTP/1.1" 301 795 "-" "Mozilla/5.0 (compatible; MJ12bot/v1.4.8; http://mj12bot.com/)"
217.182.194.45 - - [27/Apr/2025:02:30:44 -0400] "GET /2018/12/18/%D8%A3%D9%87%D9%84-%D8%A7%D9%84%D8%A8%D9%82%D8%B1%D8%A9/ HTTP/1.1" 301 795 "-" "Mozilla/5.0 (compatible; MJ12bot/v1.4.8; http://mj12bot.com/)"
217.182.194.45 - - [27/Apr/2025:02:30:52 -0400] "GET /2018/12/18/%D8%A3%D9%87%D9%84-%D8%A7%D9%84%D8%A8%D9%82%D8%B1%D8%A9/?share=facebook/ HTTP/1.1" 301 795 "-" "Mozilla/5.0 (compatible; MJ12bot/v1.4.8; http://mj12bot.com/)"
38.242.228.115 - - [27/Apr/2025:02:30:52 -0400] "GET /2019/12/11/%D9%85%D8%B1%D8%AC-%D8%A7%D9%84%D8%A8%D8%AD%D8%B1%D9%8A%D9%86/feed/ HTTP/1.1" 301 795 "-" "Mozilla/5.0 (compatible; MJ12bot/v1.4.8; http://mj12bot.com/)"
38.242.228.115 - - [27/Apr/2025:02:30:59 -0400] "GET /2019/12/11/%D9%86%D8%B5%D8%A7%D8%A6%D8%AD-%D9%84%D9%84%D9%83%D8%B1%D9%88%D9%8A%D9%86-%D9%88%D8%A7%D9%84%D9%85%D8%B3%D8%B7%D8%AD%D9%8A%D9%86/ HTTP/1.1" 301 795 "-" "Mozilla/5.0 (compatible; MJ12bot/v1.4.8; http://mj12bot.com/)"
217.182.194.45 - - [27/Apr/2025:02:31:01 -0400] "GET /2018/12/18/%D8%A3%D9%87%D9%84-%D8%A7%D9%84%D8%A8%D9%82%D8%B1%D8%A9/?share=twitter/ HTTP/1.1" 301 795 "-" "Mozilla/5.0 (compatible; MJ12bot/v1.4.8; http://mj12bot.com/)"
38.242.228.115 - - [27/Apr/2025:02:31:06 -0400] "GET /2019/12/11/%D9%86%D8%B5%D8%A7%D8%A6%D8%AD-%D9%84%D9%84%D9%83%D8%B1%D9%88%D9%8A%D9%86-%D9%88%D8%A7%D9%84%D9%85%D8%B3%D8%B7%D8%AD%D9%8A%D9%86/?like_comment=1424&_wpnonce=b8e96e59ad/ HTTP/1.1" 301 795 "-" "Mozilla/5.0 (compatible; MJ12bot/v1.4.8; http://mj12bot.com/)"
217.182.194.45 - - [27/Apr/2025:02:31:07 -0400] "GET /2018/12/18/%D8%A3%D9%87%D9%84-%D8%A7%D9%84%D8%A8%D9%82%D8%B1%D8%A9/feed/ HTTP/1.1" 301 795 "-" "Mozilla/5.0 (compatible; MJ12bot/v1.4.8; http://mj12bot.com/)"
38.242.228.115 - - [27/Apr/2025:02:31:13 -0400] "GET /2019/12/11/%D9%86%D8%B5%D8%A7%D8%A6%D8%AD-%D9%84%D9%84%D9%83%D8%B1%D9%88%D9%8A%D9%86-%D9%88%D8%A7%D9%84%D9%85%D8%B3%D8%B7%D8%AD%D9%8A%D9%86/?share=facebook/ HTTP/1.1" 301 795 "-" "Mozilla/5.0 (compatible; MJ12bot/v1.4.8; http://mj12bot.com/)"
217.182.194.45 - - [27/Apr/2025:02:31:16 -0400] "GET /2018/12/20/%D8%A7%D9%84%D9%86%D8%AC%D9%85-%D8%A7%D9%84%D8%AB%D8%A7%D9%82%D8%A8-%D9%A2/%22%20/t%20%22_blank/ HTTP/1.1" 301 795 "-" "Mozilla/5.0 (compatible; MJ12bot/v1.4.8; http://mj12bot.com/)"
38.242.228.115 - - [27/Apr/2025:02:31:20 -0400] "GET /2019/12/18/%D9%84%D9%87%D9%88-%D8%A7%D9%84%D8%AD%D8%AF%D9%8A%D8%AB/ HTTP/1.1" 301 795 "-" "Mozilla/5.0 (compatible; MJ12bot/v1.4.8; http://mj12bot.com/)"
217.182.194.45 - - [27/Apr/2025:02:31:25 -0400] "GET /2018/12/20/%D9%82%D8%A7%D9%84-%D8%AF%D8%B1%D8%A7%D8%B3%D8%A7%D8%AA-%D8%B9%D9%84%D9%8A%D8%A7-%D9%88%D8%A7%D9%84%D9%84%D9%87-%D9%84%D8%A7%D9%8A%D8%AD%D8%A8-%D9%83%D9%84-%D9%85%D8%AE%D8%AA%D8%A7%D9%84-%D9%81%D8%AE/%22%20/t%20%22_blank/ HTTP/1.1" 301 795 "-" "Mozilla/5.0 (compatible; MJ12bot/v1.4.8; http://mj12bot.com/)"
38.242.228.115 - - [27/Apr/2025:02:31:27 -0400] "GET /2019/12/18/%D9%84%D9%87%D9%88-%D8%A7%D9%84%D8%AD%D8%AF%D9%8A%D8%AB/?share=facebook/ HTTP/1.1" 301 795 "-" "Mozilla/5.0 (compatible; MJ12bot/v1.4.8; http://mj12bot.com/)"
217.182.194.45 - - [27/Apr/2025:02:31:33 -0400] "GET /2018/12/20/%D8%A7%D9%84%D9%86%D8%AC%D9%85-%D8%A7%D9%84%D8%AB%D8%A7%D9%82%D8%A8-%D9%A2/ HTTP/1.1" 301 795 "-" "Mozilla/5.0 (compatible; MJ12bot/v1.4.8; http://mj12bot.com/)"
38.242.228.115 - - [27/Apr/2025:02:31:35 -0400] "GET /2019/12/18/%D9%84%D9%87%D9%88-%D8%A7%D9%84%D8%AD%D8%AF%D9%8A%D8%AB/?share=twitter/ HTTP/1.1" 301 795 "-" "Mozilla/5.0 (compatible; MJ12bot/v1.4.8; http://mj12bot.com/)"
38.242.228.115 - - [27/Apr/2025:02:31:41 -0400] "GET /2019/12/18/%D9%84%D9%87%D9%88-%D8%A7%D9%84%D8%AD%D8%AF%D9%8A%D8%AB/feed/ HTTP/1.1" 301 795 "-" "Mozilla/5.0 (compatible; MJ12bot/v1.4.8; http://mj12bot.com/)"
217.182.194.45 - - [27/Apr/2025:02:31:43 -0400] "GET /2018/12/20/%D8%A7%D9%84%D9%86%D8%AC%D9%85-%D8%A7%D9%84%D8%AB%D8%A7%D9%82%D8%A8-%D9%A2/?like_comment=262&_wpnonce=c8135ebbf3/ HTTP/1.1" 301 795 "-" "Mozilla/5.0 (compatible; MJ12bot/v1.4.8; http://mj12bot.com/)"
38.242.228.115 - - [27/Apr/2025:02:31:47 -0400] "GET /2019/12/18/%D8%A7%D9%84%D8%AD%D9%84%D8%A7%D9%84-%D9%88%D8%A7%D9%84%D8%AD%D8%B1%D8%A7%D9%85-%D8%A7%D9%84%D8%BA%D9%86%D8%A7%D8%A1-%D9%88%D8%A7%D9%84%D8%B4%D8%B9%D8%B1/ HTTP/1.1" 301 795 "-" "Mozilla/5.0 (compatible; MJ12bot/v1.4.8; http://mj12bot.com/)"
38.242.228.115 - - [27/Apr/2025:02:31:53 -0400] "GET /2019/12/20/%D8%A7%D9%84%D8%A3%D8%B1%D8%B6-%D9%82%D8%B1%D8%A7%D8%B1/ HTTP/1.1" 301 795 "-" "Mozilla/5.0 (compatible; MJ12bot/v1.4.8; http://mj12bot.com/)"
217.182.194.45 - - [27/Apr/2025:02:31:55 -0400] "GET /2018/12/20/%D8%A7%D9%84%D9%86%D8%AC%D9%85-%D8%A7%D9%84%D8%AB%D8%A7%D9%82%D8%A8-%D9%A2/?like_comment=381&_wpnonce=aaea454371/ HTTP/1.1" 301 795 "-" "Mozilla/5.0 (compatible; MJ12bot/v1.4.8; http://mj12bot.com/)"
38.242.228.115 - - [27/Apr/2025:02:31:59 -0400] "GET /2019/12/20/%D8%A7%D9%84%D8%A3%D8%B1%D8%B6-%D9%82%D8%B1%D8%A7%D8%B1/feed/ HTTP/1.1" 301 795 "-" "Mozilla/5.0 (compatible; MJ12bot/v1.4.8; http://mj12bot.com/)"
217.182.194.45 - - [27/Apr/2025:02:32:04 -0400] "GET /2018/12/20/%D8%A7%D9%84%D9%86%D8%AC%D9%85-%D8%A7%D9%84%D8%AB%D8%A7%D9%82%D8%A8-%D9%A2/?share=facebook/ HTTP/1.1" 301 795 "-" "Mozilla/5.0 (compatible; MJ12bot/v1.4.8; http://mj12bot.com/)"
38.242.228.115 - - [27/Apr/2025:02:32:06 -0400] "GET /2019/12/21/%D9%82%D8%B5%D8%A9-%D8%A7%D9%84%D8%B5%D8%AE%D8%B1%D8%A9-%D9%88%D9%85%D8%B1%D9%83%D8%B2-%D8%A7%D9%84%D8%A3%D8%B1%D8%B6/ HTTP/1.1" 301 795 "-" "Mozilla/5.0 (compatible; MJ12bot/v1.4.8; http://mj12bot.com/)"
38.242.228.115 - - [27/Apr/2025:02:32:13 -0400] "GET /2019/12/21/%D9%82%D8%B5%D8%A9-%D8%A7%D9%84%D8%B5%D8%AE%D8%B1%D8%A9-%D9%88%D9%85%D8%B1%D9%83%D8%B2-%D8%A7%D9%84%D8%A3%D8%B1%D8%B6/feed/ HTTP/1.1" 301 795 "-" "Mozilla/5.0 (compatible; MJ12bot/v1.4.8; http://mj12bot.com/)"
217.182.194.45 - - [27/Apr/2025:02:32:15 -0400] "GET /2018/12/20/%D8%A7%D9%84%D9%86%D8%AC%D9%85-%D8%A7%D9%84%D8%AB%D8%A7%D9%82%D8%A8-%D9%A2/?share=twitter/ HTTP/1.1" 301 795 "-" "Mozilla/5.0 (compatible; MJ12bot/v1.4.8; http://mj12bot.com/)"
38.242.228.115 - - [27/Apr/2025:02:32:20 -0400] "GET /2020/01/05/%D8%A7%D9%84%D8%AD%D8%B1%D8%A7%D9%85-%D9%88%D8%A7%D9%84%D8%AD%D9%84%D8%A7%D9%84-%D8%A7%D9%84%D9%88%D8%A7%D8%B5%D9%84%D8%A9-%D9%88%D8%A7%D9%84%D9%88%D8%A7%D8%B4%D9%85%D8%A9/ HTTP/1.1" 301 795 "-" "Mozilla/5.0 (compatible; MJ12bot/v1.4.8; http://mj12bot.com/)"
217.182.194.45 - - [27/Apr/2025:02:32:24 -0400] "GET /2018/12/20/%D8%A7%D9%84%D9%86%D8%AC%D9%85-%D8%A7%D9%84%D8%AB%D8%A7%D9%82%D8%A8-%D9%A2/feed/ HTTP/1.1" 301 795 "-" "Mozilla/5.0 (compatible; MJ12bot/v1.4.8; http://mj12bot.com/)"
38.242.228.115 - - [27/Apr/2025:02:32:26 -0400] "GET /2020/01/28/%D8%B9%D8%A8%D8%AF-%D8%A7%D9%84%D9%84%D9%87-%D9%88%D8%B9%D8%A8%D8%AF-%D8%A7%D9%84%D8%B4%D9%85%D8%B3/?share=twitter/ HTTP/1.1" 301 795 "-" "Mozilla/5.0 (compatible; MJ12bot/v1.4.8; http://mj12bot.com/)"
217.182.194.45 - - [27/Apr/2025:02:32:35 -0400] "GET /2018/12/20/%D9%82%D8%A7%D9%84-%D8%AF%D8%B1%D8%A7%D8%B3%D8%A7%D8%AA-%D8%B9%D9%84%D9%8A%D8%A7-%D9%88%D8%A7%D9%84%D9%84%D9%87-%D9%84%D8%A7%D9%8A%D8%AD%D8%A8-%D9%83%D9%84-%D9%85%D8%AE%D8%AA%D8%A7%D9%84-%D9%81%D8%AE/ HTTP/1.1" 301 795 "-" "Mozilla/5.0 (compatible; MJ12bot/v1.4.8; http://mj12bot.com/)"
38.242.228.115 - - [27/Apr/2025:02:32:41 -0400] "GET /2020/04/03/%D8%AD%D8%AF%D9%8A%D8%AB-%D8%A7%D9%84%D8%B9%D9%84%D9%85%D8%A7%D8%A1-%D9%88%D8%B1%D8%AB%D8%A9-%D8%A7%D9%84%D8%A7%D9%86%D8%A8%D9%8A%D8%A7%D8%A1/ HTTP/1.1" 301 795 "-" "Mozilla/5.0 (compatible; MJ12bot/v1.4.8; http://mj12bot.com/)"
217.182.194.45 - - [27/Apr/2025:02:32:44 -0400] "GET /2018/12/20/%D8%A7%D9%84%D9%86%D8%AC%D9%85-%D8%A7%D9%84%D8%AB%D8%A7%D9%82%D8%A8-%D9%A2/?replytocom=262/ HTTP/1.1" 301 795 "-" "Mozilla/5.0 (compatible; MJ12bot/v1.4.8; http://mj12bot.com/)"
38.242.228.115 - - [27/Apr/2025:02:32:47 -0400] "GET /2020/04/03/%D8%AD%D8%AF%D9%8A%D8%AB-%D8%A7%D9%84%D8%B9%D9%84%D9%85%D8%A7%D8%A1-%D9%88%D8%B1%D8%AB%D8%A9-%D8%A7%D9%84%D8%A7%D9%86%D8%A8%D9%8A%D8%A7%D8%A1/feed/ HTTP/1.1" 301 795 "-" "Mozilla/5.0 (compatible; MJ12bot/v1.4.8; http://mj12bot.com/)"
217.182.194.45 - - [27/Apr/2025:02:32:52 -0400] "GET /2018/12/20/%D8%A7%D9%84%D9%86%D8%AC%D9%85-%D8%A7%D9%84%D8%AB%D8%A7%D9%82%D8%A8-%D9%A2/?replytocom=381/ HTTP/1.1" 301 795 "-" "Mozilla/5.0 (compatible; MJ12bot/v1.4.8; http://mj12bot.com/)"
38.242.228.115 - - [27/Apr/2025:02:32:55 -0400] "GET /2020/04/03/%D8%AD%D8%AF%D9%8A%D8%AB-%D8%A7%D9%84%D9%85%D8%AC%D8%B0%D9%88%D9%85/ HTTP/1.1" 301 795 "-" "Mozilla/5.0 (compatible; MJ12bot/v1.4.8; http://mj12bot.com/)"
38.242.228.115 - - [27/Apr/2025:02:33:01 -0400] "GET /2020/04/03/%D8%AD%D8%AF%D9%8A%D8%AB-%D9%84%D8%A7-%D8%B6%D8%B1%D8%B1-%D9%88%D9%84%D8%A7-%D8%B6%D8%B1%D8%A7%D8%B1/ HTTP/1.1" 301 795 "-" "Mozilla/5.0 (compatible; MJ12bot/v1.4.8; http://mj12bot.com/)"
217.182.194.45 - - [27/Apr/2025:02:33:01 -0400] "GET /2018/12/23/%D8%AA%D8%A8%D8%AE%D8%B1-%D8%A7%D9%84%D9%85%D8%A7%D8%A1/ HTTP/1.1" 301 795 "-" "Mozilla/5.0 (compatible; MJ12bot/v1.4.8; http://mj12bot.com/)"
38.242.228.115 - - [27/Apr/2025:02:33:07 -0400] "GET /2020/04/03/%D8%AD%D8%AF%D9%8A%D8%AB-%D9%84%D8%A7-%D8%B6%D8%B1%D8%B1-%D9%88%D9%84%D8%A7-%D8%B6%D8%B1%D8%A7%D8%B1/feed/ HTTP/1.1" 301 795 "-" "Mozilla/5.0 (compatible; MJ12bot/v1.4.8; http://mj12bot.com/)"
217.182.194.45 - - [27/Apr/2025:02:33:09 -0400] "GET /2018/12/23/%D8%AA%D8%A8%D8%AE%D8%B1-%D8%A7%D9%84%D9%85%D8%A7%D8%A1/?like_comment=440&_wpnonce=693fdc52a9/ HTTP/1.1" 301 795 "-" "Mozilla/5.0 (compatible; MJ12bot/v1.4.8; http://mj12bot.com/)"
38.242.228.115 - - [27/Apr/2025:02:33:13 -0400] "GET /2020/04/03/%D8%AD%D8%AF%D9%8A%D8%AB-%D9%85%D9%86-%D8%B3%D9%85%D8%B9-%D8%A7%D9%84%D9%85%D9%86%D8%A7%D8%AF%D9%8A-%D9%81%D9%84%D9%85-%D9%8A%D9%85%D9%86%D8%B9%D9%87-%D9%85%D9%86-%D8%A7%D8%AA%D8%A8%D8%A7%D8%B9%D9%87/ HTTP/1.1" 301 795 "-" "Mozilla/5.0 (compatible; MJ12bot/v1.4.8; http://mj12bot.com/)"
217.182.194.45 - - [27/Apr/2025:02:33:15 -0400] "GET /2018/12/23/%D8%AA%D8%A8%D8%AE%D8%B1-%D8%A7%D9%84%D9%85%D8%A7%D8%A1/?share=facebook/ HTTP/1.1" 301 795 "-" "Mozilla/5.0 (compatible; MJ12bot/v1.4.8; http://mj12bot.com/)"
38.242.228.115 - - [27/Apr/2025:02:33:19 -0400] "GET /2020/04/03/%D8%AD%D8%AF%D9%8A%D8%AB-%D9%85%D9%86-%D8%B3%D9%85%D8%B9-%D8%A7%D9%84%D9%85%D9%86%D8%A7%D8%AF%D9%8A-%D9%81%D9%84%D9%85-%D9%8A%D9%85%D9%86%D8%B9%D9%87-%D9%85%D9%86-%D8%A7%D8%AA%D8%A8%D8%A7%D8%B9%D9%87/feed/ HTTP/1.1" 301 795 "-" "Mozilla/5.0 (compatible; MJ12bot/v1.4.8; http://mj12bot.com/)"
217.182.194.45 - - [27/Apr/2025:02:33:21 -0400] "GET /2018/12/23/%D8%AA%D8%A8%D8%AE%D8%B1-%D8%A7%D9%84%D9%85%D8%A7%D8%A1/?share=twitter/ HTTP/1.1" 301 795 "-" "Mozilla/5.0 (compatible; MJ12bot/v1.4.8; http://mj12bot.com/)"
38.242.228.115 - - [27/Apr/2025:02:33:26 -0400] "GET /2020/04/17/%D9%81%D8%AA%D9%86%D8%A9-%D8%A7%D9%84%D9%83%D9%88%D8%B1%D9%88%D9%86%D8%A7-%D9%81%D9%8A-%D8%B9%D8%B5%D8%B1-%D8%A7%D9%84%D8%AF%D8%AC%D8%A7%D9%84/ HTTP/1.1" 301 795 "-" "Mozilla/5.0 (compatible; MJ12bot/v1.4.8; http://mj12bot.com/)"
217.182.194.45 - - [27/Apr/2025:02:33:28 -0400] "GET /2018/12/23/%D8%AA%D8%A8%D8%AE%D8%B1-%D8%A7%D9%84%D9%85%D8%A7%D8%A1/feed/ HTTP/1.1" 301 795 "-" "Mozilla/5.0 (compatible; MJ12bot/v1.4.8; http://mj12bot.com/)"
38.242.228.115 - - [27/Apr/2025:02:33:32 -0400] "GET /2020/04/17/%D9%81%D8%AA%D9%86%D8%A9-%D8%A7%D9%84%D9%83%D9%88%D8%B1%D9%88%D9%86%D8%A7-%D9%81%D9%8A-%D8%B9%D8%B5%D8%B1-%D8%A7%D9%84%D8%AF%D8%AC%D8%A7%D9%84/feed/ HTTP/1.1" 301 795 "-" "Mozilla/5.0 (compatible; MJ12bot/v1.4.8; http://mj12bot.com/)"
217.182.194.45 - - [27/Apr/2025:02:33:34 -0400] "GET /2018/12/23/%D8%AA%D8%A8%D8%AE%D8%B1-%D8%A7%D9%84%D9%85%D8%A7%D8%A1/?share=google-plus-1/ HTTP/1.1" 301 795 "-" "Mozilla/5.0 (compatible; MJ12bot/v1.4.8; http://mj12bot.com/)"
38.242.228.115 - - [27/Apr/2025:02:33:39 -0400] "GET /2020/04/27/%D9%83%D8%B1%D8%A9-%D9%83%D9%83%D8%B1%D8%A9-%D8%A7%D9%84%D9%82%D8%AF%D9%85-%D8%A3%D9%85-%D9%83%D8%B1%D9%88%D9%8A%D8%A9-%D8%A3%D9%8A-%D9%85%D8%B3%D8%AA%D8%AF%D9%8A%D8%B1%D8%A9-%D9%83%D8%A7%D9%84%D8%B9/ HTTP/1.1" 301 795 "-" "Mozilla/5.0 (compatible; MJ12bot/v1.4.8; http://mj12bot.com/)"
217.182.194.45 - - [27/Apr/2025:02:33:41 -0400] "GET /2018/12/23/%D8%AA%D8%A8%D8%AE%D8%B1-%D8%A7%D9%84%D9%85%D8%A7%D8%A1/?share=google-plus-1&replytocom=440/ HTTP/1.1" 301 795 "-" "Mozilla/5.0 (compatible; MJ12bot/v1.4.8; http://mj12bot.com/)"
38.242.228.115 - - [27/Apr/2025:02:33:45 -0400] "GET /2020/04/27/%D9%83%D8%B1%D8%A9-%D9%83%D9%83%D8%B1%D8%A9-%D8%A7%D9%84%D9%82%D8%AF%D9%85-%D8%A3%D9%85-%D9%83%D8%B1%D9%88%D9%8A%D8%A9-%D8%A3%D9%8A-%D9%85%D8%B3%D8%AA%D8%AF%D9%8A%D8%B1%D8%A9-%D9%83%D8%A7%D9%84%D8%B9/feed/ HTTP/1.1" 301 795 "-" "Mozilla/5.0 (compatible; MJ12bot/v1.4.8; http://mj12bot.com/)"
217.182.194.45 - - [27/Apr/2025:02:33:47 -0400] "GET /2018/12/29/%D8%A7%D9%84%D9%82%D9%84%D8%A8-%D8%A7%D9%84%D9%85%D9%86%D9%8A%D8%A8/%22%20/t%20%22_blank/ HTTP/1.1" 301 795 "-" "Mozilla/5.0 (compatible; MJ12bot/v1.4.8; http://mj12bot.com/)"
38.242.228.115 - - [27/Apr/2025:02:33:51 -0400] "GET /2020/04/28/%D9%85%D8%B9%D9%86%D9%89-%D9%83%D9%84%D9%85%D8%A9-%D8%A3%D8%B1%D8%B6/ HTTP/1.1" 301 795 "-" "Mozilla/5.0 (compatible; MJ12bot/v1.4.8; http://mj12bot.com/)"
217.182.194.45 - - [27/Apr/2025:02:33:54 -0400] "GET /2018/12/29/%D8%A7%D9%84%D9%82%D9%84%D8%A8-%D8%A7%D9%84%D9%85%D9%86%D9%8A%D8%A8/ HTTP/1.1" 301 795 "-" "Mozilla/5.0 (compatible; MJ12bot/v1.4.8; http://mj12bot.com/)"
38.242.228.115 - - [27/Apr/2025:02:33:58 -0400] "GET /2020/04/28/%D9%85%D8%B9%D9%86%D9%89-%D9%83%D9%84%D9%85%D8%A9-%D8%A3%D8%B1%D8%B6/feed/ HTTP/1.1" 301 795 "-" "Mozilla/5.0 (compatible; MJ12bot/v1.4.8; http://mj12bot.com/)"
217.182.194.45 - - [27/Apr/2025:02:34:00 -0400] "GET /2019/01/06/%D9%87%D9%84-%D8%B3%D9%8A%D8%AF%D9%86%D8%A7-%D8%B9%D9%8A%D8%B3%D9%89-%D8%A5%D8%A8%D9%86-%D8%A7%D9%84%D9%84%D9%87%D8%9F/%22%20/t%20%22_blank/ HTTP/1.1" 301 795 "-" "Mozilla/5.0 (compatible; MJ12bot/v1.4.8; http://mj12bot.com/)"
38.242.228.115 - - [27/Apr/2025:02:34:04 -0400] "GET /2020/05/04/%D8%A3%D8%AE%D8%AA-%D9%87%D8%A7%D8%B1%D9%88%D9%86-%D9%88%D9%84%D9%85%D8%AD%D8%A9-%D8%B9%D9%86-%D8%A8%D9%86%D9%8A-%D8%A5%D8%B3%D8%B1%D8%A7%D8%A6%D9%8A%D9%84/ HTTP/1.1" 301 795 "-" "Mozilla/5.0 (compatible; MJ12bot/v1.4.8; http://mj12bot.com/)"
217.182.194.45 - - [27/Apr/2025:02:34:07 -0400] "GET /2019/01/06/%D9%87%D9%84-%D8%B3%D9%8A%D8%AF%D9%86%D8%A7-%D8%B9%D9%8A%D8%B3%D9%89-%D8%A5%D8%A8%D9%86-%D8%A7%D9%84%D9%84%D9%87%D8%9F/ HTTP/1.1" 301 795 "-" "Mozilla/5.0 (compatible; MJ12bot/v1.4.8; http://mj12bot.com/)"
38.242.228.115 - - [27/Apr/2025:02:34:10 -0400] "GET /2020/05/04/%D8%A3%D8%AE%D8%AA-%D9%87%D8%A7%D8%B1%D9%88%D9%86-%D9%88%D9%84%D9%85%D8%AD%D8%A9-%D8%B9%D9%86-%D8%A8%D9%86%D9%8A-%D8%A5%D8%B3%D8%B1%D8%A7%D8%A6%D9%8A%D9%84/feed/ HTTP/1.1" 301 795 "-" "Mozilla/5.0 (compatible; MJ12bot/v1.4.8; http://mj12bot.com/)"
217.182.194.45 - - [27/Apr/2025:02:34:13 -0400] "GET /2019/01/06/%D9%87%D9%84-%D8%B3%D9%8A%D8%AF%D9%86%D8%A7-%D8%B9%D9%8A%D8%B3%D9%89-%D8%A5%D8%A8%D9%86-%D8%A7%D9%84%D9%84%D9%87%D8%9F/?like_comment=254&_wpnonce=0633678c1f/ HTTP/1.1" 301 795 "-" "Mozilla/5.0 (compatible; MJ12bot/v1.4.8; http://mj12bot.com/)"
38.242.228.115 - - [27/Apr/2025:02:34:15 -0400] "GET /2020/06/06/%D8%A7%D9%84%D9%81%D8%AA%D9%86%D8%A9/ HTTP/1.1" 301 795 "-" "Mozilla/5.0 (compatible; MJ12bot/v1.4.8; http://mj12bot.com/)"
217.182.194.45 - - [27/Apr/2025:02:34:19 -0400] "GET /2019/01/06/%D9%87%D9%84-%D8%B3%D9%8A%D8%AF%D9%86%D8%A7-%D8%B9%D9%8A%D8%B3%D9%89-%D8%A5%D8%A8%D9%86-%D8%A7%D9%84%D9%84%D9%87%D8%9F/?share=facebook/ HTTP/1.1" 301 795 "-" "Mozilla/5.0 (compatible; MJ12bot/v1.4.8; http://mj12bot.com/)"
38.242.228.115 - - [27/Apr/2025:02:34:20 -0400] "GET /2020/06/08/%D8%A7%D9%84%D8%B5%D9%81-%D9%81%D9%8A-%D8%A7%D9%84%D8%B5%D9%84%D8%A7%D8%A9/ HTTP/1.1" 301 795 "-" "Mozilla/5.0 (compatible; MJ12bot/v1.4.8; http://mj12bot.com/)"
217.182.194.45 - - [27/Apr/2025:02:34:25 -0400] "GET /2019/01/06/%D9%87%D9%84-%D8%B3%D9%8A%D8%AF%D9%86%D8%A7-%D8%B9%D9%8A%D8%B3%D9%89-%D8%A5%D8%A8%D9%86-%D8%A7%D9%84%D9%84%D9%87%D8%9F/?share=twitter/ HTTP/1.1" 301 795 "-" "Mozilla/5.0 (compatible; MJ12bot/v1.4.8; http://mj12bot.com/)"
38.242.228.115 - - [27/Apr/2025:02:34:26 -0400] "GET /2020/06/08/%D8%A7%D9%84%D8%B5%D9%81-%D9%81%D9%8A-%D8%A7%D9%84%D8%B5%D9%84%D8%A7%D8%A9/feed/ HTTP/1.1" 301 795 "-" "Mozilla/5.0 (compatible; MJ12bot/v1.4.8; http://mj12bot.com/)"
217.182.194.45 - - [27/Apr/2025:02:34:31 -0400] "GET /2019/01/06/%D9%87%D9%84-%D8%B3%D9%8A%D8%AF%D9%86%D8%A7-%D8%B9%D9%8A%D8%B3%D9%89-%D8%A5%D8%A8%D9%86-%D8%A7%D9%84%D9%84%D9%87%D8%9F/feed/ HTTP/1.1" 301 795 "-" "Mozilla/5.0 (compatible; MJ12bot/v1.4.8; http://mj12bot.com/)"
38.242.228.115 - - [27/Apr/2025:02:34:32 -0400] "GET /2020/06/11/%D8%A7%D9%84%D8%B3%D9%8A%D8%B1%D8%A9-%D8%A7%D9%84%D8%AD%D8%B3%D9%86%D8%A9/ HTTP/1.1" 301 795 "-" "Mozilla/5.0 (compatible; MJ12bot/v1.4.8; http://mj12bot.com/)"
38.242.228.115 - - [27/Apr/2025:02:34:37 -0400] "GET /2020/06/11/%D8%A7%D9%84%D8%B3%D9%8A%D8%B1%D8%A9-%D8%A7%D9%84%D8%AD%D8%B3%D9%86%D8%A9/feed/ HTTP/1.1" 301 795 "-" "Mozilla/5.0 (compatible; MJ12bot/v1.4.8; http://mj12bot.com/)"
217.182.194.45 - - [27/Apr/2025:02:34:37 -0400] "GET /2019/01/06/%D9%87%D9%84-%D8%B3%D9%8A%D8%AF%D9%86%D8%A7-%D8%B9%D9%8A%D8%B3%D9%89-%D8%A5%D8%A8%D9%86-%D8%A7%D9%84%D9%84%D9%87%D8%9F/?replytocom=254/ HTTP/1.1" 301 795 "-" "Mozilla/5.0 (compatible; MJ12bot/v1.4.8; http://mj12bot.com/)"
38.242.228.115 - - [27/Apr/2025:02:34:42 -0400] "GET /2020/06/11/%D8%B1%D8%B3%D8%A7%D9%84%D8%A9-%D9%85%D9%86-%D9%88%D8%A5%D9%84%D9%89-%D9%88%D8%A7%D9%84%D8%AF%D9%8A/ HTTP/1.1" 301 795 "-" "Mozilla/5.0 (compatible; MJ12bot/v1.4.8; http://mj12bot.com/)"
217.182.194.45 - - [27/Apr/2025:02:34:43 -0400] "GET /2019/01/11/%D8%A5%D9%86-%D8%A7%D9%84%D8%AF%D9%8A%D9%86-%D8%B9%D9%86%D8%AF-%D8%A7%D9%84%D9%84%D9%87-%D8%A7%D9%84%D8%A5%D8%B3%D9%84%D8%A7%D9%85/%22%20/t%20%22_blank/ HTTP/1.1" 301 795 "-" "Mozilla/5.0 (compatible; MJ12bot/v1.4.8; http://mj12bot.com/)"
38.242.228.115 - - [27/Apr/2025:02:34:47 -0400] "GET /2020/06/11/%D8%B1%D8%B3%D8%A7%D9%84%D8%A9-%D9%85%D9%86-%D9%88%D8%A5%D9%84%D9%89-%D9%88%D8%A7%D9%84%D8%AF%D9%8A/feed/ HTTP/1.1" 301 795 "-" "Mozilla/5.0 (compatible; MJ12bot/v1.4.8; http://mj12bot.com/)"
38.242.228.115 - - [27/Apr/2025:02:34:53 -0400] "GET /2020/09/07/%D8%B7%D8%A7%D8%B9%D8%A9-%D9%88%D9%84%D9%8A-%D8%A7%D9%84%D8%A3%D9%85%D8%B1/ HTTP/1.1" 301 795 "-" "Mozilla/5.0 (compatible; MJ12bot/v1.4.8; http://mj12bot.com/)"
217.182.194.45 - - [27/Apr/2025:02:34:56 -0400] "GET /2019/01/11/%D8%A5%D9%86-%D8%A7%D9%84%D8%AF%D9%8A%D9%86-%D8%B9%D9%86%D8%AF-%D8%A7%D9%84%D9%84%D9%87-%D8%A7%D9%84%D8%A5%D8%B3%D9%84%D8%A7%D9%85/ HTTP/1.1" 301 795 "-" "Mozilla/5.0 (compatible; MJ12bot/v1.4.8; http://mj12bot.com/)"
38.242.228.115 - - [27/Apr/2025:02:34:58 -0400] "GET /2020/09/17/%D8%A7%D9%84%D8%A5%D8%AA%D8%B2%D8%A7%D9%86/ HTTP/1.1" 301 795 "-" "Mozilla/5.0 (compatible; MJ12bot/v1.4.8; http://mj12bot.com/)"
217.182.194.45 - - [27/Apr/2025:02:35:02 -0400] "GET /2019/01/11/%D8%A5%D9%86-%D8%A7%D9%84%D8%AF%D9%8A%D9%86-%D8%B9%D9%86%D8%AF-%D8%A7%D9%84%D9%84%D9%87-%D8%A7%D9%84%D8%A5%D8%B3%D9%84%D8%A7%D9%85/?like_comment=260&_wpnonce=42266926d1/ HTTP/1.1" 301 795 "-" "Mozilla/5.0 (compatible; MJ12bot/v1.4.8; http://mj12bot.com/)"
38.242.228.115 - - [27/Apr/2025:02:35:04 -0400] "GET /2020/09/20/%D9%81%D8%AA%D9%86%D8%A9-%D8%A5%D8%AA%D8%A8%D8%A7%D8%B9-%D9%85%D9%86%D9%87%D8%AC-%D8%A7%D9%84%D8%B3%D9%84%D9%81-%D8%A7%D9%84%D8%B5%D8%A7%D9%84%D8%AD/ HTTP/1.1" 301 795 "-" "Mozilla/5.0 (compatible; MJ12bot/v1.4.8; http://mj12bot.com/)"
217.182.194.45 - - [27/Apr/2025:02:35:07 -0400] "GET /2019/01/11/%D8%A5%D9%86-%D8%A7%D9%84%D8%AF%D9%8A%D9%86-%D8%B9%D9%86%D8%AF-%D8%A7%D9%84%D9%84%D9%87-%D8%A7%D9%84%D8%A5%D8%B3%D9%84%D8%A7%D9%85/?share=facebook/ HTTP/1.1" 301 795 "-" "Mozilla/5.0 (compatible; MJ12bot/v1.4.8; http://mj12bot.com/)"
38.242.228.115 - - [27/Apr/2025:02:35:10 -0400] "GET /2020/09/24/%D9%88%D8%A5%D9%86-%D8%AC%D9%86%D8%AD%D9%88%D8%A7-%D9%84%D9%84%D8%B3%D9%84%D9%85-%D9%81%D8%A3%D8%AC%D9%86%D8%AD-%D9%84%D9%87%D8%A7/ HTTP/1.1" 301 795 "-" "Mozilla/5.0 (compatible; MJ12bot/v1.4.8; http://mj12bot.com/)"
217.182.194.45 - - [27/Apr/2025:02:35:12 -0400] "GET /2019/01/11/%D8%A5%D9%86-%D8%A7%D9%84%D8%AF%D9%8A%D9%86-%D8%B9%D9%86%D8%AF-%D8%A7%D9%84%D9%84%D9%87-%D8%A7%D9%84%D8%A5%D8%B3%D9%84%D8%A7%D9%85/comment-page-1/?replytocom=260/ HTTP/1.1" 301 795 "-" "Mozilla/5.0 (compatible; MJ12bot/v1.4.8; http://mj12bot.com/)"
38.242.228.115 - - [27/Apr/2025:02:35:15 -0400] "GET /2020/10/13/%D8%A7%D9%84%D8%AD%D8%B3%D8%AF/ HTTP/1.1" 301 795 "-" "Mozilla/5.0 (compatible; MJ12bot/v1.4.8; http://mj12bot.com/)"
66.249.73.160 - - [27/Apr/2025:02:35:15 -0400] "GET /robots.txt HTTP/1.1" 301 795 "-" "Mozilla/5.0 (compatible; Googlebot/2.1; +http://www.google.com/bot.html)"
66.249.73.160 - - [27/Apr/2025:02:35:17 -0400] "GET /ads.txt HTTP/1.1" 301 795 "-" "Mozilla/5.0 (compatible; Googlebot/2.1; +http://www.google.com/bot.html)"
217.182.194.45 - - [27/Apr/2025:02:35:18 -0400] "GET /2019/01/16/%D8%A7%D9%84%D8%B5%D9%85%D8%AA-%D9%84%D8%BA%D8%A9-%D8%A7%D9%84%D8%B9%D8%B8%D9%85%D8%A7%D8%A1-%D8%A7%D9%84%D8%A8%D9%83%D9%85%D8%A7%D8%A1/%22%20/t%20%22_blank/ HTTP/1.1" 301 795 "-" "Mozilla/5.0 (compatible; MJ12bot/v1.4.8; http://mj12bot.com/)"
38.242.228.115 - - [27/Apr/2025:02:35:20 -0400] "GET /2020/10/13/%D8%A7%D9%84%D8%AD%D8%B3%D8%AF/feed/ HTTP/1.1" 301 795 "-" "Mozilla/5.0 (compatible; MJ12bot/v1.4.8; http://mj12bot.com/)"
217.182.194.45 - - [27/Apr/2025:02:35:23 -0400] "GET /2019/01/16/%D8%A7%D9%84%D8%B5%D9%85%D8%AA-%D9%84%D8%BA%D8%A9-%D8%A7%D9%84%D8%B9%D8%B8%D9%85%D8%A7%D8%A1-%D8%A7%D9%84%D8%A8%D9%83%D9%85%D8%A7%D8%A1/?like_comment=263&_wpnonce=1433c58eca/ HTTP/1.1" 301 795 "-" "Mozilla/5.0 (compatible; MJ12bot/v1.4.8; http://mj12bot.com/)"
38.242.228.115 - - [27/Apr/2025:02:35:26 -0400] "GET /2020/10/13/%D8%B3%D9%88%D8%B1%D8%A9-%D8%A7%D9%84%D8%AD%D8%AC%D8%B1%D8%A7%D8%AA/ HTTP/1.1" 301 795 "-" "Mozilla/5.0 (compatible; MJ12bot/v1.4.8; http://mj12bot.com/)"
217.182.194.45 - - [27/Apr/2025:02:35:28 -0400] "GET /2019/02/10/%D9%88%D9%84%D9%86-%D9%8A%D9%82%D9%81-%D9%81%D9%8A-%D8%B7%D8%B1%D9%8A%D9%82%D9%83-%D8%A5%D9%84%D8%A7-%D8%AD%D8%A8%D9%8A%D8%A8%D9%83/?share=twitter/ HTTP/1.1" 301 795 "-" "Mozilla/5.0 (compatible; MJ12bot/v1.4.8; http://mj12bot.com/)"
38.242.228.115 - - [27/Apr/2025:02:35:31 -0400] "GET /2020/10/13/%D9%88%D9%85%D8%A7-%D8%A3%D8%AF%D8%B1%D8%A7%D9%83-%D9%85%D8%A7%D9%84%D8%B7%D8%A7%D8%B1%D9%82/ HTTP/1.1" 301 795 "-" "Mozilla/5.0 (compatible; MJ12bot/v1.4.8; http://mj12bot.com/)"
217.182.194.45 - - [27/Apr/2025:02:35:34 -0400] "GET /2019/02/10/%D9%88%D9%84%D9%86-%D9%8A%D9%82%D9%81-%D9%81%D9%8A-%D8%B7%D8%B1%D9%8A%D9%82%D9%83-%D8%A5%D9%84%D8%A7-%D8%AD%D8%A8%D9%8A%D8%A8%D9%83/ HTTP/1.1" 301 795 "-" "Mozilla/5.0 (compatible; MJ12bot/v1.4.8; http://mj12bot.com/)"
38.242.228.115 - - [27/Apr/2025:02:35:36 -0400] "GET /2020/10/19/%D9%87%D9%84-%D8%AA%D9%86%D9%83%D8%AF%D8%B1-%D8%A7%D9%84%D9%86%D8%AC%D9%88%D9%85-%D8%A3%D9%88-%D8%AA%D8%B7%D9%81%D9%89-%D9%82%D8%A8%D9%84-%D9%8A%D9%88%D9%85-%D8%A7%D9%84%D9%82%D9%8A%D8%A7%D9%85%D8%A9/ HTTP/1.1" 301 795 "-" "Mozilla/5.0 (compatible; MJ12bot/v1.4.8; http://mj12bot.com/)"
217.182.194.45 - - [27/Apr/2025:02:35:39 -0400] "GET /2019/02/12/%D9%84%D8%A7%D8%AE%D9%84%D8%A7%D9%81-%D9%81%D9%8A-%D8%A7%D9%84%D8%AF%D9%8A%D9%86/?replytocom=280/ HTTP/1.1" 301 795 "-" "Mozilla/5.0 (compatible; MJ12bot/v1.4.8; http://mj12bot.com/)"
38.242.228.115 - - [27/Apr/2025:02:35:42 -0400] "GET /2020/10/24/%D9%83%D9%84%D8%A7%D9%85-%D8%A7%D9%84%D9%84%D9%87/ HTTP/1.1" 301 795 "-" "Mozilla/5.0 (compatible; MJ12bot/v1.4.8; http://mj12bot.com/)"
217.182.194.45 - - [27/Apr/2025:02:35:44 -0400] "GET /2019/02/13/%D8%A5%D8%B0%D8%A7-%D8%AC%D8%A7%D8%A1-%D9%86%D8%B5%D8%B1-%D8%A7%D9%84%D9%84%D9%87/ HTTP/1.1" 301 795 "-" "Mozilla/5.0 (compatible; MJ12bot/v1.4.8; http://mj12bot.com/)"
38.242.228.115 - - [27/Apr/2025:02:35:47 -0400] "GET /2020/10/28/%D8%B9%D9%90%D8%A8%D8%B1-%D9%85%D9%86-%D8%B3%D9%88%D8%B1%D8%A9-%D8%B7%D9%87/ HTTP/1.1" 301 795 "-" "Mozilla/5.0 (compatible; MJ12bot/v1.4.8; http://mj12bot.com/)"
217.182.194.45 - - [27/Apr/2025:02:35:50 -0400] "GET /2019/02/13/%D8%A5%D8%B0%D8%A7-%D8%AC%D8%A7%D8%A1-%D9%86%D8%B5%D8%B1-%D8%A7%D9%84%D9%84%D9%87/?like_comment=276&_wpnonce=3a96a91d9a/ HTTP/1.1" 301 795 "-" "Mozilla/5.0 (compatible; MJ12bot/v1.4.8; http://mj12bot.com/)"
38.242.228.115 - - [27/Apr/2025:02:35:52 -0400] "GET /2020/11/06/%D8%A7%D9%84%D8%B8%D9%86/ HTTP/1.1" 301 795 "-" "Mozilla/5.0 (compatible; MJ12bot/v1.4.8; http://mj12bot.com/)"
217.182.194.45 - - [27/Apr/2025:02:35:55 -0400] "GET /2019/02/13/not-every-theory-is-correct/?like_comment=1047&_wpnonce=dd206ca397/ HTTP/1.1" 301 795 "-" "Mozilla/5.0 (compatible; MJ12bot/v1.4.8; http://mj12bot.com/)"
38.242.228.115 - - [27/Apr/2025:02:35:57 -0400] "GET /2020/11/21/%D8%B3%D9%86%D8%A9-%D8%A7%D9%84%D8%A5%D8%AE%D8%AA%D9%84%D8%A7%D9%81/ HTTP/1.1" 301 795 "-" "Mozilla/5.0 (compatible; MJ12bot/v1.4.8; http://mj12bot.com/)"
