OwlCyberSecurity - MANAGER
Edit File: btfovj.store.juragankeripik.online-ssl_log
162.0.215.244 - - [27/Apr/2025:13:05:24 -0400] "POST /wp-cron.php?doing_wp_cron=1745773524.0055770874023437500000 HTTP/1.1" 200 0 "-" "WordPress/6.8; https://www.btfovj.store"
51.222.253.20 - - [27/Apr/2025:13:05:22 -0400] "GET /jackpot-kemenangan-togel-online-pasaran-togel-cambodia-28jt/ HTTP/1.1" 200 11036 "-" "Mozilla/5.0 (compatible; AhrefsBot/7.0; +http://ahrefs.com/robot/)"
162.0.215.244 - - [27/Apr/2025:13:05:24 -0400] "POST /wp-admin/admin-ajax.php?action=async_litespeed&nonce=OUnvB2Dd5kYAuzF4vYTjq7NMU9HjceVh&litespeed_type=imgoptm HTTP/1.1" 200 21 "-" "WordPress/6.8; https://www.btfovj.store"
162.0.215.244 - - [27/Apr/2025:13:11:36 -0400] "POST /wp-cron.php?doing_wp_cron=1745773896.3289198875427246093750 HTTP/1.1" 200 0 "-" "WordPress/6.8; https://www.btfovj.store"
51.222.253.19 - - [27/Apr/2025:13:11:35 -0400] "GET /tag/pvjbet/page/6/ HTTP/1.1" 301 0 "-" "Mozilla/5.0 (compatible; AhrefsBot/7.0; +http://ahrefs.com/robot/)"
162.0.215.244 - - [27/Apr/2025:13:11:36 -0400] "POST /wp-admin/admin-ajax.php?action=async_litespeed&nonce=X5qPyPrXsLNX2lkjb9MB3Fb2k9Bjhycw&litespeed_type=imgoptm HTTP/1.1" 200 21 "-" "WordPress/6.8; https://www.btfovj.store"
162.0.215.244 - - [27/Apr/2025:13:16:01 -0400] "POST /wp-cron.php?doing_wp_cron=1745774161.8288009166717529296875 HTTP/1.1" 200 0 "-" "WordPress/6.8; https://www.btfovj.store"
139.155.139.22 - - [27/Apr/2025:13:16:00 -0400] "GET / HTTP/1.1" 301 0 "http://btfovj.store" "Mozilla/5.0 (iPhone; CPU iPhone OS 13_2_3 like Mac OS X) AppleWebKit/605.1.15 (KHTML, like Gecko) Version/13.0.3 Mobile/15E148 Safari/604.1"
162.0.215.244 - - [27/Apr/2025:13:16:01 -0400] "POST /wp-admin/admin-ajax.php?action=async_litespeed&nonce=cqQEIZNmmBn8u1zZwRGuVFcKIRp7Ed25&litespeed_type=imgoptm HTTP/1.1" 200 21 "-" "WordPress/6.8; https://www.btfovj.store"
139.155.139.22 - - [27/Apr/2025:13:16:02 -0400] "GET / HTTP/1.1" 200 9628 "https://btfovj.store/" "Mozilla/5.0 (iPhone; CPU iPhone OS 13_2_3 like Mac OS X) AppleWebKit/605.1.15 (KHTML, like Gecko) Version/13.0.3 Mobile/15E148 Safari/604.1"
162.0.215.244 - - [27/Apr/2025:13:17:41 -0400] "POST /wp-cron.php?doing_wp_cron=1745774261.8813660144805908203125 HTTP/1.1" 200 0 "-" "WordPress/6.8; https://www.btfovj.store"
162.0.215.244 - - [27/Apr/2025:13:17:42 -0400] "POST /wp-admin/admin-ajax.php?action=async_litespeed&nonce=6fJExaq3NCKQwaPEyflKFvVSwFrFPhj0&litespeed_type=imgoptm HTTP/1.1" 200 21 "-" "WordPress/6.8; https://www.btfovj.store"
51.222.253.6 - - [27/Apr/2025:13:17:41 -0400] "GET /tag/mahjongways/ HTTP/1.1" 200 18390 "-" "Mozilla/5.0 (compatible; AhrefsBot/7.0; +http://ahrefs.com/robot/)"
162.0.215.244 - - [27/Apr/2025:13:23:35 -0400] "POST /wp-cron.php?doing_wp_cron=1745774615.8140969276428222656250 HTTP/1.1" 200 0 "-" "WordPress/6.8; https://www.btfovj.store"
51.222.253.13 - - [27/Apr/2025:13:23:35 -0400] "GET /jackpot-togel-4d-3-d-2d-di-pasaran-sydney-5jt/ HTTP/1.1" 200 11007 "-" "Mozilla/5.0 (compatible; AhrefsBot/7.0; +http://ahrefs.com/robot/)"
162.0.215.244 - - [27/Apr/2025:13:23:35 -0400] "POST /wp-admin/admin-ajax.php?action=async_litespeed&nonce=33KBs5KqVK6nMmTi7KiqtKMxMgeyRyJO&litespeed_type=imgoptm HTTP/1.1" 200 21 "-" "WordPress/6.8; https://www.btfovj.store"
162.0.215.244 - - [27/Apr/2025:13:26:42 -0400] "POST /wp-cron.php?doing_wp_cron=1745774802.6023230552673339843750 HTTP/1.1" 200 0 "-" "WordPress/6.8; https://www.btfovj.store"
185.191.171.13 - - [27/Apr/2025:13:26:41 -0400] "GET /tembus-4d-togel-taiwan-21jt/ HTTP/1.1" 200 12820 "-" "Mozilla/5.0 (compatible; SemrushBot/7~bl; +http://www.semrush.com/bot.html)"
162.0.215.244 - - [27/Apr/2025:13:26:42 -0400] "POST /wp-admin/admin-ajax.php?action=async_litespeed&nonce=Iorun8nZwE33GmAQBkGM2u4BrmXSXixl&litespeed_type=imgoptm HTTP/1.1" 200 21 "-" "WordPress/6.8; https://www.btfovj.store"
162.0.215.244 - - [27/Apr/2025:13:27:48 -0400] "POST /wp-cron.php?doing_wp_cron=1745774868.8457219600677490234375 HTTP/1.1" 200 0 "-" "WordPress/6.8; https://www.btfovj.store"
185.191.171.15 - - [27/Apr/2025:13:27:48 -0400] "GET /jp-1set-togel-singapore-21jt/ HTTP/1.1" 200 11780 "-" "Mozilla/5.0 (compatible; SemrushBot/7~bl; +http://www.semrush.com/bot.html)"
162.0.215.244 - - [27/Apr/2025:13:27:48 -0400] "POST /wp-admin/admin-ajax.php?action=async_litespeed&nonce=YR8Gb7nIAj88eWCH1IUT58J26IlMrW8p&litespeed_type=imgoptm HTTP/1.1" 200 21 "-" "WordPress/6.8; https://www.btfovj.store"
162.0.215.244 - - [27/Apr/2025:13:29:45 -0400] "POST /wp-cron.php?doing_wp_cron=1745774985.9397959709167480468750 HTTP/1.1" 200 0 "-" "WordPress/6.8; https://www.btfovj.store"
51.222.253.11 - - [27/Apr/2025:13:29:45 -0400] "GET /jackpot-casino-online-24d-games-50jt/ HTTP/1.1" 200 11039 "-" "Mozilla/5.0 (compatible; AhrefsBot/7.0; +http://ahrefs.com/robot/)"
162.0.215.244 - - [27/Apr/2025:13:29:46 -0400] "POST /wp-admin/admin-ajax.php?action=async_litespeed&nonce=wEaiXc5X5XIw1XHa66dR0vSnwXaYNh7O&litespeed_type=imgoptm HTTP/1.1" 200 21 "-" "WordPress/6.8; https://www.btfovj.store"
162.0.215.244 - - [27/Apr/2025:13:32:40 -0400] "POST /wp-cron.php?doing_wp_cron=1745775160.6964459419250488281250 HTTP/1.1" 200 0 "-" "WordPress/6.8; https://www.btfovj.store"
85.208.96.201 - - [27/Apr/2025:13:32:39 -0400] "GET /jp-live-casino-dragon-tiger-8jtan/ HTTP/1.1" 200 12810 "-" "Mozilla/5.0 (compatible; SemrushBot/7~bl; +http://www.semrush.com/bot.html)"
162.0.215.244 - - [27/Apr/2025:13:32:40 -0400] "POST /wp-admin/admin-ajax.php?action=async_litespeed&nonce=qEqMRvOdaVHB49ccR7fiGrJry0PtraEc&litespeed_type=imgoptm HTTP/1.1" 200 21 "-" "WordPress/6.8; https://www.btfovj.store"
162.0.215.244 - - [27/Apr/2025:13:35:01 -0400] "POST /wp-cron.php?doing_wp_cron=1745775301.6512620449066162109375 HTTP/1.1" 200 0 "-" "WordPress/6.8; https://www.btfovj.store"
51.222.253.18 - - [27/Apr/2025:13:35:00 -0400] "GET /jp-slot-pragmatic-play-permainan-starlight-princess-1000-11jt/ HTTP/1.1" 301 0 "-" "Mozilla/5.0 (compatible; AhrefsBot/7.0; +http://ahrefs.com/robot/)"
162.0.215.244 - - [27/Apr/2025:13:35:01 -0400] "POST /wp-admin/admin-ajax.php?action=async_litespeed&nonce=KScKxsZjWwxtWu9llBWOo82e82xEdaiy&litespeed_type=imgoptm HTTP/1.1" 200 21 "-" "WordPress/6.8; https://www.btfovj.store"
162.0.215.244 - - [27/Apr/2025:13:40:44 -0400] "POST /wp-cron.php?doing_wp_cron=1745775644.7014811038970947265625 HTTP/1.1" 200 0 "-" "WordPress/6.8; https://www.btfovj.store"
51.222.253.12 - - [27/Apr/2025:13:40:43 -0400] "GET /jackpot-togel-4d-3-d-2d-di-pasaran-sydney-5jt/ HTTP/1.1" 301 0 "-" "Mozilla/5.0 (compatible; AhrefsBot/7.0; +http://ahrefs.com/robot/)"
162.0.215.244 - - [27/Apr/2025:13:40:44 -0400] "POST /wp-admin/admin-ajax.php?action=async_litespeed&nonce=YUHh5aNiFH9zo7nYCf9oI5UXuMqcwpaA&litespeed_type=imgoptm HTTP/1.1" 200 21 "-" "WordPress/6.8; https://www.btfovj.store"
162.0.215.244 - - [27/Apr/2025:13:45:56 -0400] "POST /wp-cron.php?doing_wp_cron=1745775956.0643498897552490234375 HTTP/1.1" 200 0 "-" "WordPress/6.8; https://www.btfovj.store"
51.222.253.20 - - [27/Apr/2025:13:45:54 -0400] "GET /jackpot-casino-online-idn-4-stand-22jtan/ HTTP/1.1" 200 11090 "-" "Mozilla/5.0 (compatible; AhrefsBot/7.0; +http://ahrefs.com/robot/)"
162.0.215.244 - - [27/Apr/2025:13:45:56 -0400] "POST /wp-admin/admin-ajax.php?action=async_litespeed&nonce=BD6Wt6mYFPLaSCTuGGn8ZkuDZijoV1Ci&litespeed_type=imgoptm HTTP/1.1" 200 21 "-" "WordPress/6.8; https://www.btfovj.store"
162.0.215.244 - - [27/Apr/2025:13:50:31 -0400] "POST /wp-cron.php?doing_wp_cron=1745776230.9901421070098876953125 HTTP/1.1" 200 0 "-" "WordPress/6.8; https://www.btfovj.store"
51.222.253.8 - - [27/Apr/2025:13:50:29 -0400] "GET /jackpot-casino-online-idn-4-stand-games-47jtan/ HTTP/1.1" 200 11041 "-" "Mozilla/5.0 (compatible; AhrefsBot/7.0; +http://ahrefs.com/robot/)"
162.0.215.244 - - [27/Apr/2025:13:50:31 -0400] "POST /wp-admin/admin-ajax.php?action=async_litespeed&nonce=OWeg6YVztbqrBE95lPT57m1EzCrknMED&litespeed_type=imgoptm HTTP/1.1" 200 21 "-" "WordPress/6.8; https://www.btfovj.store"
162.0.215.244 - - [27/Apr/2025:13:55:32 -0400] "POST /wp-cron.php?doing_wp_cron=1745776532.9350869655609130859375 HTTP/1.1" 200 0 "-" "WordPress/6.8; https://www.btfovj.store"
134.17.14.122 - - [27/Apr/2025:13:55:31 -0400] "POST /wp.php HTTP/1.1" 404 6954 "-" "Mozilla/4.0 (compatible; MSIE 6.0; Windows NT 5.1; SV1)"
162.0.215.244 - - [27/Apr/2025:13:55:33 -0400] "POST /wp-admin/admin-ajax.php?action=async_litespeed&nonce=BGcNW0XLNLXvDQ6RmE2YYsw9Vkm8lRQH&litespeed_type=imgoptm HTTP/1.1" 200 21 "-" "WordPress/6.8; https://www.btfovj.store"
51.222.253.15 - - [27/Apr/2025:13:55:52 -0400] "GET /jackpot-kemenangan-slot-online-gates-of-olympus-1000-15-jt/ HTTP/1.1" 200 11079 "-" "Mozilla/5.0 (compatible; AhrefsBot/7.0; +http://ahrefs.com/robot/)"
162.0.215.244 - - [27/Apr/2025:14:00:12 -0400] "POST /wp-cron.php?doing_wp_cron=1745776812.5096418857574462890625 HTTP/1.1" 200 0 "-" "WordPress/6.8; https://www.btfovj.store"
147.182.249.61 - - [27/Apr/2025:14:00:11 -0400] "GET /jackpot-kemenangan-slot-pgsoft-mahjong-ways-5jt-2/ HTTP/1.1" 200 12268 "-" "Mozilla/5.0 (Windows NT 10.0; Win64; x64) AppleWebKit/537.36 (KHTML, like Gecko) Chrome/124.0.0.0 Safari/537.36"
162.0.215.244 - - [27/Apr/2025:14:00:12 -0400] "POST /wp-admin/admin-ajax.php?action=async_litespeed&nonce=L9IWFzvgKZrpEkFYLkaD4AHnDn5L6zXI&litespeed_type=imgoptm HTTP/1.1" 200 21 "-" "WordPress/6.8; https://www.btfovj.store"
162.0.215.244 - - [27/Apr/2025:14:01:31 -0400] "POST /wp-cron.php?doing_wp_cron=1745776890.9966959953308105468750 HTTP/1.1" 200 0 "-" "WordPress/6.8; https://www.btfovj.store"
51.222.253.8 - - [27/Apr/2025:14:01:30 -0400] "GET /jackpot-slot-pragmatic-permainan-slot-mania-princess-8jt/ HTTP/1.1" 200 11132 "-" "Mozilla/5.0 (compatible; AhrefsBot/7.0; +http://ahrefs.com/robot/)"
162.0.215.244 - - [27/Apr/2025:14:01:31 -0400] "POST /wp-admin/admin-ajax.php?action=async_litespeed&nonce=nVVLJsoWEMUYonPSRDleodK4xeT2DVlM&litespeed_type=imgoptm HTTP/1.1" 200 21 "-" "WordPress/6.8; https://www.btfovj.store"
170.106.148.137 - - [27/Apr/2025:14:01:44 -0400] "GET / HTTP/1.1" 200 9628 "http://www.btfovj.store" "Mozilla/5.0 (iPhone; CPU iPhone OS 13_2_3 like Mac OS X) AppleWebKit/605.1.15 (KHTML, like Gecko) Version/13.0.3 Mobile/15E148 Safari/604.1"
162.0.215.244 - - [27/Apr/2025:14:06:26 -0400] "POST /wp-cron.php?doing_wp_cron=1745777186.3112568855285644531250 HTTP/1.1" 200 0 "-" "WordPress/6.8; https://www.btfovj.store"
51.222.253.2 - - [27/Apr/2025:14:06:25 -0400] "GET /jackpot-maxxwin-kemenangan-slot-online-pragmatic-play-gates-of-olympus-1000-12jt/ HTTP/1.1" 200 10921 "-" "Mozilla/5.0 (compatible; AhrefsBot/7.0; +http://ahrefs.com/robot/)"
162.0.215.244 - - [27/Apr/2025:14:06:26 -0400] "POST /wp-admin/admin-ajax.php?action=async_litespeed&nonce=YhO09KpNNlhAolaDwerf5D9VzYhJNWES&litespeed_type=imgoptm HTTP/1.1" 200 21 "-" "WordPress/6.8; https://www.btfovj.store"
162.0.215.244 - - [27/Apr/2025:14:12:09 -0400] "POST /wp-cron.php?doing_wp_cron=1745777529.6591329574584960937500 HTTP/1.1" 200 0 "-" "WordPress/6.8; https://www.btfovj.store"
51.222.253.18 - - [27/Apr/2025:14:12:08 -0400] "GET /jackpot-kemenangan-togel-online-sydney-lotto-14jt/ HTTP/1.1" 200 11110 "-" "Mozilla/5.0 (compatible; AhrefsBot/7.0; +http://ahrefs.com/robot/)"
162.0.215.244 - - [27/Apr/2025:14:12:09 -0400] "POST /wp-admin/admin-ajax.php?action=async_litespeed&nonce=yFV6WNzcpG3J9VD8fZcyGZar3tUcZxjk&litespeed_type=imgoptm HTTP/1.1" 200 21 "-" "WordPress/6.8; https://www.btfovj.store"
162.0.215.244 - - [27/Apr/2025:14:14:07 -0400] "POST /wp-cron.php?doing_wp_cron=1745777647.7296369075775146484375 HTTP/1.1" 200 0 "-" "WordPress/6.8; https://www.btfovj.store"
57.141.4.10 - - [27/Apr/2025:14:14:06 -0400] "GET /wp-json/ HTTP/1.1" 200 189937 "-" "meta-externalagent/1.1 (+https://developers.facebook.com/docs/sharing/webmasters/crawler)"
162.0.215.244 - - [27/Apr/2025:14:14:07 -0400] "POST /wp-admin/admin-ajax.php?action=async_litespeed&nonce=f06sButVeVzbSbR7p1M0LVZCwrIVZrfh&litespeed_type=imgoptm HTTP/1.1" 200 21 "-" "WordPress/6.8; https://www.btfovj.store"
51.222.253.1 - - [27/Apr/2025:14:16:53 -0400] "GET /robots.txt HTTP/1.1" 200 95 "-" "Mozilla/5.0 (compatible; AhrefsBot/7.0; +http://ahrefs.com/robot/)"
162.0.215.244 - - [27/Apr/2025:14:16:55 -0400] "POST /wp-cron.php?doing_wp_cron=1745777815.8131918907165527343750 HTTP/1.1" 200 0 "-" "WordPress/6.8; https://www.btfovj.store"
51.222.253.4 - - [27/Apr/2025:14:16:54 -0400] "GET /jackpot-kemenangan-togel-online-togel-sydney-9jt/feed/ HTTP/1.1" 200 468 "-" "Mozilla/5.0 (compatible; AhrefsBot/7.0; +http://ahrefs.com/robot/)"
162.0.215.244 - - [27/Apr/2025:14:16:55 -0400] "POST /wp-admin/admin-ajax.php?action=async_litespeed&nonce=ZJs1Yvkd0hvpQVjNGkMKExbAcoYo2KpB&litespeed_type=imgoptm HTTP/1.1" 200 21 "-" "WordPress/6.8; https://www.btfovj.store"
162.0.215.244 - - [27/Apr/2025:14:22:00 -0400] "POST /wp-cron.php?doing_wp_cron=1745778120.8795220851898193359375 HTTP/1.1" 200 0 "-" "WordPress/6.8; https://www.btfovj.store"
51.222.253.20 - - [27/Apr/2025:14:21:59 -0400] "GET /jackpot-kemenangan-togel-online-togel-sydney-10-jtan/feed/ HTTP/1.1" 200 475 "-" "Mozilla/5.0 (compatible; AhrefsBot/7.0; +http://ahrefs.com/robot/)"
162.0.215.244 - - [27/Apr/2025:14:22:01 -0400] "POST /wp-admin/admin-ajax.php?action=async_litespeed&nonce=KGkXmb0UHcxYGDVUliMkuqrOEqcIjhk0&litespeed_type=imgoptm HTTP/1.1" 200 21 "-" "WordPress/6.8; https://www.btfovj.store"
85.208.96.197 - - [27/Apr/2025:14:22:34 -0400] "GET /robots.txt HTTP/1.1" 200 112 "-" "Mozilla/5.0 (compatible; SemrushBot/7~bl; +http://www.semrush.com/bot.html)"
162.0.215.244 - - [27/Apr/2025:14:22:34 -0400] "POST /wp-cron.php?doing_wp_cron=1745778154.9293699264526367187500 HTTP/1.1" 200 0 "-" "WordPress/6.8; https://www.btfovj.store"
162.0.215.244 - - [27/Apr/2025:14:22:35 -0400] "POST /wp-admin/admin-ajax.php?action=async_litespeed&nonce=JD9se7X9YH8lCU4Asat4KYg4duCsk4DK&litespeed_type=imgoptm HTTP/1.1" 200 21 "-" "WordPress/6.8; https://www.btfovj.store"
85.208.96.200 - - [27/Apr/2025:14:22:34 -0400] "GET /category/bukti-bayar-menang-di-pvjbet/page/3/ HTTP/1.1" 200 32248 "-" "Mozilla/5.0 (compatible; SemrushBot/7~bl; +http://www.semrush.com/bot.html)"
162.0.215.244 - - [27/Apr/2025:14:25:07 -0400] "POST /wp-cron.php?doing_wp_cron=1745778307.1375310420989990234375 HTTP/1.1" 200 0 "-" "WordPress/6.8; https://www.btfovj.store"
85.208.96.206 - - [27/Apr/2025:14:25:06 -0400] "GET /jp-live-casino-baccarat-9jtan/ HTTP/1.1" 200 12964 "-" "Mozilla/5.0 (compatible; SemrushBot/7~bl; +http://www.semrush.com/bot.html)"
162.0.215.244 - - [27/Apr/2025:14:25:07 -0400] "POST /wp-admin/admin-ajax.php?action=async_litespeed&nonce=GRNOAUVWgrOHYB9t9xFv6hLwgNnG23af&litespeed_type=imgoptm HTTP/1.1" 200 21 "-" "WordPress/6.8; https://www.btfovj.store"
51.222.253.5 - - [27/Apr/2025:14:26:42 -0400] "GET / HTTP/1.1" 200 8651 "-" "Mozilla/5.0 (compatible; AhrefsBot/7.0; +http://ahrefs.com/robot/)"
162.0.215.244 - - [27/Apr/2025:14:31:40 -0400] "POST /wp-cron.php?doing_wp_cron=1745778700.3006670475006103515625 HTTP/1.1" 200 0 "-" "WordPress/6.8; https://www.btfovj.store"
51.222.253.2 - - [27/Apr/2025:14:31:39 -0400] "GET /jackpot-casino-online-idn-4-stand-games25-jtan/ HTTP/1.1" 200 11179 "-" "Mozilla/5.0 (compatible; AhrefsBot/7.0; +http://ahrefs.com/robot/)"
162.0.215.244 - - [27/Apr/2025:14:31:40 -0400] "POST /wp-admin/admin-ajax.php?action=async_litespeed&nonce=0vo7wFrXrXhKT6DTR2LmukJGxml0OwD8&litespeed_type=imgoptm HTTP/1.1" 200 21 "-" "WordPress/6.8; https://www.btfovj.store"
85.208.96.196 - - [27/Apr/2025:14:32:28 -0400] "GET /tembus-1-set-togel-taiwan-20jtan-2-2/ HTTP/1.1" 200 12915 "-" "Mozilla/5.0 (compatible; SemrushBot/7~bl; +http://www.semrush.com/bot.html)"
162.0.215.244 - - [27/Apr/2025:14:33:53 -0400] "POST /wp-cron.php?doing_wp_cron=1745778833.7163050174713134765625 HTTP/1.1" 200 0 "-" "WordPress/6.8; https://www.btfovj.store"
43.130.16.212 - - [27/Apr/2025:14:33:52 -0400] "GET / HTTP/1.1" 301 0 "http://btfovj.store" "Mozilla/5.0 (iPhone; CPU iPhone OS 13_2_3 like Mac OS X) AppleWebKit/605.1.15 (KHTML, like Gecko) Version/13.0.3 Mobile/15E148 Safari/604.1"
162.0.215.244 - - [27/Apr/2025:14:33:54 -0400] "POST /wp-admin/admin-ajax.php?action=async_litespeed&nonce=heoE4YbpVSrG7Gg9Ys3PcBFkO1gUk9UZ&litespeed_type=imgoptm HTTP/1.1" 200 21 "-" "WordPress/6.8; https://www.btfovj.store"
43.130.16.212 - - [27/Apr/2025:14:33:54 -0400] "GET / HTTP/1.1" 200 9628 "https://btfovj.store/" "Mozilla/5.0 (iPhone; CPU iPhone OS 13_2_3 like Mac OS X) AppleWebKit/605.1.15 (KHTML, like Gecko) Version/13.0.3 Mobile/15E148 Safari/604.1"
162.0.215.244 - - [27/Apr/2025:14:36:17 -0400] "POST /wp-cron.php?doing_wp_cron=1745778977.8151350021362304687500 HTTP/1.1" 200 0 "-" "WordPress/6.8; https://www.btfovj.store"
51.222.253.20 - - [27/Apr/2025:14:36:16 -0400] "GET /jackpot-kemenangan-togel-online-togel-hongkong-10-jt/feed/ HTTP/1.1" 200 475 "-" "Mozilla/5.0 (compatible; AhrefsBot/7.0; +http://ahrefs.com/robot/)"
162.0.215.244 - - [27/Apr/2025:14:36:18 -0400] "POST /wp-admin/admin-ajax.php?action=async_litespeed&nonce=0J6JKSgA9Roawb10xhecZ7UsKRWZNM03&litespeed_type=imgoptm HTTP/1.1" 200 21 "-" "WordPress/6.8; https://www.btfovj.store"
162.0.215.244 - - [27/Apr/2025:14:41:26 -0400] "POST /wp-cron.php?doing_wp_cron=1745779286.7580571174621582031250 HTTP/1.1" 200 0 "-" "WordPress/6.8; https://www.btfovj.store"
51.222.253.12 - - [27/Apr/2025:14:41:25 -0400] "GET /jackpot-maxxwin-kemenangan-slot-online-pragmatic-play-15000x-mania-45jt/ HTTP/1.1" 200 11105 "-" "Mozilla/5.0 (compatible; AhrefsBot/7.0; +http://ahrefs.com/robot/)"
162.0.215.244 - - [27/Apr/2025:14:41:27 -0400] "POST /wp-admin/admin-ajax.php?action=async_litespeed&nonce=NgZZlBpuha5NSFQbrBVfDipRRrNHLeWz&litespeed_type=imgoptm HTTP/1.1" 200 21 "-" "WordPress/6.8; https://www.btfovj.store"
162.0.215.244 - - [27/Apr/2025:14:42:57 -0400] "POST /wp-cron.php?doing_wp_cron=1745779377.3618950843811035156250 HTTP/1.1" 200 0 "-" "WordPress/6.8; https://www.btfovj.store"
185.191.171.16 - - [27/Apr/2025:14:42:56 -0400] "GET /jp-4d-3d-togel-sydney-11jt/ HTTP/1.1" 200 12896 "-" "Mozilla/5.0 (compatible; SemrushBot/7~bl; +http://www.semrush.com/bot.html)"
162.0.215.244 - - [27/Apr/2025:14:42:57 -0400] "POST /wp-admin/admin-ajax.php?action=async_litespeed&nonce=HnAd1BM7o3qYC435PR6nrmMknB9MFkAA&litespeed_type=imgoptm HTTP/1.1" 200 21 "-" "WordPress/6.8; https://www.btfovj.store"
162.0.215.244 - - [27/Apr/2025:14:46:25 -0400] "POST /wp-cron.php?doing_wp_cron=1745779585.1261889934539794921875 HTTP/1.1" 200 0 "-" "WordPress/6.8; https://www.btfovj.store"
51.222.253.6 - - [27/Apr/2025:14:46:24 -0400] "GET /jackpot-kemenangan-togel-online-togel-china-9jt/feed/ HTTP/1.1" 200 466 "-" "Mozilla/5.0 (compatible; AhrefsBot/7.0; +http://ahrefs.com/robot/)"
162.0.215.244 - - [27/Apr/2025:14:46:25 -0400] "POST /wp-admin/admin-ajax.php?action=async_litespeed&nonce=Smg2it0ARCc6AaCNQbsbagv7PxbZW7yw&litespeed_type=imgoptm HTTP/1.1" 200 21 "-" "WordPress/6.8; https://www.btfovj.store"
162.0.215.244 - - [27/Apr/2025:14:48:10 -0400] "POST /wp-cron.php?doing_wp_cron=1745779690.3914630413055419921875 HTTP/1.1" 200 0 "-" "WordPress/6.8; https://www.btfovj.store"
185.191.171.1 - - [27/Apr/2025:14:48:09 -0400] "GET /jp-4d-3d-togel-hongkong-28jt/ HTTP/1.1" 200 12987 "-" "Mozilla/5.0 (compatible; SemrushBot/7~bl; +http://www.semrush.com/bot.html)"
162.0.215.244 - - [27/Apr/2025:14:48:10 -0400] "POST /wp-admin/admin-ajax.php?action=async_litespeed&nonce=MN9f3RjfpOsyvahU4czYACeJh1ghDbW8&litespeed_type=imgoptm HTTP/1.1" 200 21 "-" "WordPress/6.8; https://www.btfovj.store"
162.0.215.244 - - [27/Apr/2025:14:48:49 -0400] "POST /wp-cron.php?doing_wp_cron=1745779729.3623719215393066406250 HTTP/1.1" 200 0 "-" "WordPress/6.8; https://www.btfovj.store"
165.22.201.62 - - [27/Apr/2025:14:48:49 -0400] "GET /jackpot-kemenangan-slot-pragmatic-gates-of-olympus-1000-44jtan/ HTTP/1.1" 200 12245 "-" "Mozilla/5.0 (Windows NT 10.0; Win64; x64) AppleWebKit/537.36 (KHTML, like Gecko) Chrome/124.0.0.0 Safari/537.36"
162.0.215.244 - - [27/Apr/2025:14:48:49 -0400] "POST /wp-admin/admin-ajax.php?action=async_litespeed&nonce=do1G7ZevLS3lUO6KmdJ4zKwny9aqzDR7&litespeed_type=imgoptm HTTP/1.1" 200 21 "-" "WordPress/6.8; https://www.btfovj.store"
162.0.215.244 - - [27/Apr/2025:14:51:19 -0400] "POST /wp-cron.php?doing_wp_cron=1745779879.0168769359588623046875 HTTP/1.1" 200 0 "-" "WordPress/6.8; https://www.btfovj.store"
51.222.253.14 - - [27/Apr/2025:14:51:18 -0400] "GET /jackpot-slot-casino-online-idn-4-stand-games-20jtan/ HTTP/1.1" 200 11019 "-" "Mozilla/5.0 (compatible; AhrefsBot/7.0; +http://ahrefs.com/robot/)"
162.0.215.244 - - [27/Apr/2025:14:51:19 -0400] "POST /wp-admin/admin-ajax.php?action=async_litespeed&nonce=JOljfHiBtDakQO1guyHzUy7DWW8pXCZX&litespeed_type=imgoptm HTTP/1.1" 200 21 "-" "WordPress/6.8; https://www.btfovj.store"
162.0.215.244 - - [27/Apr/2025:15:14:07 -0400] "POST /wp-cron.php?doing_wp_cron=1745781247.0425770282745361328125 HTTP/1.1" 200 0 "-" "WordPress/6.8; https://www.btfovj.store"
51.222.253.17 - - [27/Apr/2025:15:14:05 -0400] "GET /jackpot-kemenangan-slot-online-twilight-princess-6jtan/feed/ HTTP/1.1" 200 482 "-" "Mozilla/5.0 (compatible; AhrefsBot/7.0; +http://ahrefs.com/robot/)"
162.0.215.244 - - [27/Apr/2025:15:14:07 -0400] "POST /wp-admin/admin-ajax.php?action=async_litespeed&nonce=CDCPJ48Jrcyy8AobhwMg9UE1SyMriJE7&litespeed_type=imgoptm HTTP/1.1" 200 21 "-" "WordPress/6.8; https://www.btfovj.store"
162.0.215.244 - - [27/Apr/2025:15:17:53 -0400] "POST /wp-cron.php?doing_wp_cron=1745781473.4420120716094970703125 HTTP/1.1" 200 0 "-" "WordPress/6.8; https://www.btfovj.store"
51.222.253.14 - - [27/Apr/2025:15:17:52 -0400] "GET /jackpot-kemenangan-slot-online-pragmatic-play-gates-of-olympus-1000-9jt/feed/ HTTP/1.1" 200 514 "-" "Mozilla/5.0 (compatible; AhrefsBot/7.0; +http://ahrefs.com/robot/)"
162.0.215.244 - - [27/Apr/2025:15:17:53 -0400] "POST /wp-admin/admin-ajax.php?action=async_litespeed&nonce=QQG0SIsYtaGBABVYq3POVZ0n8yhcqpqR&litespeed_type=imgoptm HTTP/1.1" 200 21 "-" "WordPress/6.8; https://www.btfovj.store"
162.0.215.244 - - [27/Apr/2025:15:21:57 -0400] "POST /wp-cron.php?doing_wp_cron=1745781717.0579259395599365234375 HTTP/1.1" 200 0 "-" "WordPress/6.8; https://www.btfovj.store"
162.0.215.244 - - [27/Apr/2025:15:21:57 -0400] "POST /wp-admin/admin-ajax.php?action=async_litespeed&nonce=G3gsDCBGuPQ85pryBdXxu83Tx7viQrGf&litespeed_type=imgoptm HTTP/1.1" 200 21 "-" "WordPress/6.8; https://www.btfovj.store"
51.222.253.9 - - [27/Apr/2025:15:21:56 -0400] "GET /jackpot-casino-online-idn-4-stand-games-22jtan/ HTTP/1.1" 200 11030 "-" "Mozilla/5.0 (compatible; AhrefsBot/7.0; +http://ahrefs.com/robot/)"
162.0.215.244 - - [27/Apr/2025:15:25:43 -0400] "POST /wp-cron.php?doing_wp_cron=1745781943.9567620754241943359375 HTTP/1.1" 200 0 "-" "WordPress/6.8; https://www.btfovj.store"
51.222.253.16 - - [27/Apr/2025:15:25:42 -0400] "GET /jackpot-kemenangan-slot-online-mahjong-ways-9-jt/feed/ HTTP/1.1" 200 474 "-" "Mozilla/5.0 (compatible; AhrefsBot/7.0; +http://ahrefs.com/robot/)"
162.0.215.244 - - [27/Apr/2025:15:25:44 -0400] "POST /wp-admin/admin-ajax.php?action=async_litespeed&nonce=ubvhHBuNOrSLYg5xCTZ5P50JDTbEdCTR&litespeed_type=imgoptm HTTP/1.1" 200 21 "-" "WordPress/6.8; https://www.btfovj.store"
162.0.215.244 - - [27/Apr/2025:15:29:24 -0400] "POST /wp-cron.php?doing_wp_cron=1745782164.6722419261932373046875 HTTP/1.1" 200 0 "-" "WordPress/6.8; https://www.btfovj.store"
51.222.253.5 - - [27/Apr/2025:15:29:23 -0400] "GET /jackpot-casino-online-idn-4-stand-games-60jt/ HTTP/1.1" 200 11062 "-" "Mozilla/5.0 (compatible; AhrefsBot/7.0; +http://ahrefs.com/robot/)"
162.0.215.244 - - [27/Apr/2025:15:29:24 -0400] "POST /wp-admin/admin-ajax.php?action=async_litespeed&nonce=5FQ3HWR8THW5WG7YdkUNxgrlW1uH27eT&litespeed_type=imgoptm HTTP/1.1" 200 21 "-" "WordPress/6.8; https://www.btfovj.store"
185.191.171.9 - - [27/Apr/2025:15:30:29 -0400] "GET /robots.txt HTTP/1.1" 200 112 "-" "Mozilla/5.0 (compatible; SemrushBot/7~bl; +http://www.semrush.com/bot.html)"
162.0.215.244 - - [27/Apr/2025:15:30:30 -0400] "POST /wp-cron.php?doing_wp_cron=1745782230.0830650329589843750000 HTTP/1.1" 200 0 "-" "WordPress/6.8; https://www.btfovj.store"
85.208.96.201 - - [27/Apr/2025:15:30:29 -0400] "GET /maxwin-gates-of-olympus-10jtan/ HTTP/1.1" 200 13074 "-" "Mozilla/5.0 (compatible; SemrushBot/7~bl; +http://www.semrush.com/bot.html)"
162.0.215.244 - - [27/Apr/2025:15:30:30 -0400] "POST /wp-admin/admin-ajax.php?action=async_litespeed&nonce=JQyaP6uqyaepIijuZRXXkqoYJ1ld22i1&litespeed_type=imgoptm HTTP/1.1" 200 21 "-" "WordPress/6.8; https://www.btfovj.store"
162.0.215.244 - - [27/Apr/2025:15:33:33 -0400] "POST /wp-cron.php?doing_wp_cron=1745782413.0469329357147216796875 HTTP/1.1" 200 0 "-" "WordPress/6.8; https://www.btfovj.store"
51.222.253.1 - - [27/Apr/2025:15:33:32 -0400] "GET /jackpot-kemenangan-slot-online-pragmatic-play-gates-of-olympus-1000-5jtan/ HTTP/1.1" 200 10972 "-" "Mozilla/5.0 (compatible; AhrefsBot/7.0; +http://ahrefs.com/robot/)"
162.0.215.244 - - [27/Apr/2025:15:33:33 -0400] "POST /wp-admin/admin-ajax.php?action=async_litespeed&nonce=gzk0U7WyI5fAOwicggRvXwqxNc540oqK&litespeed_type=imgoptm HTTP/1.1" 200 21 "-" "WordPress/6.8; https://www.btfovj.store"
162.0.215.244 - - [27/Apr/2025:15:40:45 -0400] "POST /wp-cron.php?doing_wp_cron=1745782845.4725050926208496093750 HTTP/1.1" 200 0 "-" "WordPress/6.8; https://www.btfovj.store"
51.222.253.16 - - [27/Apr/2025:15:40:44 -0400] "GET /jp-togel-4d-3d-2d-cambodia-6jt/feed/ HTTP/1.1" 200 435 "-" "Mozilla/5.0 (compatible; AhrefsBot/7.0; +http://ahrefs.com/robot/)"
162.0.215.244 - - [27/Apr/2025:15:40:45 -0400] "POST /wp-admin/admin-ajax.php?action=async_litespeed&nonce=J0AeDQXEbWrxiDAebSokmna0JapbItQ6&litespeed_type=imgoptm HTTP/1.1" 200 21 "-" "WordPress/6.8; https://www.btfovj.store"
143.110.212.3 - - [27/Apr/2025:15:41:08 -0400] "GET /jackpot-kemenangan-slot-pgsoft-mahjong-ways-12jt/ HTTP/1.1" 200 12244 "-" "Mozilla/5.0 (Windows NT 10.0; Win64; x64) AppleWebKit/537.36 (KHTML, like Gecko) Chrome/124.0.0.0 Safari/537.36"
162.0.215.244 - - [27/Apr/2025:15:44:54 -0400] "POST /wp-cron.php?doing_wp_cron=1745783093.9783160686492919921875 HTTP/1.1" 200 0 "-" "WordPress/6.8; https://www.btfovj.store"
51.222.253.1 - - [27/Apr/2025:15:44:53 -0400] "GET /jackpot-kemenangan-slot-online-mahjong-ways-10jt/feed/ HTTP/1.1" 200 472 "-" "Mozilla/5.0 (compatible; AhrefsBot/7.0; +http://ahrefs.com/robot/)"
162.0.215.244 - - [27/Apr/2025:15:44:54 -0400] "POST /wp-admin/admin-ajax.php?action=async_litespeed&nonce=qhh4oGMNX23n6EkzrtuvYCxXvCS33UU0&litespeed_type=imgoptm HTTP/1.1" 200 21 "-" "WordPress/6.8; https://www.btfovj.store"
162.0.215.244 - - [27/Apr/2025:15:48:50 -0400] "POST /wp-cron.php?doing_wp_cron=1745783330.4705910682678222656250 HTTP/1.1" 200 0 "-" "WordPress/6.8; https://www.btfovj.store"
51.222.253.12 - - [27/Apr/2025:15:48:49 -0400] "GET /jackpot-kemenangan-slot-online-gates-of-olympus-40-jt/feed/ HTTP/1.1" 200 482 "-" "Mozilla/5.0 (compatible; AhrefsBot/7.0; +http://ahrefs.com/robot/)"
162.0.215.244 - - [27/Apr/2025:15:48:50 -0400] "POST /wp-admin/admin-ajax.php?action=async_litespeed&nonce=Ce3n9ucMhnDRTC6fxbrY4zZIUwpjaS7D&litespeed_type=imgoptm HTTP/1.1" 200 21 "-" "WordPress/6.8; https://www.btfovj.store"
162.0.215.244 - - [27/Apr/2025:15:53:09 -0400] "POST /wp-cron.php?doing_wp_cron=1745783589.1209518909454345703125 HTTP/1.1" 200 0 "-" "WordPress/6.8; https://www.btfovj.store"
51.222.253.17 - - [27/Apr/2025:15:53:08 -0400] "GET /jackpot-kemenangan-slot-online-gates-of-olympus-1000-17jt/feed/ HTTP/1.1" 200 487 "-" "Mozilla/5.0 (compatible; AhrefsBot/7.0; +http://ahrefs.com/robot/)"
162.0.215.244 - - [27/Apr/2025:15:53:09 -0400] "POST /wp-admin/admin-ajax.php?action=async_litespeed&nonce=3t6LDxZnOA66vG8DX0uFBCRWOUnWDcDJ&litespeed_type=imgoptm HTTP/1.1" 200 21 "-" "WordPress/6.8; https://www.btfovj.store"
162.0.215.244 - - [27/Apr/2025:15:56:10 -0400] "POST /wp-cron.php?doing_wp_cron=1745783770.4484388828277587890625 HTTP/1.1" 200 0 "-" "WordPress/6.8; https://www.btfovj.store"
4.227.36.98 - - [27/Apr/2025:15:56:08 -0400] "GET /robots.txt HTTP/1.1" 301 0 "-" "Mozilla/5.0 AppleWebKit/537.36 (KHTML, like Gecko; compatible; GPTBot/1.2; +https://openai.com/gptbot)"
4.227.36.98 - - [27/Apr/2025:15:56:10 -0400] "GET /robots.txt HTTP/1.1" 200 95 "https://btfovj.store/robots.txt" "Mozilla/5.0 AppleWebKit/537.36 (KHTML, like Gecko; compatible; GPTBot/1.2; +https://openai.com/gptbot)"
162.0.215.244 - - [27/Apr/2025:15:56:10 -0400] "POST /wp-admin/admin-ajax.php?action=async_litespeed&nonce=SNG7wZQSTPrDGxdjjzetAaPvCUaim52G&litespeed_type=imgoptm HTTP/1.1" 200 21 "-" "WordPress/6.8; https://www.btfovj.store"
20.171.207.255 - - [27/Apr/2025:15:56:20 -0400] "GET / HTTP/1.1" 301 0 "-" "Mozilla/5.0 AppleWebKit/537.36 (KHTML, like Gecko; compatible; GPTBot/1.2; +https://openai.com/gptbot)"
4.227.36.18 - - [27/Apr/2025:15:56:20 -0400] "GET /robots.txt HTTP/1.1" 200 95 "-" "Mozilla/5.0 AppleWebKit/537.36 (KHTML, like Gecko; compatible; GPTBot/1.2; +https://openai.com/gptbot)"
20.171.207.79 - - [27/Apr/2025:15:56:20 -0400] "GET / HTTP/1.1" 200 8651 "-" "Mozilla/5.0 AppleWebKit/537.36 (KHTML, like Gecko; compatible; GPTBot/1.2; +https://openai.com/gptbot)"
20.171.207.79 - - [27/Apr/2025:15:56:23 -0400] "GET /wp-json/oembed/1.0/embed?url=https%3A%2F%2Fwww.btfovj.store%2F HTTP/1.1" 200 2167 "-" "Mozilla/5.0 AppleWebKit/537.36 (KHTML, like Gecko; compatible; GPTBot/1.2; +https://openai.com/gptbot)"
162.0.215.244 - - [27/Apr/2025:15:56:59 -0400] "POST /wp-cron.php?doing_wp_cron=1745783819.0874350070953369140625 HTTP/1.1" 200 0 "-" "WordPress/6.8; https://www.btfovj.store"
51.222.253.18 - - [27/Apr/2025:15:56:58 -0400] "GET /jackpot-kemenangan-slot-online-gates-of-gatot-kaca-1000-7-jtan/feed/ HTTP/1.1" 200 498 "-" "Mozilla/5.0 (compatible; AhrefsBot/7.0; +http://ahrefs.com/robot/)"
162.0.215.244 - - [27/Apr/2025:15:56:59 -0400] "POST /wp-admin/admin-ajax.php?action=async_litespeed&nonce=9IW56WqJwRI8KPMqHAMoAq5BikdKVKhY&litespeed_type=imgoptm HTTP/1.1" 200 21 "-" "WordPress/6.8; https://www.btfovj.store"
69.171.231.3 - - [27/Apr/2025:16:01:04 -0400] "GET /robots.txt HTTP/1.1" 200 117 "-" "facebookexternalhit/1.1 (+http://www.facebook.com/externalhit_uatext.php)"
162.0.215.244 - - [27/Apr/2025:16:01:21 -0400] "POST /wp-cron.php?doing_wp_cron=1745784081.0968499183654785156250 HTTP/1.1" 200 0 "-" "WordPress/6.8; https://www.btfovj.store"
51.222.253.16 - - [27/Apr/2025:16:01:20 -0400] "GET /jackpot-kemenangan-live-casino-idn-4-stands-21-jtan/feed/ HTTP/1.1" 200 480 "-" "Mozilla/5.0 (compatible; AhrefsBot/7.0; +http://ahrefs.com/robot/)"
162.0.215.244 - - [27/Apr/2025:16:01:21 -0400] "POST /wp-admin/admin-ajax.php?action=async_litespeed&nonce=pZPd7wOCIpzBsfYxYPwBR6MJIrQgAE0b&litespeed_type=imgoptm HTTP/1.1" 200 21 "-" "WordPress/6.8; https://www.btfovj.store"
162.0.215.244 - - [27/Apr/2025:16:06:17 -0400] "POST /wp-cron.php?doing_wp_cron=1745784377.8629798889160156250000 HTTP/1.1" 200 0 "-" "WordPress/6.8; https://www.btfovj.store"
51.222.253.12 - - [27/Apr/2025:16:06:16 -0400] "GET /jackpot-slot-habanero-mystic-fortune-deluxe-5jt/ HTTP/1.1" 200 11026 "-" "Mozilla/5.0 (compatible; AhrefsBot/7.0; +http://ahrefs.com/robot/)"
162.0.215.244 - - [27/Apr/2025:16:06:18 -0400] "POST /wp-admin/admin-ajax.php?action=async_litespeed&nonce=XBJNUIrTcDiR95uf3scKJuU5FIRkJyNM&litespeed_type=imgoptm HTTP/1.1" 200 21 "-" "WordPress/6.8; https://www.btfovj.store"
162.0.215.244 - - [27/Apr/2025:16:10:34 -0400] "POST /wp-cron.php?doing_wp_cron=1745784634.3407669067382812500000 HTTP/1.1" 200 0 "-" "WordPress/6.8; https://www.btfovj.store"
51.222.253.9 - - [27/Apr/2025:16:10:32 -0400] "GET /jackpot-casino-online-idn-4-stand-games-30jtan/ HTTP/1.1" 200 11129 "-" "Mozilla/5.0 (compatible; AhrefsBot/7.0; +http://ahrefs.com/robot/)"
162.0.215.244 - - [27/Apr/2025:16:10:35 -0400] "POST /wp-admin/admin-ajax.php?action=async_litespeed&nonce=eDVGWcjDwSDlybcjc5SPjHYBXs8iQk10&litespeed_type=imgoptm HTTP/1.1" 200 21 "-" "WordPress/6.8; https://www.btfovj.store"
162.0.215.244 - - [27/Apr/2025:16:12:38 -0400] "POST /wp-cron.php?doing_wp_cron=1745784758.6130681037902832031250 HTTP/1.1" 200 0 "-" "WordPress/6.8; https://www.btfovj.store"
46.105.122.132 - - [27/Apr/2025:16:12:36 -0400] "GET / HTTP/1.1" 301 0 "http://btfovj.store" "Mozilla/5.0 (Windows NT 10.0; WOW64) AppleWebKit/537.36 (KHTML, like Gecko) Chrome/103.0.0.0 YaBrowser/22.7.0 Yowser/2.5 Safari/537.36"
46.105.122.132 - - [27/Apr/2025:16:12:39 -0400] "GET / HTTP/1.1" 200 8651 "https://btfovj.store/" "Mozilla/5.0 (Windows NT 10.0; WOW64) AppleWebKit/537.36 (KHTML, like Gecko) Chrome/103.0.0.0 YaBrowser/22.7.0 Yowser/2.5 Safari/537.36"
162.0.215.244 - - [27/Apr/2025:16:12:39 -0400] "POST /wp-admin/admin-ajax.php?action=async_litespeed&nonce=lBchQkqMHRlCb02qqy7VC7RXI8YGS7P5&litespeed_type=imgoptm HTTP/1.1" 200 21 "-" "WordPress/6.8; https://www.btfovj.store"
162.0.215.244 - - [27/Apr/2025:16:15:25 -0400] "POST /wp-cron.php?doing_wp_cron=1745784925.7609319686889648437500 HTTP/1.1" 200 0 "-" "WordPress/6.8; https://www.btfovj.store"
51.222.253.12 - - [27/Apr/2025:16:15:24 -0400] "GET /jackpot-kemenangan-live-casino-idn-4-stand-63-jtan/feed/ HTTP/1.1" 200 476 "-" "Mozilla/5.0 (compatible; AhrefsBot/7.0; +http://ahrefs.com/robot/)"
162.0.215.244 - - [27/Apr/2025:16:15:26 -0400] "POST /wp-admin/admin-ajax.php?action=async_litespeed&nonce=zWlEkWX0XVxF9lwGIVgxme5fQ63K76yo&litespeed_type=imgoptm HTTP/1.1" 200 21 "-" "WordPress/6.8; https://www.btfovj.store"
162.0.215.244 - - [27/Apr/2025:16:19:35 -0400] "POST /wp-cron.php?doing_wp_cron=1745785175.2296299934387207031250 HTTP/1.1" 200 0 "-" "WordPress/6.8; https://www.btfovj.store"
198.235.24.17 - - [27/Apr/2025:16:19:34 -0400] "GET / HTTP/1.1" 301 0 "-" "-"
162.0.215.244 - - [27/Apr/2025:16:19:35 -0400] "POST /wp-admin/admin-ajax.php?action=async_litespeed&nonce=8D0SdiHsmc1PjFiIz3GXof7vHszwT5O2&litespeed_type=imgoptm HTTP/1.1" 200 21 "-" "WordPress/6.8; https://www.btfovj.store"
198.235.24.17 - - [27/Apr/2025:16:19:35 -0400] "GET / HTTP/1.1" 200 36374 "-" "-"
51.222.253.1 - - [27/Apr/2025:16:19:59 -0400] "GET /jackpot-kemenangan-casino-online-idn-4stand-23juta/ HTTP/1.1" 200 11048 "-" "Mozilla/5.0 (compatible; AhrefsBot/7.0; +http://ahrefs.com/robot/)"
162.0.215.244 - - [27/Apr/2025:16:24:47 -0400] "POST /wp-cron.php?doing_wp_cron=1745785487.2369840145111083984375 HTTP/1.1" 200 0 "-" "WordPress/6.8; https://www.btfovj.store"
51.222.253.2 - - [27/Apr/2025:16:24:45 -0400] "GET /tag/pgsoft/feed/ HTTP/1.1" 301 0 "-" "Mozilla/5.0 (compatible; AhrefsBot/7.0; +http://ahrefs.com/robot/)"
162.0.215.244 - - [27/Apr/2025:16:24:47 -0400] "POST /wp-admin/admin-ajax.php?action=async_litespeed&nonce=Pty82ay52e1Oy2LWvYOLiTQf1pf3yTph&litespeed_type=imgoptm HTTP/1.1" 200 21 "-" "WordPress/6.8; https://www.btfovj.store"
162.0.215.244 - - [27/Apr/2025:16:26:04 -0400] "POST /wp-cron.php?doing_wp_cron=1745785564.5968749523162841796875 HTTP/1.1" 200 0 "-" "WordPress/6.8; https://www.btfovj.store"
85.208.96.197 - - [27/Apr/2025:16:26:04 -0400] "GET /tag/bukti-kemengan-slot/ HTTP/1.1" 200 11082 "-" "Mozilla/5.0 (compatible; SemrushBot/7~bl; +http://www.semrush.com/bot.html)"
162.0.215.244 - - [27/Apr/2025:16:26:04 -0400] "POST /wp-admin/admin-ajax.php?action=async_litespeed&nonce=doEM1tbMslsbnNQKcVp8nO05LiAt0L4P&litespeed_type=imgoptm HTTP/1.1" 200 21 "-" "WordPress/6.8; https://www.btfovj.store"
162.0.215.244 - - [27/Apr/2025:16:28:35 -0400] "POST /wp-cron.php?doing_wp_cron=1745785715.6837339401245117187500 HTTP/1.1" 200 0 "-" "WordPress/6.8; https://www.btfovj.store"
51.222.253.10 - - [27/Apr/2025:16:28:34 -0400] "GET /jackpot-kemenangan-live-casino-idn-4-stand-40-jtan/feed/ HTTP/1.1" 200 475 "-" "Mozilla/5.0 (compatible; AhrefsBot/7.0; +http://ahrefs.com/robot/)"
162.0.215.244 - - [27/Apr/2025:16:28:35 -0400] "POST /wp-admin/admin-ajax.php?action=async_litespeed&nonce=nZ6booyxD2Sm4Sp3ZYE3gGu3k2f6cgJG&litespeed_type=imgoptm HTTP/1.1" 200 21 "-" "WordPress/6.8; https://www.btfovj.store"
117.33.163.216 - - [27/Apr/2025:16:31:17 -0400] "GET / HTTP/1.1" 200 9628 "http://www.btfovj.store" "Mozilla/5.0 (iPhone; CPU iPhone OS 13_2_3 like Mac OS X) AppleWebKit/605.1.15 (KHTML, like Gecko) Version/13.0.3 Mobile/15E148 Safari/604.1"
162.0.215.244 - - [27/Apr/2025:16:32:07 -0400] "POST /wp-cron.php?doing_wp_cron=1745785927.2201259136199951171875 HTTP/1.1" 200 0 "-" "WordPress/6.8; https://www.btfovj.store"
52.167.144.217 - - [27/Apr/2025:16:32:05 -0400] "GET /sitemap.xml HTTP/1.1" 301 0 "-" "Mozilla/5.0 AppleWebKit/537.36 (KHTML, like Gecko; compatible; bingbot/2.0; +http://www.bing.com/bingbot.htm) Chrome/116.0.1938.76 Safari/537.36"
162.0.215.244 - - [27/Apr/2025:16:32:07 -0400] "POST /wp-admin/admin-ajax.php?action=async_litespeed&nonce=ojEnM9utKbxANlecp9Dr5WCAG41Hu734&litespeed_type=imgoptm HTTP/1.1" 200 21 "-" "WordPress/6.8; https://www.btfovj.store"
51.222.253.12 - - [27/Apr/2025:16:32:17 -0400] "GET /jackpot-kemenangan-live-casino-idn-4-stand-18-jt/feed/ HTTP/1.1" 200 470 "-" "Mozilla/5.0 (compatible; AhrefsBot/7.0; +http://ahrefs.com/robot/)"
162.0.215.244 - - [27/Apr/2025:16:35:09 -0400] "POST /wp-cron.php?doing_wp_cron=1745786109.0194311141967773437500 HTTP/1.1" 200 0 "-" "WordPress/6.8; https://www.btfovj.store"
52.167.144.199 - - [27/Apr/2025:16:35:07 -0400] "GET /wp-sitemap.xml HTTP/1.1" 200 199 "-" "Mozilla/5.0 AppleWebKit/537.36 (KHTML, like Gecko; compatible; bingbot/2.0; +http://www.bing.com/bingbot.htm) Chrome/116.0.1938.76 Safari/537.36"
162.0.215.244 - - [27/Apr/2025:16:35:09 -0400] "POST /wp-admin/admin-ajax.php?action=async_litespeed&nonce=P885leCkcC6TkUlSsovKOFUlxQYTrU4k&litespeed_type=imgoptm HTTP/1.1" 200 21 "-" "WordPress/6.8; https://www.btfovj.store"
162.0.215.244 - - [27/Apr/2025:16:36:26 -0400] "POST /wp-cron.php?doing_wp_cron=1745786186.8139119148254394531250 HTTP/1.1" 200 0 "-" "WordPress/6.8; https://www.btfovj.store"
51.222.253.11 - - [27/Apr/2025:16:36:26 -0400] "GET /jackpot-kemenangan-live-casino-baccarat-games-19-jtan/feed/ HTTP/1.1" 200 497 "-" "Mozilla/5.0 (compatible; AhrefsBot/7.0; +http://ahrefs.com/robot/)"
162.0.215.244 - - [27/Apr/2025:16:36:26 -0400] "POST /wp-admin/admin-ajax.php?action=async_litespeed&nonce=03H0dNaZap58Le58Xhn1bloormproL3M&litespeed_type=imgoptm HTTP/1.1" 200 21 "-" "WordPress/6.8; https://www.btfovj.store"
162.0.215.244 - - [27/Apr/2025:16:40:20 -0400] "POST /wp-cron.php?doing_wp_cron=1745786420.2660880088806152343750 HTTP/1.1" 200 0 "-" "WordPress/6.8; https://www.btfovj.store"
51.222.253.6 - - [27/Apr/2025:16:40:19 -0400] "GET /jackpot-maxxwin-kemenangan-slot-online-pragmatic-play-gates-of-olympus-1000-12jt/feed/ HTTP/1.1" 200 523 "-" "Mozilla/5.0 (compatible; AhrefsBot/7.0; +http://ahrefs.com/robot/)"
162.0.215.244 - - [27/Apr/2025:16:40:20 -0400] "POST /wp-admin/admin-ajax.php?action=async_litespeed&nonce=rZgAvSKGr4yCUyVGtBU7LSTU87rTxEGo&litespeed_type=imgoptm HTTP/1.1" 200 21 "-" "WordPress/6.8; https://www.btfovj.store"
162.0.215.244 - - [27/Apr/2025:16:43:44 -0400] "POST /wp-cron.php?doing_wp_cron=1745786624.5603289604187011718750 HTTP/1.1" 200 0 "-" "WordPress/6.8; https://www.btfovj.store"
51.222.253.7 - - [27/Apr/2025:16:43:43 -0400] "GET /jp-slot-pragmatic-play-permainan-slot-mania-princess-5-jtan/ HTTP/1.1" 301 0 "-" "Mozilla/5.0 (compatible; AhrefsBot/7.0; +http://ahrefs.com/robot/)"
162.0.215.244 - - [27/Apr/2025:16:43:44 -0400] "POST /wp-admin/admin-ajax.php?action=async_litespeed&nonce=kLhOhyRqbHQqocVQVBLVGhEUIKanDAbC&litespeed_type=imgoptm HTTP/1.1" 200 21 "-" "WordPress/6.8; https://www.btfovj.store"
3.129.253.54 - - [27/Apr/2025:16:43:47 -0400] "GET /robots.txt HTTP/1.1" 200 95 "-" "Mozilla/5.0 AppleWebKit/537.36 (KHTML, like Gecko; compatible; ClaudeBot/1.0; +claudebot@anthropic.com)"
3.129.253.54 - - [27/Apr/2025:16:43:47 -0400] "GET /wp-content/uploads/2024/09/Tanpa-judul-300-x-600-piksel-7.jpg HTTP/1.1" 200 22470 "-" "Mozilla/5.0 AppleWebKit/537.36 (KHTML, like Gecko; compatible; ClaudeBot/1.0; +claudebot@anthropic.com)"
162.0.215.244 - - [27/Apr/2025:16:47:58 -0400] "POST /wp-cron.php?doing_wp_cron=1745786878.9383680820465087890625 HTTP/1.1" 200 0 "-" "WordPress/6.8; https://www.btfovj.store"
51.222.253.16 - - [27/Apr/2025:16:47:58 -0400] "GET /jackpot-casino-online-idn-4-stand-games-16jtan/ HTTP/1.1" 301 0 "-" "Mozilla/5.0 (compatible; AhrefsBot/7.0; +http://ahrefs.com/robot/)"
162.0.215.244 - - [27/Apr/2025:16:47:59 -0400] "POST /wp-admin/admin-ajax.php?action=async_litespeed&nonce=WQfzsVA5SUTHt6lY7bTBfbGjVQQ9mgaq&litespeed_type=imgoptm HTTP/1.1" 200 21 "-" "WordPress/6.8; https://www.btfovj.store"
162.0.215.244 - - [27/Apr/2025:16:52:22 -0400] "POST /wp-cron.php?doing_wp_cron=1745787142.1128389835357666015625 HTTP/1.1" 200 0 "-" "WordPress/6.8; https://www.btfovj.store"
51.222.253.19 - - [27/Apr/2025:16:52:21 -0400] "GET /jackpot-kemenangan-live-casino-baccarat-3-20-jtan/feed/ HTTP/1.1" 200 473 "-" "Mozilla/5.0 (compatible; AhrefsBot/7.0; +http://ahrefs.com/robot/)"
162.0.215.244 - - [27/Apr/2025:16:52:22 -0400] "POST /wp-admin/admin-ajax.php?action=async_litespeed&nonce=Y0tIFz2BxQ8jD7QfuJ68fE395KYBNfoR&litespeed_type=imgoptm HTTP/1.1" 200 21 "-" "WordPress/6.8; https://www.btfovj.store"
18.189.189.4 - - [27/Apr/2025:16:56:41 -0400] "GET /wp-content/uploads/2024/09/Bukti-Pembayaran-Kemenangan-Player-di-PVJBET-1-1.jpg HTTP/1.1" 200 161042 "-" "Mozilla/5.0 AppleWebKit/537.36 (KHTML, like Gecko; compatible; ClaudeBot/1.0; +claudebot@anthropic.com)"
162.0.215.244 - - [27/Apr/2025:16:57:03 -0400] "POST /wp-cron.php?doing_wp_cron=1745787423.8387560844421386718750 HTTP/1.1" 200 0 "-" "WordPress/6.8; https://www.btfovj.store"
51.222.253.16 - - [27/Apr/2025:16:57:02 -0400] "GET /jackpot-maxxwin-kemenangan-slot-online-pragmatic-play-15000x-mania-45jt/feed/ HTTP/1.1" 200 510 "-" "Mozilla/5.0 (compatible; AhrefsBot/7.0; +http://ahrefs.com/robot/)"
162.0.215.244 - - [27/Apr/2025:16:57:04 -0400] "POST /wp-admin/admin-ajax.php?action=async_litespeed&nonce=SDYy4WVXmwEQKMxU4FJj4N7kGBod7Aft&litespeed_type=imgoptm HTTP/1.1" 200 21 "-" "WordPress/6.8; https://www.btfovj.store"
162.0.215.244 - - [27/Apr/2025:17:01:04 -0400] "POST /wp-cron.php?doing_wp_cron=1745787664.2160921096801757812500 HTTP/1.1" 200 0 "-" "WordPress/6.8; https://www.btfovj.store"
51.222.253.6 - - [27/Apr/2025:17:01:02 -0400] "GET /jackpot-kemenangan-live-casino-baccarat-3-11-jtan/feed/ HTTP/1.1" 200 473 "-" "Mozilla/5.0 (compatible; AhrefsBot/7.0; +http://ahrefs.com/robot/)"
162.0.215.244 - - [27/Apr/2025:17:01:04 -0400] "POST /wp-admin/admin-ajax.php?action=async_litespeed&nonce=L5dp78bKNu4NBviAoo31lq8qKXl3mtu5&litespeed_type=imgoptm HTTP/1.1" 200 21 "-" "WordPress/6.8; https://www.btfovj.store"
85.208.96.200 - - [27/Apr/2025:17:03:00 -0400] "GET /robots.txt HTTP/1.1" 200 112 "-" "Mozilla/5.0 (compatible; SemrushBot/7~bl; +http://www.semrush.com/bot.html)"
162.0.215.244 - - [27/Apr/2025:17:03:02 -0400] "POST /wp-cron.php?doing_wp_cron=1745787782.2243781089782714843750 HTTP/1.1" 200 0 "-" "WordPress/6.8; https://www.btfovj.store"
162.0.215.244 - - [27/Apr/2025:17:03:02 -0400] "POST /wp-admin/admin-ajax.php?action=async_litespeed&nonce=0ZcwEDFXWqFJnCDP5fqE8Ckbf8Pto9TF&litespeed_type=imgoptm HTTP/1.1" 200 21 "-" "WordPress/6.8; https://www.btfovj.store"
85.208.96.204 - - [27/Apr/2025:17:03:01 -0400] "GET /tag/jppvjbet/page/3/ HTTP/1.1" 200 36065 "-" "Mozilla/5.0 (compatible; SemrushBot/7~bl; +http://www.semrush.com/bot.html)"
162.0.215.244 - - [27/Apr/2025:17:05:16 -0400] "POST /wp-cron.php?doing_wp_cron=1745787916.2511720657348632812500 HTTP/1.1" 200 0 "-" "WordPress/6.8; https://www.btfovj.store"
51.222.253.11 - - [27/Apr/2025:17:05:15 -0400] "GET /tag/maxwinhariini/feed/ HTTP/1.1" 200 2027 "-" "Mozilla/5.0 (compatible; AhrefsBot/7.0; +http://ahrefs.com/robot/)"
162.0.215.244 - - [27/Apr/2025:17:05:16 -0400] "POST /wp-admin/admin-ajax.php?action=async_litespeed&nonce=0R8r9El3kV2dihWopHobQAxTUTDKH351&litespeed_type=imgoptm HTTP/1.1" 200 21 "-" "WordPress/6.8; https://www.btfovj.store"
4.227.36.18 - - [27/Apr/2025:17:06:58 -0400] "GET /robots.txt HTTP/1.1" 200 95 "-" "Mozilla/5.0 AppleWebKit/537.36 (KHTML, like Gecko; compatible; GPTBot/1.2; +https://openai.com/gptbot)"
162.0.215.244 - - [27/Apr/2025:17:09:32 -0400] "POST /wp-cron.php?doing_wp_cron=1745788171.9745340347290039062500 HTTP/1.1" 200 0 "-" "WordPress/6.8; https://www.btfovj.store"
51.222.253.12 - - [27/Apr/2025:17:09:30 -0400] "GET /jackpot-casino-online-idn-4-stand-games-16jtan-2-2/ HTTP/1.1" 301 0 "-" "Mozilla/5.0 (compatible; AhrefsBot/7.0; +http://ahrefs.com/robot/)"
162.0.215.244 - - [27/Apr/2025:17:09:32 -0400] "POST /wp-admin/admin-ajax.php?action=async_litespeed&nonce=n9SknynDaN00HlQInzINWkVCE2Kvz4oo&litespeed_type=imgoptm HTTP/1.1" 200 21 "-" "WordPress/6.8; https://www.btfovj.store"
162.0.215.244 - - [27/Apr/2025:17:16:00 -0400] "POST /wp-cron.php?doing_wp_cron=1745788559.9313039779663085937500 HTTP/1.1" 200 0 "-" "WordPress/6.8; https://www.btfovj.store"
51.222.253.1 - - [27/Apr/2025:17:15:58 -0400] "GET /jackpot-casino-online-red-white-8jt/ HTTP/1.1" 200 10979 "-" "Mozilla/5.0 (compatible; AhrefsBot/7.0; +http://ahrefs.com/robot/)"
162.0.215.244 - - [27/Apr/2025:17:16:00 -0400] "POST /wp-admin/admin-ajax.php?action=async_litespeed&nonce=YfRPdMIW7HVOaY6cIQA3GFzAfxjtCDTA&litespeed_type=imgoptm HTTP/1.1" 200 21 "-" "WordPress/6.8; https://www.btfovj.store"
162.0.215.244 - - [27/Apr/2025:17:22:04 -0400] "POST /wp-cron.php?doing_wp_cron=1745788924.8684999942779541015625 HTTP/1.1" 200 0 "-" "WordPress/6.8; https://www.btfovj.store"
51.222.253.18 - - [27/Apr/2025:17:22:03 -0400] "GET /jackpot-kemenangan-togel-online-sydney-lotto-14jt/feed/ HTTP/1.1" 200 473 "-" "Mozilla/5.0 (compatible; AhrefsBot/7.0; +http://ahrefs.com/robot/)"
162.0.215.244 - - [27/Apr/2025:17:22:05 -0400] "POST /wp-admin/admin-ajax.php?action=async_litespeed&nonce=PsabqD93xVn6h1uLYYfg1PGrAJHmJMLW&litespeed_type=imgoptm HTTP/1.1" 200 21 "-" "WordPress/6.8; https://www.btfovj.store"
162.0.215.244 - - [27/Apr/2025:17:28:59 -0400] "POST /wp-cron.php?doing_wp_cron=1745789339.9166500568389892578125 HTTP/1.1" 200 0 "-" "WordPress/6.8; https://www.btfovj.store"
51.222.253.17 - - [27/Apr/2025:17:28:58 -0400] "GET /jackpot-slot-pragmatic-play-permainan-gate-of-olympus-1000-36jtan/ HTTP/1.1" 200 11196 "-" "Mozilla/5.0 (compatible; AhrefsBot/7.0; +http://ahrefs.com/robot/)"
162.0.215.244 - - [27/Apr/2025:17:29:00 -0400] "POST /wp-admin/admin-ajax.php?action=async_litespeed&nonce=ZrPtCMKyM6H2BZ8UHl1jwB7xH515IHZq&litespeed_type=imgoptm HTTP/1.1" 200 21 "-" "WordPress/6.8; https://www.btfovj.store"
3.14.248.120 - - [27/Apr/2025:17:32:46 -0400] "GET /wp-content/uploads/2024/09/Tanpa-judul-300-x-600-piksel-7-1.jpg HTTP/1.1" 200 22496 "-" "Mozilla/5.0 AppleWebKit/537.36 (KHTML, like Gecko; compatible; ClaudeBot/1.0; +claudebot@anthropic.com)"
162.0.215.244 - - [27/Apr/2025:17:35:05 -0400] "POST /wp-cron.php?doing_wp_cron=1745789705.8477840423583984375000 HTTP/1.1" 200 0 "-" "WordPress/6.8; https://www.btfovj.store"
51.222.253.10 - - [27/Apr/2025:17:35:03 -0400] "GET /jackpot-kemenangan-togel-online-pasaran-togel-cambodia-28jt/feed/ HTTP/1.1" 200 481 "-" "Mozilla/5.0 (compatible; AhrefsBot/7.0; +http://ahrefs.com/robot/)"
162.0.215.244 - - [27/Apr/2025:17:35:06 -0400] "POST /wp-admin/admin-ajax.php?action=async_litespeed&nonce=HDxOZ6wPfYWxe47uHayf1YS9s9TqSnBr&litespeed_type=imgoptm HTTP/1.1" 200 21 "-" "WordPress/6.8; https://www.btfovj.store"
162.0.215.244 - - [27/Apr/2025:17:40:33 -0400] "POST /wp-cron.php?doing_wp_cron=1745790033.4174170494079589843750 HTTP/1.1" 200 0 "-" "WordPress/6.8; https://www.btfovj.store"
85.208.96.205 - - [27/Apr/2025:17:40:32 -0400] "GET /jp-totomacau-5d-hongkong-8jtan/ HTTP/1.1" 200 12899 "-" "Mozilla/5.0 (compatible; SemrushBot/7~bl; +http://www.semrush.com/bot.html)"
162.0.215.244 - - [27/Apr/2025:17:40:33 -0400] "POST /wp-admin/admin-ajax.php?action=async_litespeed&nonce=gL1UMXYFjLcXYOD0g038EjgbnGMyAS40&litespeed_type=imgoptm HTTP/1.1" 200 21 "-" "WordPress/6.8; https://www.btfovj.store"
51.222.253.15 - - [27/Apr/2025:17:41:01 -0400] "GET /jackpot-kemenangan-togel-online-cambodia-pools-10-jtan/feed/ HTTP/1.1" 200 479 "-" "Mozilla/5.0 (compatible; AhrefsBot/7.0; +http://ahrefs.com/robot/)"
162.0.215.244 - - [27/Apr/2025:17:41:37 -0400] "POST /wp-cron.php?doing_wp_cron=1745790097.8264729976654052734375 HTTP/1.1" 200 0 "-" "WordPress/6.8; https://www.btfovj.store"
162.0.215.244 - - [27/Apr/2025:17:41:38 -0400] "POST /wp-admin/admin-ajax.php?action=async_litespeed&nonce=8ad8FmhQwbeshB58a4sJQkUFCg4d2tpM&litespeed_type=imgoptm HTTP/1.1" 200 21 "-" "WordPress/6.8; https://www.btfovj.store"
85.208.96.208 - - [27/Apr/2025:17:41:37 -0400] "GET /tag/togelsydney/ HTTP/1.1" 200 37510 "-" "Mozilla/5.0 (compatible; SemrushBot/7~bl; +http://www.semrush.com/bot.html)"
162.0.215.244 - - [27/Apr/2025:17:47:07 -0400] "POST /wp-cron.php?doing_wp_cron=1745790427.6532459259033203125000 HTTP/1.1" 200 0 "-" "WordPress/6.8; https://www.btfovj.store"
51.222.253.15 - - [27/Apr/2025:17:47:06 -0400] "GET /jackpot-kemenangan-slot-online-wealth-inn-level-up-5-jtan/feed/ HTTP/1.1" 200 485 "-" "Mozilla/5.0 (compatible; AhrefsBot/7.0; +http://ahrefs.com/robot/)"
162.0.215.244 - - [27/Apr/2025:17:47:07 -0400] "POST /wp-admin/admin-ajax.php?action=async_litespeed&nonce=BxFRzrQybSemqptvTsJWlwXlUCiv7Br2&litespeed_type=imgoptm HTTP/1.1" 200 21 "-" "WordPress/6.8; https://www.btfovj.store"
162.0.215.244 - - [27/Apr/2025:17:49:40 -0400] "POST /wp-cron.php?doing_wp_cron=1745790580.3856999874114990234375 HTTP/1.1" 200 0 "-" "WordPress/6.8; https://www.btfovj.store"
185.191.171.11 - - [27/Apr/2025:17:49:39 -0400] "GET /maxwin-slot-mania-olympus-5jt/ HTTP/1.1" 200 12958 "-" "Mozilla/5.0 (compatible; SemrushBot/7~bl; +http://www.semrush.com/bot.html)"
